{"id":8271,"date":"2023-10-31T16:10:08","date_gmt":"2023-10-31T16:10:08","guid":{"rendered":"https:\/\/abaa.mx\/tienda\/?post_type=product&#038;p=8271"},"modified":"2023-10-31T16:10:09","modified_gmt":"2023-10-31T16:10:09","slug":"elitech-tlog-10-registrador-digital-de-datos-de-temperatura","status":"publish","type":"product","link":"https:\/\/abaa.mx\/tienda\/elitech-tlog-10-registrador-digital-de-datos-de-temperatura\/","title":{"rendered":"Elitech tlog 10 registrador digital de datos de temperatura"},"content":{"rendered":"<p>El Elitech Tlog 10 encuentra aplicaciones en diversas industrias y escenarios. Ya sea que se trate de monitorear la temperatura de productos farmac\u00e9uticos en el campo de las ciencias de la vida, garantizar la integridad de los alimentos perecederos en la industria de la cadena de fr\u00edo o mantener condiciones \u00f3ptimas de temperatura en entornos industriales, este registrador de datos se destaca por proporcionar un monitoreo preciso y en tiempo real de la temperatura.<\/p>\n<p>La pantalla del dispositivo muestra el valor de temperatura actual, las lecturas de temperatura m\u00e1xima o m\u00ednima, la fecha actual y el punto de registro. Esto le permite tener una comprensi\u00f3n en tiempo real de las condiciones de temperatura. La funci\u00f3n de visualizaci\u00f3n mejora el monitoreo y permite el reconocimiento inmediato de cualquier posible fluctuaci\u00f3n o desviaci\u00f3n de temperatura.<\/p>\n<p>El elitech tlog 10 est\u00e1 construido con los m\u00e1s altos est\u00e1ndares de calidad y confiabilidad. cumple con la norma fda 21 cfr parte 11, lo que garantiza la precisi\u00f3n y el cumplimiento en el control de la temperatura. esta certificaci\u00f3n garantiza que el registrador de datos cumple con criterios estrictos y es adecuado para su uso en industrias reguladas. con sus mediciones precisas de temperatura, puede confiar en que el elitech tlog 10 brindar\u00e1 resultados precisos y confiables.<\/p>\n<h2><span>Especificaciones<\/span><\/h2>\n<table>\n<thead>\n<tr>\n<th>Especificaci\u00f3n<\/th>\n<th>Detalles<\/th>\n<\/tr>\n<\/thead>\n<tbody>\n<tr>\n<td>Rango de temperatura<\/td>\n<td>De -40 \u00b0C a 80 \u00b0C (de -40 \u00b0F a 176 \u00b0F)<\/td>\n<\/tr>\n<tr>\n<td>Capacidad de memoria<\/td>\n<td>32.000 puntos de datos<\/td>\n<\/tr>\n<tr>\n<td>Interfaz<\/td>\n<td>USB<\/td>\n<\/tr>\n<tr>\n<td>Intervalo de grabaci\u00f3n<\/td>\n<td>Ajustable de 2 segundos a 24 horas<\/td>\n<\/tr>\n<tr>\n<td>Precisi\u00f3n de la temperatura<\/td>\n<td>\u00b10,5 \u00b0C (\u00b10,9 \u00b0F)<\/td>\n<\/tr>\n<tr>\n<td>Fuente de alimentaci\u00f3n<\/td>\n<td>Bater\u00eda de litio reemplazable incorporada<\/td>\n<\/tr>\n<tr>\n<td>Dimensiones<\/td>\n<td>85 mm x 53 mm x 5 mm (3,35 pulgadas x 2,09 pulgadas x 0,2 pulgadas)<\/td>\n<\/tr>\n<tr>\n<td>Peso<\/td>\n<td>20 g (0,7 onzas)<\/td>\n<\/tr>\n<\/tbody>\n<\/table>\n<p>&nbsp;<\/p>\n<p>&nbsp;<\/p>\n","protected":false},"excerpt":{"rendered":"<p>El Elitech Tlog 10 est\u00e1 dise\u00f1ado para adaptarse a una amplia gama de escenarios. Ya sea que se encuentre en las ciencias de la vida, la cadena de fr\u00edo de alimentos o los campos industriales, este registrador de datos puede satisfacer sus requisitos \u00fanicos. Su versatilidad garantiza que se pueda utilizar en diferentes aplicaciones, lo que le permite controlar los niveles de temperatura y mantener la integridad de los productos sensibles.<\/p>\n","protected":false},"featured_media":8273,"comment_status":"open","ping_status":"closed","template":"","meta":{"_joinchat":[]},"product_brand":[],"product_cat":[15],"product_tag":[],"class_list":{"0":"post-8271","1":"product","2":"type-product","3":"status-publish","4":"has-post-thumbnail","6":"product_cat-sin-categorizar","8":"first","9":"instock","10":"shipping-taxable","11":"product-type-simple"},"yoast_head":"<!-- This site is optimized with the Yoast SEO plugin v26.4 - https:\/\/yoast.com\/wordpress\/plugins\/seo\/ -->\n<title>Elitech tlog 10 registrador digital de datos de temperatura - Abaa tienda online<\/title>\n<meta name=\"robots\" content=\"index, follow, max-snippet:-1, max-image-preview:large, max-video-preview:-1\" \/>\n<link rel=\"canonical\" href=\"https:\/\/abaa.mx\/tienda\/elitech-tlog-10-registrador-digital-de-datos-de-temperatura\/\" \/>\n<meta property=\"og:locale\" content=\"es_MX\" \/>\n<meta property=\"og:type\" content=\"article\" \/>\n<meta property=\"og:title\" content=\"Elitech tlog 10 registrador digital de datos de temperatura - Abaa tienda online\" \/>\n<meta property=\"og:description\" content=\"El Elitech Tlog 10 est\u00e1 dise\u00f1ado para adaptarse a una amplia gama de escenarios. Ya sea que se encuentre en las ciencias de la vida, la cadena de fr\u00edo de alimentos o los campos industriales, este registrador de datos puede satisfacer sus requisitos \u00fanicos. Su versatilidad garantiza que se pueda utilizar en diferentes aplicaciones, lo que le permite controlar los niveles de temperatura y mantener la integridad de los productos sensibles.\" \/>\n<meta property=\"og:url\" content=\"https:\/\/abaa.mx\/tienda\/elitech-tlog-10-registrador-digital-de-datos-de-temperatura\/\" \/>\n<meta property=\"og:site_name\" content=\"Abaa tienda online\" \/>\n<meta property=\"article:modified_time\" content=\"2023-10-31T16:10:09+00:00\" \/>\n<meta property=\"og:image\" content=\"https:\/\/abaa.mx\/tienda\/wp-content\/uploads\/2023\/10\/Elitech-Tlog-10.jpg\" \/>\n\t<meta property=\"og:image:width\" content=\"1000\" \/>\n\t<meta property=\"og:image:height\" content=\"1000\" \/>\n\t<meta property=\"og:image:type\" content=\"image\/jpeg\" \/>\n<meta name=\"twitter:card\" content=\"summary_large_image\" \/>\n<meta name=\"twitter:label1\" content=\"Tiempo de lectura\" \/>\n\t<meta name=\"twitter:data1\" content=\"2 minutos\" \/>\n<script type=\"application\/ld+json\" class=\"yoast-schema-graph\">{\"@context\":\"https:\/\/schema.org\",\"@graph\":[{\"@type\":\"WebPage\",\"@id\":\"https:\/\/abaa.mx\/tienda\/elitech-tlog-10-registrador-digital-de-datos-de-temperatura\/\",\"url\":\"https:\/\/abaa.mx\/tienda\/elitech-tlog-10-registrador-digital-de-datos-de-temperatura\/\",\"name\":\"Elitech tlog 10 registrador digital de datos de temperatura - Abaa tienda online\",\"isPartOf\":{\"@id\":\"https:\/\/abaa.mx\/tienda\/#website\"},\"primaryImageOfPage\":{\"@id\":\"https:\/\/abaa.mx\/tienda\/elitech-tlog-10-registrador-digital-de-datos-de-temperatura\/#primaryimage\"},\"image\":{\"@id\":\"https:\/\/abaa.mx\/tienda\/elitech-tlog-10-registrador-digital-de-datos-de-temperatura\/#primaryimage\"},\"thumbnailUrl\":\"https:\/\/abaa.mx\/tienda\/wp-content\/uploads\/2023\/10\/Elitech-Tlog-10.jpg\",\"datePublished\":\"2023-10-31T16:10:08+00:00\",\"dateModified\":\"2023-10-31T16:10:09+00:00\",\"breadcrumb\":{\"@id\":\"https:\/\/abaa.mx\/tienda\/elitech-tlog-10-registrador-digital-de-datos-de-temperatura\/#breadcrumb\"},\"inLanguage\":\"es\",\"potentialAction\":[{\"@type\":\"ReadAction\",\"target\":[\"https:\/\/abaa.mx\/tienda\/elitech-tlog-10-registrador-digital-de-datos-de-temperatura\/\"]}]},{\"@type\":\"ImageObject\",\"inLanguage\":\"es\",\"@id\":\"https:\/\/abaa.mx\/tienda\/elitech-tlog-10-registrador-digital-de-datos-de-temperatura\/#primaryimage\",\"url\":\"https:\/\/abaa.mx\/tienda\/wp-content\/uploads\/2023\/10\/Elitech-Tlog-10.jpg\",\"contentUrl\":\"https:\/\/abaa.mx\/tienda\/wp-content\/uploads\/2023\/10\/Elitech-Tlog-10.jpg\",\"width\":1000,\"height\":1000,\"caption\":\"Elitech Tlog 10\"},{\"@type\":\"BreadcrumbList\",\"@id\":\"https:\/\/abaa.mx\/tienda\/elitech-tlog-10-registrador-digital-de-datos-de-temperatura\/#breadcrumb\",\"itemListElement\":[{\"@type\":\"ListItem\",\"position\":1,\"name\":\"Inicio\",\"item\":\"https:\/\/abaa.mx\/tienda\/\"},{\"@type\":\"ListItem\",\"position\":2,\"name\":\"Tienda\",\"item\":\"https:\/\/abaa.mx\/tienda\/\"},{\"@type\":\"ListItem\",\"position\":3,\"name\":\"Elitech tlog 10 registrador digital de datos de temperatura\"}]},{\"@type\":\"WebSite\",\"@id\":\"https:\/\/abaa.mx\/tienda\/#website\",\"url\":\"https:\/\/abaa.mx\/tienda\/\",\"name\":\"Abaa tienda online\",\"description\":\"Instrumentos de medici\u00f3n\",\"publisher\":{\"@id\":\"https:\/\/abaa.mx\/tienda\/#organization\"},\"potentialAction\":[{\"@type\":\"SearchAction\",\"target\":{\"@type\":\"EntryPoint\",\"urlTemplate\":\"https:\/\/abaa.mx\/tienda\/?s={search_term_string}\"},\"query-input\":{\"@type\":\"PropertyValueSpecification\",\"valueRequired\":true,\"valueName\":\"search_term_string\"}}],\"inLanguage\":\"es\"},{\"@type\":\"Organization\",\"@id\":\"https:\/\/abaa.mx\/tienda\/#organization\",\"name\":\"Abaa tienda online\",\"url\":\"https:\/\/abaa.mx\/tienda\/\",\"logo\":{\"@type\":\"ImageObject\",\"inLanguage\":\"es\",\"@id\":\"https:\/\/abaa.mx\/tienda\/#\/schema\/logo\/image\/\",\"url\":\"https:\/\/abaa.mx\/tienda\/wp-content\/uploads\/2024\/01\/abaa-metrologia-tienda.png\",\"contentUrl\":\"https:\/\/abaa.mx\/tienda\/wp-content\/uploads\/2024\/01\/abaa-metrologia-tienda.png\",\"width\":300,\"height\":141,\"caption\":\"Abaa tienda online\"},\"image\":{\"@id\":\"https:\/\/abaa.mx\/tienda\/#\/schema\/logo\/image\/\"}}]}<\/script>\n<!-- \/ Yoast SEO plugin. -->","yoast_head_json":{"title":"Elitech tlog 10 registrador digital de datos de temperatura - Abaa tienda online","robots":{"index":"index","follow":"follow","max-snippet":"max-snippet:-1","max-image-preview":"max-image-preview:large","max-video-preview":"max-video-preview:-1"},"canonical":"https:\/\/abaa.mx\/tienda\/elitech-tlog-10-registrador-digital-de-datos-de-temperatura\/","og_locale":"es_MX","og_type":"article","og_title":"Elitech tlog 10 registrador digital de datos de temperatura - Abaa tienda online","og_description":"El Elitech Tlog 10 est\u00e1 dise\u00f1ado para adaptarse a una amplia gama de escenarios. Ya sea que se encuentre en las ciencias de la vida, la cadena de fr\u00edo de alimentos o los campos industriales, este registrador de datos puede satisfacer sus requisitos \u00fanicos. Su versatilidad garantiza que se pueda utilizar en diferentes aplicaciones, lo que le permite controlar los niveles de temperatura y mantener la integridad de los productos sensibles.","og_url":"https:\/\/abaa.mx\/tienda\/elitech-tlog-10-registrador-digital-de-datos-de-temperatura\/","og_site_name":"Abaa tienda online","article_modified_time":"2023-10-31T16:10:09+00:00","og_image":[{"width":1000,"height":1000,"url":"https:\/\/abaa.mx\/tienda\/wp-content\/uploads\/2023\/10\/Elitech-Tlog-10.jpg","type":"image\/jpeg"}],"twitter_card":"summary_large_image","twitter_misc":{"Tiempo de lectura":"2 minutos"},"schema":{"@context":"https:\/\/schema.org","@graph":[{"@type":"WebPage","@id":"https:\/\/abaa.mx\/tienda\/elitech-tlog-10-registrador-digital-de-datos-de-temperatura\/","url":"https:\/\/abaa.mx\/tienda\/elitech-tlog-10-registrador-digital-de-datos-de-temperatura\/","name":"Elitech tlog 10 registrador digital de datos de temperatura - Abaa tienda online","isPartOf":{"@id":"https:\/\/abaa.mx\/tienda\/#website"},"primaryImageOfPage":{"@id":"https:\/\/abaa.mx\/tienda\/elitech-tlog-10-registrador-digital-de-datos-de-temperatura\/#primaryimage"},"image":{"@id":"https:\/\/abaa.mx\/tienda\/elitech-tlog-10-registrador-digital-de-datos-de-temperatura\/#primaryimage"},"thumbnailUrl":"https:\/\/abaa.mx\/tienda\/wp-content\/uploads\/2023\/10\/Elitech-Tlog-10.jpg","datePublished":"2023-10-31T16:10:08+00:00","dateModified":"2023-10-31T16:10:09+00:00","breadcrumb":{"@id":"https:\/\/abaa.mx\/tienda\/elitech-tlog-10-registrador-digital-de-datos-de-temperatura\/#breadcrumb"},"inLanguage":"es","potentialAction":[{"@type":"ReadAction","target":["https:\/\/abaa.mx\/tienda\/elitech-tlog-10-registrador-digital-de-datos-de-temperatura\/"]}]},{"@type":"ImageObject","inLanguage":"es","@id":"https:\/\/abaa.mx\/tienda\/elitech-tlog-10-registrador-digital-de-datos-de-temperatura\/#primaryimage","url":"https:\/\/abaa.mx\/tienda\/wp-content\/uploads\/2023\/10\/Elitech-Tlog-10.jpg","contentUrl":"https:\/\/abaa.mx\/tienda\/wp-content\/uploads\/2023\/10\/Elitech-Tlog-10.jpg","width":1000,"height":1000,"caption":"Elitech Tlog 10"},{"@type":"BreadcrumbList","@id":"https:\/\/abaa.mx\/tienda\/elitech-tlog-10-registrador-digital-de-datos-de-temperatura\/#breadcrumb","itemListElement":[{"@type":"ListItem","position":1,"name":"Inicio","item":"https:\/\/abaa.mx\/tienda\/"},{"@type":"ListItem","position":2,"name":"Tienda","item":"https:\/\/abaa.mx\/tienda\/"},{"@type":"ListItem","position":3,"name":"Elitech tlog 10 registrador digital de datos de temperatura"}]},{"@type":"WebSite","@id":"https:\/\/abaa.mx\/tienda\/#website","url":"https:\/\/abaa.mx\/tienda\/","name":"Abaa tienda online","description":"Instrumentos de medici\u00f3n","publisher":{"@id":"https:\/\/abaa.mx\/tienda\/#organization"},"potentialAction":[{"@type":"SearchAction","target":{"@type":"EntryPoint","urlTemplate":"https:\/\/abaa.mx\/tienda\/?s={search_term_string}"},"query-input":{"@type":"PropertyValueSpecification","valueRequired":true,"valueName":"search_term_string"}}],"inLanguage":"es"},{"@type":"Organization","@id":"https:\/\/abaa.mx\/tienda\/#organization","name":"Abaa tienda online","url":"https:\/\/abaa.mx\/tienda\/","logo":{"@type":"ImageObject","inLanguage":"es","@id":"https:\/\/abaa.mx\/tienda\/#\/schema\/logo\/image\/","url":"https:\/\/abaa.mx\/tienda\/wp-content\/uploads\/2024\/01\/abaa-metrologia-tienda.png","contentUrl":"https:\/\/abaa.mx\/tienda\/wp-content\/uploads\/2024\/01\/abaa-metrologia-tienda.png","width":300,"height":141,"caption":"Abaa tienda online"},"image":{"@id":"https:\/\/abaa.mx\/tienda\/#\/schema\/logo\/image\/"}}]}},"_links":{"self":[{"href":"https:\/\/abaa.mx\/tienda\/wp-json\/wp\/v2\/product\/8271","targetHints":{"allow":["GET"]}}],"collection":[{"href":"https:\/\/abaa.mx\/tienda\/wp-json\/wp\/v2\/product"}],"about":[{"href":"https:\/\/abaa.mx\/tienda\/wp-json\/wp\/v2\/types\/product"}],"replies":[{"embeddable":true,"href":"https:\/\/abaa.mx\/tienda\/wp-json\/wp\/v2\/comments?post=8271"}],"wp:featuredmedia":[{"embeddable":true,"href":"https:\/\/abaa.mx\/tienda\/wp-json\/wp\/v2\/media\/8273"}],"wp:attachment":[{"href":"https:\/\/abaa.mx\/tienda\/wp-json\/wp\/v2\/media?parent=8271"}],"wp:term":[{"taxonomy":"product_brand","embeddable":true,"href":"https:\/\/abaa.mx\/tienda\/wp-json\/wp\/v2\/product_brand?post=8271"},{"taxonomy":"product_cat","embeddable":true,"href":"https:\/\/abaa.mx\/tienda\/wp-json\/wp\/v2\/product_cat?post=8271"},{"taxonomy":"product_tag","embeddable":true,"href":"https:\/\/abaa.mx\/tienda\/wp-json\/wp\/v2\/product_tag?post=8271"}],"curies":[{"name":"wp","href":"https:\/\/api.w.org\/{rel}","templated":true}]}}