{"id":8234,"date":"2023-10-31T14:24:17","date_gmt":"2023-10-31T14:24:17","guid":{"rendered":"https:\/\/abaa.mx\/tienda\/?post_type=product&#038;p=8234"},"modified":"2023-10-31T14:24:18","modified_gmt":"2023-10-31T14:24:18","slug":"durometro-astm-ooo-412","status":"publish","type":"product","link":"https:\/\/abaa.mx\/tienda\/durometro-astm-ooo-412\/","title":{"rendered":"Durometro ASTM OOO &#8211; 412"},"content":{"rendered":"<p>Durometro ASTM OOO &#8211; 412<\/p>\n","protected":false},"excerpt":{"rendered":"<p>El dur\u00f3metro de estilo cl\u00e1sico PTC\u00ae viene terminado con bloque de prueba y estuche de transporte. Este instrumento est\u00e1 dise\u00f1ado para ser port\u00e1til o con el modelo de peso fallecido de prueba PTC 470. Shore OOO Escala mide la dureza de materiales suav\u00edsimas , espumas de traje, goma esponja, c\u00e9lulas abiertas y cerradas.<\/p>\n<p><b>Caracter\u00edsticas:<\/b><\/p>\n<ul>\n<li>Estuche de transporte.<\/li>\n<li>Certificaci\u00f3n NIST \/ A2LA a ISO 17025 disponible.<\/li>\n<li>F\u00e1cil de leer Dial de 0 a 100 puntos.<\/li>\n<li>Soportes de prueba de accesorios disponibles.<\/li>\n<li>Incluye Bloque de Prueba de Aluminio de Precisi\u00f3n.<\/li>\n<li>Puntero de retenci\u00f3n est\u00e1ndar.<\/li>\n<\/ul>\n<p><b>Especificaciones:<\/b><\/p>\n<ul>\n<li>Profundidad 1-3 \/ 4 pulgadas (4.4 cm)<\/li>\n<li>Rango (Tipo OOO) 0-100 puntos<\/li>\n<li>Precisi\u00f3n de \u00b1 1 punto<\/li>\n<li>Ancho 2-1 \/ 4 pulg (5.7 cm)<\/li>\n<li>Peso 8 onzas. (227 g)<\/li>\n<li>Peso de env\u00edo 3lb (1.4kg)<\/li>\n<li>Cumple o excede las especificaciones actuales de ASTM D2240<\/li>\n<li>Altura 4 pulgadas (10.2 cm)<\/li>\n<\/ul>\n","protected":false},"featured_media":8238,"comment_status":"open","ping_status":"closed","template":"","meta":{"_joinchat":[]},"product_brand":[],"product_cat":[95],"product_tag":[],"class_list":{"0":"post-8234","1":"product","2":"type-product","3":"status-publish","4":"has-post-thumbnail","6":"product_cat-durometro","8":"first","9":"instock","10":"shipping-taxable","11":"product-type-simple"},"yoast_head":"<!-- This site is optimized with the Yoast SEO plugin v26.4 - https:\/\/yoast.com\/wordpress\/plugins\/seo\/ -->\n<title>Durometro ASTM OOO - 412 - Abaa tienda online<\/title>\n<meta name=\"robots\" content=\"index, follow, max-snippet:-1, max-image-preview:large, max-video-preview:-1\" \/>\n<link rel=\"canonical\" href=\"https:\/\/abaa.mx\/tienda\/durometro-astm-ooo-412\/\" \/>\n<meta property=\"og:locale\" content=\"es_MX\" \/>\n<meta property=\"og:type\" content=\"article\" \/>\n<meta property=\"og:title\" content=\"Durometro ASTM OOO - 412 - Abaa tienda online\" \/>\n<meta property=\"og:description\" content=\"El dur\u00f3metro de estilo cl\u00e1sico PTC\u00ae viene terminado con bloque de prueba y estuche de transporte. Este instrumento est\u00e1 dise\u00f1ado para ser port\u00e1til o con el modelo de peso fallecido de prueba PTC 470. Shore OOO Escala mide la dureza de materiales suav\u00edsimas , espumas de traje, goma esponja, c\u00e9lulas abiertas y cerradas.  Caracter\u00edsticas:   Estuche de transporte.  Certificaci\u00f3n NIST \/ A2LA a ISO 17025 disponible.  F\u00e1cil de leer Dial de 0 a 100 puntos.  Soportes de prueba de accesorios disponibles.  Incluye Bloque de Prueba de Aluminio de Precisi\u00f3n.  Puntero de retenci\u00f3n est\u00e1ndar.  Especificaciones:   Profundidad 1-3 \/ 4 pulgadas (4.4 cm)  Rango (Tipo OOO) 0-100 puntos  Precisi\u00f3n de \u00b1 1 punto  Ancho 2-1 \/ 4 pulg (5.7 cm)  Peso 8 onzas. (227 g)  Peso de env\u00edo 3lb (1.4kg)  Cumple o excede las especificaciones actuales de ASTM D2240  Altura 4 pulgadas (10.2 cm)\" \/>\n<meta property=\"og:url\" content=\"https:\/\/abaa.mx\/tienda\/durometro-astm-ooo-412\/\" \/>\n<meta property=\"og:site_name\" content=\"Abaa tienda online\" \/>\n<meta property=\"article:modified_time\" content=\"2023-10-31T14:24:18+00:00\" \/>\n<meta property=\"og:image\" content=\"https:\/\/abaa.mx\/tienda\/wp-content\/uploads\/2023\/10\/PTC-ASTM-OOO-412.jpg\" \/>\n\t<meta property=\"og:image:width\" content=\"300\" \/>\n\t<meta property=\"og:image:height\" content=\"300\" \/>\n\t<meta property=\"og:image:type\" content=\"image\/jpeg\" \/>\n<meta name=\"twitter:card\" content=\"summary_large_image\" \/>\n<meta name=\"twitter:label1\" content=\"Tiempo de lectura\" \/>\n\t<meta name=\"twitter:data1\" content=\"1 minuto\" \/>\n<script type=\"application\/ld+json\" class=\"yoast-schema-graph\">{\"@context\":\"https:\/\/schema.org\",\"@graph\":[{\"@type\":\"WebPage\",\"@id\":\"https:\/\/abaa.mx\/tienda\/durometro-astm-ooo-412\/\",\"url\":\"https:\/\/abaa.mx\/tienda\/durometro-astm-ooo-412\/\",\"name\":\"Durometro ASTM OOO - 412 - Abaa tienda online\",\"isPartOf\":{\"@id\":\"https:\/\/abaa.mx\/tienda\/#website\"},\"primaryImageOfPage\":{\"@id\":\"https:\/\/abaa.mx\/tienda\/durometro-astm-ooo-412\/#primaryimage\"},\"image\":{\"@id\":\"https:\/\/abaa.mx\/tienda\/durometro-astm-ooo-412\/#primaryimage\"},\"thumbnailUrl\":\"https:\/\/abaa.mx\/tienda\/wp-content\/uploads\/2023\/10\/PTC-ASTM-OOO-412.jpg\",\"datePublished\":\"2023-10-31T14:24:17+00:00\",\"dateModified\":\"2023-10-31T14:24:18+00:00\",\"breadcrumb\":{\"@id\":\"https:\/\/abaa.mx\/tienda\/durometro-astm-ooo-412\/#breadcrumb\"},\"inLanguage\":\"es\",\"potentialAction\":[{\"@type\":\"ReadAction\",\"target\":[\"https:\/\/abaa.mx\/tienda\/durometro-astm-ooo-412\/\"]}]},{\"@type\":\"ImageObject\",\"inLanguage\":\"es\",\"@id\":\"https:\/\/abaa.mx\/tienda\/durometro-astm-ooo-412\/#primaryimage\",\"url\":\"https:\/\/abaa.mx\/tienda\/wp-content\/uploads\/2023\/10\/PTC-ASTM-OOO-412.jpg\",\"contentUrl\":\"https:\/\/abaa.mx\/tienda\/wp-content\/uploads\/2023\/10\/PTC-ASTM-OOO-412.jpg\",\"width\":300,\"height\":300,\"caption\":\"PTC ASTM OOO-412\"},{\"@type\":\"BreadcrumbList\",\"@id\":\"https:\/\/abaa.mx\/tienda\/durometro-astm-ooo-412\/#breadcrumb\",\"itemListElement\":[{\"@type\":\"ListItem\",\"position\":1,\"name\":\"Inicio\",\"item\":\"https:\/\/abaa.mx\/tienda\/\"},{\"@type\":\"ListItem\",\"position\":2,\"name\":\"Tienda\",\"item\":\"https:\/\/abaa.mx\/tienda\/\"},{\"@type\":\"ListItem\",\"position\":3,\"name\":\"Durometro ASTM OOO &#8211; 412\"}]},{\"@type\":\"WebSite\",\"@id\":\"https:\/\/abaa.mx\/tienda\/#website\",\"url\":\"https:\/\/abaa.mx\/tienda\/\",\"name\":\"Abaa tienda online\",\"description\":\"Instrumentos de medici\u00f3n\",\"publisher\":{\"@id\":\"https:\/\/abaa.mx\/tienda\/#organization\"},\"potentialAction\":[{\"@type\":\"SearchAction\",\"target\":{\"@type\":\"EntryPoint\",\"urlTemplate\":\"https:\/\/abaa.mx\/tienda\/?s={search_term_string}\"},\"query-input\":{\"@type\":\"PropertyValueSpecification\",\"valueRequired\":true,\"valueName\":\"search_term_string\"}}],\"inLanguage\":\"es\"},{\"@type\":\"Organization\",\"@id\":\"https:\/\/abaa.mx\/tienda\/#organization\",\"name\":\"Abaa tienda online\",\"url\":\"https:\/\/abaa.mx\/tienda\/\",\"logo\":{\"@type\":\"ImageObject\",\"inLanguage\":\"es\",\"@id\":\"https:\/\/abaa.mx\/tienda\/#\/schema\/logo\/image\/\",\"url\":\"https:\/\/abaa.mx\/tienda\/wp-content\/uploads\/2024\/01\/abaa-metrologia-tienda.png\",\"contentUrl\":\"https:\/\/abaa.mx\/tienda\/wp-content\/uploads\/2024\/01\/abaa-metrologia-tienda.png\",\"width\":300,\"height\":141,\"caption\":\"Abaa tienda online\"},\"image\":{\"@id\":\"https:\/\/abaa.mx\/tienda\/#\/schema\/logo\/image\/\"}}]}<\/script>\n<!-- \/ Yoast SEO plugin. -->","yoast_head_json":{"title":"Durometro ASTM OOO - 412 - Abaa tienda online","robots":{"index":"index","follow":"follow","max-snippet":"max-snippet:-1","max-image-preview":"max-image-preview:large","max-video-preview":"max-video-preview:-1"},"canonical":"https:\/\/abaa.mx\/tienda\/durometro-astm-ooo-412\/","og_locale":"es_MX","og_type":"article","og_title":"Durometro ASTM OOO - 412 - Abaa tienda online","og_description":"El dur\u00f3metro de estilo cl\u00e1sico PTC\u00ae viene terminado con bloque de prueba y estuche de transporte. Este instrumento est\u00e1 dise\u00f1ado para ser port\u00e1til o con el modelo de peso fallecido de prueba PTC 470. Shore OOO Escala mide la dureza de materiales suav\u00edsimas , espumas de traje, goma esponja, c\u00e9lulas abiertas y cerradas.  Caracter\u00edsticas:   Estuche de transporte.  Certificaci\u00f3n NIST \/ A2LA a ISO 17025 disponible.  F\u00e1cil de leer Dial de 0 a 100 puntos.  Soportes de prueba de accesorios disponibles.  Incluye Bloque de Prueba de Aluminio de Precisi\u00f3n.  Puntero de retenci\u00f3n est\u00e1ndar.  Especificaciones:   Profundidad 1-3 \/ 4 pulgadas (4.4 cm)  Rango (Tipo OOO) 0-100 puntos  Precisi\u00f3n de \u00b1 1 punto  Ancho 2-1 \/ 4 pulg (5.7 cm)  Peso 8 onzas. (227 g)  Peso de env\u00edo 3lb (1.4kg)  Cumple o excede las especificaciones actuales de ASTM D2240  Altura 4 pulgadas (10.2 cm)","og_url":"https:\/\/abaa.mx\/tienda\/durometro-astm-ooo-412\/","og_site_name":"Abaa tienda online","article_modified_time":"2023-10-31T14:24:18+00:00","og_image":[{"width":300,"height":300,"url":"https:\/\/abaa.mx\/tienda\/wp-content\/uploads\/2023\/10\/PTC-ASTM-OOO-412.jpg","type":"image\/jpeg"}],"twitter_card":"summary_large_image","twitter_misc":{"Tiempo de lectura":"1 minuto"},"schema":{"@context":"https:\/\/schema.org","@graph":[{"@type":"WebPage","@id":"https:\/\/abaa.mx\/tienda\/durometro-astm-ooo-412\/","url":"https:\/\/abaa.mx\/tienda\/durometro-astm-ooo-412\/","name":"Durometro ASTM OOO - 412 - Abaa tienda online","isPartOf":{"@id":"https:\/\/abaa.mx\/tienda\/#website"},"primaryImageOfPage":{"@id":"https:\/\/abaa.mx\/tienda\/durometro-astm-ooo-412\/#primaryimage"},"image":{"@id":"https:\/\/abaa.mx\/tienda\/durometro-astm-ooo-412\/#primaryimage"},"thumbnailUrl":"https:\/\/abaa.mx\/tienda\/wp-content\/uploads\/2023\/10\/PTC-ASTM-OOO-412.jpg","datePublished":"2023-10-31T14:24:17+00:00","dateModified":"2023-10-31T14:24:18+00:00","breadcrumb":{"@id":"https:\/\/abaa.mx\/tienda\/durometro-astm-ooo-412\/#breadcrumb"},"inLanguage":"es","potentialAction":[{"@type":"ReadAction","target":["https:\/\/abaa.mx\/tienda\/durometro-astm-ooo-412\/"]}]},{"@type":"ImageObject","inLanguage":"es","@id":"https:\/\/abaa.mx\/tienda\/durometro-astm-ooo-412\/#primaryimage","url":"https:\/\/abaa.mx\/tienda\/wp-content\/uploads\/2023\/10\/PTC-ASTM-OOO-412.jpg","contentUrl":"https:\/\/abaa.mx\/tienda\/wp-content\/uploads\/2023\/10\/PTC-ASTM-OOO-412.jpg","width":300,"height":300,"caption":"PTC ASTM OOO-412"},{"@type":"BreadcrumbList","@id":"https:\/\/abaa.mx\/tienda\/durometro-astm-ooo-412\/#breadcrumb","itemListElement":[{"@type":"ListItem","position":1,"name":"Inicio","item":"https:\/\/abaa.mx\/tienda\/"},{"@type":"ListItem","position":2,"name":"Tienda","item":"https:\/\/abaa.mx\/tienda\/"},{"@type":"ListItem","position":3,"name":"Durometro ASTM OOO &#8211; 412"}]},{"@type":"WebSite","@id":"https:\/\/abaa.mx\/tienda\/#website","url":"https:\/\/abaa.mx\/tienda\/","name":"Abaa tienda online","description":"Instrumentos de medici\u00f3n","publisher":{"@id":"https:\/\/abaa.mx\/tienda\/#organization"},"potentialAction":[{"@type":"SearchAction","target":{"@type":"EntryPoint","urlTemplate":"https:\/\/abaa.mx\/tienda\/?s={search_term_string}"},"query-input":{"@type":"PropertyValueSpecification","valueRequired":true,"valueName":"search_term_string"}}],"inLanguage":"es"},{"@type":"Organization","@id":"https:\/\/abaa.mx\/tienda\/#organization","name":"Abaa tienda online","url":"https:\/\/abaa.mx\/tienda\/","logo":{"@type":"ImageObject","inLanguage":"es","@id":"https:\/\/abaa.mx\/tienda\/#\/schema\/logo\/image\/","url":"https:\/\/abaa.mx\/tienda\/wp-content\/uploads\/2024\/01\/abaa-metrologia-tienda.png","contentUrl":"https:\/\/abaa.mx\/tienda\/wp-content\/uploads\/2024\/01\/abaa-metrologia-tienda.png","width":300,"height":141,"caption":"Abaa tienda online"},"image":{"@id":"https:\/\/abaa.mx\/tienda\/#\/schema\/logo\/image\/"}}]}},"_links":{"self":[{"href":"https:\/\/abaa.mx\/tienda\/wp-json\/wp\/v2\/product\/8234","targetHints":{"allow":["GET"]}}],"collection":[{"href":"https:\/\/abaa.mx\/tienda\/wp-json\/wp\/v2\/product"}],"about":[{"href":"https:\/\/abaa.mx\/tienda\/wp-json\/wp\/v2\/types\/product"}],"replies":[{"embeddable":true,"href":"https:\/\/abaa.mx\/tienda\/wp-json\/wp\/v2\/comments?post=8234"}],"wp:featuredmedia":[{"embeddable":true,"href":"https:\/\/abaa.mx\/tienda\/wp-json\/wp\/v2\/media\/8238"}],"wp:attachment":[{"href":"https:\/\/abaa.mx\/tienda\/wp-json\/wp\/v2\/media?parent=8234"}],"wp:term":[{"taxonomy":"product_brand","embeddable":true,"href":"https:\/\/abaa.mx\/tienda\/wp-json\/wp\/v2\/product_brand?post=8234"},{"taxonomy":"product_cat","embeddable":true,"href":"https:\/\/abaa.mx\/tienda\/wp-json\/wp\/v2\/product_cat?post=8234"},{"taxonomy":"product_tag","embeddable":true,"href":"https:\/\/abaa.mx\/tienda\/wp-json\/wp\/v2\/product_tag?post=8234"}],"curies":[{"name":"wp","href":"https:\/\/api.w.org\/{rel}","templated":true}]}}