{"id":8218,"date":"2023-10-30T20:50:55","date_gmt":"2023-10-30T20:50:55","guid":{"rendered":"https:\/\/abaa.mx\/tienda\/?post_type=product&#038;p=8218"},"modified":"2023-11-14T19:27:02","modified_gmt":"2023-11-14T19:27:02","slug":"elitech-loget-1th-registrador-de-datos-de-temperatura-y-humedad","status":"publish","type":"product","link":"https:\/\/abaa.mx\/tienda\/elitech-loget-1th-registrador-de-datos-de-temperatura-y-humedad\/","title":{"rendered":"Elitech loget-1th registrador de datos de temperatura y humedad"},"content":{"rendered":"<div id=\"shopify-section-template--16765749199107__e1c9b482-bcb0-4d59-8469-972d15ed19f9\" class=\"shopify-section rich-text--section pxu-lia-section--play\">\n<section class=\" rich-text--container rich-text-full-width \">\n<div class=\"rich-text-block rich-text-alignment-left pxu-lia-block pxu-lia-block--play\">\n<div class=\"rich-text-content rte\" data-rte=\"\">\n<p>Elitech LogEt 1 TH se puede utilizar en una amplia gama de aplicaciones, como productos farmac\u00e9uticos, alimentos congelados, frutas frescas, verduras, pescado, almacenamiento en fr\u00edo, etc.<\/p>\n<p>La serie tiene el modelo LogEt 1\/TH\/Bio que brinda opciones m\u00e1s flexibles para diversas aplicaciones, ya que LogEt 1 admite el registro de temperatura, LogEt 1 TH admite el registro de temperatura y humedad y LogEt 1 Bio admite el registro de temperatura con requisitos de alta precisi\u00f3n.<\/p>\n<p>Antes de usarlo, los clientes pueden configurar el registrador mediante el software ElitechLog o el sitio web de configuraci\u00f3n en l\u00ednea y configurar los par\u00e1metros de protecci\u00f3n con contrase\u00f1a para mantener la seguridad de los datos.<\/p>\n<h5><strong>Funciones:<\/strong><\/h5>\n<ul class=\"a-unordered-list a-vertical a-spacing-none\">\n<li><span class=\"a-list-item\">Registrador de datos de un solo uso! Adopta un sensor de luz, temperatura y humedad con mayor precisi\u00f3n, hasta 3.<\/span><\/li>\n<li><span class=\"a-list-item\">Configuraci\u00f3n en l\u00ednea sin software\u00a1\u00bfRegistrador de datos s\u00faper r\u00e1pido y f\u00e1cil de configurar a trav\u00e9s del enlace del sitio web de Elitech, NO es necesario instalar ning\u00fan software.<\/span><\/li>\n<li><span class=\"a-list-item\">Potente indicaci\u00f3n LCD\u00a1\u00bfProporciona toda la informaci\u00f3n clave para las grabaciones, incluido el estado de la alarma, las estad\u00edsticas de temperatura.<\/span><\/li>\n<li><span class=\"a-list-item\">Plug and Read. No se requiere cable ni lector, el conector USB permite una conexi\u00f3n r\u00e1pida a PC para descargar datos.<\/span><\/li>\n<li><span class=\"a-list-item\">Alta capacidad de grabaci\u00f3n. Hasta 16.000 puntos de temperatura y 2.24 puntos de humedad, se puede almacenar y utilizar en 7 a\u00f1os. Soporte t\u00e9cnico de EE. UU. las horas del d\u00eda, los\u00a0 d\u00edas de la semana por correo electr\u00f3nico y tel\u00e9fono.<\/span><\/li>\n<\/ul>\n<h5>Caracter\u00edsticas:<\/h5>\n<\/div>\n<\/div>\n<\/section>\n<\/div>\n<div id=\"shopify-section-template--16765749199107__60e90e0b-55ec-461f-adae-cc53c0047352\" class=\"shopify-section pxs-image-with-text-section\">\n<section class=\" pxs-image-with-text pxs-image-with-text-section-height-original \">\n<div class=\"pxs-image-with-text-wrapper\">\n<ul>\n<li>Rango de medici\u00f3n de temperatura: -30\u00a1\u00e6~+70\u00a1\u00e6.<\/li>\n<li>Resoluci\u00f3n: 0,1 \u00b0 \u00e6, 0,1 % de humedad relativa.<\/li>\n<li>Precisi\u00f3n de temperatura: \u00a1\u00c00.5\u00a1\u00e6 (-20~+40\u00a1\u00e6), \u00a1\u00c01\u00a1\u00e6 (otro).<\/li>\n<li>Rango de medici\u00f3n de humedad: 0% ~ 100%.<\/li>\n<li>Precisi\u00f3n de la humedad: \u00a1\u00c03% (20%~80%), otros\u00a1\u00c05% (menos del 25%).<\/li>\n<li>Capacidad de memoria: 16000 lecturas (MAX).<\/li>\n<li>Intervalo logar\u00edtmico: 12min.<\/li>\n<li>Umbral de alarma: Opcional.<\/li>\n<li>Interfaz de datos: puerto USB.<\/li>\n<li>Bater\u00eda: bater\u00eda de litio de un solo uso.<\/li>\n<li>Duraci\u00f3n de la bater\u00eda: 2 a\u00f1os (almacenada y utilizada en un entorno de temperatura normal).<\/li>\n<li>Dimensiones: 9.5 \u00a3 \u0308L) * 5.2 (W) * 0.8 (H) cm.<\/li>\n<\/ul>\n<\/div>\n<\/section>\n<\/div>\n","protected":false},"excerpt":{"rendered":"<p>El registrador de datos de temperatura y humedad desechable Elitech LogEt 1 TH, peque\u00f1o, liviano, resistente al agua, es ideal para monitorear y registrar la temperatura de los productos durante el transporte y almacenamiento de la cadena de fr\u00edo. Los datos se pueden leer sin ninguna ayuda de software, m\u00e1ximo 16.000 puntos de registros.<\/p>\n","protected":false},"featured_media":8226,"comment_status":"open","ping_status":"closed","template":"","meta":{"_joinchat":[]},"product_brand":[],"product_cat":[15],"product_tag":[],"class_list":{"0":"post-8218","1":"product","2":"type-product","3":"status-publish","4":"has-post-thumbnail","6":"product_cat-sin-categorizar","8":"first","9":"instock","10":"shipping-taxable","11":"product-type-simple"},"yoast_head":"<!-- This site is optimized with the Yoast SEO plugin v26.4 - https:\/\/yoast.com\/wordpress\/plugins\/seo\/ -->\n<title>Elitech loget-1th registrador de datos de temperatura y humedad - Abaa tienda online<\/title>\n<meta name=\"robots\" content=\"index, follow, max-snippet:-1, max-image-preview:large, max-video-preview:-1\" \/>\n<link rel=\"canonical\" href=\"https:\/\/abaa.mx\/tienda\/elitech-loget-1th-registrador-de-datos-de-temperatura-y-humedad\/\" \/>\n<meta property=\"og:locale\" content=\"es_MX\" \/>\n<meta property=\"og:type\" content=\"article\" \/>\n<meta property=\"og:title\" content=\"Elitech loget-1th registrador de datos de temperatura y humedad - Abaa tienda online\" \/>\n<meta property=\"og:description\" content=\"El registrador de datos de temperatura y humedad desechable Elitech LogEt 1 TH, peque\u00f1o, liviano, resistente al agua, es ideal para monitorear y registrar la temperatura de los productos durante el transporte y almacenamiento de la cadena de fr\u00edo. Los datos se pueden leer sin ninguna ayuda de software, m\u00e1ximo 16.000 puntos de registros.\" \/>\n<meta property=\"og:url\" content=\"https:\/\/abaa.mx\/tienda\/elitech-loget-1th-registrador-de-datos-de-temperatura-y-humedad\/\" \/>\n<meta property=\"og:site_name\" content=\"Abaa tienda online\" \/>\n<meta property=\"article:modified_time\" content=\"2023-11-14T19:27:02+00:00\" \/>\n<meta property=\"og:image\" content=\"https:\/\/abaa.mx\/tienda\/wp-content\/uploads\/2023\/10\/Elitech-Loget-1th.jpg\" \/>\n\t<meta property=\"og:image:width\" content=\"1500\" \/>\n\t<meta property=\"og:image:height\" content=\"1500\" \/>\n\t<meta property=\"og:image:type\" content=\"image\/jpeg\" \/>\n<meta name=\"twitter:card\" content=\"summary_large_image\" \/>\n<meta name=\"twitter:label1\" content=\"Tiempo de lectura\" \/>\n\t<meta name=\"twitter:data1\" content=\"2 minutos\" \/>\n<script type=\"application\/ld+json\" class=\"yoast-schema-graph\">{\"@context\":\"https:\/\/schema.org\",\"@graph\":[{\"@type\":\"WebPage\",\"@id\":\"https:\/\/abaa.mx\/tienda\/elitech-loget-1th-registrador-de-datos-de-temperatura-y-humedad\/\",\"url\":\"https:\/\/abaa.mx\/tienda\/elitech-loget-1th-registrador-de-datos-de-temperatura-y-humedad\/\",\"name\":\"Elitech loget-1th registrador de datos de temperatura y humedad - Abaa tienda online\",\"isPartOf\":{\"@id\":\"https:\/\/abaa.mx\/tienda\/#website\"},\"primaryImageOfPage\":{\"@id\":\"https:\/\/abaa.mx\/tienda\/elitech-loget-1th-registrador-de-datos-de-temperatura-y-humedad\/#primaryimage\"},\"image\":{\"@id\":\"https:\/\/abaa.mx\/tienda\/elitech-loget-1th-registrador-de-datos-de-temperatura-y-humedad\/#primaryimage\"},\"thumbnailUrl\":\"https:\/\/abaa.mx\/tienda\/wp-content\/uploads\/2023\/10\/Elitech-Loget-1th.jpg\",\"datePublished\":\"2023-10-30T20:50:55+00:00\",\"dateModified\":\"2023-11-14T19:27:02+00:00\",\"breadcrumb\":{\"@id\":\"https:\/\/abaa.mx\/tienda\/elitech-loget-1th-registrador-de-datos-de-temperatura-y-humedad\/#breadcrumb\"},\"inLanguage\":\"es\",\"potentialAction\":[{\"@type\":\"ReadAction\",\"target\":[\"https:\/\/abaa.mx\/tienda\/elitech-loget-1th-registrador-de-datos-de-temperatura-y-humedad\/\"]}]},{\"@type\":\"ImageObject\",\"inLanguage\":\"es\",\"@id\":\"https:\/\/abaa.mx\/tienda\/elitech-loget-1th-registrador-de-datos-de-temperatura-y-humedad\/#primaryimage\",\"url\":\"https:\/\/abaa.mx\/tienda\/wp-content\/uploads\/2023\/10\/Elitech-Loget-1th.jpg\",\"contentUrl\":\"https:\/\/abaa.mx\/tienda\/wp-content\/uploads\/2023\/10\/Elitech-Loget-1th.jpg\",\"width\":1500,\"height\":1500,\"caption\":\"Elitech Loget-1th\"},{\"@type\":\"BreadcrumbList\",\"@id\":\"https:\/\/abaa.mx\/tienda\/elitech-loget-1th-registrador-de-datos-de-temperatura-y-humedad\/#breadcrumb\",\"itemListElement\":[{\"@type\":\"ListItem\",\"position\":1,\"name\":\"Inicio\",\"item\":\"https:\/\/abaa.mx\/tienda\/\"},{\"@type\":\"ListItem\",\"position\":2,\"name\":\"Tienda\",\"item\":\"https:\/\/abaa.mx\/tienda\/\"},{\"@type\":\"ListItem\",\"position\":3,\"name\":\"Elitech loget-1th registrador de datos de temperatura y humedad\"}]},{\"@type\":\"WebSite\",\"@id\":\"https:\/\/abaa.mx\/tienda\/#website\",\"url\":\"https:\/\/abaa.mx\/tienda\/\",\"name\":\"Abaa tienda online\",\"description\":\"Instrumentos de medici\u00f3n\",\"publisher\":{\"@id\":\"https:\/\/abaa.mx\/tienda\/#organization\"},\"potentialAction\":[{\"@type\":\"SearchAction\",\"target\":{\"@type\":\"EntryPoint\",\"urlTemplate\":\"https:\/\/abaa.mx\/tienda\/?s={search_term_string}\"},\"query-input\":{\"@type\":\"PropertyValueSpecification\",\"valueRequired\":true,\"valueName\":\"search_term_string\"}}],\"inLanguage\":\"es\"},{\"@type\":\"Organization\",\"@id\":\"https:\/\/abaa.mx\/tienda\/#organization\",\"name\":\"Abaa tienda online\",\"url\":\"https:\/\/abaa.mx\/tienda\/\",\"logo\":{\"@type\":\"ImageObject\",\"inLanguage\":\"es\",\"@id\":\"https:\/\/abaa.mx\/tienda\/#\/schema\/logo\/image\/\",\"url\":\"https:\/\/abaa.mx\/tienda\/wp-content\/uploads\/2024\/01\/abaa-metrologia-tienda.png\",\"contentUrl\":\"https:\/\/abaa.mx\/tienda\/wp-content\/uploads\/2024\/01\/abaa-metrologia-tienda.png\",\"width\":300,\"height\":141,\"caption\":\"Abaa tienda online\"},\"image\":{\"@id\":\"https:\/\/abaa.mx\/tienda\/#\/schema\/logo\/image\/\"}}]}<\/script>\n<!-- \/ Yoast SEO plugin. -->","yoast_head_json":{"title":"Elitech loget-1th registrador de datos de temperatura y humedad - Abaa tienda online","robots":{"index":"index","follow":"follow","max-snippet":"max-snippet:-1","max-image-preview":"max-image-preview:large","max-video-preview":"max-video-preview:-1"},"canonical":"https:\/\/abaa.mx\/tienda\/elitech-loget-1th-registrador-de-datos-de-temperatura-y-humedad\/","og_locale":"es_MX","og_type":"article","og_title":"Elitech loget-1th registrador de datos de temperatura y humedad - Abaa tienda online","og_description":"El registrador de datos de temperatura y humedad desechable Elitech LogEt 1 TH, peque\u00f1o, liviano, resistente al agua, es ideal para monitorear y registrar la temperatura de los productos durante el transporte y almacenamiento de la cadena de fr\u00edo. Los datos se pueden leer sin ninguna ayuda de software, m\u00e1ximo 16.000 puntos de registros.","og_url":"https:\/\/abaa.mx\/tienda\/elitech-loget-1th-registrador-de-datos-de-temperatura-y-humedad\/","og_site_name":"Abaa tienda online","article_modified_time":"2023-11-14T19:27:02+00:00","og_image":[{"width":1500,"height":1500,"url":"https:\/\/abaa.mx\/tienda\/wp-content\/uploads\/2023\/10\/Elitech-Loget-1th.jpg","type":"image\/jpeg"}],"twitter_card":"summary_large_image","twitter_misc":{"Tiempo de lectura":"2 minutos"},"schema":{"@context":"https:\/\/schema.org","@graph":[{"@type":"WebPage","@id":"https:\/\/abaa.mx\/tienda\/elitech-loget-1th-registrador-de-datos-de-temperatura-y-humedad\/","url":"https:\/\/abaa.mx\/tienda\/elitech-loget-1th-registrador-de-datos-de-temperatura-y-humedad\/","name":"Elitech loget-1th registrador de datos de temperatura y humedad - Abaa tienda online","isPartOf":{"@id":"https:\/\/abaa.mx\/tienda\/#website"},"primaryImageOfPage":{"@id":"https:\/\/abaa.mx\/tienda\/elitech-loget-1th-registrador-de-datos-de-temperatura-y-humedad\/#primaryimage"},"image":{"@id":"https:\/\/abaa.mx\/tienda\/elitech-loget-1th-registrador-de-datos-de-temperatura-y-humedad\/#primaryimage"},"thumbnailUrl":"https:\/\/abaa.mx\/tienda\/wp-content\/uploads\/2023\/10\/Elitech-Loget-1th.jpg","datePublished":"2023-10-30T20:50:55+00:00","dateModified":"2023-11-14T19:27:02+00:00","breadcrumb":{"@id":"https:\/\/abaa.mx\/tienda\/elitech-loget-1th-registrador-de-datos-de-temperatura-y-humedad\/#breadcrumb"},"inLanguage":"es","potentialAction":[{"@type":"ReadAction","target":["https:\/\/abaa.mx\/tienda\/elitech-loget-1th-registrador-de-datos-de-temperatura-y-humedad\/"]}]},{"@type":"ImageObject","inLanguage":"es","@id":"https:\/\/abaa.mx\/tienda\/elitech-loget-1th-registrador-de-datos-de-temperatura-y-humedad\/#primaryimage","url":"https:\/\/abaa.mx\/tienda\/wp-content\/uploads\/2023\/10\/Elitech-Loget-1th.jpg","contentUrl":"https:\/\/abaa.mx\/tienda\/wp-content\/uploads\/2023\/10\/Elitech-Loget-1th.jpg","width":1500,"height":1500,"caption":"Elitech Loget-1th"},{"@type":"BreadcrumbList","@id":"https:\/\/abaa.mx\/tienda\/elitech-loget-1th-registrador-de-datos-de-temperatura-y-humedad\/#breadcrumb","itemListElement":[{"@type":"ListItem","position":1,"name":"Inicio","item":"https:\/\/abaa.mx\/tienda\/"},{"@type":"ListItem","position":2,"name":"Tienda","item":"https:\/\/abaa.mx\/tienda\/"},{"@type":"ListItem","position":3,"name":"Elitech loget-1th registrador de datos de temperatura y humedad"}]},{"@type":"WebSite","@id":"https:\/\/abaa.mx\/tienda\/#website","url":"https:\/\/abaa.mx\/tienda\/","name":"Abaa tienda online","description":"Instrumentos de medici\u00f3n","publisher":{"@id":"https:\/\/abaa.mx\/tienda\/#organization"},"potentialAction":[{"@type":"SearchAction","target":{"@type":"EntryPoint","urlTemplate":"https:\/\/abaa.mx\/tienda\/?s={search_term_string}"},"query-input":{"@type":"PropertyValueSpecification","valueRequired":true,"valueName":"search_term_string"}}],"inLanguage":"es"},{"@type":"Organization","@id":"https:\/\/abaa.mx\/tienda\/#organization","name":"Abaa tienda online","url":"https:\/\/abaa.mx\/tienda\/","logo":{"@type":"ImageObject","inLanguage":"es","@id":"https:\/\/abaa.mx\/tienda\/#\/schema\/logo\/image\/","url":"https:\/\/abaa.mx\/tienda\/wp-content\/uploads\/2024\/01\/abaa-metrologia-tienda.png","contentUrl":"https:\/\/abaa.mx\/tienda\/wp-content\/uploads\/2024\/01\/abaa-metrologia-tienda.png","width":300,"height":141,"caption":"Abaa tienda online"},"image":{"@id":"https:\/\/abaa.mx\/tienda\/#\/schema\/logo\/image\/"}}]}},"_links":{"self":[{"href":"https:\/\/abaa.mx\/tienda\/wp-json\/wp\/v2\/product\/8218","targetHints":{"allow":["GET"]}}],"collection":[{"href":"https:\/\/abaa.mx\/tienda\/wp-json\/wp\/v2\/product"}],"about":[{"href":"https:\/\/abaa.mx\/tienda\/wp-json\/wp\/v2\/types\/product"}],"replies":[{"embeddable":true,"href":"https:\/\/abaa.mx\/tienda\/wp-json\/wp\/v2\/comments?post=8218"}],"wp:featuredmedia":[{"embeddable":true,"href":"https:\/\/abaa.mx\/tienda\/wp-json\/wp\/v2\/media\/8226"}],"wp:attachment":[{"href":"https:\/\/abaa.mx\/tienda\/wp-json\/wp\/v2\/media?parent=8218"}],"wp:term":[{"taxonomy":"product_brand","embeddable":true,"href":"https:\/\/abaa.mx\/tienda\/wp-json\/wp\/v2\/product_brand?post=8218"},{"taxonomy":"product_cat","embeddable":true,"href":"https:\/\/abaa.mx\/tienda\/wp-json\/wp\/v2\/product_cat?post=8218"},{"taxonomy":"product_tag","embeddable":true,"href":"https:\/\/abaa.mx\/tienda\/wp-json\/wp\/v2\/product_tag?post=8218"}],"curies":[{"name":"wp","href":"https:\/\/api.w.org\/{rel}","templated":true}]}}