{"id":8170,"date":"2023-10-30T14:43:58","date_gmt":"2023-10-30T14:43:58","guid":{"rendered":"https:\/\/abaa.mx\/tienda\/?post_type=product&#038;p=8170"},"modified":"2023-12-01T20:45:38","modified_gmt":"2023-12-01T20:45:38","slug":"distanciometro-laser-digital-alcance-100m-precision-1-0mm-d2n","status":"publish","type":"product","link":"https:\/\/abaa.mx\/tienda\/distanciometro-laser-digital-alcance-100m-precision-1-0mm-d2n\/","title":{"rendered":"Distanci\u00f3metro Laser Digital, Alcance 100m, Precisi\u00f3n + -1.0mm &#8211; D2N"},"content":{"rendered":"<p>Distanci\u00f3metro Laser Digital, Alcance 100m, Precisi\u00f3n +\/-1.0mm &#8211; D2N.<\/p>\n","protected":false},"excerpt":{"rendered":"<p>El Leica DISTO D2 es un LDM de 7 modos de medici\u00f3n con una precisi\u00f3n de 1\/16 de pulgada. Tiene una pantalla LCD retroiluminada intuitiva en un paquete de 4 oz que es suficientemente pequeno como para caber en su bolsillo.<\/p>\n<p>El D2 incluye una funci\u00f3n de Pit\u00e1goras para mediciones de altura o anchura indirectas. Sin embargo , en una herramienta de este tamano que no se puede montar en un tr\u00edpode, recomendamos el uso de Pythagoras para estimaciones o mediciones aproximadas. Si necesita medidas indirectas precisas , una LDM con un sensor de inclinaci\u00f3n es su mejor opci\u00f3n.<\/p>\n<p>Levante la pieza terminal inteligente a 90\u00ba para engancharla en las esquinas exteriores o alargue la parte terminal absolutamente para las esquinas interiores. El D2 va a medir de forma autom\u00e1tica desde el desenlace de su pieza final abatible en el momento en que est\u00e9 absolutamente extendido. Conjuntado con la funci\u00f3n M\u00edn. \/ M\u00e1x., La parte de extremo le permite colocar la herramienta absolutamente en las esquinas para conseguir mediciones diagonales precisas , como se muestra en este v\u00eddeo de pieza de radical inteligente.<\/p>\n<p>El D2 calcula el \u00e1rea y el volumen, y recuerda las \u00faltimas diez mediciones tomadas. Utilice la capacidad A\u00f1adir \/ Restar para conjuntar mediciones para obtener una lectura precisa del \u00e1rea total de la pared de una habitaci\u00f3n (tambi\u00e9n famosa como la funci\u00f3n de pintor).<\/p>\n<p>En este momento con Bluetooth, una parte terminal inteligente completamente dentro , una pantalla blanca refulgente y un motor de medici\u00f3n certificado por ISO que controla 1\/32 de precisi\u00f3n y un rango de medici\u00f3n de 330 pies.<\/p>\n<p>Nuestra novedosa versi\u00f3n del cl\u00e1sico Leica DISTO D2.<\/p>\n<p>Use Bluetooth para mandar mediciones a apps que se ejecutan en dispositivos m\u00f3viles.<\/p>\n<p>El D2 mide desde su base por defecto y se puede modificar para medir desde el frente.<\/p>\n","protected":false},"featured_media":8174,"comment_status":"open","ping_status":"closed","template":"","meta":{"_joinchat":[]},"product_brand":[],"product_cat":[93],"product_tag":[],"class_list":{"0":"post-8170","1":"product","2":"type-product","3":"status-publish","4":"has-post-thumbnail","6":"product_cat-distanciometros","8":"first","9":"instock","10":"shipping-taxable","11":"product-type-simple"},"yoast_head":"<!-- This site is optimized with the Yoast SEO plugin v26.4 - https:\/\/yoast.com\/wordpress\/plugins\/seo\/ -->\n<title>Distanci\u00f3metro Laser Digital, Alcance 100m, Precisi\u00f3n + -1.0mm - D2N - Abaa tienda online<\/title>\n<meta name=\"robots\" content=\"index, follow, max-snippet:-1, max-image-preview:large, max-video-preview:-1\" \/>\n<link rel=\"canonical\" href=\"https:\/\/abaa.mx\/tienda\/distanciometro-laser-digital-alcance-100m-precision-1-0mm-d2n\/\" \/>\n<meta property=\"og:locale\" content=\"es_MX\" \/>\n<meta property=\"og:type\" content=\"article\" \/>\n<meta property=\"og:title\" content=\"Distanci\u00f3metro Laser Digital, Alcance 100m, Precisi\u00f3n + -1.0mm - D2N - Abaa tienda online\" \/>\n<meta property=\"og:description\" content=\"El Leica DISTO D2 es un LDM de 7 modos de medici\u00f3n con una precisi\u00f3n de 1\/16 de pulgada. Tiene una pantalla LCD retroiluminada intuitiva en un paquete de 4 oz que es suficientemente pequeno como para caber en su bolsillo.  El D2 incluye una funci\u00f3n de Pit\u00e1goras para mediciones de altura o anchura indirectas. Sin embargo , en una herramienta de este tamano que no se puede montar en un tr\u00edpode, recomendamos el uso de Pythagoras para estimaciones o mediciones aproximadas. Si necesita medidas indirectas precisas , una LDM con un sensor de inclinaci\u00f3n es su mejor opci\u00f3n.  Levante la pieza terminal inteligente a 90\u00ba para engancharla en las esquinas exteriores o alargue la parte terminal absolutamente para las esquinas interiores. El D2 va a medir de forma autom\u00e1tica desde el desenlace de su pieza final abatible en el momento en que est\u00e9 absolutamente extendido. Conjuntado con la funci\u00f3n M\u00edn. \/ M\u00e1x., La parte de extremo le permite colocar la herramienta absolutamente en las esquinas para conseguir mediciones diagonales precisas , como se muestra en este v\u00eddeo de pieza de radical inteligente.  El D2 calcula el \u00e1rea y el volumen, y recuerda las \u00faltimas diez mediciones tomadas. Utilice la capacidad A\u00f1adir \/ Restar para conjuntar mediciones para obtener una lectura precisa del \u00e1rea total de la pared de una habitaci\u00f3n (tambi\u00e9n famosa como la funci\u00f3n de pintor).  En este momento con Bluetooth, una parte terminal inteligente completamente dentro , una pantalla blanca refulgente y un motor de medici\u00f3n certificado por ISO que controla 1\/32 de precisi\u00f3n y un rango de medici\u00f3n de 330 pies.  Nuestra novedosa versi\u00f3n del cl\u00e1sico Leica DISTO D2.  Use Bluetooth para mandar mediciones a apps que se ejecutan en dispositivos m\u00f3viles.  El D2 mide desde su base por defecto y se puede modificar para medir desde el frente.\" \/>\n<meta property=\"og:url\" content=\"https:\/\/abaa.mx\/tienda\/distanciometro-laser-digital-alcance-100m-precision-1-0mm-d2n\/\" \/>\n<meta property=\"og:site_name\" content=\"Abaa tienda online\" \/>\n<meta property=\"article:modified_time\" content=\"2023-12-01T20:45:38+00:00\" \/>\n<meta property=\"og:image\" content=\"https:\/\/abaa.mx\/tienda\/wp-content\/uploads\/2023\/10\/LEICA-D2N.jpg\" \/>\n\t<meta property=\"og:image:width\" content=\"901\" \/>\n\t<meta property=\"og:image:height\" content=\"554\" \/>\n\t<meta property=\"og:image:type\" content=\"image\/jpeg\" \/>\n<meta name=\"twitter:card\" content=\"summary_large_image\" \/>\n<meta name=\"twitter:label1\" content=\"Tiempo de lectura\" \/>\n\t<meta name=\"twitter:data1\" content=\"1 minuto\" \/>\n<script type=\"application\/ld+json\" class=\"yoast-schema-graph\">{\"@context\":\"https:\/\/schema.org\",\"@graph\":[{\"@type\":\"WebPage\",\"@id\":\"https:\/\/abaa.mx\/tienda\/distanciometro-laser-digital-alcance-100m-precision-1-0mm-d2n\/\",\"url\":\"https:\/\/abaa.mx\/tienda\/distanciometro-laser-digital-alcance-100m-precision-1-0mm-d2n\/\",\"name\":\"Distanci\u00f3metro Laser Digital, Alcance 100m, Precisi\u00f3n + -1.0mm - D2N - Abaa tienda online\",\"isPartOf\":{\"@id\":\"https:\/\/abaa.mx\/tienda\/#website\"},\"primaryImageOfPage\":{\"@id\":\"https:\/\/abaa.mx\/tienda\/distanciometro-laser-digital-alcance-100m-precision-1-0mm-d2n\/#primaryimage\"},\"image\":{\"@id\":\"https:\/\/abaa.mx\/tienda\/distanciometro-laser-digital-alcance-100m-precision-1-0mm-d2n\/#primaryimage\"},\"thumbnailUrl\":\"https:\/\/abaa.mx\/tienda\/wp-content\/uploads\/2023\/10\/LEICA-D2N.jpg\",\"datePublished\":\"2023-10-30T14:43:58+00:00\",\"dateModified\":\"2023-12-01T20:45:38+00:00\",\"breadcrumb\":{\"@id\":\"https:\/\/abaa.mx\/tienda\/distanciometro-laser-digital-alcance-100m-precision-1-0mm-d2n\/#breadcrumb\"},\"inLanguage\":\"es\",\"potentialAction\":[{\"@type\":\"ReadAction\",\"target\":[\"https:\/\/abaa.mx\/tienda\/distanciometro-laser-digital-alcance-100m-precision-1-0mm-d2n\/\"]}]},{\"@type\":\"ImageObject\",\"inLanguage\":\"es\",\"@id\":\"https:\/\/abaa.mx\/tienda\/distanciometro-laser-digital-alcance-100m-precision-1-0mm-d2n\/#primaryimage\",\"url\":\"https:\/\/abaa.mx\/tienda\/wp-content\/uploads\/2023\/10\/LEICA-D2N.jpg\",\"contentUrl\":\"https:\/\/abaa.mx\/tienda\/wp-content\/uploads\/2023\/10\/LEICA-D2N.jpg\",\"width\":901,\"height\":554,\"caption\":\"LEICA-D2N\"},{\"@type\":\"BreadcrumbList\",\"@id\":\"https:\/\/abaa.mx\/tienda\/distanciometro-laser-digital-alcance-100m-precision-1-0mm-d2n\/#breadcrumb\",\"itemListElement\":[{\"@type\":\"ListItem\",\"position\":1,\"name\":\"Inicio\",\"item\":\"https:\/\/abaa.mx\/tienda\/\"},{\"@type\":\"ListItem\",\"position\":2,\"name\":\"Tienda\",\"item\":\"https:\/\/abaa.mx\/tienda\/\"},{\"@type\":\"ListItem\",\"position\":3,\"name\":\"Distanci\u00f3metro Laser Digital, Alcance 100m, Precisi\u00f3n + -1.0mm &#8211; D2N\"}]},{\"@type\":\"WebSite\",\"@id\":\"https:\/\/abaa.mx\/tienda\/#website\",\"url\":\"https:\/\/abaa.mx\/tienda\/\",\"name\":\"Abaa tienda online\",\"description\":\"Instrumentos de medici\u00f3n\",\"publisher\":{\"@id\":\"https:\/\/abaa.mx\/tienda\/#organization\"},\"potentialAction\":[{\"@type\":\"SearchAction\",\"target\":{\"@type\":\"EntryPoint\",\"urlTemplate\":\"https:\/\/abaa.mx\/tienda\/?s={search_term_string}\"},\"query-input\":{\"@type\":\"PropertyValueSpecification\",\"valueRequired\":true,\"valueName\":\"search_term_string\"}}],\"inLanguage\":\"es\"},{\"@type\":\"Organization\",\"@id\":\"https:\/\/abaa.mx\/tienda\/#organization\",\"name\":\"Abaa tienda online\",\"url\":\"https:\/\/abaa.mx\/tienda\/\",\"logo\":{\"@type\":\"ImageObject\",\"inLanguage\":\"es\",\"@id\":\"https:\/\/abaa.mx\/tienda\/#\/schema\/logo\/image\/\",\"url\":\"https:\/\/abaa.mx\/tienda\/wp-content\/uploads\/2024\/01\/abaa-metrologia-tienda.png\",\"contentUrl\":\"https:\/\/abaa.mx\/tienda\/wp-content\/uploads\/2024\/01\/abaa-metrologia-tienda.png\",\"width\":300,\"height\":141,\"caption\":\"Abaa tienda online\"},\"image\":{\"@id\":\"https:\/\/abaa.mx\/tienda\/#\/schema\/logo\/image\/\"}}]}<\/script>\n<!-- \/ Yoast SEO plugin. -->","yoast_head_json":{"title":"Distanci\u00f3metro Laser Digital, Alcance 100m, Precisi\u00f3n + -1.0mm - D2N - Abaa tienda online","robots":{"index":"index","follow":"follow","max-snippet":"max-snippet:-1","max-image-preview":"max-image-preview:large","max-video-preview":"max-video-preview:-1"},"canonical":"https:\/\/abaa.mx\/tienda\/distanciometro-laser-digital-alcance-100m-precision-1-0mm-d2n\/","og_locale":"es_MX","og_type":"article","og_title":"Distanci\u00f3metro Laser Digital, Alcance 100m, Precisi\u00f3n + -1.0mm - D2N - Abaa tienda online","og_description":"El Leica DISTO D2 es un LDM de 7 modos de medici\u00f3n con una precisi\u00f3n de 1\/16 de pulgada. Tiene una pantalla LCD retroiluminada intuitiva en un paquete de 4 oz que es suficientemente pequeno como para caber en su bolsillo.  El D2 incluye una funci\u00f3n de Pit\u00e1goras para mediciones de altura o anchura indirectas. Sin embargo , en una herramienta de este tamano que no se puede montar en un tr\u00edpode, recomendamos el uso de Pythagoras para estimaciones o mediciones aproximadas. Si necesita medidas indirectas precisas , una LDM con un sensor de inclinaci\u00f3n es su mejor opci\u00f3n.  Levante la pieza terminal inteligente a 90\u00ba para engancharla en las esquinas exteriores o alargue la parte terminal absolutamente para las esquinas interiores. El D2 va a medir de forma autom\u00e1tica desde el desenlace de su pieza final abatible en el momento en que est\u00e9 absolutamente extendido. Conjuntado con la funci\u00f3n M\u00edn. \/ M\u00e1x., La parte de extremo le permite colocar la herramienta absolutamente en las esquinas para conseguir mediciones diagonales precisas , como se muestra en este v\u00eddeo de pieza de radical inteligente.  El D2 calcula el \u00e1rea y el volumen, y recuerda las \u00faltimas diez mediciones tomadas. Utilice la capacidad A\u00f1adir \/ Restar para conjuntar mediciones para obtener una lectura precisa del \u00e1rea total de la pared de una habitaci\u00f3n (tambi\u00e9n famosa como la funci\u00f3n de pintor).  En este momento con Bluetooth, una parte terminal inteligente completamente dentro , una pantalla blanca refulgente y un motor de medici\u00f3n certificado por ISO que controla 1\/32 de precisi\u00f3n y un rango de medici\u00f3n de 330 pies.  Nuestra novedosa versi\u00f3n del cl\u00e1sico Leica DISTO D2.  Use Bluetooth para mandar mediciones a apps que se ejecutan en dispositivos m\u00f3viles.  El D2 mide desde su base por defecto y se puede modificar para medir desde el frente.","og_url":"https:\/\/abaa.mx\/tienda\/distanciometro-laser-digital-alcance-100m-precision-1-0mm-d2n\/","og_site_name":"Abaa tienda online","article_modified_time":"2023-12-01T20:45:38+00:00","og_image":[{"width":901,"height":554,"url":"https:\/\/abaa.mx\/tienda\/wp-content\/uploads\/2023\/10\/LEICA-D2N.jpg","type":"image\/jpeg"}],"twitter_card":"summary_large_image","twitter_misc":{"Tiempo de lectura":"1 minuto"},"schema":{"@context":"https:\/\/schema.org","@graph":[{"@type":"WebPage","@id":"https:\/\/abaa.mx\/tienda\/distanciometro-laser-digital-alcance-100m-precision-1-0mm-d2n\/","url":"https:\/\/abaa.mx\/tienda\/distanciometro-laser-digital-alcance-100m-precision-1-0mm-d2n\/","name":"Distanci\u00f3metro Laser Digital, Alcance 100m, Precisi\u00f3n + -1.0mm - D2N - Abaa tienda online","isPartOf":{"@id":"https:\/\/abaa.mx\/tienda\/#website"},"primaryImageOfPage":{"@id":"https:\/\/abaa.mx\/tienda\/distanciometro-laser-digital-alcance-100m-precision-1-0mm-d2n\/#primaryimage"},"image":{"@id":"https:\/\/abaa.mx\/tienda\/distanciometro-laser-digital-alcance-100m-precision-1-0mm-d2n\/#primaryimage"},"thumbnailUrl":"https:\/\/abaa.mx\/tienda\/wp-content\/uploads\/2023\/10\/LEICA-D2N.jpg","datePublished":"2023-10-30T14:43:58+00:00","dateModified":"2023-12-01T20:45:38+00:00","breadcrumb":{"@id":"https:\/\/abaa.mx\/tienda\/distanciometro-laser-digital-alcance-100m-precision-1-0mm-d2n\/#breadcrumb"},"inLanguage":"es","potentialAction":[{"@type":"ReadAction","target":["https:\/\/abaa.mx\/tienda\/distanciometro-laser-digital-alcance-100m-precision-1-0mm-d2n\/"]}]},{"@type":"ImageObject","inLanguage":"es","@id":"https:\/\/abaa.mx\/tienda\/distanciometro-laser-digital-alcance-100m-precision-1-0mm-d2n\/#primaryimage","url":"https:\/\/abaa.mx\/tienda\/wp-content\/uploads\/2023\/10\/LEICA-D2N.jpg","contentUrl":"https:\/\/abaa.mx\/tienda\/wp-content\/uploads\/2023\/10\/LEICA-D2N.jpg","width":901,"height":554,"caption":"LEICA-D2N"},{"@type":"BreadcrumbList","@id":"https:\/\/abaa.mx\/tienda\/distanciometro-laser-digital-alcance-100m-precision-1-0mm-d2n\/#breadcrumb","itemListElement":[{"@type":"ListItem","position":1,"name":"Inicio","item":"https:\/\/abaa.mx\/tienda\/"},{"@type":"ListItem","position":2,"name":"Tienda","item":"https:\/\/abaa.mx\/tienda\/"},{"@type":"ListItem","position":3,"name":"Distanci\u00f3metro Laser Digital, Alcance 100m, Precisi\u00f3n + -1.0mm &#8211; D2N"}]},{"@type":"WebSite","@id":"https:\/\/abaa.mx\/tienda\/#website","url":"https:\/\/abaa.mx\/tienda\/","name":"Abaa tienda online","description":"Instrumentos de medici\u00f3n","publisher":{"@id":"https:\/\/abaa.mx\/tienda\/#organization"},"potentialAction":[{"@type":"SearchAction","target":{"@type":"EntryPoint","urlTemplate":"https:\/\/abaa.mx\/tienda\/?s={search_term_string}"},"query-input":{"@type":"PropertyValueSpecification","valueRequired":true,"valueName":"search_term_string"}}],"inLanguage":"es"},{"@type":"Organization","@id":"https:\/\/abaa.mx\/tienda\/#organization","name":"Abaa tienda online","url":"https:\/\/abaa.mx\/tienda\/","logo":{"@type":"ImageObject","inLanguage":"es","@id":"https:\/\/abaa.mx\/tienda\/#\/schema\/logo\/image\/","url":"https:\/\/abaa.mx\/tienda\/wp-content\/uploads\/2024\/01\/abaa-metrologia-tienda.png","contentUrl":"https:\/\/abaa.mx\/tienda\/wp-content\/uploads\/2024\/01\/abaa-metrologia-tienda.png","width":300,"height":141,"caption":"Abaa tienda online"},"image":{"@id":"https:\/\/abaa.mx\/tienda\/#\/schema\/logo\/image\/"}}]}},"_links":{"self":[{"href":"https:\/\/abaa.mx\/tienda\/wp-json\/wp\/v2\/product\/8170","targetHints":{"allow":["GET"]}}],"collection":[{"href":"https:\/\/abaa.mx\/tienda\/wp-json\/wp\/v2\/product"}],"about":[{"href":"https:\/\/abaa.mx\/tienda\/wp-json\/wp\/v2\/types\/product"}],"replies":[{"embeddable":true,"href":"https:\/\/abaa.mx\/tienda\/wp-json\/wp\/v2\/comments?post=8170"}],"wp:featuredmedia":[{"embeddable":true,"href":"https:\/\/abaa.mx\/tienda\/wp-json\/wp\/v2\/media\/8174"}],"wp:attachment":[{"href":"https:\/\/abaa.mx\/tienda\/wp-json\/wp\/v2\/media?parent=8170"}],"wp:term":[{"taxonomy":"product_brand","embeddable":true,"href":"https:\/\/abaa.mx\/tienda\/wp-json\/wp\/v2\/product_brand?post=8170"},{"taxonomy":"product_cat","embeddable":true,"href":"https:\/\/abaa.mx\/tienda\/wp-json\/wp\/v2\/product_cat?post=8170"},{"taxonomy":"product_tag","embeddable":true,"href":"https:\/\/abaa.mx\/tienda\/wp-json\/wp\/v2\/product_tag?post=8170"}],"curies":[{"name":"wp","href":"https:\/\/api.w.org\/{rel}","templated":true}]}}