{"id":8104,"date":"2023-10-27T18:04:41","date_gmt":"2023-10-27T18:04:41","guid":{"rendered":"https:\/\/abaa.mx\/tienda\/?post_type=product&#038;p=8104"},"modified":"2023-10-27T18:04:42","modified_gmt":"2023-10-27T18:04:42","slug":"base-motorizada-horizontal-con-distanciometro-275-lbf-mh275s","status":"publish","type":"product","link":"https:\/\/abaa.mx\/tienda\/base-motorizada-horizontal-con-distanciometro-275-lbf-mh275s\/","title":{"rendered":"Base motorizada Horizontal con Distanciometro, 275 lbf &#8211; MH275S"},"content":{"rendered":"<p>Base motorizada Horizontal con Distanciometro, 275 lbf &#8211; MH275S<\/p>\n","protected":false},"excerpt":{"rendered":"<p>MH-275-S con medidor de distancia digital est\u00e1ndar (capacidad de 275 lbf) El Soporte de Prueba de Medida de Fuerza Motorizada MH-275 ofrece capacidades b\u00e1sicas de pruebas de fuerza como control de velocidad ajustable, control de fuerza, retorno veloz y utilidad de parada de emergencia. Los aguantes de prueba motorizados MH-275 pueden usarse para pruebas de tensi\u00f3n y compresi\u00f3n. El motor sin escobillas de prominente desempe\u00f1o da un desempe\u00f1o extremadamente despacio. Muchas configuraciones de agilidad est\u00e1n disponibles para amoldarse a cualquier app de prueba de fuerza, consulte la pesta\u00f1a de configuraci\u00f3n de agilidad para conseguir mucho m\u00e1s datos. Cuatro M\u00e9todos de Operaci\u00f3n Los aguantes de prueba MH-275 incluyen cuatro m\u00e9todos de operaci\u00f3n: Manual, Per\u00edodo \u00danico, Ciclo Continuo (72 horas m\u00e1x.) Y modos de Control de Fuerza. El modo manual deja que el soporte est\u00e9 controlado por los cuatro botones de flecha en la base del soporte. Los m\u00e9todos de per\u00edodo son \u00fatiles para pruebas de per\u00edodo y no destructivas. Capacidad de control de fuerza Conecte el soporte de prueba MH-275 con un medidor de fuerza de la serie Imada ZT y deje pruebas controladas por fuerza y ??prevenci\u00f3n de sobrecarga condicional. M\u00faltiples m\u00e9todos de control de fuerza est\u00e1n disponibles. El indicador puede desplazarse hacia arriba o hacia abajo hasta alcanzar un valor de fuerza especificado. Otro modo mantendr\u00e1 la fuerza entre punto de ajuste prominente y bajo, ajustando de manera autom\u00e1tica la posici\u00f3n del indicio de fuerza. El MH-275 acepta alguno de los calibradores de fuerza Imada est\u00e1ndar. Temporizador opcional y medidor de distancia digital disponible. El medidor de distancia digital tiene capacidades de salida de PC, para m\u00e1s informaci\u00f3n consulte a nuestros agentes de ventas. La placa adaptadora AP-002 est\u00e1 libre para montar la mayor\u00eda de los indicadores de fuerza a los soportes de prueba IMADA.<\/p>\n","protected":false},"featured_media":8105,"comment_status":"open","ping_status":"closed","template":"","meta":{"_joinchat":[]},"product_brand":[],"product_cat":[92],"product_tag":[],"class_list":{"0":"post-8104","1":"product","2":"type-product","3":"status-publish","4":"has-post-thumbnail","6":"product_cat-dinamometros","8":"first","9":"instock","10":"shipping-taxable","11":"product-type-simple"},"yoast_head":"<!-- This site is optimized with the Yoast SEO plugin v26.4 - https:\/\/yoast.com\/wordpress\/plugins\/seo\/ -->\n<title>Base motorizada Horizontal con Distanciometro, 275 lbf - MH275S - Abaa tienda online<\/title>\n<meta name=\"robots\" content=\"index, follow, max-snippet:-1, max-image-preview:large, max-video-preview:-1\" \/>\n<link rel=\"canonical\" href=\"https:\/\/abaa.mx\/tienda\/base-motorizada-horizontal-con-distanciometro-275-lbf-mh275s\/\" \/>\n<meta property=\"og:locale\" content=\"es_MX\" \/>\n<meta property=\"og:type\" content=\"article\" \/>\n<meta property=\"og:title\" content=\"Base motorizada Horizontal con Distanciometro, 275 lbf - MH275S - Abaa tienda online\" \/>\n<meta property=\"og:description\" content=\"MH-275-S con medidor de distancia digital est\u00e1ndar (capacidad de 275 lbf) El Soporte de Prueba de Medida de Fuerza Motorizada MH-275 ofrece capacidades b\u00e1sicas de pruebas de fuerza como control de velocidad ajustable, control de fuerza, retorno veloz y utilidad de parada de emergencia. Los aguantes de prueba motorizados MH-275 pueden usarse para pruebas de tensi\u00f3n y compresi\u00f3n. El motor sin escobillas de prominente desempe\u00f1o da un desempe\u00f1o extremadamente despacio. Muchas configuraciones de agilidad est\u00e1n disponibles para amoldarse a cualquier app de prueba de fuerza, consulte la pesta\u00f1a de configuraci\u00f3n de agilidad para conseguir mucho m\u00e1s datos. Cuatro M\u00e9todos de Operaci\u00f3n Los aguantes de prueba MH-275 incluyen cuatro m\u00e9todos de operaci\u00f3n: Manual, Per\u00edodo \u00danico, Ciclo Continuo (72 horas m\u00e1x.) Y modos de Control de Fuerza. El modo manual deja que el soporte est\u00e9 controlado por los cuatro botones de flecha en la base del soporte. Los m\u00e9todos de per\u00edodo son \u00fatiles para pruebas de per\u00edodo y no destructivas. Capacidad de control de fuerza Conecte el soporte de prueba MH-275 con un medidor de fuerza de la serie Imada ZT y deje pruebas controladas por fuerza y ??prevenci\u00f3n de sobrecarga condicional. M\u00faltiples m\u00e9todos de control de fuerza est\u00e1n disponibles. El indicador puede desplazarse hacia arriba o hacia abajo hasta alcanzar un valor de fuerza especificado. Otro modo mantendr\u00e1 la fuerza entre punto de ajuste prominente y bajo, ajustando de manera autom\u00e1tica la posici\u00f3n del indicio de fuerza. El MH-275 acepta alguno de los calibradores de fuerza Imada est\u00e1ndar. Temporizador opcional y medidor de distancia digital disponible. El medidor de distancia digital tiene capacidades de salida de PC, para m\u00e1s informaci\u00f3n consulte a nuestros agentes de ventas. La placa adaptadora AP-002 est\u00e1 libre para montar la mayor\u00eda de los indicadores de fuerza a los soportes de prueba IMADA.\" \/>\n<meta property=\"og:url\" content=\"https:\/\/abaa.mx\/tienda\/base-motorizada-horizontal-con-distanciometro-275-lbf-mh275s\/\" \/>\n<meta property=\"og:site_name\" content=\"Abaa tienda online\" \/>\n<meta property=\"article:modified_time\" content=\"2023-10-27T18:04:42+00:00\" \/>\n<meta property=\"og:image\" content=\"https:\/\/abaa.mx\/tienda\/wp-content\/uploads\/2023\/10\/IMADA-MH275S.jpg\" \/>\n\t<meta property=\"og:image:width\" content=\"600\" \/>\n\t<meta property=\"og:image:height\" content=\"325\" \/>\n\t<meta property=\"og:image:type\" content=\"image\/jpeg\" \/>\n<meta name=\"twitter:card\" content=\"summary_large_image\" \/>\n<meta name=\"twitter:label1\" content=\"Tiempo de lectura\" \/>\n\t<meta name=\"twitter:data1\" content=\"1 minuto\" \/>\n<script type=\"application\/ld+json\" class=\"yoast-schema-graph\">{\"@context\":\"https:\/\/schema.org\",\"@graph\":[{\"@type\":\"WebPage\",\"@id\":\"https:\/\/abaa.mx\/tienda\/base-motorizada-horizontal-con-distanciometro-275-lbf-mh275s\/\",\"url\":\"https:\/\/abaa.mx\/tienda\/base-motorizada-horizontal-con-distanciometro-275-lbf-mh275s\/\",\"name\":\"Base motorizada Horizontal con Distanciometro, 275 lbf - MH275S - Abaa tienda online\",\"isPartOf\":{\"@id\":\"https:\/\/abaa.mx\/tienda\/#website\"},\"primaryImageOfPage\":{\"@id\":\"https:\/\/abaa.mx\/tienda\/base-motorizada-horizontal-con-distanciometro-275-lbf-mh275s\/#primaryimage\"},\"image\":{\"@id\":\"https:\/\/abaa.mx\/tienda\/base-motorizada-horizontal-con-distanciometro-275-lbf-mh275s\/#primaryimage\"},\"thumbnailUrl\":\"https:\/\/abaa.mx\/tienda\/wp-content\/uploads\/2023\/10\/IMADA-MH275S.jpg\",\"datePublished\":\"2023-10-27T18:04:41+00:00\",\"dateModified\":\"2023-10-27T18:04:42+00:00\",\"breadcrumb\":{\"@id\":\"https:\/\/abaa.mx\/tienda\/base-motorizada-horizontal-con-distanciometro-275-lbf-mh275s\/#breadcrumb\"},\"inLanguage\":\"es\",\"potentialAction\":[{\"@type\":\"ReadAction\",\"target\":[\"https:\/\/abaa.mx\/tienda\/base-motorizada-horizontal-con-distanciometro-275-lbf-mh275s\/\"]}]},{\"@type\":\"ImageObject\",\"inLanguage\":\"es\",\"@id\":\"https:\/\/abaa.mx\/tienda\/base-motorizada-horizontal-con-distanciometro-275-lbf-mh275s\/#primaryimage\",\"url\":\"https:\/\/abaa.mx\/tienda\/wp-content\/uploads\/2023\/10\/IMADA-MH275S.jpg\",\"contentUrl\":\"https:\/\/abaa.mx\/tienda\/wp-content\/uploads\/2023\/10\/IMADA-MH275S.jpg\",\"width\":600,\"height\":325,\"caption\":\"IMADA-MH275S\"},{\"@type\":\"BreadcrumbList\",\"@id\":\"https:\/\/abaa.mx\/tienda\/base-motorizada-horizontal-con-distanciometro-275-lbf-mh275s\/#breadcrumb\",\"itemListElement\":[{\"@type\":\"ListItem\",\"position\":1,\"name\":\"Inicio\",\"item\":\"https:\/\/abaa.mx\/tienda\/\"},{\"@type\":\"ListItem\",\"position\":2,\"name\":\"Tienda\",\"item\":\"https:\/\/abaa.mx\/tienda\/\"},{\"@type\":\"ListItem\",\"position\":3,\"name\":\"Base motorizada Horizontal con Distanciometro, 275 lbf &#8211; MH275S\"}]},{\"@type\":\"WebSite\",\"@id\":\"https:\/\/abaa.mx\/tienda\/#website\",\"url\":\"https:\/\/abaa.mx\/tienda\/\",\"name\":\"Abaa tienda online\",\"description\":\"Instrumentos de medici\u00f3n\",\"publisher\":{\"@id\":\"https:\/\/abaa.mx\/tienda\/#organization\"},\"potentialAction\":[{\"@type\":\"SearchAction\",\"target\":{\"@type\":\"EntryPoint\",\"urlTemplate\":\"https:\/\/abaa.mx\/tienda\/?s={search_term_string}\"},\"query-input\":{\"@type\":\"PropertyValueSpecification\",\"valueRequired\":true,\"valueName\":\"search_term_string\"}}],\"inLanguage\":\"es\"},{\"@type\":\"Organization\",\"@id\":\"https:\/\/abaa.mx\/tienda\/#organization\",\"name\":\"Abaa tienda online\",\"url\":\"https:\/\/abaa.mx\/tienda\/\",\"logo\":{\"@type\":\"ImageObject\",\"inLanguage\":\"es\",\"@id\":\"https:\/\/abaa.mx\/tienda\/#\/schema\/logo\/image\/\",\"url\":\"https:\/\/abaa.mx\/tienda\/wp-content\/uploads\/2024\/01\/abaa-metrologia-tienda.png\",\"contentUrl\":\"https:\/\/abaa.mx\/tienda\/wp-content\/uploads\/2024\/01\/abaa-metrologia-tienda.png\",\"width\":300,\"height\":141,\"caption\":\"Abaa tienda online\"},\"image\":{\"@id\":\"https:\/\/abaa.mx\/tienda\/#\/schema\/logo\/image\/\"}}]}<\/script>\n<!-- \/ Yoast SEO plugin. -->","yoast_head_json":{"title":"Base motorizada Horizontal con Distanciometro, 275 lbf - MH275S - Abaa tienda online","robots":{"index":"index","follow":"follow","max-snippet":"max-snippet:-1","max-image-preview":"max-image-preview:large","max-video-preview":"max-video-preview:-1"},"canonical":"https:\/\/abaa.mx\/tienda\/base-motorizada-horizontal-con-distanciometro-275-lbf-mh275s\/","og_locale":"es_MX","og_type":"article","og_title":"Base motorizada Horizontal con Distanciometro, 275 lbf - MH275S - Abaa tienda online","og_description":"MH-275-S con medidor de distancia digital est\u00e1ndar (capacidad de 275 lbf) El Soporte de Prueba de Medida de Fuerza Motorizada MH-275 ofrece capacidades b\u00e1sicas de pruebas de fuerza como control de velocidad ajustable, control de fuerza, retorno veloz y utilidad de parada de emergencia. Los aguantes de prueba motorizados MH-275 pueden usarse para pruebas de tensi\u00f3n y compresi\u00f3n. El motor sin escobillas de prominente desempe\u00f1o da un desempe\u00f1o extremadamente despacio. Muchas configuraciones de agilidad est\u00e1n disponibles para amoldarse a cualquier app de prueba de fuerza, consulte la pesta\u00f1a de configuraci\u00f3n de agilidad para conseguir mucho m\u00e1s datos. Cuatro M\u00e9todos de Operaci\u00f3n Los aguantes de prueba MH-275 incluyen cuatro m\u00e9todos de operaci\u00f3n: Manual, Per\u00edodo \u00danico, Ciclo Continuo (72 horas m\u00e1x.) Y modos de Control de Fuerza. El modo manual deja que el soporte est\u00e9 controlado por los cuatro botones de flecha en la base del soporte. Los m\u00e9todos de per\u00edodo son \u00fatiles para pruebas de per\u00edodo y no destructivas. Capacidad de control de fuerza Conecte el soporte de prueba MH-275 con un medidor de fuerza de la serie Imada ZT y deje pruebas controladas por fuerza y ??prevenci\u00f3n de sobrecarga condicional. M\u00faltiples m\u00e9todos de control de fuerza est\u00e1n disponibles. El indicador puede desplazarse hacia arriba o hacia abajo hasta alcanzar un valor de fuerza especificado. Otro modo mantendr\u00e1 la fuerza entre punto de ajuste prominente y bajo, ajustando de manera autom\u00e1tica la posici\u00f3n del indicio de fuerza. El MH-275 acepta alguno de los calibradores de fuerza Imada est\u00e1ndar. Temporizador opcional y medidor de distancia digital disponible. El medidor de distancia digital tiene capacidades de salida de PC, para m\u00e1s informaci\u00f3n consulte a nuestros agentes de ventas. La placa adaptadora AP-002 est\u00e1 libre para montar la mayor\u00eda de los indicadores de fuerza a los soportes de prueba IMADA.","og_url":"https:\/\/abaa.mx\/tienda\/base-motorizada-horizontal-con-distanciometro-275-lbf-mh275s\/","og_site_name":"Abaa tienda online","article_modified_time":"2023-10-27T18:04:42+00:00","og_image":[{"width":600,"height":325,"url":"https:\/\/abaa.mx\/tienda\/wp-content\/uploads\/2023\/10\/IMADA-MH275S.jpg","type":"image\/jpeg"}],"twitter_card":"summary_large_image","twitter_misc":{"Tiempo de lectura":"1 minuto"},"schema":{"@context":"https:\/\/schema.org","@graph":[{"@type":"WebPage","@id":"https:\/\/abaa.mx\/tienda\/base-motorizada-horizontal-con-distanciometro-275-lbf-mh275s\/","url":"https:\/\/abaa.mx\/tienda\/base-motorizada-horizontal-con-distanciometro-275-lbf-mh275s\/","name":"Base motorizada Horizontal con Distanciometro, 275 lbf - MH275S - Abaa tienda online","isPartOf":{"@id":"https:\/\/abaa.mx\/tienda\/#website"},"primaryImageOfPage":{"@id":"https:\/\/abaa.mx\/tienda\/base-motorizada-horizontal-con-distanciometro-275-lbf-mh275s\/#primaryimage"},"image":{"@id":"https:\/\/abaa.mx\/tienda\/base-motorizada-horizontal-con-distanciometro-275-lbf-mh275s\/#primaryimage"},"thumbnailUrl":"https:\/\/abaa.mx\/tienda\/wp-content\/uploads\/2023\/10\/IMADA-MH275S.jpg","datePublished":"2023-10-27T18:04:41+00:00","dateModified":"2023-10-27T18:04:42+00:00","breadcrumb":{"@id":"https:\/\/abaa.mx\/tienda\/base-motorizada-horizontal-con-distanciometro-275-lbf-mh275s\/#breadcrumb"},"inLanguage":"es","potentialAction":[{"@type":"ReadAction","target":["https:\/\/abaa.mx\/tienda\/base-motorizada-horizontal-con-distanciometro-275-lbf-mh275s\/"]}]},{"@type":"ImageObject","inLanguage":"es","@id":"https:\/\/abaa.mx\/tienda\/base-motorizada-horizontal-con-distanciometro-275-lbf-mh275s\/#primaryimage","url":"https:\/\/abaa.mx\/tienda\/wp-content\/uploads\/2023\/10\/IMADA-MH275S.jpg","contentUrl":"https:\/\/abaa.mx\/tienda\/wp-content\/uploads\/2023\/10\/IMADA-MH275S.jpg","width":600,"height":325,"caption":"IMADA-MH275S"},{"@type":"BreadcrumbList","@id":"https:\/\/abaa.mx\/tienda\/base-motorizada-horizontal-con-distanciometro-275-lbf-mh275s\/#breadcrumb","itemListElement":[{"@type":"ListItem","position":1,"name":"Inicio","item":"https:\/\/abaa.mx\/tienda\/"},{"@type":"ListItem","position":2,"name":"Tienda","item":"https:\/\/abaa.mx\/tienda\/"},{"@type":"ListItem","position":3,"name":"Base motorizada Horizontal con Distanciometro, 275 lbf &#8211; MH275S"}]},{"@type":"WebSite","@id":"https:\/\/abaa.mx\/tienda\/#website","url":"https:\/\/abaa.mx\/tienda\/","name":"Abaa tienda online","description":"Instrumentos de medici\u00f3n","publisher":{"@id":"https:\/\/abaa.mx\/tienda\/#organization"},"potentialAction":[{"@type":"SearchAction","target":{"@type":"EntryPoint","urlTemplate":"https:\/\/abaa.mx\/tienda\/?s={search_term_string}"},"query-input":{"@type":"PropertyValueSpecification","valueRequired":true,"valueName":"search_term_string"}}],"inLanguage":"es"},{"@type":"Organization","@id":"https:\/\/abaa.mx\/tienda\/#organization","name":"Abaa tienda online","url":"https:\/\/abaa.mx\/tienda\/","logo":{"@type":"ImageObject","inLanguage":"es","@id":"https:\/\/abaa.mx\/tienda\/#\/schema\/logo\/image\/","url":"https:\/\/abaa.mx\/tienda\/wp-content\/uploads\/2024\/01\/abaa-metrologia-tienda.png","contentUrl":"https:\/\/abaa.mx\/tienda\/wp-content\/uploads\/2024\/01\/abaa-metrologia-tienda.png","width":300,"height":141,"caption":"Abaa tienda online"},"image":{"@id":"https:\/\/abaa.mx\/tienda\/#\/schema\/logo\/image\/"}}]}},"_links":{"self":[{"href":"https:\/\/abaa.mx\/tienda\/wp-json\/wp\/v2\/product\/8104","targetHints":{"allow":["GET"]}}],"collection":[{"href":"https:\/\/abaa.mx\/tienda\/wp-json\/wp\/v2\/product"}],"about":[{"href":"https:\/\/abaa.mx\/tienda\/wp-json\/wp\/v2\/types\/product"}],"replies":[{"embeddable":true,"href":"https:\/\/abaa.mx\/tienda\/wp-json\/wp\/v2\/comments?post=8104"}],"wp:featuredmedia":[{"embeddable":true,"href":"https:\/\/abaa.mx\/tienda\/wp-json\/wp\/v2\/media\/8105"}],"wp:attachment":[{"href":"https:\/\/abaa.mx\/tienda\/wp-json\/wp\/v2\/media?parent=8104"}],"wp:term":[{"taxonomy":"product_brand","embeddable":true,"href":"https:\/\/abaa.mx\/tienda\/wp-json\/wp\/v2\/product_brand?post=8104"},{"taxonomy":"product_cat","embeddable":true,"href":"https:\/\/abaa.mx\/tienda\/wp-json\/wp\/v2\/product_cat?post=8104"},{"taxonomy":"product_tag","embeddable":true,"href":"https:\/\/abaa.mx\/tienda\/wp-json\/wp\/v2\/product_tag?post=8104"}],"curies":[{"name":"wp","href":"https:\/\/api.w.org\/{rel}","templated":true}]}}