{"id":8070,"date":"2023-10-27T15:29:51","date_gmt":"2023-10-27T15:29:51","guid":{"rendered":"https:\/\/abaa.mx\/tienda\/?post_type=product&#038;p=8070"},"modified":"2023-10-27T15:29:52","modified_gmt":"2023-10-27T15:29:52","slug":"cronometro-multifuncion-ax602m500dec","status":"publish","type":"product","link":"https:\/\/abaa.mx\/tienda\/cronometro-multifuncion-ax602m500dec\/","title":{"rendered":"Cronometro Multifunci\u00f3n &#8211; AX602M500DEC"},"content":{"rendered":"<p>Cronometro Multifunci\u00f3n &#8211; AX602M500DEC<\/p>\n","protected":false},"excerpt":{"rendered":"<p>El AC-AX602M500DEC es un cron\u00f3metro-temporizador adelantado multimodal y 500 memorias con las mejores especificaciones y funciones de su S.O.. De los mejores cron\u00f3metros y temporizadores libres.<\/p>\n<p><b>Caracter\u00edsticas:<\/b><\/p>\n<ul>\n<li>La pantalla LCD de tres l\u00edneas muestra el tiempo de divisi\u00f3n actual, el tiempo de vuelta, y tiempo acumulado de ejecuci\u00f3n<\/li>\n<li>Modo de c\u00e1lculo de la velocidad del trazo<\/li>\n<li>Botones de no-fallo, millones de ciclos<\/li>\n<li>Modo de calculadora de la tasa de avance (Stroke rate).<\/li>\n<li>M\u00faltiple base de tiempo: cent\u00e9sima de segundo 1\/100, Minuto Decimal (1\/1000), y Hora Decimal (1\/10 000 hr).<\/li>\n<li>Modo de marcapaso audible.<\/li>\n<li>Resistente al agua hasta 3 ATM.<\/li>\n<li>Modo de reloj, Fecha y alarma.<\/li>\n<li>El banco de datos identifica los tiempos de cada vuelta con fecha y hora de manera que te permite reconstruir una secuencia de tiempos posteriormente.<\/li>\n<li>Liberaci\u00f3n autom\u00e1tica de &#8220;Split&#8221; le permitiera ver la el tiempo de la vuelta por 5 segundos, luego el instrumento vuelve a mostrar el tiempo corriente de la carrera.<\/li>\n<li>Hora \/ D\u00eda \/ Modo de alarma<\/li>\n<li>Temporizador repetitivo de tiempo.<\/li>\n<li>El paquete incluye cron\u00f3metro de memoria, cord\u00f3n, bater\u00eda e instrucciones<\/li>\n<li>La carcaza &#8220;X$&#8221; del instrumento nos permite incorporar una pantalla de d\u00edgitos grandes, resistencia al agua mejorada y nuestros botones anti-falla ergon\u00f3micos de 1 mill\u00f3n de ciclos.<\/li>\n<li>1\/100 segundos, memoria 100, cron\u00f3metro dual de la fractura<\/li>\n<li>El empaque incluye una pieza del Cron\u00f3metro, Corea de hilo, Bater\u00eda e instructivo<\/li>\n<li>Pantalla LCD de 3 l\u00edneas muestra simult\u00e1neamente tiempo de la vuelta, cuenta de lapso y tiempo de carrera acumulativo.<\/li>\n<li>Cron\u00f3metro con resoluci\u00f3n de cent\u00e9simas de segundo (1\/100), 500 memorias, Doble divisi\u00f3n de vuelta (Split).<\/li>\n<\/ul>\n","protected":false},"featured_media":8074,"comment_status":"open","ping_status":"closed","template":"","meta":{"_joinchat":[]},"product_brand":[],"product_cat":[64],"product_tag":[],"class_list":{"0":"post-8070","1":"product","2":"type-product","3":"status-publish","4":"has-post-thumbnail","6":"product_cat-cronometros","8":"first","9":"instock","10":"shipping-taxable","11":"product-type-simple"},"yoast_head":"<!-- This site is optimized with the Yoast SEO plugin v26.4 - https:\/\/yoast.com\/wordpress\/plugins\/seo\/ -->\n<title>Cronometro Multifunci\u00f3n - AX602M500DEC - Abaa tienda online<\/title>\n<meta name=\"robots\" content=\"index, follow, max-snippet:-1, max-image-preview:large, max-video-preview:-1\" \/>\n<link rel=\"canonical\" href=\"https:\/\/abaa.mx\/tienda\/cronometro-multifuncion-ax602m500dec\/\" \/>\n<meta property=\"og:locale\" content=\"es_MX\" \/>\n<meta property=\"og:type\" content=\"article\" \/>\n<meta property=\"og:title\" content=\"Cronometro Multifunci\u00f3n - AX602M500DEC - Abaa tienda online\" \/>\n<meta property=\"og:description\" content=\"El AC-AX602M500DEC es un cron\u00f3metro-temporizador adelantado multimodal y 500 memorias con las mejores especificaciones y funciones de su S.O.. De los mejores cron\u00f3metros y temporizadores libres.  Caracter\u00edsticas:   La pantalla LCD de tres l\u00edneas muestra el tiempo de divisi\u00f3n actual, el tiempo de vuelta, y tiempo acumulado de ejecuci\u00f3n  Modo de c\u00e1lculo de la velocidad del trazo  Botones de no-fallo, millones de ciclos  Modo de calculadora de la tasa de avance (Stroke rate).  M\u00faltiple base de tiempo: cent\u00e9sima de segundo 1\/100, Minuto Decimal (1\/1000), y Hora Decimal (1\/10 000 hr).  Modo de marcapaso audible.  Resistente al agua hasta 3 ATM.  Modo de reloj, Fecha y alarma.  El banco de datos identifica los tiempos de cada vuelta con fecha y hora de manera que te permite reconstruir una secuencia de tiempos posteriormente.  Liberaci\u00f3n autom\u00e1tica de &quot;Split&quot; le permitiera ver la el tiempo de la vuelta por 5 segundos, luego el instrumento vuelve a mostrar el tiempo corriente de la carrera.  Hora \/ D\u00eda \/ Modo de alarma  Temporizador repetitivo de tiempo.  El paquete incluye cron\u00f3metro de memoria, cord\u00f3n, bater\u00eda e instrucciones  La carcaza &quot;X$&quot; del instrumento nos permite incorporar una pantalla de d\u00edgitos grandes, resistencia al agua mejorada y nuestros botones anti-falla ergon\u00f3micos de 1 mill\u00f3n de ciclos.  1\/100 segundos, memoria 100, cron\u00f3metro dual de la fractura  El empaque incluye una pieza del Cron\u00f3metro, Corea de hilo, Bater\u00eda e instructivo  Pantalla LCD de 3 l\u00edneas muestra simult\u00e1neamente tiempo de la vuelta, cuenta de lapso y tiempo de carrera acumulativo.  Cron\u00f3metro con resoluci\u00f3n de cent\u00e9simas de segundo (1\/100), 500 memorias, Doble divisi\u00f3n de vuelta (Split).\" \/>\n<meta property=\"og:url\" content=\"https:\/\/abaa.mx\/tienda\/cronometro-multifuncion-ax602m500dec\/\" \/>\n<meta property=\"og:site_name\" content=\"Abaa tienda online\" \/>\n<meta property=\"article:modified_time\" content=\"2023-10-27T15:29:52+00:00\" \/>\n<meta property=\"og:image\" content=\"https:\/\/abaa.mx\/tienda\/wp-content\/uploads\/2023\/10\/ACCUSPLIT-AX602M500DEC.jpg\" \/>\n\t<meta property=\"og:image:width\" content=\"800\" \/>\n\t<meta property=\"og:image:height\" content=\"800\" \/>\n\t<meta property=\"og:image:type\" content=\"image\/jpeg\" \/>\n<meta name=\"twitter:card\" content=\"summary_large_image\" \/>\n<meta name=\"twitter:label1\" content=\"Tiempo de lectura\" \/>\n\t<meta name=\"twitter:data1\" content=\"1 minuto\" \/>\n<script type=\"application\/ld+json\" class=\"yoast-schema-graph\">{\"@context\":\"https:\/\/schema.org\",\"@graph\":[{\"@type\":\"WebPage\",\"@id\":\"https:\/\/abaa.mx\/tienda\/cronometro-multifuncion-ax602m500dec\/\",\"url\":\"https:\/\/abaa.mx\/tienda\/cronometro-multifuncion-ax602m500dec\/\",\"name\":\"Cronometro Multifunci\u00f3n - AX602M500DEC - Abaa tienda online\",\"isPartOf\":{\"@id\":\"https:\/\/abaa.mx\/tienda\/#website\"},\"primaryImageOfPage\":{\"@id\":\"https:\/\/abaa.mx\/tienda\/cronometro-multifuncion-ax602m500dec\/#primaryimage\"},\"image\":{\"@id\":\"https:\/\/abaa.mx\/tienda\/cronometro-multifuncion-ax602m500dec\/#primaryimage\"},\"thumbnailUrl\":\"https:\/\/abaa.mx\/tienda\/wp-content\/uploads\/2023\/10\/ACCUSPLIT-AX602M500DEC.jpg\",\"datePublished\":\"2023-10-27T15:29:51+00:00\",\"dateModified\":\"2023-10-27T15:29:52+00:00\",\"breadcrumb\":{\"@id\":\"https:\/\/abaa.mx\/tienda\/cronometro-multifuncion-ax602m500dec\/#breadcrumb\"},\"inLanguage\":\"es\",\"potentialAction\":[{\"@type\":\"ReadAction\",\"target\":[\"https:\/\/abaa.mx\/tienda\/cronometro-multifuncion-ax602m500dec\/\"]}]},{\"@type\":\"ImageObject\",\"inLanguage\":\"es\",\"@id\":\"https:\/\/abaa.mx\/tienda\/cronometro-multifuncion-ax602m500dec\/#primaryimage\",\"url\":\"https:\/\/abaa.mx\/tienda\/wp-content\/uploads\/2023\/10\/ACCUSPLIT-AX602M500DEC.jpg\",\"contentUrl\":\"https:\/\/abaa.mx\/tienda\/wp-content\/uploads\/2023\/10\/ACCUSPLIT-AX602M500DEC.jpg\",\"width\":800,\"height\":800,\"caption\":\"ACCUSPLIT-AX602M500DEC\"},{\"@type\":\"BreadcrumbList\",\"@id\":\"https:\/\/abaa.mx\/tienda\/cronometro-multifuncion-ax602m500dec\/#breadcrumb\",\"itemListElement\":[{\"@type\":\"ListItem\",\"position\":1,\"name\":\"Inicio\",\"item\":\"https:\/\/abaa.mx\/tienda\/\"},{\"@type\":\"ListItem\",\"position\":2,\"name\":\"Tienda\",\"item\":\"https:\/\/abaa.mx\/tienda\/\"},{\"@type\":\"ListItem\",\"position\":3,\"name\":\"Cronometro Multifunci\u00f3n &#8211; AX602M500DEC\"}]},{\"@type\":\"WebSite\",\"@id\":\"https:\/\/abaa.mx\/tienda\/#website\",\"url\":\"https:\/\/abaa.mx\/tienda\/\",\"name\":\"Abaa tienda online\",\"description\":\"Instrumentos de medici\u00f3n\",\"publisher\":{\"@id\":\"https:\/\/abaa.mx\/tienda\/#organization\"},\"potentialAction\":[{\"@type\":\"SearchAction\",\"target\":{\"@type\":\"EntryPoint\",\"urlTemplate\":\"https:\/\/abaa.mx\/tienda\/?s={search_term_string}\"},\"query-input\":{\"@type\":\"PropertyValueSpecification\",\"valueRequired\":true,\"valueName\":\"search_term_string\"}}],\"inLanguage\":\"es\"},{\"@type\":\"Organization\",\"@id\":\"https:\/\/abaa.mx\/tienda\/#organization\",\"name\":\"Abaa tienda online\",\"url\":\"https:\/\/abaa.mx\/tienda\/\",\"logo\":{\"@type\":\"ImageObject\",\"inLanguage\":\"es\",\"@id\":\"https:\/\/abaa.mx\/tienda\/#\/schema\/logo\/image\/\",\"url\":\"https:\/\/abaa.mx\/tienda\/wp-content\/uploads\/2024\/01\/abaa-metrologia-tienda.png\",\"contentUrl\":\"https:\/\/abaa.mx\/tienda\/wp-content\/uploads\/2024\/01\/abaa-metrologia-tienda.png\",\"width\":300,\"height\":141,\"caption\":\"Abaa tienda online\"},\"image\":{\"@id\":\"https:\/\/abaa.mx\/tienda\/#\/schema\/logo\/image\/\"}}]}<\/script>\n<!-- \/ Yoast SEO plugin. -->","yoast_head_json":{"title":"Cronometro Multifunci\u00f3n - AX602M500DEC - Abaa tienda online","robots":{"index":"index","follow":"follow","max-snippet":"max-snippet:-1","max-image-preview":"max-image-preview:large","max-video-preview":"max-video-preview:-1"},"canonical":"https:\/\/abaa.mx\/tienda\/cronometro-multifuncion-ax602m500dec\/","og_locale":"es_MX","og_type":"article","og_title":"Cronometro Multifunci\u00f3n - AX602M500DEC - Abaa tienda online","og_description":"El AC-AX602M500DEC es un cron\u00f3metro-temporizador adelantado multimodal y 500 memorias con las mejores especificaciones y funciones de su S.O.. De los mejores cron\u00f3metros y temporizadores libres.  Caracter\u00edsticas:   La pantalla LCD de tres l\u00edneas muestra el tiempo de divisi\u00f3n actual, el tiempo de vuelta, y tiempo acumulado de ejecuci\u00f3n  Modo de c\u00e1lculo de la velocidad del trazo  Botones de no-fallo, millones de ciclos  Modo de calculadora de la tasa de avance (Stroke rate).  M\u00faltiple base de tiempo: cent\u00e9sima de segundo 1\/100, Minuto Decimal (1\/1000), y Hora Decimal (1\/10 000 hr).  Modo de marcapaso audible.  Resistente al agua hasta 3 ATM.  Modo de reloj, Fecha y alarma.  El banco de datos identifica los tiempos de cada vuelta con fecha y hora de manera que te permite reconstruir una secuencia de tiempos posteriormente.  Liberaci\u00f3n autom\u00e1tica de \"Split\" le permitiera ver la el tiempo de la vuelta por 5 segundos, luego el instrumento vuelve a mostrar el tiempo corriente de la carrera.  Hora \/ D\u00eda \/ Modo de alarma  Temporizador repetitivo de tiempo.  El paquete incluye cron\u00f3metro de memoria, cord\u00f3n, bater\u00eda e instrucciones  La carcaza \"X$\" del instrumento nos permite incorporar una pantalla de d\u00edgitos grandes, resistencia al agua mejorada y nuestros botones anti-falla ergon\u00f3micos de 1 mill\u00f3n de ciclos.  1\/100 segundos, memoria 100, cron\u00f3metro dual de la fractura  El empaque incluye una pieza del Cron\u00f3metro, Corea de hilo, Bater\u00eda e instructivo  Pantalla LCD de 3 l\u00edneas muestra simult\u00e1neamente tiempo de la vuelta, cuenta de lapso y tiempo de carrera acumulativo.  Cron\u00f3metro con resoluci\u00f3n de cent\u00e9simas de segundo (1\/100), 500 memorias, Doble divisi\u00f3n de vuelta (Split).","og_url":"https:\/\/abaa.mx\/tienda\/cronometro-multifuncion-ax602m500dec\/","og_site_name":"Abaa tienda online","article_modified_time":"2023-10-27T15:29:52+00:00","og_image":[{"width":800,"height":800,"url":"https:\/\/abaa.mx\/tienda\/wp-content\/uploads\/2023\/10\/ACCUSPLIT-AX602M500DEC.jpg","type":"image\/jpeg"}],"twitter_card":"summary_large_image","twitter_misc":{"Tiempo de lectura":"1 minuto"},"schema":{"@context":"https:\/\/schema.org","@graph":[{"@type":"WebPage","@id":"https:\/\/abaa.mx\/tienda\/cronometro-multifuncion-ax602m500dec\/","url":"https:\/\/abaa.mx\/tienda\/cronometro-multifuncion-ax602m500dec\/","name":"Cronometro Multifunci\u00f3n - AX602M500DEC - Abaa tienda online","isPartOf":{"@id":"https:\/\/abaa.mx\/tienda\/#website"},"primaryImageOfPage":{"@id":"https:\/\/abaa.mx\/tienda\/cronometro-multifuncion-ax602m500dec\/#primaryimage"},"image":{"@id":"https:\/\/abaa.mx\/tienda\/cronometro-multifuncion-ax602m500dec\/#primaryimage"},"thumbnailUrl":"https:\/\/abaa.mx\/tienda\/wp-content\/uploads\/2023\/10\/ACCUSPLIT-AX602M500DEC.jpg","datePublished":"2023-10-27T15:29:51+00:00","dateModified":"2023-10-27T15:29:52+00:00","breadcrumb":{"@id":"https:\/\/abaa.mx\/tienda\/cronometro-multifuncion-ax602m500dec\/#breadcrumb"},"inLanguage":"es","potentialAction":[{"@type":"ReadAction","target":["https:\/\/abaa.mx\/tienda\/cronometro-multifuncion-ax602m500dec\/"]}]},{"@type":"ImageObject","inLanguage":"es","@id":"https:\/\/abaa.mx\/tienda\/cronometro-multifuncion-ax602m500dec\/#primaryimage","url":"https:\/\/abaa.mx\/tienda\/wp-content\/uploads\/2023\/10\/ACCUSPLIT-AX602M500DEC.jpg","contentUrl":"https:\/\/abaa.mx\/tienda\/wp-content\/uploads\/2023\/10\/ACCUSPLIT-AX602M500DEC.jpg","width":800,"height":800,"caption":"ACCUSPLIT-AX602M500DEC"},{"@type":"BreadcrumbList","@id":"https:\/\/abaa.mx\/tienda\/cronometro-multifuncion-ax602m500dec\/#breadcrumb","itemListElement":[{"@type":"ListItem","position":1,"name":"Inicio","item":"https:\/\/abaa.mx\/tienda\/"},{"@type":"ListItem","position":2,"name":"Tienda","item":"https:\/\/abaa.mx\/tienda\/"},{"@type":"ListItem","position":3,"name":"Cronometro Multifunci\u00f3n &#8211; AX602M500DEC"}]},{"@type":"WebSite","@id":"https:\/\/abaa.mx\/tienda\/#website","url":"https:\/\/abaa.mx\/tienda\/","name":"Abaa tienda online","description":"Instrumentos de medici\u00f3n","publisher":{"@id":"https:\/\/abaa.mx\/tienda\/#organization"},"potentialAction":[{"@type":"SearchAction","target":{"@type":"EntryPoint","urlTemplate":"https:\/\/abaa.mx\/tienda\/?s={search_term_string}"},"query-input":{"@type":"PropertyValueSpecification","valueRequired":true,"valueName":"search_term_string"}}],"inLanguage":"es"},{"@type":"Organization","@id":"https:\/\/abaa.mx\/tienda\/#organization","name":"Abaa tienda online","url":"https:\/\/abaa.mx\/tienda\/","logo":{"@type":"ImageObject","inLanguage":"es","@id":"https:\/\/abaa.mx\/tienda\/#\/schema\/logo\/image\/","url":"https:\/\/abaa.mx\/tienda\/wp-content\/uploads\/2024\/01\/abaa-metrologia-tienda.png","contentUrl":"https:\/\/abaa.mx\/tienda\/wp-content\/uploads\/2024\/01\/abaa-metrologia-tienda.png","width":300,"height":141,"caption":"Abaa tienda online"},"image":{"@id":"https:\/\/abaa.mx\/tienda\/#\/schema\/logo\/image\/"}}]}},"_links":{"self":[{"href":"https:\/\/abaa.mx\/tienda\/wp-json\/wp\/v2\/product\/8070","targetHints":{"allow":["GET"]}}],"collection":[{"href":"https:\/\/abaa.mx\/tienda\/wp-json\/wp\/v2\/product"}],"about":[{"href":"https:\/\/abaa.mx\/tienda\/wp-json\/wp\/v2\/types\/product"}],"replies":[{"embeddable":true,"href":"https:\/\/abaa.mx\/tienda\/wp-json\/wp\/v2\/comments?post=8070"}],"wp:featuredmedia":[{"embeddable":true,"href":"https:\/\/abaa.mx\/tienda\/wp-json\/wp\/v2\/media\/8074"}],"wp:attachment":[{"href":"https:\/\/abaa.mx\/tienda\/wp-json\/wp\/v2\/media?parent=8070"}],"wp:term":[{"taxonomy":"product_brand","embeddable":true,"href":"https:\/\/abaa.mx\/tienda\/wp-json\/wp\/v2\/product_brand?post=8070"},{"taxonomy":"product_cat","embeddable":true,"href":"https:\/\/abaa.mx\/tienda\/wp-json\/wp\/v2\/product_cat?post=8070"},{"taxonomy":"product_tag","embeddable":true,"href":"https:\/\/abaa.mx\/tienda\/wp-json\/wp\/v2\/product_tag?post=8070"}],"curies":[{"name":"wp","href":"https:\/\/api.w.org\/{rel}","templated":true}]}}