{"id":7960,"date":"2023-10-25T20:50:22","date_gmt":"2023-10-25T20:50:22","guid":{"rendered":"https:\/\/abaa.mx\/tienda\/?post_type=product&#038;p=7960"},"modified":"2024-01-05T17:25:09","modified_gmt":"2024-01-05T17:25:09","slug":"balanza-digital-cap-600g-gm610p","status":"publish","type":"product","link":"https:\/\/abaa.mx\/tienda\/balanza-digital-cap-600g-gm610p\/","title":{"rendered":"Balanza Digital Cap 600g &#8211; GM610P"},"content":{"rendered":"<p>Balanza Digital Cap 600g &#8211; GM610P<\/p>\n","protected":false},"excerpt":{"rendered":"<p><strong>Caracter\u00edsticas:\u00a0<\/strong><\/p>\n<ul>\n<li>Circuito de microprocesador con alta precisi\u00f3n y mejor rendimiento.<\/li>\n<li>Amplia capacidad de medici\u00f3n: 600 g x 0,001 g.<\/li>\n<li>Resoluci\u00f3n de 0,01 g y 0,0005 oz y amplia capacidad de medici\u00f3n.<\/li>\n<li>Gran pantalla LCD, tama\u00f1o de d\u00edgitos de 20,9 mm (0,8&#8243;), f\u00e1cil lectura.<\/li>\n<li>Unidad de visualizaci\u00f3n de gramos y onzas incorporada, seleccionada por el interruptor deslizante interno.<\/li>\n<li>Sistema de autocalibraci\u00f3n incorporado, el valor de calibraci\u00f3n puede memorizarse en el circuito EEPROM de forma permanente, incluso apagarse.<\/li>\n<li>Funci\u00f3n de b\u00e1scula contadora de alta precisi\u00f3n.<\/li>\n<li>Interfaz de ordenador RS-232.<\/li>\n<li>Acepte una fuente de alimentaci\u00f3n de bater\u00eda o adaptador de CA \/ CC, fuente de alimentaci\u00f3n bidireccional.<\/li>\n<li>Burbuja de nivel incorporada y las &#8220;almohadillas de goma&#8221; ajustables<\/li>\n<li>Carcasa de pl\u00e1stico ABS de alta resistencia.<\/li>\n<\/ul>\n<p><strong>Especificaciones:<\/strong><\/p>\n<ul>\n<li>Pantalla: LCD, tama\u00f1o de d\u00edgitos de 20,9 mm (0,8&#8243;), 5 d\u00edgitos con anunciador.<\/li>\n<li>Rango de medici\u00f3n y Resoluci\u00f3n: \u00ba g: * Rango: 0.10 g a 600 g * Resoluci\u00f3n: 0.01 g<br \/>\n. \u00ba oz:<br \/>\n* Rango: 0.005 oz a 9.9995 oz, 10.000 oz a 21.164 oz<br \/>\n* Resoluci\u00f3n:<br \/>\n0005 oz, 0.001<br \/>\noz<\/li>\n<li>Pantalla m\u00ednima: \u00ba g: 0.10 g<br \/>\noz: 0.005 oz<\/li>\n<li>Selecci\u00f3n de unidad: g u oz, seleccione mediante un interruptor deslizante interno.<\/li>\n<li>Precisi\u00f3n: \u00b1 ( 0.05 % + 0.04 g )<\/li>\n<li>Tiempo de muestreo: Aprox. 1 segundo.<\/li>\n<li>Control de tara: Aprox. 600 g m\u00e1x.<\/li>\n<li>Transductor: C\u00e9lula de carga.<\/li>\n<li>Circuito: Circuito de microprocesador.<\/li>\n<li>Calibraci\u00f3n autom\u00e1tica: utilice un peso est\u00e1ndar de 200 g o 400 g para ejecutar la autocalibraci\u00f3n autom\u00e1ticamente.<\/li>\n<li>Funci\u00f3n de conteo: N\u00ba de muestreo. son 10 PC, 20 PC, 50 PCs o 100 PCs.<\/li>\n<li>Salida de datos: Interfaz de computadora RS 232 \/ USB PC.<\/li>\n<li>Temperatura de funcionamiento: 0 a 50 \u00b0C (32 a 122 \u00b0F).<\/li>\n<li>Humedad de funcionamiento: Menos del 80% de humedad relativa.<\/li>\n<li>Tama\u00f1o: \u00ba Armario: 250 x 190 x 70 mm \u00ba Plataforma:<br \/>\nRedonda, 120 mm<br \/>\nDi\u00e1metro.<\/li>\n<li>Fuente de alimentaci\u00f3n: 6 pilas AA (UM-3) de 1,5 V x 6 piezas, o adaptador de CC de 9 V, opcional.<\/li>\n<li>Consumo de energ\u00eda: aprox. DC 17 mA.<\/li>\n<\/ul>\n<p>&nbsp;<\/p>\n","protected":false},"featured_media":7964,"comment_status":"open","ping_status":"closed","template":"","meta":{"_joinchat":[]},"product_brand":[],"product_cat":[87],"product_tag":[],"class_list":{"0":"post-7960","1":"product","2":"type-product","3":"status-publish","4":"has-post-thumbnail","6":"product_cat-balanzas-y-basculas","8":"first","9":"instock","10":"shipping-taxable","11":"product-type-simple"},"yoast_head":"<!-- This site is optimized with the Yoast SEO plugin v26.4 - https:\/\/yoast.com\/wordpress\/plugins\/seo\/ -->\n<title>Balanza Digital Cap 600g - GM610P - Abaa tienda online<\/title>\n<meta name=\"robots\" content=\"index, follow, max-snippet:-1, max-image-preview:large, max-video-preview:-1\" \/>\n<link rel=\"canonical\" href=\"https:\/\/abaa.mx\/tienda\/balanza-digital-cap-600g-gm610p\/\" \/>\n<meta property=\"og:locale\" content=\"es_MX\" \/>\n<meta property=\"og:type\" content=\"article\" \/>\n<meta property=\"og:title\" content=\"Balanza Digital Cap 600g - GM610P - Abaa tienda online\" \/>\n<meta property=\"og:description\" content=\"Caracter\u00edsticas:\u00a0   Circuito de microprocesador con alta precisi\u00f3n y mejor rendimiento.  Amplia capacidad de medici\u00f3n: 600 g x 0,001 g.  Resoluci\u00f3n de 0,01 g y 0,0005 oz y amplia capacidad de medici\u00f3n.  Gran pantalla LCD, tama\u00f1o de d\u00edgitos de 20,9 mm (0,8&quot;), f\u00e1cil lectura.  Unidad de visualizaci\u00f3n de gramos y onzas incorporada, seleccionada por el interruptor deslizante interno.  Sistema de autocalibraci\u00f3n incorporado, el valor de calibraci\u00f3n puede memorizarse en el circuito EEPROM de forma permanente, incluso apagarse.  Funci\u00f3n de b\u00e1scula contadora de alta precisi\u00f3n.  Interfaz de ordenador RS-232.  Acepte una fuente de alimentaci\u00f3n de bater\u00eda o adaptador de CA \/ CC, fuente de alimentaci\u00f3n bidireccional.  Burbuja de nivel incorporada y las &quot;almohadillas de goma&quot; ajustables  Carcasa de pl\u00e1stico ABS de alta resistencia.  Especificaciones:   Pantalla: LCD, tama\u00f1o de d\u00edgitos de 20,9 mm (0,8&quot;), 5 d\u00edgitos con anunciador.  Rango de medici\u00f3n y Resoluci\u00f3n: \u00ba g: * Rango: 0.10 g a 600 g * Resoluci\u00f3n: 0.01 g . \u00ba oz: * Rango: 0.005 oz a 9.9995 oz, 10.000 oz a 21.164 oz * Resoluci\u00f3n: 0005 oz, 0.001 oz  Pantalla m\u00ednima: \u00ba g: 0.10 g oz: 0.005 oz  Selecci\u00f3n de unidad: g u oz, seleccione mediante un interruptor deslizante interno.  Precisi\u00f3n: \u00b1 ( 0.05 % + 0.04 g )  Tiempo de muestreo: Aprox. 1 segundo.  Control de tara: Aprox. 600 g m\u00e1x.  Transductor: C\u00e9lula de carga.  Circuito: Circuito de microprocesador.  Calibraci\u00f3n autom\u00e1tica: utilice un peso est\u00e1ndar de 200 g o 400 g para ejecutar la autocalibraci\u00f3n autom\u00e1ticamente.  Funci\u00f3n de conteo: N\u00ba de muestreo. son 10 PC, 20 PC, 50 PCs o 100 PCs.  Salida de datos: Interfaz de computadora RS 232 \/ USB PC.  Temperatura de funcionamiento: 0 a 50 \u00b0C (32 a 122 \u00b0F).  Humedad de funcionamiento: Menos del 80% de humedad relativa.  Tama\u00f1o: \u00ba Armario: 250 x 190 x 70 mm \u00ba Plataforma: Redonda, 120 mm Di\u00e1metro.  Fuente de alimentaci\u00f3n: 6 pilas AA (UM-3) de 1,5 V x 6 piezas, o adaptador de CC de 9 V, opcional.  Consumo de energ\u00eda: aprox. DC 17 mA.  &nbsp;\" \/>\n<meta property=\"og:url\" content=\"https:\/\/abaa.mx\/tienda\/balanza-digital-cap-600g-gm610p\/\" \/>\n<meta property=\"og:site_name\" content=\"Abaa tienda online\" \/>\n<meta property=\"article:modified_time\" content=\"2024-01-05T17:25:09+00:00\" \/>\n<meta property=\"og:image\" content=\"https:\/\/abaa.mx\/tienda\/wp-content\/uploads\/2023\/10\/LUTRON-GM610P-scaled.jpg\" \/>\n\t<meta property=\"og:image:width\" content=\"2560\" \/>\n\t<meta property=\"og:image:height\" content=\"1707\" \/>\n\t<meta property=\"og:image:type\" content=\"image\/jpeg\" \/>\n<meta name=\"twitter:card\" content=\"summary_large_image\" \/>\n<meta name=\"twitter:label1\" content=\"Tiempo de lectura\" \/>\n\t<meta name=\"twitter:data1\" content=\"1 minuto\" \/>\n<script type=\"application\/ld+json\" class=\"yoast-schema-graph\">{\"@context\":\"https:\/\/schema.org\",\"@graph\":[{\"@type\":\"WebPage\",\"@id\":\"https:\/\/abaa.mx\/tienda\/balanza-digital-cap-600g-gm610p\/\",\"url\":\"https:\/\/abaa.mx\/tienda\/balanza-digital-cap-600g-gm610p\/\",\"name\":\"Balanza Digital Cap 600g - GM610P - Abaa tienda online\",\"isPartOf\":{\"@id\":\"https:\/\/abaa.mx\/tienda\/#website\"},\"primaryImageOfPage\":{\"@id\":\"https:\/\/abaa.mx\/tienda\/balanza-digital-cap-600g-gm610p\/#primaryimage\"},\"image\":{\"@id\":\"https:\/\/abaa.mx\/tienda\/balanza-digital-cap-600g-gm610p\/#primaryimage\"},\"thumbnailUrl\":\"https:\/\/abaa.mx\/tienda\/wp-content\/uploads\/2023\/10\/LUTRON-GM610P-scaled.jpg\",\"datePublished\":\"2023-10-25T20:50:22+00:00\",\"dateModified\":\"2024-01-05T17:25:09+00:00\",\"breadcrumb\":{\"@id\":\"https:\/\/abaa.mx\/tienda\/balanza-digital-cap-600g-gm610p\/#breadcrumb\"},\"inLanguage\":\"es\",\"potentialAction\":[{\"@type\":\"ReadAction\",\"target\":[\"https:\/\/abaa.mx\/tienda\/balanza-digital-cap-600g-gm610p\/\"]}]},{\"@type\":\"ImageObject\",\"inLanguage\":\"es\",\"@id\":\"https:\/\/abaa.mx\/tienda\/balanza-digital-cap-600g-gm610p\/#primaryimage\",\"url\":\"https:\/\/abaa.mx\/tienda\/wp-content\/uploads\/2023\/10\/LUTRON-GM610P-scaled.jpg\",\"contentUrl\":\"https:\/\/abaa.mx\/tienda\/wp-content\/uploads\/2023\/10\/LUTRON-GM610P-scaled.jpg\",\"width\":2560,\"height\":1707,\"caption\":\"LUTRON-GM610P\"},{\"@type\":\"BreadcrumbList\",\"@id\":\"https:\/\/abaa.mx\/tienda\/balanza-digital-cap-600g-gm610p\/#breadcrumb\",\"itemListElement\":[{\"@type\":\"ListItem\",\"position\":1,\"name\":\"Inicio\",\"item\":\"https:\/\/abaa.mx\/tienda\/\"},{\"@type\":\"ListItem\",\"position\":2,\"name\":\"Tienda\",\"item\":\"https:\/\/abaa.mx\/tienda\/\"},{\"@type\":\"ListItem\",\"position\":3,\"name\":\"Balanza Digital Cap 600g &#8211; GM610P\"}]},{\"@type\":\"WebSite\",\"@id\":\"https:\/\/abaa.mx\/tienda\/#website\",\"url\":\"https:\/\/abaa.mx\/tienda\/\",\"name\":\"Abaa tienda online\",\"description\":\"Instrumentos de medici\u00f3n\",\"publisher\":{\"@id\":\"https:\/\/abaa.mx\/tienda\/#organization\"},\"potentialAction\":[{\"@type\":\"SearchAction\",\"target\":{\"@type\":\"EntryPoint\",\"urlTemplate\":\"https:\/\/abaa.mx\/tienda\/?s={search_term_string}\"},\"query-input\":{\"@type\":\"PropertyValueSpecification\",\"valueRequired\":true,\"valueName\":\"search_term_string\"}}],\"inLanguage\":\"es\"},{\"@type\":\"Organization\",\"@id\":\"https:\/\/abaa.mx\/tienda\/#organization\",\"name\":\"Abaa tienda online\",\"url\":\"https:\/\/abaa.mx\/tienda\/\",\"logo\":{\"@type\":\"ImageObject\",\"inLanguage\":\"es\",\"@id\":\"https:\/\/abaa.mx\/tienda\/#\/schema\/logo\/image\/\",\"url\":\"https:\/\/abaa.mx\/tienda\/wp-content\/uploads\/2024\/01\/abaa-metrologia-tienda.png\",\"contentUrl\":\"https:\/\/abaa.mx\/tienda\/wp-content\/uploads\/2024\/01\/abaa-metrologia-tienda.png\",\"width\":300,\"height\":141,\"caption\":\"Abaa tienda online\"},\"image\":{\"@id\":\"https:\/\/abaa.mx\/tienda\/#\/schema\/logo\/image\/\"}}]}<\/script>\n<!-- \/ Yoast SEO plugin. -->","yoast_head_json":{"title":"Balanza Digital Cap 600g - GM610P - Abaa tienda online","robots":{"index":"index","follow":"follow","max-snippet":"max-snippet:-1","max-image-preview":"max-image-preview:large","max-video-preview":"max-video-preview:-1"},"canonical":"https:\/\/abaa.mx\/tienda\/balanza-digital-cap-600g-gm610p\/","og_locale":"es_MX","og_type":"article","og_title":"Balanza Digital Cap 600g - GM610P - Abaa tienda online","og_description":"Caracter\u00edsticas:\u00a0   Circuito de microprocesador con alta precisi\u00f3n y mejor rendimiento.  Amplia capacidad de medici\u00f3n: 600 g x 0,001 g.  Resoluci\u00f3n de 0,01 g y 0,0005 oz y amplia capacidad de medici\u00f3n.  Gran pantalla LCD, tama\u00f1o de d\u00edgitos de 20,9 mm (0,8\"), f\u00e1cil lectura.  Unidad de visualizaci\u00f3n de gramos y onzas incorporada, seleccionada por el interruptor deslizante interno.  Sistema de autocalibraci\u00f3n incorporado, el valor de calibraci\u00f3n puede memorizarse en el circuito EEPROM de forma permanente, incluso apagarse.  Funci\u00f3n de b\u00e1scula contadora de alta precisi\u00f3n.  Interfaz de ordenador RS-232.  Acepte una fuente de alimentaci\u00f3n de bater\u00eda o adaptador de CA \/ CC, fuente de alimentaci\u00f3n bidireccional.  Burbuja de nivel incorporada y las \"almohadillas de goma\" ajustables  Carcasa de pl\u00e1stico ABS de alta resistencia.  Especificaciones:   Pantalla: LCD, tama\u00f1o de d\u00edgitos de 20,9 mm (0,8\"), 5 d\u00edgitos con anunciador.  Rango de medici\u00f3n y Resoluci\u00f3n: \u00ba g: * Rango: 0.10 g a 600 g * Resoluci\u00f3n: 0.01 g . \u00ba oz: * Rango: 0.005 oz a 9.9995 oz, 10.000 oz a 21.164 oz * Resoluci\u00f3n: 0005 oz, 0.001 oz  Pantalla m\u00ednima: \u00ba g: 0.10 g oz: 0.005 oz  Selecci\u00f3n de unidad: g u oz, seleccione mediante un interruptor deslizante interno.  Precisi\u00f3n: \u00b1 ( 0.05 % + 0.04 g )  Tiempo de muestreo: Aprox. 1 segundo.  Control de tara: Aprox. 600 g m\u00e1x.  Transductor: C\u00e9lula de carga.  Circuito: Circuito de microprocesador.  Calibraci\u00f3n autom\u00e1tica: utilice un peso est\u00e1ndar de 200 g o 400 g para ejecutar la autocalibraci\u00f3n autom\u00e1ticamente.  Funci\u00f3n de conteo: N\u00ba de muestreo. son 10 PC, 20 PC, 50 PCs o 100 PCs.  Salida de datos: Interfaz de computadora RS 232 \/ USB PC.  Temperatura de funcionamiento: 0 a 50 \u00b0C (32 a 122 \u00b0F).  Humedad de funcionamiento: Menos del 80% de humedad relativa.  Tama\u00f1o: \u00ba Armario: 250 x 190 x 70 mm \u00ba Plataforma: Redonda, 120 mm Di\u00e1metro.  Fuente de alimentaci\u00f3n: 6 pilas AA (UM-3) de 1,5 V x 6 piezas, o adaptador de CC de 9 V, opcional.  Consumo de energ\u00eda: aprox. DC 17 mA.  &nbsp;","og_url":"https:\/\/abaa.mx\/tienda\/balanza-digital-cap-600g-gm610p\/","og_site_name":"Abaa tienda online","article_modified_time":"2024-01-05T17:25:09+00:00","og_image":[{"width":2560,"height":1707,"url":"https:\/\/abaa.mx\/tienda\/wp-content\/uploads\/2023\/10\/LUTRON-GM610P-scaled.jpg","type":"image\/jpeg"}],"twitter_card":"summary_large_image","twitter_misc":{"Tiempo de lectura":"1 minuto"},"schema":{"@context":"https:\/\/schema.org","@graph":[{"@type":"WebPage","@id":"https:\/\/abaa.mx\/tienda\/balanza-digital-cap-600g-gm610p\/","url":"https:\/\/abaa.mx\/tienda\/balanza-digital-cap-600g-gm610p\/","name":"Balanza Digital Cap 600g - GM610P - Abaa tienda online","isPartOf":{"@id":"https:\/\/abaa.mx\/tienda\/#website"},"primaryImageOfPage":{"@id":"https:\/\/abaa.mx\/tienda\/balanza-digital-cap-600g-gm610p\/#primaryimage"},"image":{"@id":"https:\/\/abaa.mx\/tienda\/balanza-digital-cap-600g-gm610p\/#primaryimage"},"thumbnailUrl":"https:\/\/abaa.mx\/tienda\/wp-content\/uploads\/2023\/10\/LUTRON-GM610P-scaled.jpg","datePublished":"2023-10-25T20:50:22+00:00","dateModified":"2024-01-05T17:25:09+00:00","breadcrumb":{"@id":"https:\/\/abaa.mx\/tienda\/balanza-digital-cap-600g-gm610p\/#breadcrumb"},"inLanguage":"es","potentialAction":[{"@type":"ReadAction","target":["https:\/\/abaa.mx\/tienda\/balanza-digital-cap-600g-gm610p\/"]}]},{"@type":"ImageObject","inLanguage":"es","@id":"https:\/\/abaa.mx\/tienda\/balanza-digital-cap-600g-gm610p\/#primaryimage","url":"https:\/\/abaa.mx\/tienda\/wp-content\/uploads\/2023\/10\/LUTRON-GM610P-scaled.jpg","contentUrl":"https:\/\/abaa.mx\/tienda\/wp-content\/uploads\/2023\/10\/LUTRON-GM610P-scaled.jpg","width":2560,"height":1707,"caption":"LUTRON-GM610P"},{"@type":"BreadcrumbList","@id":"https:\/\/abaa.mx\/tienda\/balanza-digital-cap-600g-gm610p\/#breadcrumb","itemListElement":[{"@type":"ListItem","position":1,"name":"Inicio","item":"https:\/\/abaa.mx\/tienda\/"},{"@type":"ListItem","position":2,"name":"Tienda","item":"https:\/\/abaa.mx\/tienda\/"},{"@type":"ListItem","position":3,"name":"Balanza Digital Cap 600g &#8211; GM610P"}]},{"@type":"WebSite","@id":"https:\/\/abaa.mx\/tienda\/#website","url":"https:\/\/abaa.mx\/tienda\/","name":"Abaa tienda online","description":"Instrumentos de medici\u00f3n","publisher":{"@id":"https:\/\/abaa.mx\/tienda\/#organization"},"potentialAction":[{"@type":"SearchAction","target":{"@type":"EntryPoint","urlTemplate":"https:\/\/abaa.mx\/tienda\/?s={search_term_string}"},"query-input":{"@type":"PropertyValueSpecification","valueRequired":true,"valueName":"search_term_string"}}],"inLanguage":"es"},{"@type":"Organization","@id":"https:\/\/abaa.mx\/tienda\/#organization","name":"Abaa tienda online","url":"https:\/\/abaa.mx\/tienda\/","logo":{"@type":"ImageObject","inLanguage":"es","@id":"https:\/\/abaa.mx\/tienda\/#\/schema\/logo\/image\/","url":"https:\/\/abaa.mx\/tienda\/wp-content\/uploads\/2024\/01\/abaa-metrologia-tienda.png","contentUrl":"https:\/\/abaa.mx\/tienda\/wp-content\/uploads\/2024\/01\/abaa-metrologia-tienda.png","width":300,"height":141,"caption":"Abaa tienda online"},"image":{"@id":"https:\/\/abaa.mx\/tienda\/#\/schema\/logo\/image\/"}}]}},"_links":{"self":[{"href":"https:\/\/abaa.mx\/tienda\/wp-json\/wp\/v2\/product\/7960","targetHints":{"allow":["GET"]}}],"collection":[{"href":"https:\/\/abaa.mx\/tienda\/wp-json\/wp\/v2\/product"}],"about":[{"href":"https:\/\/abaa.mx\/tienda\/wp-json\/wp\/v2\/types\/product"}],"replies":[{"embeddable":true,"href":"https:\/\/abaa.mx\/tienda\/wp-json\/wp\/v2\/comments?post=7960"}],"wp:featuredmedia":[{"embeddable":true,"href":"https:\/\/abaa.mx\/tienda\/wp-json\/wp\/v2\/media\/7964"}],"wp:attachment":[{"href":"https:\/\/abaa.mx\/tienda\/wp-json\/wp\/v2\/media?parent=7960"}],"wp:term":[{"taxonomy":"product_brand","embeddable":true,"href":"https:\/\/abaa.mx\/tienda\/wp-json\/wp\/v2\/product_brand?post=7960"},{"taxonomy":"product_cat","embeddable":true,"href":"https:\/\/abaa.mx\/tienda\/wp-json\/wp\/v2\/product_cat?post=7960"},{"taxonomy":"product_tag","embeddable":true,"href":"https:\/\/abaa.mx\/tienda\/wp-json\/wp\/v2\/product_tag?post=7960"}],"curies":[{"name":"wp","href":"https:\/\/api.w.org\/{rel}","templated":true}]}}