{"id":7940,"date":"2023-10-25T19:53:59","date_gmt":"2023-10-25T19:53:59","guid":{"rendered":"https:\/\/abaa.mx\/tienda\/?post_type=product&#038;p=7940"},"modified":"2023-10-25T19:53:59","modified_gmt":"2023-10-25T19:53:59","slug":"balanza-electronica-1500g-gm1500p","status":"publish","type":"product","link":"https:\/\/abaa.mx\/tienda\/balanza-electronica-1500g-gm1500p\/","title":{"rendered":"Balanza electr\u00f3nica 1500g &#8211; GM1500P"},"content":{"rendered":"<p>Balanza electr\u00f3nica 1500g &#8211; GM1500P<\/p>\n","protected":false},"excerpt":{"rendered":"<h3>Caracter\u00edsticas principales:<\/h3>\n<ul>\n<li>Rango: 0.50 Gramos a 1500 Gramos, 0.02 Onzas a 49.998 Onzas, 50 Onzas a 52.8 Onzas.<\/li>\n<li>Unidades de medici\u00f3n: Gramos, onzas<\/li>\n<li>Funci\u00f3n de conteo de escala. Interface RS232 para computadora.<\/li>\n<li>Podr\u00e1 recordarla \/ llamarla a\u00fan despu\u00e9s de apagar el equipo.<\/li>\n<li>Opera con bater\u00eda o con adaptador AC\/DC (Fuente de poder).<\/li>\n<li>Alta resoluci\u00f3n y amplia capacidad de medici\u00f3n, 1500 gr. x 0.05 gr, 50 oz x 0.002 oz.<\/li>\n<li>Condiciones de operaci\u00f3n: 0\u00b0C a 50\u00b0C (32\u00b0F a 122\u00b0F) Menos de 80% de Humedad relativa.<\/li>\n<li>Dimensiones y peso: 250 x 180 x 70 mm. Plataforma: Redonda, 120 mm de di\u00e1metro<\/li>\n<li>Cubierta pl\u00e1stica de alta duraci\u00f3n.<\/li>\n<li>Pantalla de gran tama\u00f1o para una f\u00e1cil lectura, d\u00edgitos de 18 mm (0.7).<\/li>\n<li>El valor de calibraci\u00f3n se puede almacenar en memoria permanente del circuito EEPROM.<\/li>\n<li>Precisi\u00f3n: (0.05 % + 0.02 gramos.)<\/li>\n<li>Sistema de calibraci\u00f3n autom\u00e1tico integrado.<\/li>\n<li>Circuito microprocesador con alta efectividad y mejor rendimiento.<\/li>\n<\/ul>\n<p>&nbsp;<\/p>\n","protected":false},"featured_media":7943,"comment_status":"open","ping_status":"closed","template":"","meta":{"_joinchat":[]},"product_brand":[],"product_cat":[87],"product_tag":[],"class_list":{"0":"post-7940","1":"product","2":"type-product","3":"status-publish","4":"has-post-thumbnail","6":"product_cat-balanzas-y-basculas","8":"first","9":"instock","10":"shipping-taxable","11":"product-type-simple"},"yoast_head":"<!-- This site is optimized with the Yoast SEO plugin v26.4 - https:\/\/yoast.com\/wordpress\/plugins\/seo\/ -->\n<title>Balanza electr\u00f3nica 1500g - GM1500P - Abaa tienda online<\/title>\n<meta name=\"robots\" content=\"index, follow, max-snippet:-1, max-image-preview:large, max-video-preview:-1\" \/>\n<link rel=\"canonical\" href=\"https:\/\/abaa.mx\/tienda\/balanza-electronica-1500g-gm1500p\/\" \/>\n<meta property=\"og:locale\" content=\"es_MX\" \/>\n<meta property=\"og:type\" content=\"article\" \/>\n<meta property=\"og:title\" content=\"Balanza electr\u00f3nica 1500g - GM1500P - Abaa tienda online\" \/>\n<meta property=\"og:description\" content=\"Caracter\u00edsticas principales:   Rango: 0.50 Gramos a 1500 Gramos, 0.02 Onzas a 49.998 Onzas, 50 Onzas a 52.8 Onzas.  Unidades de medici\u00f3n: Gramos, onzas  Funci\u00f3n de conteo de escala. Interface RS232 para computadora.  Podr\u00e1 recordarla \/ llamarla a\u00fan despu\u00e9s de apagar el equipo.  Opera con bater\u00eda o con adaptador AC\/DC (Fuente de poder).  Alta resoluci\u00f3n y amplia capacidad de medici\u00f3n, 1500 gr. x 0.05 gr, 50 oz x 0.002 oz.  Condiciones de operaci\u00f3n: 0\u00b0C a 50\u00b0C (32\u00b0F a 122\u00b0F) Menos de 80% de Humedad relativa.  Dimensiones y peso: 250 x 180 x 70 mm. Plataforma: Redonda, 120 mm de di\u00e1metro  Cubierta pl\u00e1stica de alta duraci\u00f3n.  Pantalla de gran tama\u00f1o para una f\u00e1cil lectura, d\u00edgitos de 18 mm (0.7).  El valor de calibraci\u00f3n se puede almacenar en memoria permanente del circuito EEPROM.  Precisi\u00f3n: (0.05 % + 0.02 gramos.)  Sistema de calibraci\u00f3n autom\u00e1tico integrado.  Circuito microprocesador con alta efectividad y mejor rendimiento.  &nbsp;\" \/>\n<meta property=\"og:url\" content=\"https:\/\/abaa.mx\/tienda\/balanza-electronica-1500g-gm1500p\/\" \/>\n<meta property=\"og:site_name\" content=\"Abaa tienda online\" \/>\n<meta property=\"og:image\" content=\"https:\/\/abaa.mx\/tienda\/wp-content\/uploads\/2023\/10\/LUTRON-GM1500P.jpg\" \/>\n\t<meta property=\"og:image:width\" content=\"659\" \/>\n\t<meta property=\"og:image:height\" content=\"660\" \/>\n\t<meta property=\"og:image:type\" content=\"image\/jpeg\" \/>\n<meta name=\"twitter:card\" content=\"summary_large_image\" \/>\n<meta name=\"twitter:label1\" content=\"Tiempo de lectura\" \/>\n\t<meta name=\"twitter:data1\" content=\"1 minuto\" \/>\n<script type=\"application\/ld+json\" class=\"yoast-schema-graph\">{\"@context\":\"https:\/\/schema.org\",\"@graph\":[{\"@type\":\"WebPage\",\"@id\":\"https:\/\/abaa.mx\/tienda\/balanza-electronica-1500g-gm1500p\/\",\"url\":\"https:\/\/abaa.mx\/tienda\/balanza-electronica-1500g-gm1500p\/\",\"name\":\"Balanza electr\u00f3nica 1500g - GM1500P - Abaa tienda online\",\"isPartOf\":{\"@id\":\"https:\/\/abaa.mx\/tienda\/#website\"},\"primaryImageOfPage\":{\"@id\":\"https:\/\/abaa.mx\/tienda\/balanza-electronica-1500g-gm1500p\/#primaryimage\"},\"image\":{\"@id\":\"https:\/\/abaa.mx\/tienda\/balanza-electronica-1500g-gm1500p\/#primaryimage\"},\"thumbnailUrl\":\"https:\/\/abaa.mx\/tienda\/wp-content\/uploads\/2023\/10\/LUTRON-GM1500P.jpg\",\"datePublished\":\"2023-10-25T19:53:59+00:00\",\"breadcrumb\":{\"@id\":\"https:\/\/abaa.mx\/tienda\/balanza-electronica-1500g-gm1500p\/#breadcrumb\"},\"inLanguage\":\"es\",\"potentialAction\":[{\"@type\":\"ReadAction\",\"target\":[\"https:\/\/abaa.mx\/tienda\/balanza-electronica-1500g-gm1500p\/\"]}]},{\"@type\":\"ImageObject\",\"inLanguage\":\"es\",\"@id\":\"https:\/\/abaa.mx\/tienda\/balanza-electronica-1500g-gm1500p\/#primaryimage\",\"url\":\"https:\/\/abaa.mx\/tienda\/wp-content\/uploads\/2023\/10\/LUTRON-GM1500P.jpg\",\"contentUrl\":\"https:\/\/abaa.mx\/tienda\/wp-content\/uploads\/2023\/10\/LUTRON-GM1500P.jpg\",\"width\":659,\"height\":660,\"caption\":\"LUTRON-GM1500P\"},{\"@type\":\"BreadcrumbList\",\"@id\":\"https:\/\/abaa.mx\/tienda\/balanza-electronica-1500g-gm1500p\/#breadcrumb\",\"itemListElement\":[{\"@type\":\"ListItem\",\"position\":1,\"name\":\"Inicio\",\"item\":\"https:\/\/abaa.mx\/tienda\/\"},{\"@type\":\"ListItem\",\"position\":2,\"name\":\"Tienda\",\"item\":\"https:\/\/abaa.mx\/tienda\/\"},{\"@type\":\"ListItem\",\"position\":3,\"name\":\"Balanza electr\u00f3nica 1500g &#8211; GM1500P\"}]},{\"@type\":\"WebSite\",\"@id\":\"https:\/\/abaa.mx\/tienda\/#website\",\"url\":\"https:\/\/abaa.mx\/tienda\/\",\"name\":\"Abaa tienda online\",\"description\":\"Instrumentos de medici\u00f3n\",\"publisher\":{\"@id\":\"https:\/\/abaa.mx\/tienda\/#organization\"},\"potentialAction\":[{\"@type\":\"SearchAction\",\"target\":{\"@type\":\"EntryPoint\",\"urlTemplate\":\"https:\/\/abaa.mx\/tienda\/?s={search_term_string}\"},\"query-input\":{\"@type\":\"PropertyValueSpecification\",\"valueRequired\":true,\"valueName\":\"search_term_string\"}}],\"inLanguage\":\"es\"},{\"@type\":\"Organization\",\"@id\":\"https:\/\/abaa.mx\/tienda\/#organization\",\"name\":\"Abaa tienda online\",\"url\":\"https:\/\/abaa.mx\/tienda\/\",\"logo\":{\"@type\":\"ImageObject\",\"inLanguage\":\"es\",\"@id\":\"https:\/\/abaa.mx\/tienda\/#\/schema\/logo\/image\/\",\"url\":\"https:\/\/abaa.mx\/tienda\/wp-content\/uploads\/2024\/01\/abaa-metrologia-tienda.png\",\"contentUrl\":\"https:\/\/abaa.mx\/tienda\/wp-content\/uploads\/2024\/01\/abaa-metrologia-tienda.png\",\"width\":300,\"height\":141,\"caption\":\"Abaa tienda online\"},\"image\":{\"@id\":\"https:\/\/abaa.mx\/tienda\/#\/schema\/logo\/image\/\"}}]}<\/script>\n<!-- \/ Yoast SEO plugin. -->","yoast_head_json":{"title":"Balanza electr\u00f3nica 1500g - GM1500P - Abaa tienda online","robots":{"index":"index","follow":"follow","max-snippet":"max-snippet:-1","max-image-preview":"max-image-preview:large","max-video-preview":"max-video-preview:-1"},"canonical":"https:\/\/abaa.mx\/tienda\/balanza-electronica-1500g-gm1500p\/","og_locale":"es_MX","og_type":"article","og_title":"Balanza electr\u00f3nica 1500g - GM1500P - Abaa tienda online","og_description":"Caracter\u00edsticas principales:   Rango: 0.50 Gramos a 1500 Gramos, 0.02 Onzas a 49.998 Onzas, 50 Onzas a 52.8 Onzas.  Unidades de medici\u00f3n: Gramos, onzas  Funci\u00f3n de conteo de escala. Interface RS232 para computadora.  Podr\u00e1 recordarla \/ llamarla a\u00fan despu\u00e9s de apagar el equipo.  Opera con bater\u00eda o con adaptador AC\/DC (Fuente de poder).  Alta resoluci\u00f3n y amplia capacidad de medici\u00f3n, 1500 gr. x 0.05 gr, 50 oz x 0.002 oz.  Condiciones de operaci\u00f3n: 0\u00b0C a 50\u00b0C (32\u00b0F a 122\u00b0F) Menos de 80% de Humedad relativa.  Dimensiones y peso: 250 x 180 x 70 mm. Plataforma: Redonda, 120 mm de di\u00e1metro  Cubierta pl\u00e1stica de alta duraci\u00f3n.  Pantalla de gran tama\u00f1o para una f\u00e1cil lectura, d\u00edgitos de 18 mm (0.7).  El valor de calibraci\u00f3n se puede almacenar en memoria permanente del circuito EEPROM.  Precisi\u00f3n: (0.05 % + 0.02 gramos.)  Sistema de calibraci\u00f3n autom\u00e1tico integrado.  Circuito microprocesador con alta efectividad y mejor rendimiento.  &nbsp;","og_url":"https:\/\/abaa.mx\/tienda\/balanza-electronica-1500g-gm1500p\/","og_site_name":"Abaa tienda online","og_image":[{"width":659,"height":660,"url":"https:\/\/abaa.mx\/tienda\/wp-content\/uploads\/2023\/10\/LUTRON-GM1500P.jpg","type":"image\/jpeg"}],"twitter_card":"summary_large_image","twitter_misc":{"Tiempo de lectura":"1 minuto"},"schema":{"@context":"https:\/\/schema.org","@graph":[{"@type":"WebPage","@id":"https:\/\/abaa.mx\/tienda\/balanza-electronica-1500g-gm1500p\/","url":"https:\/\/abaa.mx\/tienda\/balanza-electronica-1500g-gm1500p\/","name":"Balanza electr\u00f3nica 1500g - GM1500P - Abaa tienda online","isPartOf":{"@id":"https:\/\/abaa.mx\/tienda\/#website"},"primaryImageOfPage":{"@id":"https:\/\/abaa.mx\/tienda\/balanza-electronica-1500g-gm1500p\/#primaryimage"},"image":{"@id":"https:\/\/abaa.mx\/tienda\/balanza-electronica-1500g-gm1500p\/#primaryimage"},"thumbnailUrl":"https:\/\/abaa.mx\/tienda\/wp-content\/uploads\/2023\/10\/LUTRON-GM1500P.jpg","datePublished":"2023-10-25T19:53:59+00:00","breadcrumb":{"@id":"https:\/\/abaa.mx\/tienda\/balanza-electronica-1500g-gm1500p\/#breadcrumb"},"inLanguage":"es","potentialAction":[{"@type":"ReadAction","target":["https:\/\/abaa.mx\/tienda\/balanza-electronica-1500g-gm1500p\/"]}]},{"@type":"ImageObject","inLanguage":"es","@id":"https:\/\/abaa.mx\/tienda\/balanza-electronica-1500g-gm1500p\/#primaryimage","url":"https:\/\/abaa.mx\/tienda\/wp-content\/uploads\/2023\/10\/LUTRON-GM1500P.jpg","contentUrl":"https:\/\/abaa.mx\/tienda\/wp-content\/uploads\/2023\/10\/LUTRON-GM1500P.jpg","width":659,"height":660,"caption":"LUTRON-GM1500P"},{"@type":"BreadcrumbList","@id":"https:\/\/abaa.mx\/tienda\/balanza-electronica-1500g-gm1500p\/#breadcrumb","itemListElement":[{"@type":"ListItem","position":1,"name":"Inicio","item":"https:\/\/abaa.mx\/tienda\/"},{"@type":"ListItem","position":2,"name":"Tienda","item":"https:\/\/abaa.mx\/tienda\/"},{"@type":"ListItem","position":3,"name":"Balanza electr\u00f3nica 1500g &#8211; GM1500P"}]},{"@type":"WebSite","@id":"https:\/\/abaa.mx\/tienda\/#website","url":"https:\/\/abaa.mx\/tienda\/","name":"Abaa tienda online","description":"Instrumentos de medici\u00f3n","publisher":{"@id":"https:\/\/abaa.mx\/tienda\/#organization"},"potentialAction":[{"@type":"SearchAction","target":{"@type":"EntryPoint","urlTemplate":"https:\/\/abaa.mx\/tienda\/?s={search_term_string}"},"query-input":{"@type":"PropertyValueSpecification","valueRequired":true,"valueName":"search_term_string"}}],"inLanguage":"es"},{"@type":"Organization","@id":"https:\/\/abaa.mx\/tienda\/#organization","name":"Abaa tienda online","url":"https:\/\/abaa.mx\/tienda\/","logo":{"@type":"ImageObject","inLanguage":"es","@id":"https:\/\/abaa.mx\/tienda\/#\/schema\/logo\/image\/","url":"https:\/\/abaa.mx\/tienda\/wp-content\/uploads\/2024\/01\/abaa-metrologia-tienda.png","contentUrl":"https:\/\/abaa.mx\/tienda\/wp-content\/uploads\/2024\/01\/abaa-metrologia-tienda.png","width":300,"height":141,"caption":"Abaa tienda online"},"image":{"@id":"https:\/\/abaa.mx\/tienda\/#\/schema\/logo\/image\/"}}]}},"_links":{"self":[{"href":"https:\/\/abaa.mx\/tienda\/wp-json\/wp\/v2\/product\/7940","targetHints":{"allow":["GET"]}}],"collection":[{"href":"https:\/\/abaa.mx\/tienda\/wp-json\/wp\/v2\/product"}],"about":[{"href":"https:\/\/abaa.mx\/tienda\/wp-json\/wp\/v2\/types\/product"}],"replies":[{"embeddable":true,"href":"https:\/\/abaa.mx\/tienda\/wp-json\/wp\/v2\/comments?post=7940"}],"wp:featuredmedia":[{"embeddable":true,"href":"https:\/\/abaa.mx\/tienda\/wp-json\/wp\/v2\/media\/7943"}],"wp:attachment":[{"href":"https:\/\/abaa.mx\/tienda\/wp-json\/wp\/v2\/media?parent=7940"}],"wp:term":[{"taxonomy":"product_brand","embeddable":true,"href":"https:\/\/abaa.mx\/tienda\/wp-json\/wp\/v2\/product_brand?post=7940"},{"taxonomy":"product_cat","embeddable":true,"href":"https:\/\/abaa.mx\/tienda\/wp-json\/wp\/v2\/product_cat?post=7940"},{"taxonomy":"product_tag","embeddable":true,"href":"https:\/\/abaa.mx\/tienda\/wp-json\/wp\/v2\/product_tag?post=7940"}],"curies":[{"name":"wp","href":"https:\/\/api.w.org\/{rel}","templated":true}]}}