{"id":7879,"date":"2023-10-25T16:51:37","date_gmt":"2023-10-25T16:51:37","guid":{"rendered":"https:\/\/abaa.mx\/tienda\/?post_type=product&#038;p=7879"},"modified":"2023-10-25T16:51:38","modified_gmt":"2023-10-25T16:51:38","slug":"anemometro-mini-vena-am4216","status":"publish","type":"product","link":"https:\/\/abaa.mx\/tienda\/anemometro-mini-vena-am4216\/","title":{"rendered":"Anem\u00f3metro Mini Vena &#8211; AM4216"},"content":{"rendered":"<p>Anem\u00f3metro Mini Vena &#8211; AM4216<\/p>\n","protected":false},"excerpt":{"rendered":"<p>Peculiaridades principales : Mini vena de 13 mm de di\u00e1metro, disponible con sonda telesc\u00f3pica para medici\u00f3n de una alta velocidad del aire. Flu\u00eddo del aire: CMM (m3\/min.) y CFM (pies\/min.) 3 M\u00e9todos de flu\u00eddo de aire: Instant\u00e1nea, 2\/3 Vmax, porcentaje. Sensor tipo vena de ruedas de baja fricci\u00f3n, efectivo tanto en velocidades altas y bajas. LCD grande con pantalla dual. Grabado de lectura m\u00e1xima y m\u00ednima para restauraci\u00f3n posterior de exactamente la misma. Circuito microprocesador provee una funci\u00f3n especial y ofrece una alta efectividad. Apagado autom\u00e1tico que contribuye a la preservaci\u00f3n de la vida de la carga de la bater\u00eda. Aplicaciones : Verifica las condiciones del aire acondicionadoy sistemas de calefacci\u00f3n, mide la velocidad del aire, velocidad del viento, temperatura, etc. Dimensiones y peso: Medidor 180 x 72 x 32 mm (7.1 x 2.8 x 1.3 pulgadas). Peso 381 g\/0.8 LB Sonda tipo vena: Di\u00e1metro 13 mm, telesc\u00f3pica hasta 600 mm. Rango: 40Hz ~ 1KHz Condiciones de operaci\u00f3n: 0o a 50o (32 oF a 122 oF) Entidades de medici\u00f3n: m\/s, pies\/min., km\/hr, nodos<\/p>\n","protected":false},"featured_media":7885,"comment_status":"open","ping_status":"closed","template":"","meta":{"_joinchat":[]},"product_brand":[],"product_cat":[63],"product_tag":[],"class_list":{"0":"post-7879","1":"product","2":"type-product","3":"status-publish","4":"has-post-thumbnail","6":"product_cat-anemometros","8":"first","9":"instock","10":"shipping-taxable","11":"product-type-simple"},"yoast_head":"<!-- This site is optimized with the Yoast SEO plugin v26.4 - https:\/\/yoast.com\/wordpress\/plugins\/seo\/ -->\n<title>Anem\u00f3metro Mini Vena - AM4216 - Abaa tienda online<\/title>\n<meta name=\"robots\" content=\"index, follow, max-snippet:-1, max-image-preview:large, max-video-preview:-1\" \/>\n<link rel=\"canonical\" href=\"https:\/\/abaa.mx\/tienda\/anemometro-mini-vena-am4216\/\" \/>\n<meta property=\"og:locale\" content=\"es_MX\" \/>\n<meta property=\"og:type\" content=\"article\" \/>\n<meta property=\"og:title\" content=\"Anem\u00f3metro Mini Vena - AM4216 - Abaa tienda online\" \/>\n<meta property=\"og:description\" content=\"Peculiaridades principales : Mini vena de 13 mm de di\u00e1metro, disponible con sonda telesc\u00f3pica para medici\u00f3n de una alta velocidad del aire. Flu\u00eddo del aire: CMM (m3\/min.) y CFM (pies\/min.) 3 M\u00e9todos de flu\u00eddo de aire: Instant\u00e1nea, 2\/3 Vmax, porcentaje. Sensor tipo vena de ruedas de baja fricci\u00f3n, efectivo tanto en velocidades altas y bajas. LCD grande con pantalla dual. Grabado de lectura m\u00e1xima y m\u00ednima para restauraci\u00f3n posterior de exactamente la misma. Circuito microprocesador provee una funci\u00f3n especial y ofrece una alta efectividad. Apagado autom\u00e1tico que contribuye a la preservaci\u00f3n de la vida de la carga de la bater\u00eda. Aplicaciones : Verifica las condiciones del aire acondicionadoy sistemas de calefacci\u00f3n, mide la velocidad del aire, velocidad del viento, temperatura, etc. Dimensiones y peso: Medidor 180 x 72 x 32 mm (7.1 x 2.8 x 1.3 pulgadas). Peso 381 g\/0.8 LB Sonda tipo vena: Di\u00e1metro 13 mm, telesc\u00f3pica hasta 600 mm. Rango: 40Hz ~ 1KHz Condiciones de operaci\u00f3n: 0o a 50o (32 oF a 122 oF) Entidades de medici\u00f3n: m\/s, pies\/min., km\/hr, nodos\" \/>\n<meta property=\"og:url\" content=\"https:\/\/abaa.mx\/tienda\/anemometro-mini-vena-am4216\/\" \/>\n<meta property=\"og:site_name\" content=\"Abaa tienda online\" \/>\n<meta property=\"article:modified_time\" content=\"2023-10-25T16:51:38+00:00\" \/>\n<meta property=\"og:image\" content=\"https:\/\/abaa.mx\/tienda\/wp-content\/uploads\/2023\/10\/LUTRON-AM4216-1.jpg\" \/>\n\t<meta property=\"og:image:width\" content=\"535\" \/>\n\t<meta property=\"og:image:height\" content=\"551\" \/>\n\t<meta property=\"og:image:type\" content=\"image\/jpeg\" \/>\n<meta name=\"twitter:card\" content=\"summary_large_image\" \/>\n<meta name=\"twitter:label1\" content=\"Tiempo de lectura\" \/>\n\t<meta name=\"twitter:data1\" content=\"1 minuto\" \/>\n<script type=\"application\/ld+json\" class=\"yoast-schema-graph\">{\"@context\":\"https:\/\/schema.org\",\"@graph\":[{\"@type\":\"WebPage\",\"@id\":\"https:\/\/abaa.mx\/tienda\/anemometro-mini-vena-am4216\/\",\"url\":\"https:\/\/abaa.mx\/tienda\/anemometro-mini-vena-am4216\/\",\"name\":\"Anem\u00f3metro Mini Vena - AM4216 - Abaa tienda online\",\"isPartOf\":{\"@id\":\"https:\/\/abaa.mx\/tienda\/#website\"},\"primaryImageOfPage\":{\"@id\":\"https:\/\/abaa.mx\/tienda\/anemometro-mini-vena-am4216\/#primaryimage\"},\"image\":{\"@id\":\"https:\/\/abaa.mx\/tienda\/anemometro-mini-vena-am4216\/#primaryimage\"},\"thumbnailUrl\":\"https:\/\/abaa.mx\/tienda\/wp-content\/uploads\/2023\/10\/LUTRON-AM4216-1.jpg\",\"datePublished\":\"2023-10-25T16:51:37+00:00\",\"dateModified\":\"2023-10-25T16:51:38+00:00\",\"breadcrumb\":{\"@id\":\"https:\/\/abaa.mx\/tienda\/anemometro-mini-vena-am4216\/#breadcrumb\"},\"inLanguage\":\"es\",\"potentialAction\":[{\"@type\":\"ReadAction\",\"target\":[\"https:\/\/abaa.mx\/tienda\/anemometro-mini-vena-am4216\/\"]}]},{\"@type\":\"ImageObject\",\"inLanguage\":\"es\",\"@id\":\"https:\/\/abaa.mx\/tienda\/anemometro-mini-vena-am4216\/#primaryimage\",\"url\":\"https:\/\/abaa.mx\/tienda\/wp-content\/uploads\/2023\/10\/LUTRON-AM4216-1.jpg\",\"contentUrl\":\"https:\/\/abaa.mx\/tienda\/wp-content\/uploads\/2023\/10\/LUTRON-AM4216-1.jpg\",\"width\":535,\"height\":551,\"caption\":\"LUTRON-AM4216\"},{\"@type\":\"BreadcrumbList\",\"@id\":\"https:\/\/abaa.mx\/tienda\/anemometro-mini-vena-am4216\/#breadcrumb\",\"itemListElement\":[{\"@type\":\"ListItem\",\"position\":1,\"name\":\"Inicio\",\"item\":\"https:\/\/abaa.mx\/tienda\/\"},{\"@type\":\"ListItem\",\"position\":2,\"name\":\"Tienda\",\"item\":\"https:\/\/abaa.mx\/tienda\/\"},{\"@type\":\"ListItem\",\"position\":3,\"name\":\"Anem\u00f3metro Mini Vena &#8211; AM4216\"}]},{\"@type\":\"WebSite\",\"@id\":\"https:\/\/abaa.mx\/tienda\/#website\",\"url\":\"https:\/\/abaa.mx\/tienda\/\",\"name\":\"Abaa tienda online\",\"description\":\"Instrumentos de medici\u00f3n\",\"publisher\":{\"@id\":\"https:\/\/abaa.mx\/tienda\/#organization\"},\"potentialAction\":[{\"@type\":\"SearchAction\",\"target\":{\"@type\":\"EntryPoint\",\"urlTemplate\":\"https:\/\/abaa.mx\/tienda\/?s={search_term_string}\"},\"query-input\":{\"@type\":\"PropertyValueSpecification\",\"valueRequired\":true,\"valueName\":\"search_term_string\"}}],\"inLanguage\":\"es\"},{\"@type\":\"Organization\",\"@id\":\"https:\/\/abaa.mx\/tienda\/#organization\",\"name\":\"Abaa tienda online\",\"url\":\"https:\/\/abaa.mx\/tienda\/\",\"logo\":{\"@type\":\"ImageObject\",\"inLanguage\":\"es\",\"@id\":\"https:\/\/abaa.mx\/tienda\/#\/schema\/logo\/image\/\",\"url\":\"https:\/\/abaa.mx\/tienda\/wp-content\/uploads\/2024\/01\/abaa-metrologia-tienda.png\",\"contentUrl\":\"https:\/\/abaa.mx\/tienda\/wp-content\/uploads\/2024\/01\/abaa-metrologia-tienda.png\",\"width\":300,\"height\":141,\"caption\":\"Abaa tienda online\"},\"image\":{\"@id\":\"https:\/\/abaa.mx\/tienda\/#\/schema\/logo\/image\/\"}}]}<\/script>\n<!-- \/ Yoast SEO plugin. -->","yoast_head_json":{"title":"Anem\u00f3metro Mini Vena - AM4216 - Abaa tienda online","robots":{"index":"index","follow":"follow","max-snippet":"max-snippet:-1","max-image-preview":"max-image-preview:large","max-video-preview":"max-video-preview:-1"},"canonical":"https:\/\/abaa.mx\/tienda\/anemometro-mini-vena-am4216\/","og_locale":"es_MX","og_type":"article","og_title":"Anem\u00f3metro Mini Vena - AM4216 - Abaa tienda online","og_description":"Peculiaridades principales : Mini vena de 13 mm de di\u00e1metro, disponible con sonda telesc\u00f3pica para medici\u00f3n de una alta velocidad del aire. Flu\u00eddo del aire: CMM (m3\/min.) y CFM (pies\/min.) 3 M\u00e9todos de flu\u00eddo de aire: Instant\u00e1nea, 2\/3 Vmax, porcentaje. Sensor tipo vena de ruedas de baja fricci\u00f3n, efectivo tanto en velocidades altas y bajas. LCD grande con pantalla dual. Grabado de lectura m\u00e1xima y m\u00ednima para restauraci\u00f3n posterior de exactamente la misma. Circuito microprocesador provee una funci\u00f3n especial y ofrece una alta efectividad. Apagado autom\u00e1tico que contribuye a la preservaci\u00f3n de la vida de la carga de la bater\u00eda. Aplicaciones : Verifica las condiciones del aire acondicionadoy sistemas de calefacci\u00f3n, mide la velocidad del aire, velocidad del viento, temperatura, etc. Dimensiones y peso: Medidor 180 x 72 x 32 mm (7.1 x 2.8 x 1.3 pulgadas). Peso 381 g\/0.8 LB Sonda tipo vena: Di\u00e1metro 13 mm, telesc\u00f3pica hasta 600 mm. Rango: 40Hz ~ 1KHz Condiciones de operaci\u00f3n: 0o a 50o (32 oF a 122 oF) Entidades de medici\u00f3n: m\/s, pies\/min., km\/hr, nodos","og_url":"https:\/\/abaa.mx\/tienda\/anemometro-mini-vena-am4216\/","og_site_name":"Abaa tienda online","article_modified_time":"2023-10-25T16:51:38+00:00","og_image":[{"width":535,"height":551,"url":"https:\/\/abaa.mx\/tienda\/wp-content\/uploads\/2023\/10\/LUTRON-AM4216-1.jpg","type":"image\/jpeg"}],"twitter_card":"summary_large_image","twitter_misc":{"Tiempo de lectura":"1 minuto"},"schema":{"@context":"https:\/\/schema.org","@graph":[{"@type":"WebPage","@id":"https:\/\/abaa.mx\/tienda\/anemometro-mini-vena-am4216\/","url":"https:\/\/abaa.mx\/tienda\/anemometro-mini-vena-am4216\/","name":"Anem\u00f3metro Mini Vena - AM4216 - Abaa tienda online","isPartOf":{"@id":"https:\/\/abaa.mx\/tienda\/#website"},"primaryImageOfPage":{"@id":"https:\/\/abaa.mx\/tienda\/anemometro-mini-vena-am4216\/#primaryimage"},"image":{"@id":"https:\/\/abaa.mx\/tienda\/anemometro-mini-vena-am4216\/#primaryimage"},"thumbnailUrl":"https:\/\/abaa.mx\/tienda\/wp-content\/uploads\/2023\/10\/LUTRON-AM4216-1.jpg","datePublished":"2023-10-25T16:51:37+00:00","dateModified":"2023-10-25T16:51:38+00:00","breadcrumb":{"@id":"https:\/\/abaa.mx\/tienda\/anemometro-mini-vena-am4216\/#breadcrumb"},"inLanguage":"es","potentialAction":[{"@type":"ReadAction","target":["https:\/\/abaa.mx\/tienda\/anemometro-mini-vena-am4216\/"]}]},{"@type":"ImageObject","inLanguage":"es","@id":"https:\/\/abaa.mx\/tienda\/anemometro-mini-vena-am4216\/#primaryimage","url":"https:\/\/abaa.mx\/tienda\/wp-content\/uploads\/2023\/10\/LUTRON-AM4216-1.jpg","contentUrl":"https:\/\/abaa.mx\/tienda\/wp-content\/uploads\/2023\/10\/LUTRON-AM4216-1.jpg","width":535,"height":551,"caption":"LUTRON-AM4216"},{"@type":"BreadcrumbList","@id":"https:\/\/abaa.mx\/tienda\/anemometro-mini-vena-am4216\/#breadcrumb","itemListElement":[{"@type":"ListItem","position":1,"name":"Inicio","item":"https:\/\/abaa.mx\/tienda\/"},{"@type":"ListItem","position":2,"name":"Tienda","item":"https:\/\/abaa.mx\/tienda\/"},{"@type":"ListItem","position":3,"name":"Anem\u00f3metro Mini Vena &#8211; AM4216"}]},{"@type":"WebSite","@id":"https:\/\/abaa.mx\/tienda\/#website","url":"https:\/\/abaa.mx\/tienda\/","name":"Abaa tienda online","description":"Instrumentos de medici\u00f3n","publisher":{"@id":"https:\/\/abaa.mx\/tienda\/#organization"},"potentialAction":[{"@type":"SearchAction","target":{"@type":"EntryPoint","urlTemplate":"https:\/\/abaa.mx\/tienda\/?s={search_term_string}"},"query-input":{"@type":"PropertyValueSpecification","valueRequired":true,"valueName":"search_term_string"}}],"inLanguage":"es"},{"@type":"Organization","@id":"https:\/\/abaa.mx\/tienda\/#organization","name":"Abaa tienda online","url":"https:\/\/abaa.mx\/tienda\/","logo":{"@type":"ImageObject","inLanguage":"es","@id":"https:\/\/abaa.mx\/tienda\/#\/schema\/logo\/image\/","url":"https:\/\/abaa.mx\/tienda\/wp-content\/uploads\/2024\/01\/abaa-metrologia-tienda.png","contentUrl":"https:\/\/abaa.mx\/tienda\/wp-content\/uploads\/2024\/01\/abaa-metrologia-tienda.png","width":300,"height":141,"caption":"Abaa tienda online"},"image":{"@id":"https:\/\/abaa.mx\/tienda\/#\/schema\/logo\/image\/"}}]}},"_links":{"self":[{"href":"https:\/\/abaa.mx\/tienda\/wp-json\/wp\/v2\/product\/7879","targetHints":{"allow":["GET"]}}],"collection":[{"href":"https:\/\/abaa.mx\/tienda\/wp-json\/wp\/v2\/product"}],"about":[{"href":"https:\/\/abaa.mx\/tienda\/wp-json\/wp\/v2\/types\/product"}],"replies":[{"embeddable":true,"href":"https:\/\/abaa.mx\/tienda\/wp-json\/wp\/v2\/comments?post=7879"}],"wp:featuredmedia":[{"embeddable":true,"href":"https:\/\/abaa.mx\/tienda\/wp-json\/wp\/v2\/media\/7885"}],"wp:attachment":[{"href":"https:\/\/abaa.mx\/tienda\/wp-json\/wp\/v2\/media?parent=7879"}],"wp:term":[{"taxonomy":"product_brand","embeddable":true,"href":"https:\/\/abaa.mx\/tienda\/wp-json\/wp\/v2\/product_brand?post=7879"},{"taxonomy":"product_cat","embeddable":true,"href":"https:\/\/abaa.mx\/tienda\/wp-json\/wp\/v2\/product_cat?post=7879"},{"taxonomy":"product_tag","embeddable":true,"href":"https:\/\/abaa.mx\/tienda\/wp-json\/wp\/v2\/product_tag?post=7879"}],"curies":[{"name":"wp","href":"https:\/\/api.w.org\/{rel}","templated":true}]}}