{"id":7807,"date":"2023-10-25T15:30:35","date_gmt":"2023-10-25T15:30:35","guid":{"rendered":"https:\/\/abaa.mx\/tienda\/?post_type=product&#038;p=7807"},"modified":"2023-10-25T15:30:36","modified_gmt":"2023-10-25T15:30:36","slug":"dosimetro-de-radiacion-portatil-reed-r8008","status":"publish","type":"product","link":"https:\/\/abaa.mx\/tienda\/dosimetro-de-radiacion-portatil-reed-r8008\/","title":{"rendered":"Dos\u00edmetro de radiaci\u00f3n port\u00e1til reed r8008"},"content":{"rendered":"<p>Este dos\u00edmetro de radiaci\u00f3n port\u00e1til detecta rayos alfa, beta, gamma y X. El R8008 cuenta con l\u00edmites de alarma ajustables por el usuario, memoria interna capaz de registrar hasta 4000 grupos de datos y la capacidad de conectarse de forma inal\u00e1mbrica a una PC a trav\u00e9s de Bluetooth. Las aplicaciones t\u00edpicas incluyen la comprobaci\u00f3n de dep\u00f3sitos radiactivos en el suelo, la dispersi\u00f3n de rayos X y el monitoreo de las condiciones ambientales para alertar a los usuarios de la presencia radiactiva.<\/p>\n<h5><strong>Funciones<\/strong><\/h5>\n<ul>\n<li>Detecta radiaci\u00f3n Alfa, Beta, Gamma y X<\/li>\n<li>Selecci\u00f3n autom\u00e1tica del rango de medici\u00f3n<\/li>\n<li>Tiempo medio y funciones de conteo de pulsos<\/li>\n<li>Pantalla LCD retroiluminada con indicador de gr\u00e1fico de barras<\/li>\n<li>Acumulaci\u00f3n de valores de detecci\u00f3n de radiaci\u00f3n y conversiones entre diferentes unidades de medida<\/li>\n<li>Alarmas ajustables por el usuario (indicadores audiovisuales)<\/li>\n<li>La memoria interna almacena hasta 4000 grupos de datos internamente<\/li>\n<li>La conectividad Bluetooth transmite datos de forma inal\u00e1mbrica a la computadora a trav\u00e9s de un software<\/li>\n<li>Indicador de bater\u00eda baja y apagado autom\u00e1tico<\/li>\n<\/ul>\n<h4>Especificaciones de REED R8008<\/h4>\n<table class=\"table table-striped\">\n<tbody>\n<tr>\n<td>Rayos medidos<\/td>\n<td>Alfa, Beta, Gamma, X<\/td>\n<\/tr>\n<tr>\n<td>Rango de dosis de radiaci\u00f3n<\/td>\n<td>De 0,0001 a 1000 \u03bcSv\/h<\/td>\n<\/tr>\n<tr>\n<td>Rango de tasa de dosis de pulso<\/td>\n<td>De 0 a 4000 cpm\/cps<\/td>\n<\/tr>\n<tr>\n<td>Valor de la dosis de radiaci\u00f3n acumulada<\/td>\n<td>0.001\u03bcSv a 9999Sv<\/td>\n<\/tr>\n<tr>\n<td>Frecuencia de dosis de pulso acumulada<\/td>\n<td>De 0 a 9999<\/td>\n<\/tr>\n<tr>\n<td>Sensibilidad<\/td>\n<td>Alfa: A partir de 4,0 MeV<br \/>\nBeta: A partir de 0,2 MeV Gamma: A partir de 0,02 MeV X: A partir de 0,02 MeV<\/td>\n<\/tr>\n<tr>\n<td>Exactitud<\/td>\n<td>&lt;10% (menos de 500 \u03bcSv\/h) &lt;20% (menos de 600 \u03bcSv\/h)<\/td>\n<\/tr>\n<tr>\n<td>Monitor<\/td>\n<td>Doble pantalla LCD<\/td>\n<\/tr>\n<tr>\n<td>Pantalla retroiluminada<\/td>\n<td>S\u00ed<\/td>\n<\/tr>\n<tr>\n<td>Indicador de gr\u00e1fico de barras digital<\/td>\n<td>S\u00ed<\/td>\n<\/tr>\n<tr>\n<td>Alarmas ajustables<\/td>\n<td>S\u00ed (indicadores sonoros\/visuales)<\/td>\n<\/tr>\n<tr>\n<td>Funci\u00f3n de tiempo medio<\/td>\n<td>De 2 a 120 segundos<\/td>\n<\/tr>\n<tr>\n<td>Lectura del Medio Natural<\/td>\n<td>De 0 a 0,2 \u03bcSv\/h<\/td>\n<\/tr>\n<tr>\n<td>Capacidades de registro de datos<\/td>\n<td>S\u00ed<\/td>\n<\/tr>\n<tr>\n<td>Reloj en tiempo real y sello de fecha<\/td>\n<td>S\u00ed<\/td>\n<\/tr>\n<tr>\n<td>Memoria interna<\/td>\n<td>S\u00ed (hasta 4000 grupos de datos)<\/td>\n<\/tr>\n<tr>\n<td>Apagado autom\u00e1tico<\/td>\n<td>S\u00ed (despu\u00e9s de 10 minutos\/apagado)<\/td>\n<\/tr>\n<tr>\n<td>Indicador de bater\u00eda baja<\/td>\n<td>S\u00ed<\/td>\n<\/tr>\n<tr>\n<td>Fuente de alimentaci\u00f3n<\/td>\n<td>4 pilas AA<\/td>\n<\/tr>\n<tr>\n<td>Conectividad de PC<\/td>\n<td>S\u00ed (Inal\u00e1mbrico a trav\u00e9s de Bluetooth)<\/td>\n<\/tr>\n<tr>\n<td>Software<\/td>\n<td>S\u00ed (incluido)<\/td>\n<\/tr>\n<tr>\n<td>Compatibilidad con el sistema operativo de software<\/td>\n<td>Windows XP \/ 7 \/ 8 \/ 10<\/td>\n<\/tr>\n<tr>\n<td>Certificaciones de productos<\/td>\n<td>Despu\u00e9s de Cristo<\/td>\n<\/tr>\n<tr>\n<td>Temperatura de funcionamiento<\/td>\n<td>De 32 a 122 \u00b0C (de 0 a 50 \u00b0F)<\/td>\n<\/tr>\n<tr>\n<td>Temperatura de almacenamiento<\/td>\n<td>De -14 a 140 \u00b0C (de 10 a 60 \u00b0F)<\/td>\n<\/tr>\n<tr>\n<td>Rango de humedad de funcionamiento<\/td>\n<td>Del 10 al 80%<\/td>\n<\/tr>\n<tr>\n<td>Dimensiones<\/td>\n<td>7,9 x 2,8 x 1,9&#8243; (200 x 70 x 45 mm)<\/td>\n<\/tr>\n<tr>\n<td>Peso<\/td>\n<td>7 g (3,206 onzas)<\/td>\n<\/tr>\n<\/tbody>\n<\/table>\n","protected":false},"excerpt":{"rendered":"<p class=\"short-description mhide ipad-view-setting\">Este dos\u00edmetro de radiaci\u00f3n port\u00e1til detecta rayos alfa, beta, gamma y X. El R8008 cuenta con l\u00edmites de alarma ajustables por el usuario, memoria interna capaz de registrar hasta 4000 grupos de datos y la capacidad de conectarse de forma inal\u00e1mbrica a una PC a trav\u00e9s de Bluetooth.<\/p>\n<p class=\"comment-tag-product\">\n<div class=\"row-fluid\">\n<div class=\"span12 mobile-pricing-box-padding\">\n<form id=\"30598\" accept-charset=\"utf-8\" action=\"https:\/\/www.globaltestsupply.com\/shop\/add\" method=\"post\" name=\"addTocartFunction\">\n<div><\/div>\n<\/form>\n<\/div>\n<\/div>\n","protected":false},"featured_media":7826,"comment_status":"open","ping_status":"closed","template":"","meta":{"_joinchat":[]},"product_brand":[],"product_cat":[15],"product_tag":[],"class_list":{"0":"post-7807","1":"product","2":"type-product","3":"status-publish","4":"has-post-thumbnail","6":"product_cat-sin-categorizar","8":"first","9":"instock","10":"shipping-taxable","11":"product-type-simple"},"yoast_head":"<!-- This site is optimized with the Yoast SEO plugin v26.4 - https:\/\/yoast.com\/wordpress\/plugins\/seo\/ -->\n<title>Dos\u00edmetro de radiaci\u00f3n port\u00e1til reed r8008 - Abaa tienda online<\/title>\n<meta name=\"robots\" content=\"index, follow, max-snippet:-1, max-image-preview:large, max-video-preview:-1\" \/>\n<link rel=\"canonical\" href=\"https:\/\/abaa.mx\/tienda\/dosimetro-de-radiacion-portatil-reed-r8008\/\" \/>\n<meta property=\"og:locale\" content=\"es_MX\" \/>\n<meta property=\"og:type\" content=\"article\" \/>\n<meta property=\"og:title\" content=\"Dos\u00edmetro de radiaci\u00f3n port\u00e1til reed r8008 - Abaa tienda online\" \/>\n<meta property=\"og:description\" content=\"Este dos\u00edmetro de radiaci\u00f3n port\u00e1til detecta rayos alfa, beta, gamma y X. El R8008 cuenta con l\u00edmites de alarma ajustables por el usuario, memoria interna capaz de registrar hasta 4000 grupos de datos y la capacidad de conectarse de forma inal\u00e1mbrica a una PC a trav\u00e9s de Bluetooth.\" \/>\n<meta property=\"og:url\" content=\"https:\/\/abaa.mx\/tienda\/dosimetro-de-radiacion-portatil-reed-r8008\/\" \/>\n<meta property=\"og:site_name\" content=\"Abaa tienda online\" \/>\n<meta property=\"article:modified_time\" content=\"2023-10-25T15:30:36+00:00\" \/>\n<meta property=\"og:image\" content=\"https:\/\/abaa.mx\/tienda\/wp-content\/uploads\/2023\/10\/R8008.jpg\" \/>\n\t<meta property=\"og:image:width\" content=\"450\" \/>\n\t<meta property=\"og:image:height\" content=\"450\" \/>\n\t<meta property=\"og:image:type\" content=\"image\/jpeg\" \/>\n<meta name=\"twitter:card\" content=\"summary_large_image\" \/>\n<meta name=\"twitter:label1\" content=\"Tiempo de lectura\" \/>\n\t<meta name=\"twitter:data1\" content=\"2 minutos\" \/>\n<script type=\"application\/ld+json\" class=\"yoast-schema-graph\">{\"@context\":\"https:\/\/schema.org\",\"@graph\":[{\"@type\":\"WebPage\",\"@id\":\"https:\/\/abaa.mx\/tienda\/dosimetro-de-radiacion-portatil-reed-r8008\/\",\"url\":\"https:\/\/abaa.mx\/tienda\/dosimetro-de-radiacion-portatil-reed-r8008\/\",\"name\":\"Dos\u00edmetro de radiaci\u00f3n port\u00e1til reed r8008 - Abaa tienda online\",\"isPartOf\":{\"@id\":\"https:\/\/abaa.mx\/tienda\/#website\"},\"primaryImageOfPage\":{\"@id\":\"https:\/\/abaa.mx\/tienda\/dosimetro-de-radiacion-portatil-reed-r8008\/#primaryimage\"},\"image\":{\"@id\":\"https:\/\/abaa.mx\/tienda\/dosimetro-de-radiacion-portatil-reed-r8008\/#primaryimage\"},\"thumbnailUrl\":\"https:\/\/abaa.mx\/tienda\/wp-content\/uploads\/2023\/10\/R8008.jpg\",\"datePublished\":\"2023-10-25T15:30:35+00:00\",\"dateModified\":\"2023-10-25T15:30:36+00:00\",\"breadcrumb\":{\"@id\":\"https:\/\/abaa.mx\/tienda\/dosimetro-de-radiacion-portatil-reed-r8008\/#breadcrumb\"},\"inLanguage\":\"es\",\"potentialAction\":[{\"@type\":\"ReadAction\",\"target\":[\"https:\/\/abaa.mx\/tienda\/dosimetro-de-radiacion-portatil-reed-r8008\/\"]}]},{\"@type\":\"ImageObject\",\"inLanguage\":\"es\",\"@id\":\"https:\/\/abaa.mx\/tienda\/dosimetro-de-radiacion-portatil-reed-r8008\/#primaryimage\",\"url\":\"https:\/\/abaa.mx\/tienda\/wp-content\/uploads\/2023\/10\/R8008.jpg\",\"contentUrl\":\"https:\/\/abaa.mx\/tienda\/wp-content\/uploads\/2023\/10\/R8008.jpg\",\"width\":450,\"height\":450,\"caption\":\"dosimetro-de-radiacion-portatil-reed-r8008\"},{\"@type\":\"BreadcrumbList\",\"@id\":\"https:\/\/abaa.mx\/tienda\/dosimetro-de-radiacion-portatil-reed-r8008\/#breadcrumb\",\"itemListElement\":[{\"@type\":\"ListItem\",\"position\":1,\"name\":\"Inicio\",\"item\":\"https:\/\/abaa.mx\/tienda\/\"},{\"@type\":\"ListItem\",\"position\":2,\"name\":\"Tienda\",\"item\":\"https:\/\/abaa.mx\/tienda\/\"},{\"@type\":\"ListItem\",\"position\":3,\"name\":\"Dos\u00edmetro de radiaci\u00f3n port\u00e1til reed r8008\"}]},{\"@type\":\"WebSite\",\"@id\":\"https:\/\/abaa.mx\/tienda\/#website\",\"url\":\"https:\/\/abaa.mx\/tienda\/\",\"name\":\"Abaa tienda online\",\"description\":\"Instrumentos de medici\u00f3n\",\"publisher\":{\"@id\":\"https:\/\/abaa.mx\/tienda\/#organization\"},\"potentialAction\":[{\"@type\":\"SearchAction\",\"target\":{\"@type\":\"EntryPoint\",\"urlTemplate\":\"https:\/\/abaa.mx\/tienda\/?s={search_term_string}\"},\"query-input\":{\"@type\":\"PropertyValueSpecification\",\"valueRequired\":true,\"valueName\":\"search_term_string\"}}],\"inLanguage\":\"es\"},{\"@type\":\"Organization\",\"@id\":\"https:\/\/abaa.mx\/tienda\/#organization\",\"name\":\"Abaa tienda online\",\"url\":\"https:\/\/abaa.mx\/tienda\/\",\"logo\":{\"@type\":\"ImageObject\",\"inLanguage\":\"es\",\"@id\":\"https:\/\/abaa.mx\/tienda\/#\/schema\/logo\/image\/\",\"url\":\"https:\/\/abaa.mx\/tienda\/wp-content\/uploads\/2024\/01\/abaa-metrologia-tienda.png\",\"contentUrl\":\"https:\/\/abaa.mx\/tienda\/wp-content\/uploads\/2024\/01\/abaa-metrologia-tienda.png\",\"width\":300,\"height\":141,\"caption\":\"Abaa tienda online\"},\"image\":{\"@id\":\"https:\/\/abaa.mx\/tienda\/#\/schema\/logo\/image\/\"}}]}<\/script>\n<!-- \/ Yoast SEO plugin. -->","yoast_head_json":{"title":"Dos\u00edmetro de radiaci\u00f3n port\u00e1til reed r8008 - Abaa tienda online","robots":{"index":"index","follow":"follow","max-snippet":"max-snippet:-1","max-image-preview":"max-image-preview:large","max-video-preview":"max-video-preview:-1"},"canonical":"https:\/\/abaa.mx\/tienda\/dosimetro-de-radiacion-portatil-reed-r8008\/","og_locale":"es_MX","og_type":"article","og_title":"Dos\u00edmetro de radiaci\u00f3n port\u00e1til reed r8008 - Abaa tienda online","og_description":"Este dos\u00edmetro de radiaci\u00f3n port\u00e1til detecta rayos alfa, beta, gamma y X. El R8008 cuenta con l\u00edmites de alarma ajustables por el usuario, memoria interna capaz de registrar hasta 4000 grupos de datos y la capacidad de conectarse de forma inal\u00e1mbrica a una PC a trav\u00e9s de Bluetooth.","og_url":"https:\/\/abaa.mx\/tienda\/dosimetro-de-radiacion-portatil-reed-r8008\/","og_site_name":"Abaa tienda online","article_modified_time":"2023-10-25T15:30:36+00:00","og_image":[{"width":450,"height":450,"url":"https:\/\/abaa.mx\/tienda\/wp-content\/uploads\/2023\/10\/R8008.jpg","type":"image\/jpeg"}],"twitter_card":"summary_large_image","twitter_misc":{"Tiempo de lectura":"2 minutos"},"schema":{"@context":"https:\/\/schema.org","@graph":[{"@type":"WebPage","@id":"https:\/\/abaa.mx\/tienda\/dosimetro-de-radiacion-portatil-reed-r8008\/","url":"https:\/\/abaa.mx\/tienda\/dosimetro-de-radiacion-portatil-reed-r8008\/","name":"Dos\u00edmetro de radiaci\u00f3n port\u00e1til reed r8008 - Abaa tienda online","isPartOf":{"@id":"https:\/\/abaa.mx\/tienda\/#website"},"primaryImageOfPage":{"@id":"https:\/\/abaa.mx\/tienda\/dosimetro-de-radiacion-portatil-reed-r8008\/#primaryimage"},"image":{"@id":"https:\/\/abaa.mx\/tienda\/dosimetro-de-radiacion-portatil-reed-r8008\/#primaryimage"},"thumbnailUrl":"https:\/\/abaa.mx\/tienda\/wp-content\/uploads\/2023\/10\/R8008.jpg","datePublished":"2023-10-25T15:30:35+00:00","dateModified":"2023-10-25T15:30:36+00:00","breadcrumb":{"@id":"https:\/\/abaa.mx\/tienda\/dosimetro-de-radiacion-portatil-reed-r8008\/#breadcrumb"},"inLanguage":"es","potentialAction":[{"@type":"ReadAction","target":["https:\/\/abaa.mx\/tienda\/dosimetro-de-radiacion-portatil-reed-r8008\/"]}]},{"@type":"ImageObject","inLanguage":"es","@id":"https:\/\/abaa.mx\/tienda\/dosimetro-de-radiacion-portatil-reed-r8008\/#primaryimage","url":"https:\/\/abaa.mx\/tienda\/wp-content\/uploads\/2023\/10\/R8008.jpg","contentUrl":"https:\/\/abaa.mx\/tienda\/wp-content\/uploads\/2023\/10\/R8008.jpg","width":450,"height":450,"caption":"dosimetro-de-radiacion-portatil-reed-r8008"},{"@type":"BreadcrumbList","@id":"https:\/\/abaa.mx\/tienda\/dosimetro-de-radiacion-portatil-reed-r8008\/#breadcrumb","itemListElement":[{"@type":"ListItem","position":1,"name":"Inicio","item":"https:\/\/abaa.mx\/tienda\/"},{"@type":"ListItem","position":2,"name":"Tienda","item":"https:\/\/abaa.mx\/tienda\/"},{"@type":"ListItem","position":3,"name":"Dos\u00edmetro de radiaci\u00f3n port\u00e1til reed r8008"}]},{"@type":"WebSite","@id":"https:\/\/abaa.mx\/tienda\/#website","url":"https:\/\/abaa.mx\/tienda\/","name":"Abaa tienda online","description":"Instrumentos de medici\u00f3n","publisher":{"@id":"https:\/\/abaa.mx\/tienda\/#organization"},"potentialAction":[{"@type":"SearchAction","target":{"@type":"EntryPoint","urlTemplate":"https:\/\/abaa.mx\/tienda\/?s={search_term_string}"},"query-input":{"@type":"PropertyValueSpecification","valueRequired":true,"valueName":"search_term_string"}}],"inLanguage":"es"},{"@type":"Organization","@id":"https:\/\/abaa.mx\/tienda\/#organization","name":"Abaa tienda online","url":"https:\/\/abaa.mx\/tienda\/","logo":{"@type":"ImageObject","inLanguage":"es","@id":"https:\/\/abaa.mx\/tienda\/#\/schema\/logo\/image\/","url":"https:\/\/abaa.mx\/tienda\/wp-content\/uploads\/2024\/01\/abaa-metrologia-tienda.png","contentUrl":"https:\/\/abaa.mx\/tienda\/wp-content\/uploads\/2024\/01\/abaa-metrologia-tienda.png","width":300,"height":141,"caption":"Abaa tienda online"},"image":{"@id":"https:\/\/abaa.mx\/tienda\/#\/schema\/logo\/image\/"}}]}},"_links":{"self":[{"href":"https:\/\/abaa.mx\/tienda\/wp-json\/wp\/v2\/product\/7807","targetHints":{"allow":["GET"]}}],"collection":[{"href":"https:\/\/abaa.mx\/tienda\/wp-json\/wp\/v2\/product"}],"about":[{"href":"https:\/\/abaa.mx\/tienda\/wp-json\/wp\/v2\/types\/product"}],"replies":[{"embeddable":true,"href":"https:\/\/abaa.mx\/tienda\/wp-json\/wp\/v2\/comments?post=7807"}],"wp:featuredmedia":[{"embeddable":true,"href":"https:\/\/abaa.mx\/tienda\/wp-json\/wp\/v2\/media\/7826"}],"wp:attachment":[{"href":"https:\/\/abaa.mx\/tienda\/wp-json\/wp\/v2\/media?parent=7807"}],"wp:term":[{"taxonomy":"product_brand","embeddable":true,"href":"https:\/\/abaa.mx\/tienda\/wp-json\/wp\/v2\/product_brand?post=7807"},{"taxonomy":"product_cat","embeddable":true,"href":"https:\/\/abaa.mx\/tienda\/wp-json\/wp\/v2\/product_cat?post=7807"},{"taxonomy":"product_tag","embeddable":true,"href":"https:\/\/abaa.mx\/tienda\/wp-json\/wp\/v2\/product_tag?post=7807"}],"curies":[{"name":"wp","href":"https:\/\/api.w.org\/{rel}","templated":true}]}}