{"id":7798,"date":"2023-10-25T15:06:31","date_gmt":"2023-10-25T15:06:31","guid":{"rendered":"https:\/\/abaa.mx\/tienda\/?post_type=product&#038;p=7798"},"modified":"2023-10-25T15:06:32","modified_gmt":"2023-10-25T15:06:32","slug":"amperimetro-inteligente-cm9942g","status":"publish","type":"product","link":"https:\/\/abaa.mx\/tienda\/amperimetro-inteligente-cm9942g\/","title":{"rendered":"Amper\u00edmetro inteligente -CM9942G"},"content":{"rendered":"<p>Amper\u00edmetro inteligente -CM9942G<\/p>\n","protected":false},"excerpt":{"rendered":"<p>FICHA T\u00c9CNICA:<\/p>\n<ul>\n<li>Funci\u00f3n inteligente, rango Auto.<\/li>\n<li>ACV, ACA, DCV, ohmios, continuidad, Hz, Capacitancia, Diodo, Retenci\u00f3n de datos<\/li>\n<li>Protecci\u00f3n de sobrecarga incorporada para la mayor\u00eda de los rangos.<\/li>\n<li>Utiliza componentes duraderos y resistentes, encapsulados en una carcasa de pl\u00e1stico ABS resistente y ligera.<\/li>\n<li>La funci\u00f3n &#8220;A&#8221; puede medir ACA con rango autom\u00e1tico.<\/li>\n<li>La funci\u00f3n &#8220;V&#8221; puede seleccionar ACV, DCV autom\u00e1ticamente con rango autom\u00e1tico.<\/li>\n<li>Funcionamiento inteligente, Construir en 4 funciones inteligentes: &#8220;A&#8221;, &#8220;?&#8221;, &#8220;V&#8221;<\/li>\n<li>El Amper\u00edmetro de Gancho modelo LT-CM9942G con capacidad de 1000A\/600V, No requiere Bater\u00eda. Cuenta con su propio generador de energ\u00eda integrado que le provee de energ\u00eda verde. Acciona el generador de 10 a 20 segundos y te ofrecer\u00e1 energ\u00eda suficiente para medir continuamente por 10 minutos.<\/li>\n<li>La energ\u00eda h\u00edbrida significa que puede operar tanto por bater\u00edas alcalinas como por la energ\u00eda producida por el generador integrado. Cumple con los requerimientos de la CAT III-600 V.<\/li>\n<li>Funci\u00f3n de retenci\u00f3n de datos para la medici\u00f3n ACA<\/li>\n<li>La funci\u00f3n &#8220;?&#8221; puede seleccionar la resistencia, el diodo, el beeper de la continuidad, la capacitancia autom\u00e1ticamente con el rango autom\u00e1tico.<\/li>\n<li>Impedancia para circuito de tensi\u00f3n de 10 M ohm.<\/li>\n<li>Auto apagado para ahorro de bater\u00eda.<\/li>\n<\/ul>\n<p>&nbsp;<\/p>\n","protected":false},"featured_media":7809,"comment_status":"open","ping_status":"closed","template":"","meta":{"_joinchat":[]},"product_brand":[],"product_cat":[86],"product_tag":[],"class_list":{"0":"post-7798","1":"product","2":"type-product","3":"status-publish","4":"has-post-thumbnail","6":"product_cat-amperimetros","8":"first","9":"instock","10":"shipping-taxable","11":"product-type-simple"},"yoast_head":"<!-- This site is optimized with the Yoast SEO plugin v26.4 - https:\/\/yoast.com\/wordpress\/plugins\/seo\/ -->\n<title>Amper\u00edmetro inteligente -CM9942G - Abaa tienda online<\/title>\n<meta name=\"robots\" content=\"index, follow, max-snippet:-1, max-image-preview:large, max-video-preview:-1\" \/>\n<link rel=\"canonical\" href=\"https:\/\/abaa.mx\/tienda\/amperimetro-inteligente-cm9942g\/\" \/>\n<meta property=\"og:locale\" content=\"es_MX\" \/>\n<meta property=\"og:type\" content=\"article\" \/>\n<meta property=\"og:title\" content=\"Amper\u00edmetro inteligente -CM9942G - Abaa tienda online\" \/>\n<meta property=\"og:description\" content=\"FICHA T\u00c9CNICA:   Funci\u00f3n inteligente, rango Auto.  ACV, ACA, DCV, ohmios, continuidad, Hz, Capacitancia, Diodo, Retenci\u00f3n de datos  Protecci\u00f3n de sobrecarga incorporada para la mayor\u00eda de los rangos.  Utiliza componentes duraderos y resistentes, encapsulados en una carcasa de pl\u00e1stico ABS resistente y ligera.  La funci\u00f3n &quot;A&quot; puede medir ACA con rango autom\u00e1tico.  La funci\u00f3n &quot;V&quot; puede seleccionar ACV, DCV autom\u00e1ticamente con rango autom\u00e1tico.  Funcionamiento inteligente, Construir en 4 funciones inteligentes: &quot;A&quot;, &quot;?&quot;, &quot;V&quot;  El Amper\u00edmetro de Gancho modelo LT-CM9942G con capacidad de 1000A\/600V, No requiere Bater\u00eda. Cuenta con su propio generador de energ\u00eda integrado que le provee de energ\u00eda verde. Acciona el generador de 10 a 20 segundos y te ofrecer\u00e1 energ\u00eda suficiente para medir continuamente por 10 minutos.  La energ\u00eda h\u00edbrida significa que puede operar tanto por bater\u00edas alcalinas como por la energ\u00eda producida por el generador integrado. Cumple con los requerimientos de la CAT III-600 V.  Funci\u00f3n de retenci\u00f3n de datos para la medici\u00f3n ACA  La funci\u00f3n &quot;?&quot; puede seleccionar la resistencia, el diodo, el beeper de la continuidad, la capacitancia autom\u00e1ticamente con el rango autom\u00e1tico.  Impedancia para circuito de tensi\u00f3n de 10 M ohm.  Auto apagado para ahorro de bater\u00eda.  &nbsp;\" \/>\n<meta property=\"og:url\" content=\"https:\/\/abaa.mx\/tienda\/amperimetro-inteligente-cm9942g\/\" \/>\n<meta property=\"og:site_name\" content=\"Abaa tienda online\" \/>\n<meta property=\"article:modified_time\" content=\"2023-10-25T15:06:32+00:00\" \/>\n<meta property=\"og:image\" content=\"https:\/\/abaa.mx\/tienda\/wp-content\/uploads\/2023\/10\/LUTRON-CM9942G.jpg\" \/>\n\t<meta property=\"og:image:width\" content=\"350\" \/>\n\t<meta property=\"og:image:height\" content=\"434\" \/>\n\t<meta property=\"og:image:type\" content=\"image\/jpeg\" \/>\n<meta name=\"twitter:card\" content=\"summary_large_image\" \/>\n<meta name=\"twitter:label1\" content=\"Tiempo de lectura\" \/>\n\t<meta name=\"twitter:data1\" content=\"1 minuto\" \/>\n<script type=\"application\/ld+json\" class=\"yoast-schema-graph\">{\"@context\":\"https:\/\/schema.org\",\"@graph\":[{\"@type\":\"WebPage\",\"@id\":\"https:\/\/abaa.mx\/tienda\/amperimetro-inteligente-cm9942g\/\",\"url\":\"https:\/\/abaa.mx\/tienda\/amperimetro-inteligente-cm9942g\/\",\"name\":\"Amper\u00edmetro inteligente -CM9942G - Abaa tienda online\",\"isPartOf\":{\"@id\":\"https:\/\/abaa.mx\/tienda\/#website\"},\"primaryImageOfPage\":{\"@id\":\"https:\/\/abaa.mx\/tienda\/amperimetro-inteligente-cm9942g\/#primaryimage\"},\"image\":{\"@id\":\"https:\/\/abaa.mx\/tienda\/amperimetro-inteligente-cm9942g\/#primaryimage\"},\"thumbnailUrl\":\"https:\/\/abaa.mx\/tienda\/wp-content\/uploads\/2023\/10\/LUTRON-CM9942G.jpg\",\"datePublished\":\"2023-10-25T15:06:31+00:00\",\"dateModified\":\"2023-10-25T15:06:32+00:00\",\"breadcrumb\":{\"@id\":\"https:\/\/abaa.mx\/tienda\/amperimetro-inteligente-cm9942g\/#breadcrumb\"},\"inLanguage\":\"es\",\"potentialAction\":[{\"@type\":\"ReadAction\",\"target\":[\"https:\/\/abaa.mx\/tienda\/amperimetro-inteligente-cm9942g\/\"]}]},{\"@type\":\"ImageObject\",\"inLanguage\":\"es\",\"@id\":\"https:\/\/abaa.mx\/tienda\/amperimetro-inteligente-cm9942g\/#primaryimage\",\"url\":\"https:\/\/abaa.mx\/tienda\/wp-content\/uploads\/2023\/10\/LUTRON-CM9942G.jpg\",\"contentUrl\":\"https:\/\/abaa.mx\/tienda\/wp-content\/uploads\/2023\/10\/LUTRON-CM9942G.jpg\",\"width\":350,\"height\":434,\"caption\":\"LUTRON CM9942G\"},{\"@type\":\"BreadcrumbList\",\"@id\":\"https:\/\/abaa.mx\/tienda\/amperimetro-inteligente-cm9942g\/#breadcrumb\",\"itemListElement\":[{\"@type\":\"ListItem\",\"position\":1,\"name\":\"Inicio\",\"item\":\"https:\/\/abaa.mx\/tienda\/\"},{\"@type\":\"ListItem\",\"position\":2,\"name\":\"Tienda\",\"item\":\"https:\/\/abaa.mx\/tienda\/\"},{\"@type\":\"ListItem\",\"position\":3,\"name\":\"Amper\u00edmetro inteligente -CM9942G\"}]},{\"@type\":\"WebSite\",\"@id\":\"https:\/\/abaa.mx\/tienda\/#website\",\"url\":\"https:\/\/abaa.mx\/tienda\/\",\"name\":\"Abaa tienda online\",\"description\":\"Instrumentos de medici\u00f3n\",\"publisher\":{\"@id\":\"https:\/\/abaa.mx\/tienda\/#organization\"},\"potentialAction\":[{\"@type\":\"SearchAction\",\"target\":{\"@type\":\"EntryPoint\",\"urlTemplate\":\"https:\/\/abaa.mx\/tienda\/?s={search_term_string}\"},\"query-input\":{\"@type\":\"PropertyValueSpecification\",\"valueRequired\":true,\"valueName\":\"search_term_string\"}}],\"inLanguage\":\"es\"},{\"@type\":\"Organization\",\"@id\":\"https:\/\/abaa.mx\/tienda\/#organization\",\"name\":\"Abaa tienda online\",\"url\":\"https:\/\/abaa.mx\/tienda\/\",\"logo\":{\"@type\":\"ImageObject\",\"inLanguage\":\"es\",\"@id\":\"https:\/\/abaa.mx\/tienda\/#\/schema\/logo\/image\/\",\"url\":\"https:\/\/abaa.mx\/tienda\/wp-content\/uploads\/2024\/01\/abaa-metrologia-tienda.png\",\"contentUrl\":\"https:\/\/abaa.mx\/tienda\/wp-content\/uploads\/2024\/01\/abaa-metrologia-tienda.png\",\"width\":300,\"height\":141,\"caption\":\"Abaa tienda online\"},\"image\":{\"@id\":\"https:\/\/abaa.mx\/tienda\/#\/schema\/logo\/image\/\"}}]}<\/script>\n<!-- \/ Yoast SEO plugin. -->","yoast_head_json":{"title":"Amper\u00edmetro inteligente -CM9942G - Abaa tienda online","robots":{"index":"index","follow":"follow","max-snippet":"max-snippet:-1","max-image-preview":"max-image-preview:large","max-video-preview":"max-video-preview:-1"},"canonical":"https:\/\/abaa.mx\/tienda\/amperimetro-inteligente-cm9942g\/","og_locale":"es_MX","og_type":"article","og_title":"Amper\u00edmetro inteligente -CM9942G - Abaa tienda online","og_description":"FICHA T\u00c9CNICA:   Funci\u00f3n inteligente, rango Auto.  ACV, ACA, DCV, ohmios, continuidad, Hz, Capacitancia, Diodo, Retenci\u00f3n de datos  Protecci\u00f3n de sobrecarga incorporada para la mayor\u00eda de los rangos.  Utiliza componentes duraderos y resistentes, encapsulados en una carcasa de pl\u00e1stico ABS resistente y ligera.  La funci\u00f3n \"A\" puede medir ACA con rango autom\u00e1tico.  La funci\u00f3n \"V\" puede seleccionar ACV, DCV autom\u00e1ticamente con rango autom\u00e1tico.  Funcionamiento inteligente, Construir en 4 funciones inteligentes: \"A\", \"?\", \"V\"  El Amper\u00edmetro de Gancho modelo LT-CM9942G con capacidad de 1000A\/600V, No requiere Bater\u00eda. Cuenta con su propio generador de energ\u00eda integrado que le provee de energ\u00eda verde. Acciona el generador de 10 a 20 segundos y te ofrecer\u00e1 energ\u00eda suficiente para medir continuamente por 10 minutos.  La energ\u00eda h\u00edbrida significa que puede operar tanto por bater\u00edas alcalinas como por la energ\u00eda producida por el generador integrado. Cumple con los requerimientos de la CAT III-600 V.  Funci\u00f3n de retenci\u00f3n de datos para la medici\u00f3n ACA  La funci\u00f3n \"?\" puede seleccionar la resistencia, el diodo, el beeper de la continuidad, la capacitancia autom\u00e1ticamente con el rango autom\u00e1tico.  Impedancia para circuito de tensi\u00f3n de 10 M ohm.  Auto apagado para ahorro de bater\u00eda.  &nbsp;","og_url":"https:\/\/abaa.mx\/tienda\/amperimetro-inteligente-cm9942g\/","og_site_name":"Abaa tienda online","article_modified_time":"2023-10-25T15:06:32+00:00","og_image":[{"width":350,"height":434,"url":"https:\/\/abaa.mx\/tienda\/wp-content\/uploads\/2023\/10\/LUTRON-CM9942G.jpg","type":"image\/jpeg"}],"twitter_card":"summary_large_image","twitter_misc":{"Tiempo de lectura":"1 minuto"},"schema":{"@context":"https:\/\/schema.org","@graph":[{"@type":"WebPage","@id":"https:\/\/abaa.mx\/tienda\/amperimetro-inteligente-cm9942g\/","url":"https:\/\/abaa.mx\/tienda\/amperimetro-inteligente-cm9942g\/","name":"Amper\u00edmetro inteligente -CM9942G - Abaa tienda online","isPartOf":{"@id":"https:\/\/abaa.mx\/tienda\/#website"},"primaryImageOfPage":{"@id":"https:\/\/abaa.mx\/tienda\/amperimetro-inteligente-cm9942g\/#primaryimage"},"image":{"@id":"https:\/\/abaa.mx\/tienda\/amperimetro-inteligente-cm9942g\/#primaryimage"},"thumbnailUrl":"https:\/\/abaa.mx\/tienda\/wp-content\/uploads\/2023\/10\/LUTRON-CM9942G.jpg","datePublished":"2023-10-25T15:06:31+00:00","dateModified":"2023-10-25T15:06:32+00:00","breadcrumb":{"@id":"https:\/\/abaa.mx\/tienda\/amperimetro-inteligente-cm9942g\/#breadcrumb"},"inLanguage":"es","potentialAction":[{"@type":"ReadAction","target":["https:\/\/abaa.mx\/tienda\/amperimetro-inteligente-cm9942g\/"]}]},{"@type":"ImageObject","inLanguage":"es","@id":"https:\/\/abaa.mx\/tienda\/amperimetro-inteligente-cm9942g\/#primaryimage","url":"https:\/\/abaa.mx\/tienda\/wp-content\/uploads\/2023\/10\/LUTRON-CM9942G.jpg","contentUrl":"https:\/\/abaa.mx\/tienda\/wp-content\/uploads\/2023\/10\/LUTRON-CM9942G.jpg","width":350,"height":434,"caption":"LUTRON CM9942G"},{"@type":"BreadcrumbList","@id":"https:\/\/abaa.mx\/tienda\/amperimetro-inteligente-cm9942g\/#breadcrumb","itemListElement":[{"@type":"ListItem","position":1,"name":"Inicio","item":"https:\/\/abaa.mx\/tienda\/"},{"@type":"ListItem","position":2,"name":"Tienda","item":"https:\/\/abaa.mx\/tienda\/"},{"@type":"ListItem","position":3,"name":"Amper\u00edmetro inteligente -CM9942G"}]},{"@type":"WebSite","@id":"https:\/\/abaa.mx\/tienda\/#website","url":"https:\/\/abaa.mx\/tienda\/","name":"Abaa tienda online","description":"Instrumentos de medici\u00f3n","publisher":{"@id":"https:\/\/abaa.mx\/tienda\/#organization"},"potentialAction":[{"@type":"SearchAction","target":{"@type":"EntryPoint","urlTemplate":"https:\/\/abaa.mx\/tienda\/?s={search_term_string}"},"query-input":{"@type":"PropertyValueSpecification","valueRequired":true,"valueName":"search_term_string"}}],"inLanguage":"es"},{"@type":"Organization","@id":"https:\/\/abaa.mx\/tienda\/#organization","name":"Abaa tienda online","url":"https:\/\/abaa.mx\/tienda\/","logo":{"@type":"ImageObject","inLanguage":"es","@id":"https:\/\/abaa.mx\/tienda\/#\/schema\/logo\/image\/","url":"https:\/\/abaa.mx\/tienda\/wp-content\/uploads\/2024\/01\/abaa-metrologia-tienda.png","contentUrl":"https:\/\/abaa.mx\/tienda\/wp-content\/uploads\/2024\/01\/abaa-metrologia-tienda.png","width":300,"height":141,"caption":"Abaa tienda online"},"image":{"@id":"https:\/\/abaa.mx\/tienda\/#\/schema\/logo\/image\/"}}]}},"_links":{"self":[{"href":"https:\/\/abaa.mx\/tienda\/wp-json\/wp\/v2\/product\/7798","targetHints":{"allow":["GET"]}}],"collection":[{"href":"https:\/\/abaa.mx\/tienda\/wp-json\/wp\/v2\/product"}],"about":[{"href":"https:\/\/abaa.mx\/tienda\/wp-json\/wp\/v2\/types\/product"}],"replies":[{"embeddable":true,"href":"https:\/\/abaa.mx\/tienda\/wp-json\/wp\/v2\/comments?post=7798"}],"wp:featuredmedia":[{"embeddable":true,"href":"https:\/\/abaa.mx\/tienda\/wp-json\/wp\/v2\/media\/7809"}],"wp:attachment":[{"href":"https:\/\/abaa.mx\/tienda\/wp-json\/wp\/v2\/media?parent=7798"}],"wp:term":[{"taxonomy":"product_brand","embeddable":true,"href":"https:\/\/abaa.mx\/tienda\/wp-json\/wp\/v2\/product_brand?post=7798"},{"taxonomy":"product_cat","embeddable":true,"href":"https:\/\/abaa.mx\/tienda\/wp-json\/wp\/v2\/product_cat?post=7798"},{"taxonomy":"product_tag","embeddable":true,"href":"https:\/\/abaa.mx\/tienda\/wp-json\/wp\/v2\/product_tag?post=7798"}],"curies":[{"name":"wp","href":"https:\/\/api.w.org\/{rel}","templated":true}]}}