{"id":7786,"date":"2023-10-25T14:48:27","date_gmt":"2023-10-25T14:48:27","guid":{"rendered":"https:\/\/abaa.mx\/tienda\/?post_type=product&#038;p=7786"},"modified":"2023-10-25T14:52:22","modified_gmt":"2023-10-25T14:52:22","slug":"amperimetro-sensor-flexible-ac-true-rms-hioki-3280-90f","status":"publish","type":"product","link":"https:\/\/abaa.mx\/tienda\/amperimetro-sensor-flexible-ac-true-rms-hioki-3280-90f\/","title":{"rendered":"Amper\u00edmetro Sensor Flexible AC, True RMS Hioki -3280-90F"},"content":{"rendered":"<p>Amper\u00edmetro Sensor Flexible AC, True RMS Hioki -3280-90F<\/p>\n","protected":false},"excerpt":{"rendered":"<ul>\n<li>Especificaciones b\u00e1sicas (Precisi\u00f3n garantizada por 1 a\u00f1o, precisi\u00f3n post-ajuste garantizada por 1 a\u00f1o)<\/li>\n<li>Voltaje de CA: 4.199 V a 600 V, 4 rangos (45 a 500 Hz, verdadero RMS), Precisi\u00f3n b\u00e1sica: \u00b1 1.8% rdg. \u00b1 7 dgt.<\/li>\n<li>Continuidad: el zumbador suena a 50 ? \u00b1 40 ? o menos, retenci\u00f3n de datos, ahorro autom\u00e1tico de energ\u00eda, a prueba de ca\u00eddas desde la altura de 1 metro<\/li>\n<li>Incluye sensor de corriente flexible CT6280<\/li>\n<li>Voltaje DC: 419.9 mV a 600 V, 5 rangos, Precisi\u00f3n b\u00e1sica: \u00b1 1.0% rdg. \u00b1 3 dgt.<\/li>\n<li>Mida incluso componentes arm\u00f3nicos de forma de onda utilizando el m\u00e9todo True RMS<\/li>\n<li>Fuente de alimentaci\u00f3n: Bater\u00eda de litio tipo moneda (CR2032) \u00d7 1, uso continuo 70 horas<\/li>\n<li>Malet\u00edn de Transporte 9398 \u00d7 1, Cables de Prueba L9208 \u00d7 1, Bater\u00eda de litio tipo moneda (CR2032) \u00d7 1, Manual de instrucciones \u00d7 1<\/li>\n<li>Factor de cresta: 2.5 o menos (1.5 o menos a 4200 cuentas)<\/li>\n<li>Dimensiones y peso: 57 mm (2.24 in) W \u00d7 175 mm (6.89 in) Alt \u00d7 16 mm (0.63 in) D, 100 g (3.5 oz)<\/li>\n<li>Pantalla: LCD, m\u00e1x. 4199 dgt., Frecuencia de actualizaci\u00f3n de pantalla: 400 ms<\/li>\n<li>Conecte el sensor flexible CT6280 para medir hasta 4199 A en alambres gruesos o emparejados<\/li>\n<li>Otras funciones<\/li>\n<li>Protecci\u00f3n del medio ambiente: IP40 a prueba de polvo e impermeable<\/li>\n<li>Accesorios<\/li>\n<li>Di\u00e1metro de mand\u00edbula: N\u00facleo ? 33 mm (1.30 in)<\/li>\n<li>Rango de temperatura de funcionamiento ampliado de -25\u00b0C a 65\u00b0C<\/li>\n<li>Resistencia: 419.9 ? a 41.99 M?, 6 rangos, Precisi\u00f3n b\u00e1sica: \u00b1 2% rdg. \u00b1 4 dgt.<\/li>\n<li>Dise\u00f1o a prueba de ca\u00eddas para soportar ca\u00eddas desde una altura de 1 metro<\/li>\n<li>Corriente AC: 41.99 a 1000 A, 3 rangos (40 Hz a 1 kHz, RMS verdadero), Precisi\u00f3n b\u00e1sica: \u00b1 1.5% rdg. \u00b1 5 dgt.<\/li>\n<\/ul>\n","protected":false},"featured_media":7789,"comment_status":"open","ping_status":"closed","template":"","meta":{"_joinchat":[]},"product_brand":[],"product_cat":[86],"product_tag":[],"class_list":{"0":"post-7786","1":"product","2":"type-product","3":"status-publish","4":"has-post-thumbnail","6":"product_cat-amperimetros","8":"first","9":"instock","10":"shipping-taxable","11":"product-type-simple"},"yoast_head":"<!-- This site is optimized with the Yoast SEO plugin v26.4 - https:\/\/yoast.com\/wordpress\/plugins\/seo\/ -->\n<title>Amper\u00edmetro Sensor Flexible AC, True RMS Hioki -3280-90F - Abaa tienda online<\/title>\n<meta name=\"robots\" content=\"index, follow, max-snippet:-1, max-image-preview:large, max-video-preview:-1\" \/>\n<link rel=\"canonical\" href=\"https:\/\/abaa.mx\/tienda\/amperimetro-sensor-flexible-ac-true-rms-hioki-3280-90f\/\" \/>\n<meta property=\"og:locale\" content=\"es_MX\" \/>\n<meta property=\"og:type\" content=\"article\" \/>\n<meta property=\"og:title\" content=\"Amper\u00edmetro Sensor Flexible AC, True RMS Hioki -3280-90F - Abaa tienda online\" \/>\n<meta property=\"og:description\" content=\"Especificaciones b\u00e1sicas (Precisi\u00f3n garantizada por 1 a\u00f1o, precisi\u00f3n post-ajuste garantizada por 1 a\u00f1o)  Voltaje de CA: 4.199 V a 600 V, 4 rangos (45 a 500 Hz, verdadero RMS), Precisi\u00f3n b\u00e1sica: \u00b1 1.8% rdg. \u00b1 7 dgt.  Continuidad: el zumbador suena a 50 ? \u00b1 40 ? o menos, retenci\u00f3n de datos, ahorro autom\u00e1tico de energ\u00eda, a prueba de ca\u00eddas desde la altura de 1 metro  Incluye sensor de corriente flexible CT6280  Voltaje DC: 419.9 mV a 600 V, 5 rangos, Precisi\u00f3n b\u00e1sica: \u00b1 1.0% rdg. \u00b1 3 dgt.  Mida incluso componentes arm\u00f3nicos de forma de onda utilizando el m\u00e9todo True RMS  Fuente de alimentaci\u00f3n: Bater\u00eda de litio tipo moneda (CR2032) \u00d7 1, uso continuo 70 horas  Malet\u00edn de Transporte 9398 \u00d7 1, Cables de Prueba L9208 \u00d7 1, Bater\u00eda de litio tipo moneda (CR2032) \u00d7 1, Manual de instrucciones \u00d7 1  Factor de cresta: 2.5 o menos (1.5 o menos a 4200 cuentas)  Dimensiones y peso: 57 mm (2.24 in) W \u00d7 175 mm (6.89 in) Alt \u00d7 16 mm (0.63 in) D, 100 g (3.5 oz)  Pantalla: LCD, m\u00e1x. 4199 dgt., Frecuencia de actualizaci\u00f3n de pantalla: 400 ms  Conecte el sensor flexible CT6280 para medir hasta 4199 A en alambres gruesos o emparejados  Otras funciones  Protecci\u00f3n del medio ambiente: IP40 a prueba de polvo e impermeable  Accesorios  Di\u00e1metro de mand\u00edbula: N\u00facleo ? 33 mm (1.30 in)  Rango de temperatura de funcionamiento ampliado de -25\u00b0C a 65\u00b0C  Resistencia: 419.9 ? a 41.99 M?, 6 rangos, Precisi\u00f3n b\u00e1sica: \u00b1 2% rdg. \u00b1 4 dgt.  Dise\u00f1o a prueba de ca\u00eddas para soportar ca\u00eddas desde una altura de 1 metro  Corriente AC: 41.99 a 1000 A, 3 rangos (40 Hz a 1 kHz, RMS verdadero), Precisi\u00f3n b\u00e1sica: \u00b1 1.5% rdg. \u00b1 5 dgt.\" \/>\n<meta property=\"og:url\" content=\"https:\/\/abaa.mx\/tienda\/amperimetro-sensor-flexible-ac-true-rms-hioki-3280-90f\/\" \/>\n<meta property=\"og:site_name\" content=\"Abaa tienda online\" \/>\n<meta property=\"article:modified_time\" content=\"2023-10-25T14:52:22+00:00\" \/>\n<meta property=\"og:image\" content=\"https:\/\/abaa.mx\/tienda\/wp-content\/uploads\/2023\/10\/HIOKI-3280-90F.jpg\" \/>\n\t<meta property=\"og:image:width\" content=\"795\" \/>\n\t<meta property=\"og:image:height\" content=\"583\" \/>\n\t<meta property=\"og:image:type\" content=\"image\/jpeg\" \/>\n<meta name=\"twitter:card\" content=\"summary_large_image\" \/>\n<meta name=\"twitter:label1\" content=\"Tiempo de lectura\" \/>\n\t<meta name=\"twitter:data1\" content=\"1 minuto\" \/>\n<script type=\"application\/ld+json\" class=\"yoast-schema-graph\">{\"@context\":\"https:\/\/schema.org\",\"@graph\":[{\"@type\":\"WebPage\",\"@id\":\"https:\/\/abaa.mx\/tienda\/amperimetro-sensor-flexible-ac-true-rms-hioki-3280-90f\/\",\"url\":\"https:\/\/abaa.mx\/tienda\/amperimetro-sensor-flexible-ac-true-rms-hioki-3280-90f\/\",\"name\":\"Amper\u00edmetro Sensor Flexible AC, True RMS Hioki -3280-90F - Abaa tienda online\",\"isPartOf\":{\"@id\":\"https:\/\/abaa.mx\/tienda\/#website\"},\"primaryImageOfPage\":{\"@id\":\"https:\/\/abaa.mx\/tienda\/amperimetro-sensor-flexible-ac-true-rms-hioki-3280-90f\/#primaryimage\"},\"image\":{\"@id\":\"https:\/\/abaa.mx\/tienda\/amperimetro-sensor-flexible-ac-true-rms-hioki-3280-90f\/#primaryimage\"},\"thumbnailUrl\":\"https:\/\/abaa.mx\/tienda\/wp-content\/uploads\/2023\/10\/HIOKI-3280-90F.jpg\",\"datePublished\":\"2023-10-25T14:48:27+00:00\",\"dateModified\":\"2023-10-25T14:52:22+00:00\",\"breadcrumb\":{\"@id\":\"https:\/\/abaa.mx\/tienda\/amperimetro-sensor-flexible-ac-true-rms-hioki-3280-90f\/#breadcrumb\"},\"inLanguage\":\"es\",\"potentialAction\":[{\"@type\":\"ReadAction\",\"target\":[\"https:\/\/abaa.mx\/tienda\/amperimetro-sensor-flexible-ac-true-rms-hioki-3280-90f\/\"]}]},{\"@type\":\"ImageObject\",\"inLanguage\":\"es\",\"@id\":\"https:\/\/abaa.mx\/tienda\/amperimetro-sensor-flexible-ac-true-rms-hioki-3280-90f\/#primaryimage\",\"url\":\"https:\/\/abaa.mx\/tienda\/wp-content\/uploads\/2023\/10\/HIOKI-3280-90F.jpg\",\"contentUrl\":\"https:\/\/abaa.mx\/tienda\/wp-content\/uploads\/2023\/10\/HIOKI-3280-90F.jpg\",\"width\":795,\"height\":583,\"caption\":\"HIOKI-3280-90F\"},{\"@type\":\"BreadcrumbList\",\"@id\":\"https:\/\/abaa.mx\/tienda\/amperimetro-sensor-flexible-ac-true-rms-hioki-3280-90f\/#breadcrumb\",\"itemListElement\":[{\"@type\":\"ListItem\",\"position\":1,\"name\":\"Inicio\",\"item\":\"https:\/\/abaa.mx\/tienda\/\"},{\"@type\":\"ListItem\",\"position\":2,\"name\":\"Tienda\",\"item\":\"https:\/\/abaa.mx\/tienda\/\"},{\"@type\":\"ListItem\",\"position\":3,\"name\":\"Amper\u00edmetro Sensor Flexible AC, True RMS Hioki -3280-90F\"}]},{\"@type\":\"WebSite\",\"@id\":\"https:\/\/abaa.mx\/tienda\/#website\",\"url\":\"https:\/\/abaa.mx\/tienda\/\",\"name\":\"Abaa tienda online\",\"description\":\"Instrumentos de medici\u00f3n\",\"publisher\":{\"@id\":\"https:\/\/abaa.mx\/tienda\/#organization\"},\"potentialAction\":[{\"@type\":\"SearchAction\",\"target\":{\"@type\":\"EntryPoint\",\"urlTemplate\":\"https:\/\/abaa.mx\/tienda\/?s={search_term_string}\"},\"query-input\":{\"@type\":\"PropertyValueSpecification\",\"valueRequired\":true,\"valueName\":\"search_term_string\"}}],\"inLanguage\":\"es\"},{\"@type\":\"Organization\",\"@id\":\"https:\/\/abaa.mx\/tienda\/#organization\",\"name\":\"Abaa tienda online\",\"url\":\"https:\/\/abaa.mx\/tienda\/\",\"logo\":{\"@type\":\"ImageObject\",\"inLanguage\":\"es\",\"@id\":\"https:\/\/abaa.mx\/tienda\/#\/schema\/logo\/image\/\",\"url\":\"https:\/\/abaa.mx\/tienda\/wp-content\/uploads\/2024\/01\/abaa-metrologia-tienda.png\",\"contentUrl\":\"https:\/\/abaa.mx\/tienda\/wp-content\/uploads\/2024\/01\/abaa-metrologia-tienda.png\",\"width\":300,\"height\":141,\"caption\":\"Abaa tienda online\"},\"image\":{\"@id\":\"https:\/\/abaa.mx\/tienda\/#\/schema\/logo\/image\/\"}}]}<\/script>\n<!-- \/ Yoast SEO plugin. -->","yoast_head_json":{"title":"Amper\u00edmetro Sensor Flexible AC, True RMS Hioki -3280-90F - Abaa tienda online","robots":{"index":"index","follow":"follow","max-snippet":"max-snippet:-1","max-image-preview":"max-image-preview:large","max-video-preview":"max-video-preview:-1"},"canonical":"https:\/\/abaa.mx\/tienda\/amperimetro-sensor-flexible-ac-true-rms-hioki-3280-90f\/","og_locale":"es_MX","og_type":"article","og_title":"Amper\u00edmetro Sensor Flexible AC, True RMS Hioki -3280-90F - Abaa tienda online","og_description":"Especificaciones b\u00e1sicas (Precisi\u00f3n garantizada por 1 a\u00f1o, precisi\u00f3n post-ajuste garantizada por 1 a\u00f1o)  Voltaje de CA: 4.199 V a 600 V, 4 rangos (45 a 500 Hz, verdadero RMS), Precisi\u00f3n b\u00e1sica: \u00b1 1.8% rdg. \u00b1 7 dgt.  Continuidad: el zumbador suena a 50 ? \u00b1 40 ? o menos, retenci\u00f3n de datos, ahorro autom\u00e1tico de energ\u00eda, a prueba de ca\u00eddas desde la altura de 1 metro  Incluye sensor de corriente flexible CT6280  Voltaje DC: 419.9 mV a 600 V, 5 rangos, Precisi\u00f3n b\u00e1sica: \u00b1 1.0% rdg. \u00b1 3 dgt.  Mida incluso componentes arm\u00f3nicos de forma de onda utilizando el m\u00e9todo True RMS  Fuente de alimentaci\u00f3n: Bater\u00eda de litio tipo moneda (CR2032) \u00d7 1, uso continuo 70 horas  Malet\u00edn de Transporte 9398 \u00d7 1, Cables de Prueba L9208 \u00d7 1, Bater\u00eda de litio tipo moneda (CR2032) \u00d7 1, Manual de instrucciones \u00d7 1  Factor de cresta: 2.5 o menos (1.5 o menos a 4200 cuentas)  Dimensiones y peso: 57 mm (2.24 in) W \u00d7 175 mm (6.89 in) Alt \u00d7 16 mm (0.63 in) D, 100 g (3.5 oz)  Pantalla: LCD, m\u00e1x. 4199 dgt., Frecuencia de actualizaci\u00f3n de pantalla: 400 ms  Conecte el sensor flexible CT6280 para medir hasta 4199 A en alambres gruesos o emparejados  Otras funciones  Protecci\u00f3n del medio ambiente: IP40 a prueba de polvo e impermeable  Accesorios  Di\u00e1metro de mand\u00edbula: N\u00facleo ? 33 mm (1.30 in)  Rango de temperatura de funcionamiento ampliado de -25\u00b0C a 65\u00b0C  Resistencia: 419.9 ? a 41.99 M?, 6 rangos, Precisi\u00f3n b\u00e1sica: \u00b1 2% rdg. \u00b1 4 dgt.  Dise\u00f1o a prueba de ca\u00eddas para soportar ca\u00eddas desde una altura de 1 metro  Corriente AC: 41.99 a 1000 A, 3 rangos (40 Hz a 1 kHz, RMS verdadero), Precisi\u00f3n b\u00e1sica: \u00b1 1.5% rdg. \u00b1 5 dgt.","og_url":"https:\/\/abaa.mx\/tienda\/amperimetro-sensor-flexible-ac-true-rms-hioki-3280-90f\/","og_site_name":"Abaa tienda online","article_modified_time":"2023-10-25T14:52:22+00:00","og_image":[{"width":795,"height":583,"url":"https:\/\/abaa.mx\/tienda\/wp-content\/uploads\/2023\/10\/HIOKI-3280-90F.jpg","type":"image\/jpeg"}],"twitter_card":"summary_large_image","twitter_misc":{"Tiempo de lectura":"1 minuto"},"schema":{"@context":"https:\/\/schema.org","@graph":[{"@type":"WebPage","@id":"https:\/\/abaa.mx\/tienda\/amperimetro-sensor-flexible-ac-true-rms-hioki-3280-90f\/","url":"https:\/\/abaa.mx\/tienda\/amperimetro-sensor-flexible-ac-true-rms-hioki-3280-90f\/","name":"Amper\u00edmetro Sensor Flexible AC, True RMS Hioki -3280-90F - Abaa tienda online","isPartOf":{"@id":"https:\/\/abaa.mx\/tienda\/#website"},"primaryImageOfPage":{"@id":"https:\/\/abaa.mx\/tienda\/amperimetro-sensor-flexible-ac-true-rms-hioki-3280-90f\/#primaryimage"},"image":{"@id":"https:\/\/abaa.mx\/tienda\/amperimetro-sensor-flexible-ac-true-rms-hioki-3280-90f\/#primaryimage"},"thumbnailUrl":"https:\/\/abaa.mx\/tienda\/wp-content\/uploads\/2023\/10\/HIOKI-3280-90F.jpg","datePublished":"2023-10-25T14:48:27+00:00","dateModified":"2023-10-25T14:52:22+00:00","breadcrumb":{"@id":"https:\/\/abaa.mx\/tienda\/amperimetro-sensor-flexible-ac-true-rms-hioki-3280-90f\/#breadcrumb"},"inLanguage":"es","potentialAction":[{"@type":"ReadAction","target":["https:\/\/abaa.mx\/tienda\/amperimetro-sensor-flexible-ac-true-rms-hioki-3280-90f\/"]}]},{"@type":"ImageObject","inLanguage":"es","@id":"https:\/\/abaa.mx\/tienda\/amperimetro-sensor-flexible-ac-true-rms-hioki-3280-90f\/#primaryimage","url":"https:\/\/abaa.mx\/tienda\/wp-content\/uploads\/2023\/10\/HIOKI-3280-90F.jpg","contentUrl":"https:\/\/abaa.mx\/tienda\/wp-content\/uploads\/2023\/10\/HIOKI-3280-90F.jpg","width":795,"height":583,"caption":"HIOKI-3280-90F"},{"@type":"BreadcrumbList","@id":"https:\/\/abaa.mx\/tienda\/amperimetro-sensor-flexible-ac-true-rms-hioki-3280-90f\/#breadcrumb","itemListElement":[{"@type":"ListItem","position":1,"name":"Inicio","item":"https:\/\/abaa.mx\/tienda\/"},{"@type":"ListItem","position":2,"name":"Tienda","item":"https:\/\/abaa.mx\/tienda\/"},{"@type":"ListItem","position":3,"name":"Amper\u00edmetro Sensor Flexible AC, True RMS Hioki -3280-90F"}]},{"@type":"WebSite","@id":"https:\/\/abaa.mx\/tienda\/#website","url":"https:\/\/abaa.mx\/tienda\/","name":"Abaa tienda online","description":"Instrumentos de medici\u00f3n","publisher":{"@id":"https:\/\/abaa.mx\/tienda\/#organization"},"potentialAction":[{"@type":"SearchAction","target":{"@type":"EntryPoint","urlTemplate":"https:\/\/abaa.mx\/tienda\/?s={search_term_string}"},"query-input":{"@type":"PropertyValueSpecification","valueRequired":true,"valueName":"search_term_string"}}],"inLanguage":"es"},{"@type":"Organization","@id":"https:\/\/abaa.mx\/tienda\/#organization","name":"Abaa tienda online","url":"https:\/\/abaa.mx\/tienda\/","logo":{"@type":"ImageObject","inLanguage":"es","@id":"https:\/\/abaa.mx\/tienda\/#\/schema\/logo\/image\/","url":"https:\/\/abaa.mx\/tienda\/wp-content\/uploads\/2024\/01\/abaa-metrologia-tienda.png","contentUrl":"https:\/\/abaa.mx\/tienda\/wp-content\/uploads\/2024\/01\/abaa-metrologia-tienda.png","width":300,"height":141,"caption":"Abaa tienda online"},"image":{"@id":"https:\/\/abaa.mx\/tienda\/#\/schema\/logo\/image\/"}}]}},"_links":{"self":[{"href":"https:\/\/abaa.mx\/tienda\/wp-json\/wp\/v2\/product\/7786","targetHints":{"allow":["GET"]}}],"collection":[{"href":"https:\/\/abaa.mx\/tienda\/wp-json\/wp\/v2\/product"}],"about":[{"href":"https:\/\/abaa.mx\/tienda\/wp-json\/wp\/v2\/types\/product"}],"replies":[{"embeddable":true,"href":"https:\/\/abaa.mx\/tienda\/wp-json\/wp\/v2\/comments?post=7786"}],"wp:featuredmedia":[{"embeddable":true,"href":"https:\/\/abaa.mx\/tienda\/wp-json\/wp\/v2\/media\/7789"}],"wp:attachment":[{"href":"https:\/\/abaa.mx\/tienda\/wp-json\/wp\/v2\/media?parent=7786"}],"wp:term":[{"taxonomy":"product_brand","embeddable":true,"href":"https:\/\/abaa.mx\/tienda\/wp-json\/wp\/v2\/product_brand?post=7786"},{"taxonomy":"product_cat","embeddable":true,"href":"https:\/\/abaa.mx\/tienda\/wp-json\/wp\/v2\/product_cat?post=7786"},{"taxonomy":"product_tag","embeddable":true,"href":"https:\/\/abaa.mx\/tienda\/wp-json\/wp\/v2\/product_tag?post=7786"}],"curies":[{"name":"wp","href":"https:\/\/api.w.org\/{rel}","templated":true}]}}