{"id":7734,"date":"2023-10-24T20:06:55","date_gmt":"2023-10-24T20:06:55","guid":{"rendered":"https:\/\/abaa.mx\/tienda\/?post_type=product&#038;p=7734"},"modified":"2023-12-14T14:37:29","modified_gmt":"2023-12-14T14:37:29","slug":"sdl710-manometro-de-presion-diferencial-datalogger","status":"publish","type":"product","link":"https:\/\/abaa.mx\/tienda\/sdl710-manometro-de-presion-diferencial-datalogger\/","title":{"rendered":"Sdl710-man\u00f3metro de presi\u00f3n diferencial-datalogger"},"content":{"rendered":"<p>Sdl710-man\u00f3metro de presi\u00f3n diferencial-datalogger<\/p>\n","protected":false},"excerpt":{"rendered":"<p>&nbsp;<\/p>\n<p class=\"short-description mhide ipad-view-setting\"><strong>Caracter\u00edsticas:<\/strong><\/p>\n<div class=\"row-fluid\">\n<div class=\"span12 mobile-pricing-box-padding\">\n<form id=\"61029\" accept-charset=\"utf-8\" action=\"https:\/\/www.globaltestsupply.com\/shop\/add\" method=\"post\" name=\"addTocartFunction\">\n<div>\n<ul id=\"features\">\n<li><span>Rango de medici\u00f3n bajo: \u00b12,9 psi (200 mbar).<\/span><\/li>\n<li><span>10 unidades de medida seleccionables.<\/span><\/li>\n<li><span>Almacena 99 lecturas manualmente.<\/span><\/li>\n<li><span>El registrador de datos marca la fecha \/ hora y almacena las lecturas en una tarjeta SD en formato Excel para una f\u00e1cil transferencia a una PC.<\/span><\/li>\n<li><span>Registrar \/ recuperar lecturas m\u00e1ximas \/ m\u00ednimas.<\/span><\/li>\n<li><span>Retenci\u00f3n de datos y apagado autom\u00e1tico con desactivaci\u00f3n.<\/span><\/li>\n<li><span>Gran pantalla LCD con retroiluminaci\u00f3n.<\/span><\/li>\n<li><span>Funci\u00f3n cero para correcci\u00f3n o medici\u00f3n de compensaci\u00f3n.<\/span><\/li>\n<li><span>Incluye seis bater\u00edas AA, adaptador de CA universal con enchufes (EE. UU., UE, Reino Unido, AUS), tarjeta de memoria SD, dos enchufes de acoplamiento r\u00e1pido y estuche r\u00edgido de transporte.<\/span><\/li>\n<\/ul>\n<\/div>\n<\/form>\n<\/div>\n<\/div>\n","protected":false},"featured_media":9838,"comment_status":"open","ping_status":"closed","template":"","meta":{"_joinchat":[]},"product_brand":[],"product_cat":[15],"product_tag":[],"class_list":{"0":"post-7734","1":"product","2":"type-product","3":"status-publish","4":"has-post-thumbnail","6":"product_cat-sin-categorizar","8":"first","9":"instock","10":"shipping-taxable","11":"product-type-simple"},"yoast_head":"<!-- This site is optimized with the Yoast SEO plugin v26.4 - https:\/\/yoast.com\/wordpress\/plugins\/seo\/ -->\n<title>Sdl710-man\u00f3metro de presi\u00f3n diferencial-datalogger - Abaa tienda online<\/title>\n<meta name=\"robots\" content=\"index, follow, max-snippet:-1, max-image-preview:large, max-video-preview:-1\" \/>\n<link rel=\"canonical\" href=\"https:\/\/abaa.mx\/tienda\/sdl710-manometro-de-presion-diferencial-datalogger\/\" \/>\n<meta property=\"og:locale\" content=\"es_MX\" \/>\n<meta property=\"og:type\" content=\"article\" \/>\n<meta property=\"og:title\" content=\"Sdl710-man\u00f3metro de presi\u00f3n diferencial-datalogger - Abaa tienda online\" \/>\n<meta property=\"og:description\" content=\"&nbsp; Caracter\u00edsticas:       Rango de medici\u00f3n bajo: \u00b12,9 psi (200 mbar).  10 unidades de medida seleccionables.  Almacena 99 lecturas manualmente.  El registrador de datos marca la fecha \/ hora y almacena las lecturas en una tarjeta SD en formato Excel para una f\u00e1cil transferencia a una PC.  Registrar \/ recuperar lecturas m\u00e1ximas \/ m\u00ednimas.  Retenci\u00f3n de datos y apagado autom\u00e1tico con desactivaci\u00f3n.  Gran pantalla LCD con retroiluminaci\u00f3n.  Funci\u00f3n cero para correcci\u00f3n o medici\u00f3n de compensaci\u00f3n.  Incluye seis bater\u00edas AA, adaptador de CA universal con enchufes (EE. UU., UE, Reino Unido, AUS), tarjeta de memoria SD, dos enchufes de acoplamiento r\u00e1pido y estuche r\u00edgido de transporte.\" \/>\n<meta property=\"og:url\" content=\"https:\/\/abaa.mx\/tienda\/sdl710-manometro-de-presion-diferencial-datalogger\/\" \/>\n<meta property=\"og:site_name\" content=\"Abaa tienda online\" \/>\n<meta property=\"article:modified_time\" content=\"2023-12-14T14:37:29+00:00\" \/>\n<meta property=\"og:image\" content=\"https:\/\/abaa.mx\/tienda\/wp-content\/uploads\/2023\/10\/Datalogger-SDL710.jpg\" \/>\n\t<meta property=\"og:image:width\" content=\"1024\" \/>\n\t<meta property=\"og:image:height\" content=\"1024\" \/>\n\t<meta property=\"og:image:type\" content=\"image\/jpeg\" \/>\n<meta name=\"twitter:card\" content=\"summary_large_image\" \/>\n<meta name=\"twitter:label1\" content=\"Tiempo de lectura\" \/>\n\t<meta name=\"twitter:data1\" content=\"1 minuto\" \/>\n<script type=\"application\/ld+json\" class=\"yoast-schema-graph\">{\"@context\":\"https:\/\/schema.org\",\"@graph\":[{\"@type\":\"WebPage\",\"@id\":\"https:\/\/abaa.mx\/tienda\/sdl710-manometro-de-presion-diferencial-datalogger\/\",\"url\":\"https:\/\/abaa.mx\/tienda\/sdl710-manometro-de-presion-diferencial-datalogger\/\",\"name\":\"Sdl710-man\u00f3metro de presi\u00f3n diferencial-datalogger - Abaa tienda online\",\"isPartOf\":{\"@id\":\"https:\/\/abaa.mx\/tienda\/#website\"},\"primaryImageOfPage\":{\"@id\":\"https:\/\/abaa.mx\/tienda\/sdl710-manometro-de-presion-diferencial-datalogger\/#primaryimage\"},\"image\":{\"@id\":\"https:\/\/abaa.mx\/tienda\/sdl710-manometro-de-presion-diferencial-datalogger\/#primaryimage\"},\"thumbnailUrl\":\"https:\/\/abaa.mx\/tienda\/wp-content\/uploads\/2023\/10\/Datalogger-SDL710.jpg\",\"datePublished\":\"2023-10-24T20:06:55+00:00\",\"dateModified\":\"2023-12-14T14:37:29+00:00\",\"breadcrumb\":{\"@id\":\"https:\/\/abaa.mx\/tienda\/sdl710-manometro-de-presion-diferencial-datalogger\/#breadcrumb\"},\"inLanguage\":\"es\",\"potentialAction\":[{\"@type\":\"ReadAction\",\"target\":[\"https:\/\/abaa.mx\/tienda\/sdl710-manometro-de-presion-diferencial-datalogger\/\"]}]},{\"@type\":\"ImageObject\",\"inLanguage\":\"es\",\"@id\":\"https:\/\/abaa.mx\/tienda\/sdl710-manometro-de-presion-diferencial-datalogger\/#primaryimage\",\"url\":\"https:\/\/abaa.mx\/tienda\/wp-content\/uploads\/2023\/10\/Datalogger-SDL710.jpg\",\"contentUrl\":\"https:\/\/abaa.mx\/tienda\/wp-content\/uploads\/2023\/10\/Datalogger-SDL710.jpg\",\"width\":1024,\"height\":1024,\"caption\":\"Datalogger SDL710\"},{\"@type\":\"BreadcrumbList\",\"@id\":\"https:\/\/abaa.mx\/tienda\/sdl710-manometro-de-presion-diferencial-datalogger\/#breadcrumb\",\"itemListElement\":[{\"@type\":\"ListItem\",\"position\":1,\"name\":\"Inicio\",\"item\":\"https:\/\/abaa.mx\/tienda\/\"},{\"@type\":\"ListItem\",\"position\":2,\"name\":\"Tienda\",\"item\":\"https:\/\/abaa.mx\/tienda\/\"},{\"@type\":\"ListItem\",\"position\":3,\"name\":\"Sdl710-man\u00f3metro de presi\u00f3n diferencial-datalogger\"}]},{\"@type\":\"WebSite\",\"@id\":\"https:\/\/abaa.mx\/tienda\/#website\",\"url\":\"https:\/\/abaa.mx\/tienda\/\",\"name\":\"Abaa tienda online\",\"description\":\"Instrumentos de medici\u00f3n\",\"publisher\":{\"@id\":\"https:\/\/abaa.mx\/tienda\/#organization\"},\"potentialAction\":[{\"@type\":\"SearchAction\",\"target\":{\"@type\":\"EntryPoint\",\"urlTemplate\":\"https:\/\/abaa.mx\/tienda\/?s={search_term_string}\"},\"query-input\":{\"@type\":\"PropertyValueSpecification\",\"valueRequired\":true,\"valueName\":\"search_term_string\"}}],\"inLanguage\":\"es\"},{\"@type\":\"Organization\",\"@id\":\"https:\/\/abaa.mx\/tienda\/#organization\",\"name\":\"Abaa tienda online\",\"url\":\"https:\/\/abaa.mx\/tienda\/\",\"logo\":{\"@type\":\"ImageObject\",\"inLanguage\":\"es\",\"@id\":\"https:\/\/abaa.mx\/tienda\/#\/schema\/logo\/image\/\",\"url\":\"https:\/\/abaa.mx\/tienda\/wp-content\/uploads\/2024\/01\/abaa-metrologia-tienda.png\",\"contentUrl\":\"https:\/\/abaa.mx\/tienda\/wp-content\/uploads\/2024\/01\/abaa-metrologia-tienda.png\",\"width\":300,\"height\":141,\"caption\":\"Abaa tienda online\"},\"image\":{\"@id\":\"https:\/\/abaa.mx\/tienda\/#\/schema\/logo\/image\/\"}}]}<\/script>\n<!-- \/ Yoast SEO plugin. -->","yoast_head_json":{"title":"Sdl710-man\u00f3metro de presi\u00f3n diferencial-datalogger - Abaa tienda online","robots":{"index":"index","follow":"follow","max-snippet":"max-snippet:-1","max-image-preview":"max-image-preview:large","max-video-preview":"max-video-preview:-1"},"canonical":"https:\/\/abaa.mx\/tienda\/sdl710-manometro-de-presion-diferencial-datalogger\/","og_locale":"es_MX","og_type":"article","og_title":"Sdl710-man\u00f3metro de presi\u00f3n diferencial-datalogger - Abaa tienda online","og_description":"&nbsp; Caracter\u00edsticas:       Rango de medici\u00f3n bajo: \u00b12,9 psi (200 mbar).  10 unidades de medida seleccionables.  Almacena 99 lecturas manualmente.  El registrador de datos marca la fecha \/ hora y almacena las lecturas en una tarjeta SD en formato Excel para una f\u00e1cil transferencia a una PC.  Registrar \/ recuperar lecturas m\u00e1ximas \/ m\u00ednimas.  Retenci\u00f3n de datos y apagado autom\u00e1tico con desactivaci\u00f3n.  Gran pantalla LCD con retroiluminaci\u00f3n.  Funci\u00f3n cero para correcci\u00f3n o medici\u00f3n de compensaci\u00f3n.  Incluye seis bater\u00edas AA, adaptador de CA universal con enchufes (EE. UU., UE, Reino Unido, AUS), tarjeta de memoria SD, dos enchufes de acoplamiento r\u00e1pido y estuche r\u00edgido de transporte.","og_url":"https:\/\/abaa.mx\/tienda\/sdl710-manometro-de-presion-diferencial-datalogger\/","og_site_name":"Abaa tienda online","article_modified_time":"2023-12-14T14:37:29+00:00","og_image":[{"width":1024,"height":1024,"url":"https:\/\/abaa.mx\/tienda\/wp-content\/uploads\/2023\/10\/Datalogger-SDL710.jpg","type":"image\/jpeg"}],"twitter_card":"summary_large_image","twitter_misc":{"Tiempo de lectura":"1 minuto"},"schema":{"@context":"https:\/\/schema.org","@graph":[{"@type":"WebPage","@id":"https:\/\/abaa.mx\/tienda\/sdl710-manometro-de-presion-diferencial-datalogger\/","url":"https:\/\/abaa.mx\/tienda\/sdl710-manometro-de-presion-diferencial-datalogger\/","name":"Sdl710-man\u00f3metro de presi\u00f3n diferencial-datalogger - Abaa tienda online","isPartOf":{"@id":"https:\/\/abaa.mx\/tienda\/#website"},"primaryImageOfPage":{"@id":"https:\/\/abaa.mx\/tienda\/sdl710-manometro-de-presion-diferencial-datalogger\/#primaryimage"},"image":{"@id":"https:\/\/abaa.mx\/tienda\/sdl710-manometro-de-presion-diferencial-datalogger\/#primaryimage"},"thumbnailUrl":"https:\/\/abaa.mx\/tienda\/wp-content\/uploads\/2023\/10\/Datalogger-SDL710.jpg","datePublished":"2023-10-24T20:06:55+00:00","dateModified":"2023-12-14T14:37:29+00:00","breadcrumb":{"@id":"https:\/\/abaa.mx\/tienda\/sdl710-manometro-de-presion-diferencial-datalogger\/#breadcrumb"},"inLanguage":"es","potentialAction":[{"@type":"ReadAction","target":["https:\/\/abaa.mx\/tienda\/sdl710-manometro-de-presion-diferencial-datalogger\/"]}]},{"@type":"ImageObject","inLanguage":"es","@id":"https:\/\/abaa.mx\/tienda\/sdl710-manometro-de-presion-diferencial-datalogger\/#primaryimage","url":"https:\/\/abaa.mx\/tienda\/wp-content\/uploads\/2023\/10\/Datalogger-SDL710.jpg","contentUrl":"https:\/\/abaa.mx\/tienda\/wp-content\/uploads\/2023\/10\/Datalogger-SDL710.jpg","width":1024,"height":1024,"caption":"Datalogger SDL710"},{"@type":"BreadcrumbList","@id":"https:\/\/abaa.mx\/tienda\/sdl710-manometro-de-presion-diferencial-datalogger\/#breadcrumb","itemListElement":[{"@type":"ListItem","position":1,"name":"Inicio","item":"https:\/\/abaa.mx\/tienda\/"},{"@type":"ListItem","position":2,"name":"Tienda","item":"https:\/\/abaa.mx\/tienda\/"},{"@type":"ListItem","position":3,"name":"Sdl710-man\u00f3metro de presi\u00f3n diferencial-datalogger"}]},{"@type":"WebSite","@id":"https:\/\/abaa.mx\/tienda\/#website","url":"https:\/\/abaa.mx\/tienda\/","name":"Abaa tienda online","description":"Instrumentos de medici\u00f3n","publisher":{"@id":"https:\/\/abaa.mx\/tienda\/#organization"},"potentialAction":[{"@type":"SearchAction","target":{"@type":"EntryPoint","urlTemplate":"https:\/\/abaa.mx\/tienda\/?s={search_term_string}"},"query-input":{"@type":"PropertyValueSpecification","valueRequired":true,"valueName":"search_term_string"}}],"inLanguage":"es"},{"@type":"Organization","@id":"https:\/\/abaa.mx\/tienda\/#organization","name":"Abaa tienda online","url":"https:\/\/abaa.mx\/tienda\/","logo":{"@type":"ImageObject","inLanguage":"es","@id":"https:\/\/abaa.mx\/tienda\/#\/schema\/logo\/image\/","url":"https:\/\/abaa.mx\/tienda\/wp-content\/uploads\/2024\/01\/abaa-metrologia-tienda.png","contentUrl":"https:\/\/abaa.mx\/tienda\/wp-content\/uploads\/2024\/01\/abaa-metrologia-tienda.png","width":300,"height":141,"caption":"Abaa tienda online"},"image":{"@id":"https:\/\/abaa.mx\/tienda\/#\/schema\/logo\/image\/"}}]}},"_links":{"self":[{"href":"https:\/\/abaa.mx\/tienda\/wp-json\/wp\/v2\/product\/7734","targetHints":{"allow":["GET"]}}],"collection":[{"href":"https:\/\/abaa.mx\/tienda\/wp-json\/wp\/v2\/product"}],"about":[{"href":"https:\/\/abaa.mx\/tienda\/wp-json\/wp\/v2\/types\/product"}],"replies":[{"embeddable":true,"href":"https:\/\/abaa.mx\/tienda\/wp-json\/wp\/v2\/comments?post=7734"}],"wp:featuredmedia":[{"embeddable":true,"href":"https:\/\/abaa.mx\/tienda\/wp-json\/wp\/v2\/media\/9838"}],"wp:attachment":[{"href":"https:\/\/abaa.mx\/tienda\/wp-json\/wp\/v2\/media?parent=7734"}],"wp:term":[{"taxonomy":"product_brand","embeddable":true,"href":"https:\/\/abaa.mx\/tienda\/wp-json\/wp\/v2\/product_brand?post=7734"},{"taxonomy":"product_cat","embeddable":true,"href":"https:\/\/abaa.mx\/tienda\/wp-json\/wp\/v2\/product_cat?post=7734"},{"taxonomy":"product_tag","embeddable":true,"href":"https:\/\/abaa.mx\/tienda\/wp-json\/wp\/v2\/product_tag?post=7734"}],"curies":[{"name":"wp","href":"https:\/\/api.w.org\/{rel}","templated":true}]}}