{"id":7730,"date":"2023-10-24T20:06:45","date_gmt":"2023-10-24T20:06:45","guid":{"rendered":"https:\/\/abaa.mx\/tienda\/?post_type=product&#038;p=7730"},"modified":"2023-10-24T20:06:46","modified_gmt":"2023-10-24T20:06:46","slug":"reed-r9850-nist-bascula-digital-de-control-de-porciones-industriales","status":"publish","type":"product","link":"https:\/\/abaa.mx\/tienda\/reed-r9850-nist-bascula-digital-de-control-de-porciones-industriales\/","title":{"rendered":"Reed r9850-nist b\u00e1scula digital de control de porciones industriales"},"content":{"rendered":"<p><strong>Funciones<\/strong><\/p>\n<ul>\n<li>Gran pantalla LCD retroiluminada<\/li>\n<li>Sensor de alta precisi\u00f3n<\/li>\n<li>Plataforma de acero inoxidable<\/li>\n<li>Funci\u00f3n de calibraci\u00f3n autom\u00e1tica<\/li>\n<li>Capacidad total de tara<\/li>\n<li>Bater\u00eda baja e indicador de sobrecarga<\/li>\n<\/ul>\n<h4>Especificaciones de REED R9850-NIST<\/h4>\n<table class=\"table table-striped\">\n<tbody>\n<tr>\n<td>Rango de medici\u00f3n<\/td>\n<td>15 kg \/ 33 lbs \/ 529 oz \/ 15000g<\/td>\n<\/tr>\n<tr>\n<td>Exactitud<\/td>\n<td>\u00b12g<\/td>\n<\/tr>\n<tr>\n<td>Resoluci\u00f3n<\/td>\n<td>2g<\/td>\n<\/tr>\n<tr>\n<td>Unidades<\/td>\n<td>kg, libras, g, onzas, lb-oz, lb-1\/4oz, 1\/4oz<\/td>\n<\/tr>\n<tr>\n<td>Tara<\/td>\n<td>S\u00ed<\/td>\n<\/tr>\n<tr>\n<td>Apagado autom\u00e1tico<\/td>\n<td>S\u00ed (despu\u00e9s de 120 segundos)<\/td>\n<\/tr>\n<tr>\n<td>Indicador de bater\u00eda baja<\/td>\n<td>S\u00ed<\/td>\n<\/tr>\n<tr>\n<td>Indicador de sobrecarga<\/td>\n<td>S\u00ed<\/td>\n<\/tr>\n<tr>\n<td>Tama\u00f1o de la plataforma<\/td>\n<td>7 x 7&#8243; (17 x 17 cm)<\/td>\n<\/tr>\n<tr>\n<td>Fuente de alimentaci\u00f3n<\/td>\n<td>4 pilas recargables AA (1,2 V) o<br \/>\nadaptador de corriente AC\/DC de 110 V<\/td>\n<\/tr>\n<tr>\n<td>Certificaciones de productos<\/td>\n<td>Despu\u00e9s de Cristo<\/td>\n<\/tr>\n<tr>\n<td>Temperatura de funcionamiento<\/td>\n<td>41 a 104 \u00b0F (5 a 40 \u00b0C)<\/td>\n<\/tr>\n<tr>\n<td>Temperatura de almacenamiento<\/td>\n<td>-4 a 140 \u00b0F (-20 a 60 \u00b0C)<\/td>\n<\/tr>\n<\/tbody>\n<\/table>\n","protected":false},"excerpt":{"rendered":"<p class=\"short-description mhide ipad-view-setting\">B\u00e1scula digital de control de porciones industriales. Mide en gramos, kilogramos, libras y onzas.<\/p>\n","protected":false},"featured_media":7738,"comment_status":"open","ping_status":"closed","template":"","meta":{"_joinchat":[]},"product_brand":[],"product_cat":[15],"product_tag":[],"class_list":{"0":"post-7730","1":"product","2":"type-product","3":"status-publish","4":"has-post-thumbnail","6":"product_cat-sin-categorizar","8":"first","9":"instock","10":"shipping-taxable","11":"product-type-simple"},"yoast_head":"<!-- This site is optimized with the Yoast SEO plugin v26.4 - https:\/\/yoast.com\/wordpress\/plugins\/seo\/ -->\n<title>Reed r9850-nist b\u00e1scula digital de control de porciones industriales - Abaa tienda online<\/title>\n<meta name=\"robots\" content=\"index, follow, max-snippet:-1, max-image-preview:large, max-video-preview:-1\" \/>\n<link rel=\"canonical\" href=\"https:\/\/abaa.mx\/tienda\/reed-r9850-nist-bascula-digital-de-control-de-porciones-industriales\/\" \/>\n<meta property=\"og:locale\" content=\"es_MX\" \/>\n<meta property=\"og:type\" content=\"article\" \/>\n<meta property=\"og:title\" content=\"Reed r9850-nist b\u00e1scula digital de control de porciones industriales - Abaa tienda online\" \/>\n<meta property=\"og:description\" content=\"B\u00e1scula digital de control de porciones industriales. Mide en gramos, kilogramos, libras y onzas.\" \/>\n<meta property=\"og:url\" content=\"https:\/\/abaa.mx\/tienda\/reed-r9850-nist-bascula-digital-de-control-de-porciones-industriales\/\" \/>\n<meta property=\"og:site_name\" content=\"Abaa tienda online\" \/>\n<meta property=\"article:modified_time\" content=\"2023-10-24T20:06:46+00:00\" \/>\n<meta property=\"og:image\" content=\"https:\/\/abaa.mx\/tienda\/wp-content\/uploads\/2023\/10\/R9850-NIST.jpg\" \/>\n\t<meta property=\"og:image:width\" content=\"560\" \/>\n\t<meta property=\"og:image:height\" content=\"560\" \/>\n\t<meta property=\"og:image:type\" content=\"image\/jpeg\" \/>\n<meta name=\"twitter:card\" content=\"summary_large_image\" \/>\n<meta name=\"twitter:label1\" content=\"Tiempo de lectura\" \/>\n\t<meta name=\"twitter:data1\" content=\"1 minuto\" \/>\n<script type=\"application\/ld+json\" class=\"yoast-schema-graph\">{\"@context\":\"https:\/\/schema.org\",\"@graph\":[{\"@type\":\"WebPage\",\"@id\":\"https:\/\/abaa.mx\/tienda\/reed-r9850-nist-bascula-digital-de-control-de-porciones-industriales\/\",\"url\":\"https:\/\/abaa.mx\/tienda\/reed-r9850-nist-bascula-digital-de-control-de-porciones-industriales\/\",\"name\":\"Reed r9850-nist b\u00e1scula digital de control de porciones industriales - Abaa tienda online\",\"isPartOf\":{\"@id\":\"https:\/\/abaa.mx\/tienda\/#website\"},\"primaryImageOfPage\":{\"@id\":\"https:\/\/abaa.mx\/tienda\/reed-r9850-nist-bascula-digital-de-control-de-porciones-industriales\/#primaryimage\"},\"image\":{\"@id\":\"https:\/\/abaa.mx\/tienda\/reed-r9850-nist-bascula-digital-de-control-de-porciones-industriales\/#primaryimage\"},\"thumbnailUrl\":\"https:\/\/abaa.mx\/tienda\/wp-content\/uploads\/2023\/10\/R9850-NIST.jpg\",\"datePublished\":\"2023-10-24T20:06:45+00:00\",\"dateModified\":\"2023-10-24T20:06:46+00:00\",\"breadcrumb\":{\"@id\":\"https:\/\/abaa.mx\/tienda\/reed-r9850-nist-bascula-digital-de-control-de-porciones-industriales\/#breadcrumb\"},\"inLanguage\":\"es\",\"potentialAction\":[{\"@type\":\"ReadAction\",\"target\":[\"https:\/\/abaa.mx\/tienda\/reed-r9850-nist-bascula-digital-de-control-de-porciones-industriales\/\"]}]},{\"@type\":\"ImageObject\",\"inLanguage\":\"es\",\"@id\":\"https:\/\/abaa.mx\/tienda\/reed-r9850-nist-bascula-digital-de-control-de-porciones-industriales\/#primaryimage\",\"url\":\"https:\/\/abaa.mx\/tienda\/wp-content\/uploads\/2023\/10\/R9850-NIST.jpg\",\"contentUrl\":\"https:\/\/abaa.mx\/tienda\/wp-content\/uploads\/2023\/10\/R9850-NIST.jpg\",\"width\":560,\"height\":560,\"caption\":\"reed-r9850-nist-bascula-digital-de-control-de-porciones-industriales\"},{\"@type\":\"BreadcrumbList\",\"@id\":\"https:\/\/abaa.mx\/tienda\/reed-r9850-nist-bascula-digital-de-control-de-porciones-industriales\/#breadcrumb\",\"itemListElement\":[{\"@type\":\"ListItem\",\"position\":1,\"name\":\"Inicio\",\"item\":\"https:\/\/abaa.mx\/tienda\/\"},{\"@type\":\"ListItem\",\"position\":2,\"name\":\"Tienda\",\"item\":\"https:\/\/abaa.mx\/tienda\/\"},{\"@type\":\"ListItem\",\"position\":3,\"name\":\"Reed r9850-nist b\u00e1scula digital de control de porciones industriales\"}]},{\"@type\":\"WebSite\",\"@id\":\"https:\/\/abaa.mx\/tienda\/#website\",\"url\":\"https:\/\/abaa.mx\/tienda\/\",\"name\":\"Abaa tienda online\",\"description\":\"Instrumentos de medici\u00f3n\",\"publisher\":{\"@id\":\"https:\/\/abaa.mx\/tienda\/#organization\"},\"potentialAction\":[{\"@type\":\"SearchAction\",\"target\":{\"@type\":\"EntryPoint\",\"urlTemplate\":\"https:\/\/abaa.mx\/tienda\/?s={search_term_string}\"},\"query-input\":{\"@type\":\"PropertyValueSpecification\",\"valueRequired\":true,\"valueName\":\"search_term_string\"}}],\"inLanguage\":\"es\"},{\"@type\":\"Organization\",\"@id\":\"https:\/\/abaa.mx\/tienda\/#organization\",\"name\":\"Abaa tienda online\",\"url\":\"https:\/\/abaa.mx\/tienda\/\",\"logo\":{\"@type\":\"ImageObject\",\"inLanguage\":\"es\",\"@id\":\"https:\/\/abaa.mx\/tienda\/#\/schema\/logo\/image\/\",\"url\":\"https:\/\/abaa.mx\/tienda\/wp-content\/uploads\/2024\/01\/abaa-metrologia-tienda.png\",\"contentUrl\":\"https:\/\/abaa.mx\/tienda\/wp-content\/uploads\/2024\/01\/abaa-metrologia-tienda.png\",\"width\":300,\"height\":141,\"caption\":\"Abaa tienda online\"},\"image\":{\"@id\":\"https:\/\/abaa.mx\/tienda\/#\/schema\/logo\/image\/\"}}]}<\/script>\n<!-- \/ Yoast SEO plugin. -->","yoast_head_json":{"title":"Reed r9850-nist b\u00e1scula digital de control de porciones industriales - Abaa tienda online","robots":{"index":"index","follow":"follow","max-snippet":"max-snippet:-1","max-image-preview":"max-image-preview:large","max-video-preview":"max-video-preview:-1"},"canonical":"https:\/\/abaa.mx\/tienda\/reed-r9850-nist-bascula-digital-de-control-de-porciones-industriales\/","og_locale":"es_MX","og_type":"article","og_title":"Reed r9850-nist b\u00e1scula digital de control de porciones industriales - Abaa tienda online","og_description":"B\u00e1scula digital de control de porciones industriales. Mide en gramos, kilogramos, libras y onzas.","og_url":"https:\/\/abaa.mx\/tienda\/reed-r9850-nist-bascula-digital-de-control-de-porciones-industriales\/","og_site_name":"Abaa tienda online","article_modified_time":"2023-10-24T20:06:46+00:00","og_image":[{"width":560,"height":560,"url":"https:\/\/abaa.mx\/tienda\/wp-content\/uploads\/2023\/10\/R9850-NIST.jpg","type":"image\/jpeg"}],"twitter_card":"summary_large_image","twitter_misc":{"Tiempo de lectura":"1 minuto"},"schema":{"@context":"https:\/\/schema.org","@graph":[{"@type":"WebPage","@id":"https:\/\/abaa.mx\/tienda\/reed-r9850-nist-bascula-digital-de-control-de-porciones-industriales\/","url":"https:\/\/abaa.mx\/tienda\/reed-r9850-nist-bascula-digital-de-control-de-porciones-industriales\/","name":"Reed r9850-nist b\u00e1scula digital de control de porciones industriales - Abaa tienda online","isPartOf":{"@id":"https:\/\/abaa.mx\/tienda\/#website"},"primaryImageOfPage":{"@id":"https:\/\/abaa.mx\/tienda\/reed-r9850-nist-bascula-digital-de-control-de-porciones-industriales\/#primaryimage"},"image":{"@id":"https:\/\/abaa.mx\/tienda\/reed-r9850-nist-bascula-digital-de-control-de-porciones-industriales\/#primaryimage"},"thumbnailUrl":"https:\/\/abaa.mx\/tienda\/wp-content\/uploads\/2023\/10\/R9850-NIST.jpg","datePublished":"2023-10-24T20:06:45+00:00","dateModified":"2023-10-24T20:06:46+00:00","breadcrumb":{"@id":"https:\/\/abaa.mx\/tienda\/reed-r9850-nist-bascula-digital-de-control-de-porciones-industriales\/#breadcrumb"},"inLanguage":"es","potentialAction":[{"@type":"ReadAction","target":["https:\/\/abaa.mx\/tienda\/reed-r9850-nist-bascula-digital-de-control-de-porciones-industriales\/"]}]},{"@type":"ImageObject","inLanguage":"es","@id":"https:\/\/abaa.mx\/tienda\/reed-r9850-nist-bascula-digital-de-control-de-porciones-industriales\/#primaryimage","url":"https:\/\/abaa.mx\/tienda\/wp-content\/uploads\/2023\/10\/R9850-NIST.jpg","contentUrl":"https:\/\/abaa.mx\/tienda\/wp-content\/uploads\/2023\/10\/R9850-NIST.jpg","width":560,"height":560,"caption":"reed-r9850-nist-bascula-digital-de-control-de-porciones-industriales"},{"@type":"BreadcrumbList","@id":"https:\/\/abaa.mx\/tienda\/reed-r9850-nist-bascula-digital-de-control-de-porciones-industriales\/#breadcrumb","itemListElement":[{"@type":"ListItem","position":1,"name":"Inicio","item":"https:\/\/abaa.mx\/tienda\/"},{"@type":"ListItem","position":2,"name":"Tienda","item":"https:\/\/abaa.mx\/tienda\/"},{"@type":"ListItem","position":3,"name":"Reed r9850-nist b\u00e1scula digital de control de porciones industriales"}]},{"@type":"WebSite","@id":"https:\/\/abaa.mx\/tienda\/#website","url":"https:\/\/abaa.mx\/tienda\/","name":"Abaa tienda online","description":"Instrumentos de medici\u00f3n","publisher":{"@id":"https:\/\/abaa.mx\/tienda\/#organization"},"potentialAction":[{"@type":"SearchAction","target":{"@type":"EntryPoint","urlTemplate":"https:\/\/abaa.mx\/tienda\/?s={search_term_string}"},"query-input":{"@type":"PropertyValueSpecification","valueRequired":true,"valueName":"search_term_string"}}],"inLanguage":"es"},{"@type":"Organization","@id":"https:\/\/abaa.mx\/tienda\/#organization","name":"Abaa tienda online","url":"https:\/\/abaa.mx\/tienda\/","logo":{"@type":"ImageObject","inLanguage":"es","@id":"https:\/\/abaa.mx\/tienda\/#\/schema\/logo\/image\/","url":"https:\/\/abaa.mx\/tienda\/wp-content\/uploads\/2024\/01\/abaa-metrologia-tienda.png","contentUrl":"https:\/\/abaa.mx\/tienda\/wp-content\/uploads\/2024\/01\/abaa-metrologia-tienda.png","width":300,"height":141,"caption":"Abaa tienda online"},"image":{"@id":"https:\/\/abaa.mx\/tienda\/#\/schema\/logo\/image\/"}}]}},"_links":{"self":[{"href":"https:\/\/abaa.mx\/tienda\/wp-json\/wp\/v2\/product\/7730","targetHints":{"allow":["GET"]}}],"collection":[{"href":"https:\/\/abaa.mx\/tienda\/wp-json\/wp\/v2\/product"}],"about":[{"href":"https:\/\/abaa.mx\/tienda\/wp-json\/wp\/v2\/types\/product"}],"replies":[{"embeddable":true,"href":"https:\/\/abaa.mx\/tienda\/wp-json\/wp\/v2\/comments?post=7730"}],"wp:featuredmedia":[{"embeddable":true,"href":"https:\/\/abaa.mx\/tienda\/wp-json\/wp\/v2\/media\/7738"}],"wp:attachment":[{"href":"https:\/\/abaa.mx\/tienda\/wp-json\/wp\/v2\/media?parent=7730"}],"wp:term":[{"taxonomy":"product_brand","embeddable":true,"href":"https:\/\/abaa.mx\/tienda\/wp-json\/wp\/v2\/product_brand?post=7730"},{"taxonomy":"product_cat","embeddable":true,"href":"https:\/\/abaa.mx\/tienda\/wp-json\/wp\/v2\/product_cat?post=7730"},{"taxonomy":"product_tag","embeddable":true,"href":"https:\/\/abaa.mx\/tienda\/wp-json\/wp\/v2\/product_tag?post=7730"}],"curies":[{"name":"wp","href":"https:\/\/api.w.org\/{rel}","templated":true}]}}