{"id":7707,"date":"2023-10-24T19:19:20","date_gmt":"2023-10-24T19:19:20","guid":{"rendered":"https:\/\/abaa.mx\/tienda\/?post_type=product&#038;p=7707"},"modified":"2023-10-24T19:19:20","modified_gmt":"2023-10-24T19:19:20","slug":"multimetro-digital-testo-760-1-con-capacitancia-y-configuracion-automatica-2","status":"publish","type":"product","link":"https:\/\/abaa.mx\/tienda\/multimetro-digital-testo-760-1-con-capacitancia-y-configuracion-automatica-2\/","title":{"rendered":"Mult\u00edmetro digital testo 760-1 con capacitancia y configuraci\u00f3n autom\u00e1tica"},"content":{"rendered":"<p>Los ajustes de funci\u00f3n y rango son siempre correctos porque los par\u00e1metros de medici\u00f3n se detectan y ajustan autom\u00e1ticamente. Tres botones de f\u00e1cil lectura sustituyen al interruptor giratorio tradicional al seleccionar las funciones de prueba manuales.<\/p>\n<p><strong>Funciones<\/strong><\/p>\n<ul>\n<li>La configuraci\u00f3n autom\u00e1tica de la prueba basada en la conexi\u00f3n de cables evita que se quemen fusibles en el medidor<\/li>\n<li>El medidor evita cambiar de V a A o de A a V si los cables no est\u00e1n en el enchufe adecuado<\/li>\n<li>El medidor detecta autom\u00e1ticamente las pruebas en proceso y selecciona la configuraci\u00f3n correcta del medidor para ahorrar tiempo y optimizar la precisi\u00f3n<\/li>\n<li>3 botones que se iluminan para una selecci\u00f3n f\u00e1cil y clara de las funciones de prueba<\/li>\n<\/ul>\n<p><strong>Aplicaciones<\/strong><\/p>\n<p>Contratistas El\u00e9ctricos, T\u00e9cnicos de HVAC\/R, Mantenimiento de Plantas<\/p>\n<h4>Especificaciones de Testo 760-1<\/h4>\n<table class=\"table table-striped\">\n<tbody>\n<tr>\n<td>Precisi\u00f3n b\u00e1sica<\/td>\n<td>0.8 %<\/td>\n<\/tr>\n<tr>\n<td>Rango de medici\u00f3n de voltaje AC\/DC<\/td>\n<td>De 0,1 mV a 600 V<\/td>\n<\/tr>\n<tr>\n<td>Rango de medici\u00f3n de corriente AC\/DC<\/td>\n<td>De 1 mA a 10 A<\/td>\n<\/tr>\n<tr>\n<td>Rango de resistencia<\/td>\n<td>De 0,1 a 40 M\u03a9<\/td>\n<\/tr>\n<tr>\n<td>Rango de frecuencia<\/td>\n<td>De 0,001 Hz a 500 kHz<\/td>\n<\/tr>\n<tr>\n<td>Rango de capacitancia<\/td>\n<td>De 0,001 nF a 100 \u03bcF<\/td>\n<\/tr>\n<tr>\n<td>Pantalla (lectura dual)<\/td>\n<td>4.000 cuentas<\/td>\n<\/tr>\n<tr>\n<td>Categor\u00eda de seguridad<\/td>\n<td>CAT III 600\u00a0V<\/td>\n<\/tr>\n<tr>\n<td>Pruebas de continuidad<\/td>\n<td>&lt;30 \u03a9<\/td>\n<\/tr>\n<tr>\n<td>Prueba de diodos<\/td>\n<td>2,5 V<\/td>\n<\/tr>\n<tr>\n<td>Clase de protecci\u00f3n<\/td>\n<td>IP\u00a064<\/td>\n<\/tr>\n<tr>\n<td>Temperatura de funcionamiento<\/td>\n<td>De -10 a +50 \u00b0C (de 14 a 122 \u00b0F)<\/td>\n<\/tr>\n<tr>\n<td>Temperatura de almacenamiento<\/td>\n<td>-5 a 140 \u00b0F (-15 a +60 \u00b0C)<\/td>\n<\/tr>\n<tr>\n<td>Dimensiones<\/td>\n<td>6,6 x 3,3 x 1,77 pulgadas (167 x 84 x 45 mm)<\/td>\n<\/tr>\n<tr>\n<td>Peso<\/td>\n<td>330 g (0,73 libras)<\/td>\n<\/tr>\n<\/tbody>\n<\/table>\n","protected":false},"excerpt":{"rendered":"<p class=\"short-description mhide ipad-view-setting\">La exclusiva configuraci\u00f3n de autocomprobaci\u00f3n de Testo permite al usuario encender la unidad, conectar los cables y comenzar a medir. El mult\u00edmetro digital Testo 760 detecta la conexi\u00f3n de los cables y evita el cambio de V a A o de A a V si los cables no est\u00e1n en el enchufe adecuado. Esto evita que se queme accidentalmente el fusible del medidor debido a conexiones incorrectas.<\/p>\n<p class=\"comment-tag-product\">\n<div class=\"row-fluid\">\n<div class=\"span12 mobile-pricing-box-padding\">\n<form id=\"90043\" accept-charset=\"utf-8\" action=\"https:\/\/www.globaltestsupply.com\/shop\/add\" method=\"post\" name=\"addTocartFunction\">\n<div><\/div>\n<\/form>\n<\/div>\n<\/div>\n","protected":false},"featured_media":7714,"comment_status":"open","ping_status":"closed","template":"","meta":{"_joinchat":[]},"product_brand":[],"product_cat":[15],"product_tag":[],"class_list":{"0":"post-7707","1":"product","2":"type-product","3":"status-publish","4":"has-post-thumbnail","6":"product_cat-sin-categorizar","8":"first","9":"instock","10":"shipping-taxable","11":"product-type-simple"},"yoast_head":"<!-- This site is optimized with the Yoast SEO plugin v26.4 - https:\/\/yoast.com\/wordpress\/plugins\/seo\/ -->\n<title>Mult\u00edmetro digital testo 760-1 con capacitancia y configuraci\u00f3n autom\u00e1tica - Abaa tienda online<\/title>\n<meta name=\"robots\" content=\"index, follow, max-snippet:-1, max-image-preview:large, max-video-preview:-1\" \/>\n<link rel=\"canonical\" href=\"https:\/\/abaa.mx\/tienda\/multimetro-digital-testo-760-1-con-capacitancia-y-configuracion-automatica-2\/\" \/>\n<meta property=\"og:locale\" content=\"es_MX\" \/>\n<meta property=\"og:type\" content=\"article\" \/>\n<meta property=\"og:title\" content=\"Mult\u00edmetro digital testo 760-1 con capacitancia y configuraci\u00f3n autom\u00e1tica - Abaa tienda online\" \/>\n<meta property=\"og:description\" content=\"La exclusiva configuraci\u00f3n de autocomprobaci\u00f3n de Testo permite al usuario encender la unidad, conectar los cables y comenzar a medir. El mult\u00edmetro digital Testo 760 detecta la conexi\u00f3n de los cables y evita el cambio de V a A o de A a V si los cables no est\u00e1n en el enchufe adecuado. Esto evita que se queme accidentalmente el fusible del medidor debido a conexiones incorrectas.\" \/>\n<meta property=\"og:url\" content=\"https:\/\/abaa.mx\/tienda\/multimetro-digital-testo-760-1-con-capacitancia-y-configuracion-automatica-2\/\" \/>\n<meta property=\"og:site_name\" content=\"Abaa tienda online\" \/>\n<meta property=\"og:image\" content=\"https:\/\/abaa.mx\/tienda\/wp-content\/uploads\/2023\/10\/760-1-1.jpg\" \/>\n\t<meta property=\"og:image:width\" content=\"270\" \/>\n\t<meta property=\"og:image:height\" content=\"331\" \/>\n\t<meta property=\"og:image:type\" content=\"image\/jpeg\" \/>\n<meta name=\"twitter:card\" content=\"summary_large_image\" \/>\n<meta name=\"twitter:label1\" content=\"Tiempo de lectura\" \/>\n\t<meta name=\"twitter:data1\" content=\"2 minutos\" \/>\n<script type=\"application\/ld+json\" class=\"yoast-schema-graph\">{\"@context\":\"https:\/\/schema.org\",\"@graph\":[{\"@type\":\"WebPage\",\"@id\":\"https:\/\/abaa.mx\/tienda\/multimetro-digital-testo-760-1-con-capacitancia-y-configuracion-automatica-2\/\",\"url\":\"https:\/\/abaa.mx\/tienda\/multimetro-digital-testo-760-1-con-capacitancia-y-configuracion-automatica-2\/\",\"name\":\"Mult\u00edmetro digital testo 760-1 con capacitancia y configuraci\u00f3n autom\u00e1tica - Abaa tienda online\",\"isPartOf\":{\"@id\":\"https:\/\/abaa.mx\/tienda\/#website\"},\"primaryImageOfPage\":{\"@id\":\"https:\/\/abaa.mx\/tienda\/multimetro-digital-testo-760-1-con-capacitancia-y-configuracion-automatica-2\/#primaryimage\"},\"image\":{\"@id\":\"https:\/\/abaa.mx\/tienda\/multimetro-digital-testo-760-1-con-capacitancia-y-configuracion-automatica-2\/#primaryimage\"},\"thumbnailUrl\":\"https:\/\/abaa.mx\/tienda\/wp-content\/uploads\/2023\/10\/760-1-1.jpg\",\"datePublished\":\"2023-10-24T19:19:20+00:00\",\"breadcrumb\":{\"@id\":\"https:\/\/abaa.mx\/tienda\/multimetro-digital-testo-760-1-con-capacitancia-y-configuracion-automatica-2\/#breadcrumb\"},\"inLanguage\":\"es\",\"potentialAction\":[{\"@type\":\"ReadAction\",\"target\":[\"https:\/\/abaa.mx\/tienda\/multimetro-digital-testo-760-1-con-capacitancia-y-configuracion-automatica-2\/\"]}]},{\"@type\":\"ImageObject\",\"inLanguage\":\"es\",\"@id\":\"https:\/\/abaa.mx\/tienda\/multimetro-digital-testo-760-1-con-capacitancia-y-configuracion-automatica-2\/#primaryimage\",\"url\":\"https:\/\/abaa.mx\/tienda\/wp-content\/uploads\/2023\/10\/760-1-1.jpg\",\"contentUrl\":\"https:\/\/abaa.mx\/tienda\/wp-content\/uploads\/2023\/10\/760-1-1.jpg\",\"width\":270,\"height\":331,\"caption\":\"760-1\"},{\"@type\":\"BreadcrumbList\",\"@id\":\"https:\/\/abaa.mx\/tienda\/multimetro-digital-testo-760-1-con-capacitancia-y-configuracion-automatica-2\/#breadcrumb\",\"itemListElement\":[{\"@type\":\"ListItem\",\"position\":1,\"name\":\"Inicio\",\"item\":\"https:\/\/abaa.mx\/tienda\/\"},{\"@type\":\"ListItem\",\"position\":2,\"name\":\"Tienda\",\"item\":\"https:\/\/abaa.mx\/tienda\/\"},{\"@type\":\"ListItem\",\"position\":3,\"name\":\"Mult\u00edmetro digital testo 760-1 con capacitancia y configuraci\u00f3n autom\u00e1tica\"}]},{\"@type\":\"WebSite\",\"@id\":\"https:\/\/abaa.mx\/tienda\/#website\",\"url\":\"https:\/\/abaa.mx\/tienda\/\",\"name\":\"Abaa tienda online\",\"description\":\"Instrumentos de medici\u00f3n\",\"publisher\":{\"@id\":\"https:\/\/abaa.mx\/tienda\/#organization\"},\"potentialAction\":[{\"@type\":\"SearchAction\",\"target\":{\"@type\":\"EntryPoint\",\"urlTemplate\":\"https:\/\/abaa.mx\/tienda\/?s={search_term_string}\"},\"query-input\":{\"@type\":\"PropertyValueSpecification\",\"valueRequired\":true,\"valueName\":\"search_term_string\"}}],\"inLanguage\":\"es\"},{\"@type\":\"Organization\",\"@id\":\"https:\/\/abaa.mx\/tienda\/#organization\",\"name\":\"Abaa tienda online\",\"url\":\"https:\/\/abaa.mx\/tienda\/\",\"logo\":{\"@type\":\"ImageObject\",\"inLanguage\":\"es\",\"@id\":\"https:\/\/abaa.mx\/tienda\/#\/schema\/logo\/image\/\",\"url\":\"https:\/\/abaa.mx\/tienda\/wp-content\/uploads\/2024\/01\/abaa-metrologia-tienda.png\",\"contentUrl\":\"https:\/\/abaa.mx\/tienda\/wp-content\/uploads\/2024\/01\/abaa-metrologia-tienda.png\",\"width\":300,\"height\":141,\"caption\":\"Abaa tienda online\"},\"image\":{\"@id\":\"https:\/\/abaa.mx\/tienda\/#\/schema\/logo\/image\/\"}}]}<\/script>\n<!-- \/ Yoast SEO plugin. -->","yoast_head_json":{"title":"Mult\u00edmetro digital testo 760-1 con capacitancia y configuraci\u00f3n autom\u00e1tica - Abaa tienda online","robots":{"index":"index","follow":"follow","max-snippet":"max-snippet:-1","max-image-preview":"max-image-preview:large","max-video-preview":"max-video-preview:-1"},"canonical":"https:\/\/abaa.mx\/tienda\/multimetro-digital-testo-760-1-con-capacitancia-y-configuracion-automatica-2\/","og_locale":"es_MX","og_type":"article","og_title":"Mult\u00edmetro digital testo 760-1 con capacitancia y configuraci\u00f3n autom\u00e1tica - Abaa tienda online","og_description":"La exclusiva configuraci\u00f3n de autocomprobaci\u00f3n de Testo permite al usuario encender la unidad, conectar los cables y comenzar a medir. El mult\u00edmetro digital Testo 760 detecta la conexi\u00f3n de los cables y evita el cambio de V a A o de A a V si los cables no est\u00e1n en el enchufe adecuado. Esto evita que se queme accidentalmente el fusible del medidor debido a conexiones incorrectas.","og_url":"https:\/\/abaa.mx\/tienda\/multimetro-digital-testo-760-1-con-capacitancia-y-configuracion-automatica-2\/","og_site_name":"Abaa tienda online","og_image":[{"width":270,"height":331,"url":"https:\/\/abaa.mx\/tienda\/wp-content\/uploads\/2023\/10\/760-1-1.jpg","type":"image\/jpeg"}],"twitter_card":"summary_large_image","twitter_misc":{"Tiempo de lectura":"2 minutos"},"schema":{"@context":"https:\/\/schema.org","@graph":[{"@type":"WebPage","@id":"https:\/\/abaa.mx\/tienda\/multimetro-digital-testo-760-1-con-capacitancia-y-configuracion-automatica-2\/","url":"https:\/\/abaa.mx\/tienda\/multimetro-digital-testo-760-1-con-capacitancia-y-configuracion-automatica-2\/","name":"Mult\u00edmetro digital testo 760-1 con capacitancia y configuraci\u00f3n autom\u00e1tica - Abaa tienda online","isPartOf":{"@id":"https:\/\/abaa.mx\/tienda\/#website"},"primaryImageOfPage":{"@id":"https:\/\/abaa.mx\/tienda\/multimetro-digital-testo-760-1-con-capacitancia-y-configuracion-automatica-2\/#primaryimage"},"image":{"@id":"https:\/\/abaa.mx\/tienda\/multimetro-digital-testo-760-1-con-capacitancia-y-configuracion-automatica-2\/#primaryimage"},"thumbnailUrl":"https:\/\/abaa.mx\/tienda\/wp-content\/uploads\/2023\/10\/760-1-1.jpg","datePublished":"2023-10-24T19:19:20+00:00","breadcrumb":{"@id":"https:\/\/abaa.mx\/tienda\/multimetro-digital-testo-760-1-con-capacitancia-y-configuracion-automatica-2\/#breadcrumb"},"inLanguage":"es","potentialAction":[{"@type":"ReadAction","target":["https:\/\/abaa.mx\/tienda\/multimetro-digital-testo-760-1-con-capacitancia-y-configuracion-automatica-2\/"]}]},{"@type":"ImageObject","inLanguage":"es","@id":"https:\/\/abaa.mx\/tienda\/multimetro-digital-testo-760-1-con-capacitancia-y-configuracion-automatica-2\/#primaryimage","url":"https:\/\/abaa.mx\/tienda\/wp-content\/uploads\/2023\/10\/760-1-1.jpg","contentUrl":"https:\/\/abaa.mx\/tienda\/wp-content\/uploads\/2023\/10\/760-1-1.jpg","width":270,"height":331,"caption":"760-1"},{"@type":"BreadcrumbList","@id":"https:\/\/abaa.mx\/tienda\/multimetro-digital-testo-760-1-con-capacitancia-y-configuracion-automatica-2\/#breadcrumb","itemListElement":[{"@type":"ListItem","position":1,"name":"Inicio","item":"https:\/\/abaa.mx\/tienda\/"},{"@type":"ListItem","position":2,"name":"Tienda","item":"https:\/\/abaa.mx\/tienda\/"},{"@type":"ListItem","position":3,"name":"Mult\u00edmetro digital testo 760-1 con capacitancia y configuraci\u00f3n autom\u00e1tica"}]},{"@type":"WebSite","@id":"https:\/\/abaa.mx\/tienda\/#website","url":"https:\/\/abaa.mx\/tienda\/","name":"Abaa tienda online","description":"Instrumentos de medici\u00f3n","publisher":{"@id":"https:\/\/abaa.mx\/tienda\/#organization"},"potentialAction":[{"@type":"SearchAction","target":{"@type":"EntryPoint","urlTemplate":"https:\/\/abaa.mx\/tienda\/?s={search_term_string}"},"query-input":{"@type":"PropertyValueSpecification","valueRequired":true,"valueName":"search_term_string"}}],"inLanguage":"es"},{"@type":"Organization","@id":"https:\/\/abaa.mx\/tienda\/#organization","name":"Abaa tienda online","url":"https:\/\/abaa.mx\/tienda\/","logo":{"@type":"ImageObject","inLanguage":"es","@id":"https:\/\/abaa.mx\/tienda\/#\/schema\/logo\/image\/","url":"https:\/\/abaa.mx\/tienda\/wp-content\/uploads\/2024\/01\/abaa-metrologia-tienda.png","contentUrl":"https:\/\/abaa.mx\/tienda\/wp-content\/uploads\/2024\/01\/abaa-metrologia-tienda.png","width":300,"height":141,"caption":"Abaa tienda online"},"image":{"@id":"https:\/\/abaa.mx\/tienda\/#\/schema\/logo\/image\/"}}]}},"_links":{"self":[{"href":"https:\/\/abaa.mx\/tienda\/wp-json\/wp\/v2\/product\/7707","targetHints":{"allow":["GET"]}}],"collection":[{"href":"https:\/\/abaa.mx\/tienda\/wp-json\/wp\/v2\/product"}],"about":[{"href":"https:\/\/abaa.mx\/tienda\/wp-json\/wp\/v2\/types\/product"}],"replies":[{"embeddable":true,"href":"https:\/\/abaa.mx\/tienda\/wp-json\/wp\/v2\/comments?post=7707"}],"wp:featuredmedia":[{"embeddable":true,"href":"https:\/\/abaa.mx\/tienda\/wp-json\/wp\/v2\/media\/7714"}],"wp:attachment":[{"href":"https:\/\/abaa.mx\/tienda\/wp-json\/wp\/v2\/media?parent=7707"}],"wp:term":[{"taxonomy":"product_brand","embeddable":true,"href":"https:\/\/abaa.mx\/tienda\/wp-json\/wp\/v2\/product_brand?post=7707"},{"taxonomy":"product_cat","embeddable":true,"href":"https:\/\/abaa.mx\/tienda\/wp-json\/wp\/v2\/product_cat?post=7707"},{"taxonomy":"product_tag","embeddable":true,"href":"https:\/\/abaa.mx\/tienda\/wp-json\/wp\/v2\/product_tag?post=7707"}],"curies":[{"name":"wp","href":"https:\/\/api.w.org\/{rel}","templated":true}]}}