{"id":7706,"date":"2023-10-24T19:18:15","date_gmt":"2023-10-24T19:18:15","guid":{"rendered":"https:\/\/abaa.mx\/tienda\/?post_type=product&#038;p=7706"},"modified":"2023-11-23T17:25:05","modified_gmt":"2023-11-23T17:25:05","slug":"medidor-de-corriente-tension-testo-755-2-con-rotacion-de-fase-y-deteccion-de-tension-de-una-sola-sonda-2","status":"publish","type":"product","link":"https:\/\/abaa.mx\/tienda\/medidor-de-corriente-tension-testo-755-2-con-rotacion-de-fase-y-deteccion-de-tension-de-una-sola-sonda-2\/","title":{"rendered":"Medidor de corriente-tensi\u00f3n testo 755-2 con rotaci\u00f3n de fase y detecci\u00f3n de tensi\u00f3n de una sola sonda"},"content":{"rendered":"<div class=\"span10\">\n<div class=\"mhide ipad-view-setting\">\n<div class=\"row-fluid ProductTabs\">\n<div class=\"span12\">\n<div class=\"tab-content\">\n<div id=\"tab0\" class=\"product-tabs tab-pane active\">\n<p><strong>Funciones<\/strong><\/p>\n<ul>\n<li>Comprobador de rotaci\u00f3n de fase y rango de tensi\u00f3n de hasta 1000 V<\/li>\n<li>Caracter\u00edstica \u00fanica que permite al usuario verificar el voltaje usando un solo cable<\/li>\n<li>Detecci\u00f3n de polaridad para circuitos de CC<\/li>\n<li>El medidor detecta autom\u00e1ticamente las pruebas en proceso y selecciona la configuraci\u00f3n correcta del medidor, lo que ahorra tiempo y optimiza la precisi\u00f3n<\/li>\n<\/ul>\n<p><strong>Aplicaciones<\/strong><\/p>\n<p>Contratistas El\u00e9ctricos, T\u00e9cnicos de HVAC\/R, Mantenimiento de Plantas<\/p>\n<h4>Especificaciones de Testo 755-2<\/h4>\n<table class=\"table table-striped\">\n<tbody>\n<tr>\n<td colspan=\"2\"><strong>Voltaje de CC<\/strong><\/td>\n<\/tr>\n<tr>\n<td>Resoluci\u00f3n<\/td>\n<td>De 6 a 600 V\/0,1 V<\/td>\n<\/tr>\n<tr>\n<td>Exactitud<\/td>\n<td>\u00b1 (1,5% de mv + 3 d\u00edgitos)<\/td>\n<\/tr>\n<tr>\n<td colspan=\"2\"><strong>Voltaje de CA<\/strong><\/td>\n<\/tr>\n<tr>\n<td>Resoluci\u00f3n<\/td>\n<td>De 6 a 600 V\/0,1 V<\/td>\n<\/tr>\n<tr>\n<td>Exactitud<\/td>\n<td>\u00b1 (1,5% de mv + 3 d\u00edgitos)<\/td>\n<\/tr>\n<tr>\n<td colspan=\"2\"><strong>Corriente alterna<\/strong><\/td>\n<\/tr>\n<tr>\n<td>Resoluci\u00f3n<\/td>\n<td>200A\/0.1A<\/td>\n<\/tr>\n<tr>\n<td>Exactitud<\/td>\n<td>\u00b1(3% de mv + 3 d\u00edgitos)<\/td>\n<\/tr>\n<tr>\n<td colspan=\"2\"><strong>Resistencia<\/strong><\/td>\n<\/tr>\n<tr>\n<td>Resoluci\u00f3n<\/td>\n<td>100kOhm\/1Ohm<\/td>\n<\/tr>\n<tr>\n<td>Exactitud<\/td>\n<td>\u00b1(1.0% de mv + 5 d\u00edgitos)<\/td>\n<\/tr>\n<tr>\n<td colspan=\"2\"><strong>Datos t\u00e9cnicos generales<\/strong><\/td>\n<\/tr>\n<tr>\n<td>Clase de protecci\u00f3n<\/td>\n<td>IP64<\/td>\n<\/tr>\n<tr>\n<td>Temperatura de almacenamiento<\/td>\n<td>De 5 \u00b0F a 140 \u00b0F\/de -15 a +60 \u00b0C<\/td>\n<\/tr>\n<tr>\n<td>Categor\u00eda de sobretensi\u00f3n<\/td>\n<td>CAT IV 600V; CAT III 1000V<\/td>\n<\/tr>\n<tr>\n<td>Temperatura de funcionamiento<\/td>\n<td>De 14 \u00b0F a 122 \u00b0F\/de -10 a +50 \u00b0C<\/td>\n<\/tr>\n<\/tbody>\n<\/table>\n<\/div>\n<\/div>\n<\/div>\n<\/div>\n<\/div>\n<\/div>\n","protected":false},"excerpt":{"rendered":"<p class=\"short-description mhide ipad-view-setting\">Cuenta con rotaci\u00f3n de fase, rango de voltaje de hasta 1000 V y la caracter\u00edstica \u00fanica que permite al usuario verificar el voltaje con un solo cable. Los comprobadores de corriente\/tensi\u00f3n Testo 755 son r\u00e1pidos y f\u00e1ciles de usar, especialmente cuando se prueban muchos circuitos. El pr\u00e1ctico probador de corriente de mand\u00edbula abierta se enciende autom\u00e1ticamente cuando el voltaje supera los 6 V.<\/p>\n<div class=\"row-fluid\">\n<div class=\"span12 mobile-pricing-box-padding\">\n<form id=\"90042\" accept-charset=\"utf-8\" action=\"https:\/\/www.globaltestsupply.com\/shop\/add\" method=\"post\" name=\"addTocartFunction\">\n<div><\/div>\n<\/form>\n<\/div>\n<\/div>\n","protected":false},"featured_media":7712,"comment_status":"open","ping_status":"closed","template":"","meta":{"_joinchat":[]},"product_brand":[],"product_cat":[15],"product_tag":[],"class_list":{"0":"post-7706","1":"product","2":"type-product","3":"status-publish","4":"has-post-thumbnail","6":"product_cat-sin-categorizar","8":"first","9":"instock","10":"shipping-taxable","11":"product-type-simple"},"yoast_head":"<!-- This site is optimized with the Yoast SEO plugin v26.4 - https:\/\/yoast.com\/wordpress\/plugins\/seo\/ -->\n<title>Medidor de corriente-tensi\u00f3n testo 755-2 con rotaci\u00f3n de fase y detecci\u00f3n de tensi\u00f3n de una sola sonda - Abaa tienda online<\/title>\n<meta name=\"robots\" content=\"index, follow, max-snippet:-1, max-image-preview:large, max-video-preview:-1\" \/>\n<link rel=\"canonical\" href=\"https:\/\/abaa.mx\/tienda\/medidor-de-corriente-tension-testo-755-2-con-rotacion-de-fase-y-deteccion-de-tension-de-una-sola-sonda-2\/\" \/>\n<meta property=\"og:locale\" content=\"es_MX\" \/>\n<meta property=\"og:type\" content=\"article\" \/>\n<meta property=\"og:title\" content=\"Medidor de corriente-tensi\u00f3n testo 755-2 con rotaci\u00f3n de fase y detecci\u00f3n de tensi\u00f3n de una sola sonda - Abaa tienda online\" \/>\n<meta property=\"og:description\" content=\"Cuenta con rotaci\u00f3n de fase, rango de voltaje de hasta 1000 V y la caracter\u00edstica \u00fanica que permite al usuario verificar el voltaje con un solo cable. Los comprobadores de corriente\/tensi\u00f3n Testo 755 son r\u00e1pidos y f\u00e1ciles de usar, especialmente cuando se prueban muchos circuitos. El pr\u00e1ctico probador de corriente de mand\u00edbula abierta se enciende autom\u00e1ticamente cuando el voltaje supera los 6 V.\" \/>\n<meta property=\"og:url\" content=\"https:\/\/abaa.mx\/tienda\/medidor-de-corriente-tension-testo-755-2-con-rotacion-de-fase-y-deteccion-de-tension-de-una-sola-sonda-2\/\" \/>\n<meta property=\"og:site_name\" content=\"Abaa tienda online\" \/>\n<meta property=\"article:modified_time\" content=\"2023-11-23T17:25:05+00:00\" \/>\n<meta property=\"og:image\" content=\"https:\/\/abaa.mx\/tienda\/wp-content\/uploads\/2023\/10\/755-2-1.jpg\" \/>\n\t<meta property=\"og:image:width\" content=\"270\" \/>\n\t<meta property=\"og:image:height\" content=\"331\" \/>\n\t<meta property=\"og:image:type\" content=\"image\/jpeg\" \/>\n<meta name=\"twitter:card\" content=\"summary_large_image\" \/>\n<meta name=\"twitter:label1\" content=\"Tiempo de lectura\" \/>\n\t<meta name=\"twitter:data1\" content=\"1 minuto\" \/>\n<script type=\"application\/ld+json\" class=\"yoast-schema-graph\">{\"@context\":\"https:\/\/schema.org\",\"@graph\":[{\"@type\":\"WebPage\",\"@id\":\"https:\/\/abaa.mx\/tienda\/medidor-de-corriente-tension-testo-755-2-con-rotacion-de-fase-y-deteccion-de-tension-de-una-sola-sonda-2\/\",\"url\":\"https:\/\/abaa.mx\/tienda\/medidor-de-corriente-tension-testo-755-2-con-rotacion-de-fase-y-deteccion-de-tension-de-una-sola-sonda-2\/\",\"name\":\"Medidor de corriente-tensi\u00f3n testo 755-2 con rotaci\u00f3n de fase y detecci\u00f3n de tensi\u00f3n de una sola sonda - Abaa tienda online\",\"isPartOf\":{\"@id\":\"https:\/\/abaa.mx\/tienda\/#website\"},\"primaryImageOfPage\":{\"@id\":\"https:\/\/abaa.mx\/tienda\/medidor-de-corriente-tension-testo-755-2-con-rotacion-de-fase-y-deteccion-de-tension-de-una-sola-sonda-2\/#primaryimage\"},\"image\":{\"@id\":\"https:\/\/abaa.mx\/tienda\/medidor-de-corriente-tension-testo-755-2-con-rotacion-de-fase-y-deteccion-de-tension-de-una-sola-sonda-2\/#primaryimage\"},\"thumbnailUrl\":\"https:\/\/abaa.mx\/tienda\/wp-content\/uploads\/2023\/10\/755-2-1.jpg\",\"datePublished\":\"2023-10-24T19:18:15+00:00\",\"dateModified\":\"2023-11-23T17:25:05+00:00\",\"breadcrumb\":{\"@id\":\"https:\/\/abaa.mx\/tienda\/medidor-de-corriente-tension-testo-755-2-con-rotacion-de-fase-y-deteccion-de-tension-de-una-sola-sonda-2\/#breadcrumb\"},\"inLanguage\":\"es\",\"potentialAction\":[{\"@type\":\"ReadAction\",\"target\":[\"https:\/\/abaa.mx\/tienda\/medidor-de-corriente-tension-testo-755-2-con-rotacion-de-fase-y-deteccion-de-tension-de-una-sola-sonda-2\/\"]}]},{\"@type\":\"ImageObject\",\"inLanguage\":\"es\",\"@id\":\"https:\/\/abaa.mx\/tienda\/medidor-de-corriente-tension-testo-755-2-con-rotacion-de-fase-y-deteccion-de-tension-de-una-sola-sonda-2\/#primaryimage\",\"url\":\"https:\/\/abaa.mx\/tienda\/wp-content\/uploads\/2023\/10\/755-2-1.jpg\",\"contentUrl\":\"https:\/\/abaa.mx\/tienda\/wp-content\/uploads\/2023\/10\/755-2-1.jpg\",\"width\":270,\"height\":331,\"caption\":\"755-2\"},{\"@type\":\"BreadcrumbList\",\"@id\":\"https:\/\/abaa.mx\/tienda\/medidor-de-corriente-tension-testo-755-2-con-rotacion-de-fase-y-deteccion-de-tension-de-una-sola-sonda-2\/#breadcrumb\",\"itemListElement\":[{\"@type\":\"ListItem\",\"position\":1,\"name\":\"Inicio\",\"item\":\"https:\/\/abaa.mx\/tienda\/\"},{\"@type\":\"ListItem\",\"position\":2,\"name\":\"Tienda\",\"item\":\"https:\/\/abaa.mx\/tienda\/\"},{\"@type\":\"ListItem\",\"position\":3,\"name\":\"Medidor de corriente-tensi\u00f3n testo 755-2 con rotaci\u00f3n de fase y detecci\u00f3n de tensi\u00f3n de una sola sonda\"}]},{\"@type\":\"WebSite\",\"@id\":\"https:\/\/abaa.mx\/tienda\/#website\",\"url\":\"https:\/\/abaa.mx\/tienda\/\",\"name\":\"Abaa tienda online\",\"description\":\"Instrumentos de medici\u00f3n\",\"publisher\":{\"@id\":\"https:\/\/abaa.mx\/tienda\/#organization\"},\"potentialAction\":[{\"@type\":\"SearchAction\",\"target\":{\"@type\":\"EntryPoint\",\"urlTemplate\":\"https:\/\/abaa.mx\/tienda\/?s={search_term_string}\"},\"query-input\":{\"@type\":\"PropertyValueSpecification\",\"valueRequired\":true,\"valueName\":\"search_term_string\"}}],\"inLanguage\":\"es\"},{\"@type\":\"Organization\",\"@id\":\"https:\/\/abaa.mx\/tienda\/#organization\",\"name\":\"Abaa tienda online\",\"url\":\"https:\/\/abaa.mx\/tienda\/\",\"logo\":{\"@type\":\"ImageObject\",\"inLanguage\":\"es\",\"@id\":\"https:\/\/abaa.mx\/tienda\/#\/schema\/logo\/image\/\",\"url\":\"https:\/\/abaa.mx\/tienda\/wp-content\/uploads\/2024\/01\/abaa-metrologia-tienda.png\",\"contentUrl\":\"https:\/\/abaa.mx\/tienda\/wp-content\/uploads\/2024\/01\/abaa-metrologia-tienda.png\",\"width\":300,\"height\":141,\"caption\":\"Abaa tienda online\"},\"image\":{\"@id\":\"https:\/\/abaa.mx\/tienda\/#\/schema\/logo\/image\/\"}}]}<\/script>\n<!-- \/ Yoast SEO plugin. -->","yoast_head_json":{"title":"Medidor de corriente-tensi\u00f3n testo 755-2 con rotaci\u00f3n de fase y detecci\u00f3n de tensi\u00f3n de una sola sonda - Abaa tienda online","robots":{"index":"index","follow":"follow","max-snippet":"max-snippet:-1","max-image-preview":"max-image-preview:large","max-video-preview":"max-video-preview:-1"},"canonical":"https:\/\/abaa.mx\/tienda\/medidor-de-corriente-tension-testo-755-2-con-rotacion-de-fase-y-deteccion-de-tension-de-una-sola-sonda-2\/","og_locale":"es_MX","og_type":"article","og_title":"Medidor de corriente-tensi\u00f3n testo 755-2 con rotaci\u00f3n de fase y detecci\u00f3n de tensi\u00f3n de una sola sonda - Abaa tienda online","og_description":"Cuenta con rotaci\u00f3n de fase, rango de voltaje de hasta 1000 V y la caracter\u00edstica \u00fanica que permite al usuario verificar el voltaje con un solo cable. Los comprobadores de corriente\/tensi\u00f3n Testo 755 son r\u00e1pidos y f\u00e1ciles de usar, especialmente cuando se prueban muchos circuitos. El pr\u00e1ctico probador de corriente de mand\u00edbula abierta se enciende autom\u00e1ticamente cuando el voltaje supera los 6 V.","og_url":"https:\/\/abaa.mx\/tienda\/medidor-de-corriente-tension-testo-755-2-con-rotacion-de-fase-y-deteccion-de-tension-de-una-sola-sonda-2\/","og_site_name":"Abaa tienda online","article_modified_time":"2023-11-23T17:25:05+00:00","og_image":[{"width":270,"height":331,"url":"https:\/\/abaa.mx\/tienda\/wp-content\/uploads\/2023\/10\/755-2-1.jpg","type":"image\/jpeg"}],"twitter_card":"summary_large_image","twitter_misc":{"Tiempo de lectura":"1 minuto"},"schema":{"@context":"https:\/\/schema.org","@graph":[{"@type":"WebPage","@id":"https:\/\/abaa.mx\/tienda\/medidor-de-corriente-tension-testo-755-2-con-rotacion-de-fase-y-deteccion-de-tension-de-una-sola-sonda-2\/","url":"https:\/\/abaa.mx\/tienda\/medidor-de-corriente-tension-testo-755-2-con-rotacion-de-fase-y-deteccion-de-tension-de-una-sola-sonda-2\/","name":"Medidor de corriente-tensi\u00f3n testo 755-2 con rotaci\u00f3n de fase y detecci\u00f3n de tensi\u00f3n de una sola sonda - Abaa tienda online","isPartOf":{"@id":"https:\/\/abaa.mx\/tienda\/#website"},"primaryImageOfPage":{"@id":"https:\/\/abaa.mx\/tienda\/medidor-de-corriente-tension-testo-755-2-con-rotacion-de-fase-y-deteccion-de-tension-de-una-sola-sonda-2\/#primaryimage"},"image":{"@id":"https:\/\/abaa.mx\/tienda\/medidor-de-corriente-tension-testo-755-2-con-rotacion-de-fase-y-deteccion-de-tension-de-una-sola-sonda-2\/#primaryimage"},"thumbnailUrl":"https:\/\/abaa.mx\/tienda\/wp-content\/uploads\/2023\/10\/755-2-1.jpg","datePublished":"2023-10-24T19:18:15+00:00","dateModified":"2023-11-23T17:25:05+00:00","breadcrumb":{"@id":"https:\/\/abaa.mx\/tienda\/medidor-de-corriente-tension-testo-755-2-con-rotacion-de-fase-y-deteccion-de-tension-de-una-sola-sonda-2\/#breadcrumb"},"inLanguage":"es","potentialAction":[{"@type":"ReadAction","target":["https:\/\/abaa.mx\/tienda\/medidor-de-corriente-tension-testo-755-2-con-rotacion-de-fase-y-deteccion-de-tension-de-una-sola-sonda-2\/"]}]},{"@type":"ImageObject","inLanguage":"es","@id":"https:\/\/abaa.mx\/tienda\/medidor-de-corriente-tension-testo-755-2-con-rotacion-de-fase-y-deteccion-de-tension-de-una-sola-sonda-2\/#primaryimage","url":"https:\/\/abaa.mx\/tienda\/wp-content\/uploads\/2023\/10\/755-2-1.jpg","contentUrl":"https:\/\/abaa.mx\/tienda\/wp-content\/uploads\/2023\/10\/755-2-1.jpg","width":270,"height":331,"caption":"755-2"},{"@type":"BreadcrumbList","@id":"https:\/\/abaa.mx\/tienda\/medidor-de-corriente-tension-testo-755-2-con-rotacion-de-fase-y-deteccion-de-tension-de-una-sola-sonda-2\/#breadcrumb","itemListElement":[{"@type":"ListItem","position":1,"name":"Inicio","item":"https:\/\/abaa.mx\/tienda\/"},{"@type":"ListItem","position":2,"name":"Tienda","item":"https:\/\/abaa.mx\/tienda\/"},{"@type":"ListItem","position":3,"name":"Medidor de corriente-tensi\u00f3n testo 755-2 con rotaci\u00f3n de fase y detecci\u00f3n de tensi\u00f3n de una sola sonda"}]},{"@type":"WebSite","@id":"https:\/\/abaa.mx\/tienda\/#website","url":"https:\/\/abaa.mx\/tienda\/","name":"Abaa tienda online","description":"Instrumentos de medici\u00f3n","publisher":{"@id":"https:\/\/abaa.mx\/tienda\/#organization"},"potentialAction":[{"@type":"SearchAction","target":{"@type":"EntryPoint","urlTemplate":"https:\/\/abaa.mx\/tienda\/?s={search_term_string}"},"query-input":{"@type":"PropertyValueSpecification","valueRequired":true,"valueName":"search_term_string"}}],"inLanguage":"es"},{"@type":"Organization","@id":"https:\/\/abaa.mx\/tienda\/#organization","name":"Abaa tienda online","url":"https:\/\/abaa.mx\/tienda\/","logo":{"@type":"ImageObject","inLanguage":"es","@id":"https:\/\/abaa.mx\/tienda\/#\/schema\/logo\/image\/","url":"https:\/\/abaa.mx\/tienda\/wp-content\/uploads\/2024\/01\/abaa-metrologia-tienda.png","contentUrl":"https:\/\/abaa.mx\/tienda\/wp-content\/uploads\/2024\/01\/abaa-metrologia-tienda.png","width":300,"height":141,"caption":"Abaa tienda online"},"image":{"@id":"https:\/\/abaa.mx\/tienda\/#\/schema\/logo\/image\/"}}]}},"_links":{"self":[{"href":"https:\/\/abaa.mx\/tienda\/wp-json\/wp\/v2\/product\/7706","targetHints":{"allow":["GET"]}}],"collection":[{"href":"https:\/\/abaa.mx\/tienda\/wp-json\/wp\/v2\/product"}],"about":[{"href":"https:\/\/abaa.mx\/tienda\/wp-json\/wp\/v2\/types\/product"}],"replies":[{"embeddable":true,"href":"https:\/\/abaa.mx\/tienda\/wp-json\/wp\/v2\/comments?post=7706"}],"wp:featuredmedia":[{"embeddable":true,"href":"https:\/\/abaa.mx\/tienda\/wp-json\/wp\/v2\/media\/7712"}],"wp:attachment":[{"href":"https:\/\/abaa.mx\/tienda\/wp-json\/wp\/v2\/media?parent=7706"}],"wp:term":[{"taxonomy":"product_brand","embeddable":true,"href":"https:\/\/abaa.mx\/tienda\/wp-json\/wp\/v2\/product_brand?post=7706"},{"taxonomy":"product_cat","embeddable":true,"href":"https:\/\/abaa.mx\/tienda\/wp-json\/wp\/v2\/product_cat?post=7706"},{"taxonomy":"product_tag","embeddable":true,"href":"https:\/\/abaa.mx\/tienda\/wp-json\/wp\/v2\/product_tag?post=7706"}],"curies":[{"name":"wp","href":"https:\/\/api.w.org\/{rel}","templated":true}]}}