{"id":7673,"date":"2023-10-24T19:07:52","date_gmt":"2023-10-24T19:07:52","guid":{"rendered":"https:\/\/abaa.mx\/tienda\/?post_type=product&#038;p=7673"},"modified":"2023-10-24T19:07:53","modified_gmt":"2023-10-24T19:07:53","slug":"comprobador-de-tension-sin-contacto-testo-745-2","status":"publish","type":"product","link":"https:\/\/abaa.mx\/tienda\/comprobador-de-tension-sin-contacto-testo-745-2\/","title":{"rendered":"Comprobador de tensi\u00f3n sin contacto testo 745"},"content":{"rendered":"<p>El Testo 745 NCV tiene un filtro de paso bajo incorporado que reduce en gran medida las interferencias de alta frecuencia que causan falsas indicaciones. La linterna LED incorporada es brillante y enfocada para simplificar las pruebas en espacios oscuros. Tambi\u00e9n incluye una indicaci\u00f3n de bater\u00eda baja y est\u00e1 clasificado como resistente al agua y al polvo seg\u00fan IP 67. El Testo 745 est\u00e1 clasificado para CAT III 1000 V y CAT IV 600 V.<\/p>\n<p><strong>Funciones<\/strong><\/p>\n<ul>\n<li>Dos niveles de sensibilidad con indicaci\u00f3n sonora y visual<\/li>\n<li>El LED parpadeante indica el rango de sensibilidad de hasta 12 V CA o el rango est\u00e1ndar superior a 50 V CA<\/li>\n<li>Diferencia el calor del neutro en los tomacorrientes de CA<\/li>\n<li>El filtro de paso bajo reduce las indicaciones falsas<\/li>\n<\/ul>\n<p><strong>Aplicaciones<\/strong><\/p>\n<p>Contratistas El\u00e9ctricos, T\u00e9cnicos de HVAC\/R, Mantenimiento de Plantas<\/p>\n<h4>Especificaciones del testo 745<\/h4>\n<table class=\"table table-striped\">\n<tbody>\n<tr>\n<td colspan=\"2\"><strong>Voltaje de CA<\/strong><\/td>\n<\/tr>\n<tr>\n<td>Resoluci\u00f3n<\/td>\n<td>12 a 1000 V\/50 a 1000 (sensibilidad 1), 1000\/12 V (sensibilidad 2))<\/td>\n<\/tr>\n<tr>\n<td colspan=\"2\"><strong>Datos t\u00e9cnicos generales<\/strong><\/td>\n<\/tr>\n<tr>\n<td>Clase de protecci\u00f3n<\/td>\n<td>IP67<\/td>\n<\/tr>\n<tr>\n<td>Temperatura de almacenamiento<\/td>\n<td>De 5,0 \u00b0F a 140,0 \u00b0F\/de -15 a +60 \u00b0C<\/td>\n<\/tr>\n<tr>\n<td>Categor\u00eda de sobretensi\u00f3n<\/td>\n<td>CAT IV 600V; CAT III 1000V<\/td>\n<\/tr>\n<tr>\n<td>Temperatura de funcionamiento<\/td>\n<td>De 14,0 \u00b0F a 122,0 \u00b0F\/de -10 a +50 \u00b0C<\/td>\n<\/tr>\n<\/tbody>\n<\/table>\n","protected":false},"excerpt":{"rendered":"<p class=\"short-description mhide ipad-view-setting\">El probador de voltaje sin contacto (NCV) verifica r\u00e1pidamente la presencia de voltaje en los sistemas alimentados por CA. Se puede utilizar de forma segura hasta 1000 V CA. Cuando se detecta voltaje de CA, se indica con LED ROJOS parpadeantes y tonos audibles zumbantes. Puede determinar f\u00e1cilmente las patas calientes y neutras de una toma de corriente sin necesidad de una extracci\u00f3n prolongada y arriesgada de la salida.<\/p>\n<p class=\"comment-tag-product\">\n<div class=\"row-fluid\">\n<div class=\"span12 mobile-pricing-box-padding\">\n<form id=\"90037\" accept-charset=\"utf-8\" action=\"https:\/\/www.globaltestsupply.com\/shop\/add\" method=\"post\" name=\"addTocartFunction\">\n<div><\/div>\n<\/form>\n<\/div>\n<\/div>\n","protected":false},"featured_media":7698,"comment_status":"open","ping_status":"closed","template":"","meta":{"_joinchat":[]},"product_brand":[],"product_cat":[15],"product_tag":[],"class_list":{"0":"post-7673","1":"product","2":"type-product","3":"status-publish","4":"has-post-thumbnail","6":"product_cat-sin-categorizar","8":"first","9":"instock","10":"shipping-taxable","11":"product-type-simple"},"yoast_head":"<!-- This site is optimized with the Yoast SEO plugin v26.4 - https:\/\/yoast.com\/wordpress\/plugins\/seo\/ -->\n<title>Comprobador de tensi\u00f3n sin contacto testo 745 - Abaa tienda online<\/title>\n<meta name=\"robots\" content=\"index, follow, max-snippet:-1, max-image-preview:large, max-video-preview:-1\" \/>\n<link rel=\"canonical\" href=\"https:\/\/abaa.mx\/tienda\/comprobador-de-tension-sin-contacto-testo-745-2\/\" \/>\n<meta property=\"og:locale\" content=\"es_MX\" \/>\n<meta property=\"og:type\" content=\"article\" \/>\n<meta property=\"og:title\" content=\"Comprobador de tensi\u00f3n sin contacto testo 745 - Abaa tienda online\" \/>\n<meta property=\"og:description\" content=\"El probador de voltaje sin contacto (NCV) verifica r\u00e1pidamente la presencia de voltaje en los sistemas alimentados por CA. Se puede utilizar de forma segura hasta 1000 V CA. Cuando se detecta voltaje de CA, se indica con LED ROJOS parpadeantes y tonos audibles zumbantes. Puede determinar f\u00e1cilmente las patas calientes y neutras de una toma de corriente sin necesidad de una extracci\u00f3n prolongada y arriesgada de la salida.\" \/>\n<meta property=\"og:url\" content=\"https:\/\/abaa.mx\/tienda\/comprobador-de-tension-sin-contacto-testo-745-2\/\" \/>\n<meta property=\"og:site_name\" content=\"Abaa tienda online\" \/>\n<meta property=\"article:modified_time\" content=\"2023-10-24T19:07:53+00:00\" \/>\n<meta property=\"og:image\" content=\"https:\/\/abaa.mx\/tienda\/wp-content\/uploads\/2023\/10\/745-1.jpg\" \/>\n\t<meta property=\"og:image:width\" content=\"1221\" \/>\n\t<meta property=\"og:image:height\" content=\"1500\" \/>\n\t<meta property=\"og:image:type\" content=\"image\/jpeg\" \/>\n<meta name=\"twitter:card\" content=\"summary_large_image\" \/>\n<meta name=\"twitter:label1\" content=\"Tiempo de lectura\" \/>\n\t<meta name=\"twitter:data1\" content=\"1 minuto\" \/>\n<script type=\"application\/ld+json\" class=\"yoast-schema-graph\">{\"@context\":\"https:\/\/schema.org\",\"@graph\":[{\"@type\":\"WebPage\",\"@id\":\"https:\/\/abaa.mx\/tienda\/comprobador-de-tension-sin-contacto-testo-745-2\/\",\"url\":\"https:\/\/abaa.mx\/tienda\/comprobador-de-tension-sin-contacto-testo-745-2\/\",\"name\":\"Comprobador de tensi\u00f3n sin contacto testo 745 - Abaa tienda online\",\"isPartOf\":{\"@id\":\"https:\/\/abaa.mx\/tienda\/#website\"},\"primaryImageOfPage\":{\"@id\":\"https:\/\/abaa.mx\/tienda\/comprobador-de-tension-sin-contacto-testo-745-2\/#primaryimage\"},\"image\":{\"@id\":\"https:\/\/abaa.mx\/tienda\/comprobador-de-tension-sin-contacto-testo-745-2\/#primaryimage\"},\"thumbnailUrl\":\"https:\/\/abaa.mx\/tienda\/wp-content\/uploads\/2023\/10\/745-1.jpg\",\"datePublished\":\"2023-10-24T19:07:52+00:00\",\"dateModified\":\"2023-10-24T19:07:53+00:00\",\"breadcrumb\":{\"@id\":\"https:\/\/abaa.mx\/tienda\/comprobador-de-tension-sin-contacto-testo-745-2\/#breadcrumb\"},\"inLanguage\":\"es\",\"potentialAction\":[{\"@type\":\"ReadAction\",\"target\":[\"https:\/\/abaa.mx\/tienda\/comprobador-de-tension-sin-contacto-testo-745-2\/\"]}]},{\"@type\":\"ImageObject\",\"inLanguage\":\"es\",\"@id\":\"https:\/\/abaa.mx\/tienda\/comprobador-de-tension-sin-contacto-testo-745-2\/#primaryimage\",\"url\":\"https:\/\/abaa.mx\/tienda\/wp-content\/uploads\/2023\/10\/745-1.jpg\",\"contentUrl\":\"https:\/\/abaa.mx\/tienda\/wp-content\/uploads\/2023\/10\/745-1.jpg\",\"width\":1221,\"height\":1500,\"caption\":\"745\"},{\"@type\":\"BreadcrumbList\",\"@id\":\"https:\/\/abaa.mx\/tienda\/comprobador-de-tension-sin-contacto-testo-745-2\/#breadcrumb\",\"itemListElement\":[{\"@type\":\"ListItem\",\"position\":1,\"name\":\"Inicio\",\"item\":\"https:\/\/abaa.mx\/tienda\/\"},{\"@type\":\"ListItem\",\"position\":2,\"name\":\"Tienda\",\"item\":\"https:\/\/abaa.mx\/tienda\/\"},{\"@type\":\"ListItem\",\"position\":3,\"name\":\"Comprobador de tensi\u00f3n sin contacto testo 745\"}]},{\"@type\":\"WebSite\",\"@id\":\"https:\/\/abaa.mx\/tienda\/#website\",\"url\":\"https:\/\/abaa.mx\/tienda\/\",\"name\":\"Abaa tienda online\",\"description\":\"Instrumentos de medici\u00f3n\",\"publisher\":{\"@id\":\"https:\/\/abaa.mx\/tienda\/#organization\"},\"potentialAction\":[{\"@type\":\"SearchAction\",\"target\":{\"@type\":\"EntryPoint\",\"urlTemplate\":\"https:\/\/abaa.mx\/tienda\/?s={search_term_string}\"},\"query-input\":{\"@type\":\"PropertyValueSpecification\",\"valueRequired\":true,\"valueName\":\"search_term_string\"}}],\"inLanguage\":\"es\"},{\"@type\":\"Organization\",\"@id\":\"https:\/\/abaa.mx\/tienda\/#organization\",\"name\":\"Abaa tienda online\",\"url\":\"https:\/\/abaa.mx\/tienda\/\",\"logo\":{\"@type\":\"ImageObject\",\"inLanguage\":\"es\",\"@id\":\"https:\/\/abaa.mx\/tienda\/#\/schema\/logo\/image\/\",\"url\":\"https:\/\/abaa.mx\/tienda\/wp-content\/uploads\/2024\/01\/abaa-metrologia-tienda.png\",\"contentUrl\":\"https:\/\/abaa.mx\/tienda\/wp-content\/uploads\/2024\/01\/abaa-metrologia-tienda.png\",\"width\":300,\"height\":141,\"caption\":\"Abaa tienda online\"},\"image\":{\"@id\":\"https:\/\/abaa.mx\/tienda\/#\/schema\/logo\/image\/\"}}]}<\/script>\n<!-- \/ Yoast SEO plugin. -->","yoast_head_json":{"title":"Comprobador de tensi\u00f3n sin contacto testo 745 - Abaa tienda online","robots":{"index":"index","follow":"follow","max-snippet":"max-snippet:-1","max-image-preview":"max-image-preview:large","max-video-preview":"max-video-preview:-1"},"canonical":"https:\/\/abaa.mx\/tienda\/comprobador-de-tension-sin-contacto-testo-745-2\/","og_locale":"es_MX","og_type":"article","og_title":"Comprobador de tensi\u00f3n sin contacto testo 745 - Abaa tienda online","og_description":"El probador de voltaje sin contacto (NCV) verifica r\u00e1pidamente la presencia de voltaje en los sistemas alimentados por CA. Se puede utilizar de forma segura hasta 1000 V CA. Cuando se detecta voltaje de CA, se indica con LED ROJOS parpadeantes y tonos audibles zumbantes. Puede determinar f\u00e1cilmente las patas calientes y neutras de una toma de corriente sin necesidad de una extracci\u00f3n prolongada y arriesgada de la salida.","og_url":"https:\/\/abaa.mx\/tienda\/comprobador-de-tension-sin-contacto-testo-745-2\/","og_site_name":"Abaa tienda online","article_modified_time":"2023-10-24T19:07:53+00:00","og_image":[{"width":1221,"height":1500,"url":"https:\/\/abaa.mx\/tienda\/wp-content\/uploads\/2023\/10\/745-1.jpg","type":"image\/jpeg"}],"twitter_card":"summary_large_image","twitter_misc":{"Tiempo de lectura":"1 minuto"},"schema":{"@context":"https:\/\/schema.org","@graph":[{"@type":"WebPage","@id":"https:\/\/abaa.mx\/tienda\/comprobador-de-tension-sin-contacto-testo-745-2\/","url":"https:\/\/abaa.mx\/tienda\/comprobador-de-tension-sin-contacto-testo-745-2\/","name":"Comprobador de tensi\u00f3n sin contacto testo 745 - Abaa tienda online","isPartOf":{"@id":"https:\/\/abaa.mx\/tienda\/#website"},"primaryImageOfPage":{"@id":"https:\/\/abaa.mx\/tienda\/comprobador-de-tension-sin-contacto-testo-745-2\/#primaryimage"},"image":{"@id":"https:\/\/abaa.mx\/tienda\/comprobador-de-tension-sin-contacto-testo-745-2\/#primaryimage"},"thumbnailUrl":"https:\/\/abaa.mx\/tienda\/wp-content\/uploads\/2023\/10\/745-1.jpg","datePublished":"2023-10-24T19:07:52+00:00","dateModified":"2023-10-24T19:07:53+00:00","breadcrumb":{"@id":"https:\/\/abaa.mx\/tienda\/comprobador-de-tension-sin-contacto-testo-745-2\/#breadcrumb"},"inLanguage":"es","potentialAction":[{"@type":"ReadAction","target":["https:\/\/abaa.mx\/tienda\/comprobador-de-tension-sin-contacto-testo-745-2\/"]}]},{"@type":"ImageObject","inLanguage":"es","@id":"https:\/\/abaa.mx\/tienda\/comprobador-de-tension-sin-contacto-testo-745-2\/#primaryimage","url":"https:\/\/abaa.mx\/tienda\/wp-content\/uploads\/2023\/10\/745-1.jpg","contentUrl":"https:\/\/abaa.mx\/tienda\/wp-content\/uploads\/2023\/10\/745-1.jpg","width":1221,"height":1500,"caption":"745"},{"@type":"BreadcrumbList","@id":"https:\/\/abaa.mx\/tienda\/comprobador-de-tension-sin-contacto-testo-745-2\/#breadcrumb","itemListElement":[{"@type":"ListItem","position":1,"name":"Inicio","item":"https:\/\/abaa.mx\/tienda\/"},{"@type":"ListItem","position":2,"name":"Tienda","item":"https:\/\/abaa.mx\/tienda\/"},{"@type":"ListItem","position":3,"name":"Comprobador de tensi\u00f3n sin contacto testo 745"}]},{"@type":"WebSite","@id":"https:\/\/abaa.mx\/tienda\/#website","url":"https:\/\/abaa.mx\/tienda\/","name":"Abaa tienda online","description":"Instrumentos de medici\u00f3n","publisher":{"@id":"https:\/\/abaa.mx\/tienda\/#organization"},"potentialAction":[{"@type":"SearchAction","target":{"@type":"EntryPoint","urlTemplate":"https:\/\/abaa.mx\/tienda\/?s={search_term_string}"},"query-input":{"@type":"PropertyValueSpecification","valueRequired":true,"valueName":"search_term_string"}}],"inLanguage":"es"},{"@type":"Organization","@id":"https:\/\/abaa.mx\/tienda\/#organization","name":"Abaa tienda online","url":"https:\/\/abaa.mx\/tienda\/","logo":{"@type":"ImageObject","inLanguage":"es","@id":"https:\/\/abaa.mx\/tienda\/#\/schema\/logo\/image\/","url":"https:\/\/abaa.mx\/tienda\/wp-content\/uploads\/2024\/01\/abaa-metrologia-tienda.png","contentUrl":"https:\/\/abaa.mx\/tienda\/wp-content\/uploads\/2024\/01\/abaa-metrologia-tienda.png","width":300,"height":141,"caption":"Abaa tienda online"},"image":{"@id":"https:\/\/abaa.mx\/tienda\/#\/schema\/logo\/image\/"}}]}},"_links":{"self":[{"href":"https:\/\/abaa.mx\/tienda\/wp-json\/wp\/v2\/product\/7673","targetHints":{"allow":["GET"]}}],"collection":[{"href":"https:\/\/abaa.mx\/tienda\/wp-json\/wp\/v2\/product"}],"about":[{"href":"https:\/\/abaa.mx\/tienda\/wp-json\/wp\/v2\/types\/product"}],"replies":[{"embeddable":true,"href":"https:\/\/abaa.mx\/tienda\/wp-json\/wp\/v2\/comments?post=7673"}],"wp:featuredmedia":[{"embeddable":true,"href":"https:\/\/abaa.mx\/tienda\/wp-json\/wp\/v2\/media\/7698"}],"wp:attachment":[{"href":"https:\/\/abaa.mx\/tienda\/wp-json\/wp\/v2\/media?parent=7673"}],"wp:term":[{"taxonomy":"product_brand","embeddable":true,"href":"https:\/\/abaa.mx\/tienda\/wp-json\/wp\/v2\/product_brand?post=7673"},{"taxonomy":"product_cat","embeddable":true,"href":"https:\/\/abaa.mx\/tienda\/wp-json\/wp\/v2\/product_cat?post=7673"},{"taxonomy":"product_tag","embeddable":true,"href":"https:\/\/abaa.mx\/tienda\/wp-json\/wp\/v2\/product_tag?post=7673"}],"curies":[{"name":"wp","href":"https:\/\/api.w.org\/{rel}","templated":true}]}}