{"id":7596,"date":"2023-10-24T16:00:52","date_gmt":"2023-10-24T16:00:52","guid":{"rendered":"https:\/\/abaa.mx\/tienda\/?post_type=product&#038;p=7596"},"modified":"2023-12-04T20:39:54","modified_gmt":"2023-12-04T20:39:54","slug":"manometro-digital-reed-r3100-manometro-diferencial-100psi-2","status":"publish","type":"product","link":"https:\/\/abaa.mx\/tienda\/manometro-digital-reed-r3100-manometro-diferencial-100psi-2\/","title":{"rendered":"Detector de calidad del aire multifunci\u00f3n O3 &#8211; DM502O3"},"content":{"rendered":"<p>Detector de calidad del aire multifunci\u00f3n O3 &#8211; DM502O3.<\/p>\n","protected":false},"excerpt":{"rendered":"<p>Detector de ozono port\u00e1til Medidor de O3 y monitor detector de mano, analizador de gas de ozono, detector de ozono.<\/p>\n<p><strong>Descripcion:\u00a0<\/strong><\/p>\n<ul>\n<li>Procesador: ARM, c\u00e1lculos complejos de alta velocidad4.Rango de detecci\u00f3n PM2.5 (0-999 ug \/ M\u00b3) O3 (0.000 &#8211; 5.000 ppm) TVOC (0.001-9.999Mg \/ M\u00b3<\/li>\n<li>Medida: ozono O3 PM1.0 PM2.5 PM10 Detector TVOC<\/li>\n<li>Laser PM2.5 para soportar la detecci\u00f3n de polvo PM1.0, PM2.5 y PM10;3. Detecci\u00f3n electroqu\u00edmica de O34. Detecci\u00f3n de semiconductores TVOC5. 1200mAh Bater\u00eda de litio incorporada de alta capacidad.<\/li>\n<li>Color: blanco8.Material: ABS<\/li>\n<li>Pantalla LCD a color<\/li>\n<li>Especificaciones:<\/li>\n<li>Modo de visualizaci\u00f3n: pantalla LCD<\/li>\n<li>Tamano: 155*87*35MM6.Peso: 350G<\/li>\n<\/ul>\n","protected":false},"featured_media":9624,"comment_status":"open","ping_status":"closed","template":"","meta":{"_joinchat":[]},"product_brand":[],"product_cat":[15],"product_tag":[],"class_list":{"0":"post-7596","1":"product","2":"type-product","3":"status-publish","4":"has-post-thumbnail","6":"product_cat-sin-categorizar","8":"first","9":"instock","10":"shipping-taxable","11":"product-type-simple"},"yoast_head":"<!-- This site is optimized with the Yoast SEO plugin v26.4 - https:\/\/yoast.com\/wordpress\/plugins\/seo\/ -->\n<title>Detector de calidad del aire multifunci\u00f3n O3 - DM502O3 - Abaa tienda online<\/title>\n<meta name=\"robots\" content=\"index, follow, max-snippet:-1, max-image-preview:large, max-video-preview:-1\" \/>\n<link rel=\"canonical\" href=\"https:\/\/abaa.mx\/tienda\/manometro-digital-reed-r3100-manometro-diferencial-100psi-2\/\" \/>\n<meta property=\"og:locale\" content=\"es_MX\" \/>\n<meta property=\"og:type\" content=\"article\" \/>\n<meta property=\"og:title\" content=\"Detector de calidad del aire multifunci\u00f3n O3 - DM502O3 - Abaa tienda online\" \/>\n<meta property=\"og:description\" content=\"Detector de ozono port\u00e1til Medidor de O3 y monitor detector de mano, analizador de gas de ozono, detector de ozono.  Descripcion:\u00a0   Procesador: ARM, c\u00e1lculos complejos de alta velocidad4.Rango de detecci\u00f3n PM2.5 (0-999 ug \/ M\u00b3) O3 (0.000 - 5.000 ppm) TVOC (0.001-9.999Mg \/ M\u00b3  Medida: ozono O3 PM1.0 PM2.5 PM10 Detector TVOC  Laser PM2.5 para soportar la detecci\u00f3n de polvo PM1.0, PM2.5 y PM10;3. Detecci\u00f3n electroqu\u00edmica de O34. Detecci\u00f3n de semiconductores TVOC5. 1200mAh Bater\u00eda de litio incorporada de alta capacidad.  Color: blanco8.Material: ABS  Pantalla LCD a color  Especificaciones:  Modo de visualizaci\u00f3n: pantalla LCD  Tamano: 155*87*35MM6.Peso: 350G\" \/>\n<meta property=\"og:url\" content=\"https:\/\/abaa.mx\/tienda\/manometro-digital-reed-r3100-manometro-diferencial-100psi-2\/\" \/>\n<meta property=\"og:site_name\" content=\"Abaa tienda online\" \/>\n<meta property=\"article:modified_time\" content=\"2023-12-04T20:39:54+00:00\" \/>\n<meta property=\"og:image\" content=\"https:\/\/abaa.mx\/tienda\/wp-content\/uploads\/2023\/10\/LG-DM50203.jpg\" \/>\n\t<meta property=\"og:image:width\" content=\"251\" \/>\n\t<meta property=\"og:image:height\" content=\"376\" \/>\n\t<meta property=\"og:image:type\" content=\"image\/jpeg\" \/>\n<meta name=\"twitter:card\" content=\"summary_large_image\" \/>\n<meta name=\"twitter:label1\" content=\"Tiempo de lectura\" \/>\n\t<meta name=\"twitter:data1\" content=\"1 minuto\" \/>\n<script type=\"application\/ld+json\" class=\"yoast-schema-graph\">{\"@context\":\"https:\/\/schema.org\",\"@graph\":[{\"@type\":\"WebPage\",\"@id\":\"https:\/\/abaa.mx\/tienda\/manometro-digital-reed-r3100-manometro-diferencial-100psi-2\/\",\"url\":\"https:\/\/abaa.mx\/tienda\/manometro-digital-reed-r3100-manometro-diferencial-100psi-2\/\",\"name\":\"Detector de calidad del aire multifunci\u00f3n O3 - DM502O3 - Abaa tienda online\",\"isPartOf\":{\"@id\":\"https:\/\/abaa.mx\/tienda\/#website\"},\"primaryImageOfPage\":{\"@id\":\"https:\/\/abaa.mx\/tienda\/manometro-digital-reed-r3100-manometro-diferencial-100psi-2\/#primaryimage\"},\"image\":{\"@id\":\"https:\/\/abaa.mx\/tienda\/manometro-digital-reed-r3100-manometro-diferencial-100psi-2\/#primaryimage\"},\"thumbnailUrl\":\"https:\/\/abaa.mx\/tienda\/wp-content\/uploads\/2023\/10\/LG-DM50203.jpg\",\"datePublished\":\"2023-10-24T16:00:52+00:00\",\"dateModified\":\"2023-12-04T20:39:54+00:00\",\"breadcrumb\":{\"@id\":\"https:\/\/abaa.mx\/tienda\/manometro-digital-reed-r3100-manometro-diferencial-100psi-2\/#breadcrumb\"},\"inLanguage\":\"es\",\"potentialAction\":[{\"@type\":\"ReadAction\",\"target\":[\"https:\/\/abaa.mx\/tienda\/manometro-digital-reed-r3100-manometro-diferencial-100psi-2\/\"]}]},{\"@type\":\"ImageObject\",\"inLanguage\":\"es\",\"@id\":\"https:\/\/abaa.mx\/tienda\/manometro-digital-reed-r3100-manometro-diferencial-100psi-2\/#primaryimage\",\"url\":\"https:\/\/abaa.mx\/tienda\/wp-content\/uploads\/2023\/10\/LG-DM50203.jpg\",\"contentUrl\":\"https:\/\/abaa.mx\/tienda\/wp-content\/uploads\/2023\/10\/LG-DM50203.jpg\",\"width\":251,\"height\":376,\"caption\":\"LG-DM50203\"},{\"@type\":\"BreadcrumbList\",\"@id\":\"https:\/\/abaa.mx\/tienda\/manometro-digital-reed-r3100-manometro-diferencial-100psi-2\/#breadcrumb\",\"itemListElement\":[{\"@type\":\"ListItem\",\"position\":1,\"name\":\"Inicio\",\"item\":\"https:\/\/abaa.mx\/tienda\/\"},{\"@type\":\"ListItem\",\"position\":2,\"name\":\"Tienda\",\"item\":\"https:\/\/abaa.mx\/tienda\/\"},{\"@type\":\"ListItem\",\"position\":3,\"name\":\"Detector de calidad del aire multifunci\u00f3n O3 &#8211; DM502O3\"}]},{\"@type\":\"WebSite\",\"@id\":\"https:\/\/abaa.mx\/tienda\/#website\",\"url\":\"https:\/\/abaa.mx\/tienda\/\",\"name\":\"Abaa tienda online\",\"description\":\"Instrumentos de medici\u00f3n\",\"publisher\":{\"@id\":\"https:\/\/abaa.mx\/tienda\/#organization\"},\"potentialAction\":[{\"@type\":\"SearchAction\",\"target\":{\"@type\":\"EntryPoint\",\"urlTemplate\":\"https:\/\/abaa.mx\/tienda\/?s={search_term_string}\"},\"query-input\":{\"@type\":\"PropertyValueSpecification\",\"valueRequired\":true,\"valueName\":\"search_term_string\"}}],\"inLanguage\":\"es\"},{\"@type\":\"Organization\",\"@id\":\"https:\/\/abaa.mx\/tienda\/#organization\",\"name\":\"Abaa tienda online\",\"url\":\"https:\/\/abaa.mx\/tienda\/\",\"logo\":{\"@type\":\"ImageObject\",\"inLanguage\":\"es\",\"@id\":\"https:\/\/abaa.mx\/tienda\/#\/schema\/logo\/image\/\",\"url\":\"https:\/\/abaa.mx\/tienda\/wp-content\/uploads\/2024\/01\/abaa-metrologia-tienda.png\",\"contentUrl\":\"https:\/\/abaa.mx\/tienda\/wp-content\/uploads\/2024\/01\/abaa-metrologia-tienda.png\",\"width\":300,\"height\":141,\"caption\":\"Abaa tienda online\"},\"image\":{\"@id\":\"https:\/\/abaa.mx\/tienda\/#\/schema\/logo\/image\/\"}}]}<\/script>\n<!-- \/ Yoast SEO plugin. -->","yoast_head_json":{"title":"Detector de calidad del aire multifunci\u00f3n O3 - DM502O3 - Abaa tienda online","robots":{"index":"index","follow":"follow","max-snippet":"max-snippet:-1","max-image-preview":"max-image-preview:large","max-video-preview":"max-video-preview:-1"},"canonical":"https:\/\/abaa.mx\/tienda\/manometro-digital-reed-r3100-manometro-diferencial-100psi-2\/","og_locale":"es_MX","og_type":"article","og_title":"Detector de calidad del aire multifunci\u00f3n O3 - DM502O3 - Abaa tienda online","og_description":"Detector de ozono port\u00e1til Medidor de O3 y monitor detector de mano, analizador de gas de ozono, detector de ozono.  Descripcion:\u00a0   Procesador: ARM, c\u00e1lculos complejos de alta velocidad4.Rango de detecci\u00f3n PM2.5 (0-999 ug \/ M\u00b3) O3 (0.000 - 5.000 ppm) TVOC (0.001-9.999Mg \/ M\u00b3  Medida: ozono O3 PM1.0 PM2.5 PM10 Detector TVOC  Laser PM2.5 para soportar la detecci\u00f3n de polvo PM1.0, PM2.5 y PM10;3. Detecci\u00f3n electroqu\u00edmica de O34. Detecci\u00f3n de semiconductores TVOC5. 1200mAh Bater\u00eda de litio incorporada de alta capacidad.  Color: blanco8.Material: ABS  Pantalla LCD a color  Especificaciones:  Modo de visualizaci\u00f3n: pantalla LCD  Tamano: 155*87*35MM6.Peso: 350G","og_url":"https:\/\/abaa.mx\/tienda\/manometro-digital-reed-r3100-manometro-diferencial-100psi-2\/","og_site_name":"Abaa tienda online","article_modified_time":"2023-12-04T20:39:54+00:00","og_image":[{"width":251,"height":376,"url":"https:\/\/abaa.mx\/tienda\/wp-content\/uploads\/2023\/10\/LG-DM50203.jpg","type":"image\/jpeg"}],"twitter_card":"summary_large_image","twitter_misc":{"Tiempo de lectura":"1 minuto"},"schema":{"@context":"https:\/\/schema.org","@graph":[{"@type":"WebPage","@id":"https:\/\/abaa.mx\/tienda\/manometro-digital-reed-r3100-manometro-diferencial-100psi-2\/","url":"https:\/\/abaa.mx\/tienda\/manometro-digital-reed-r3100-manometro-diferencial-100psi-2\/","name":"Detector de calidad del aire multifunci\u00f3n O3 - DM502O3 - Abaa tienda online","isPartOf":{"@id":"https:\/\/abaa.mx\/tienda\/#website"},"primaryImageOfPage":{"@id":"https:\/\/abaa.mx\/tienda\/manometro-digital-reed-r3100-manometro-diferencial-100psi-2\/#primaryimage"},"image":{"@id":"https:\/\/abaa.mx\/tienda\/manometro-digital-reed-r3100-manometro-diferencial-100psi-2\/#primaryimage"},"thumbnailUrl":"https:\/\/abaa.mx\/tienda\/wp-content\/uploads\/2023\/10\/LG-DM50203.jpg","datePublished":"2023-10-24T16:00:52+00:00","dateModified":"2023-12-04T20:39:54+00:00","breadcrumb":{"@id":"https:\/\/abaa.mx\/tienda\/manometro-digital-reed-r3100-manometro-diferencial-100psi-2\/#breadcrumb"},"inLanguage":"es","potentialAction":[{"@type":"ReadAction","target":["https:\/\/abaa.mx\/tienda\/manometro-digital-reed-r3100-manometro-diferencial-100psi-2\/"]}]},{"@type":"ImageObject","inLanguage":"es","@id":"https:\/\/abaa.mx\/tienda\/manometro-digital-reed-r3100-manometro-diferencial-100psi-2\/#primaryimage","url":"https:\/\/abaa.mx\/tienda\/wp-content\/uploads\/2023\/10\/LG-DM50203.jpg","contentUrl":"https:\/\/abaa.mx\/tienda\/wp-content\/uploads\/2023\/10\/LG-DM50203.jpg","width":251,"height":376,"caption":"LG-DM50203"},{"@type":"BreadcrumbList","@id":"https:\/\/abaa.mx\/tienda\/manometro-digital-reed-r3100-manometro-diferencial-100psi-2\/#breadcrumb","itemListElement":[{"@type":"ListItem","position":1,"name":"Inicio","item":"https:\/\/abaa.mx\/tienda\/"},{"@type":"ListItem","position":2,"name":"Tienda","item":"https:\/\/abaa.mx\/tienda\/"},{"@type":"ListItem","position":3,"name":"Detector de calidad del aire multifunci\u00f3n O3 &#8211; DM502O3"}]},{"@type":"WebSite","@id":"https:\/\/abaa.mx\/tienda\/#website","url":"https:\/\/abaa.mx\/tienda\/","name":"Abaa tienda online","description":"Instrumentos de medici\u00f3n","publisher":{"@id":"https:\/\/abaa.mx\/tienda\/#organization"},"potentialAction":[{"@type":"SearchAction","target":{"@type":"EntryPoint","urlTemplate":"https:\/\/abaa.mx\/tienda\/?s={search_term_string}"},"query-input":{"@type":"PropertyValueSpecification","valueRequired":true,"valueName":"search_term_string"}}],"inLanguage":"es"},{"@type":"Organization","@id":"https:\/\/abaa.mx\/tienda\/#organization","name":"Abaa tienda online","url":"https:\/\/abaa.mx\/tienda\/","logo":{"@type":"ImageObject","inLanguage":"es","@id":"https:\/\/abaa.mx\/tienda\/#\/schema\/logo\/image\/","url":"https:\/\/abaa.mx\/tienda\/wp-content\/uploads\/2024\/01\/abaa-metrologia-tienda.png","contentUrl":"https:\/\/abaa.mx\/tienda\/wp-content\/uploads\/2024\/01\/abaa-metrologia-tienda.png","width":300,"height":141,"caption":"Abaa tienda online"},"image":{"@id":"https:\/\/abaa.mx\/tienda\/#\/schema\/logo\/image\/"}}]}},"_links":{"self":[{"href":"https:\/\/abaa.mx\/tienda\/wp-json\/wp\/v2\/product\/7596","targetHints":{"allow":["GET"]}}],"collection":[{"href":"https:\/\/abaa.mx\/tienda\/wp-json\/wp\/v2\/product"}],"about":[{"href":"https:\/\/abaa.mx\/tienda\/wp-json\/wp\/v2\/types\/product"}],"replies":[{"embeddable":true,"href":"https:\/\/abaa.mx\/tienda\/wp-json\/wp\/v2\/comments?post=7596"}],"wp:featuredmedia":[{"embeddable":true,"href":"https:\/\/abaa.mx\/tienda\/wp-json\/wp\/v2\/media\/9624"}],"wp:attachment":[{"href":"https:\/\/abaa.mx\/tienda\/wp-json\/wp\/v2\/media?parent=7596"}],"wp:term":[{"taxonomy":"product_brand","embeddable":true,"href":"https:\/\/abaa.mx\/tienda\/wp-json\/wp\/v2\/product_brand?post=7596"},{"taxonomy":"product_cat","embeddable":true,"href":"https:\/\/abaa.mx\/tienda\/wp-json\/wp\/v2\/product_cat?post=7596"},{"taxonomy":"product_tag","embeddable":true,"href":"https:\/\/abaa.mx\/tienda\/wp-json\/wp\/v2\/product_tag?post=7596"}],"curies":[{"name":"wp","href":"https:\/\/api.w.org\/{rel}","templated":true}]}}