{"id":7578,"date":"2023-10-24T15:32:51","date_gmt":"2023-10-24T15:32:51","guid":{"rendered":"https:\/\/abaa.mx\/tienda\/?post_type=product&#038;p=7578"},"modified":"2023-12-04T21:00:15","modified_gmt":"2023-12-04T21:00:15","slug":"manometro-digital-reed-r3100-manometro-diferencial-100psi","status":"publish","type":"product","link":"https:\/\/abaa.mx\/tienda\/manometro-digital-reed-r3100-manometro-diferencial-100psi\/","title":{"rendered":"Explosimetro Honeywell BW O3 Ozono &#8211; BWSGB"},"content":{"rendered":"<p>Explosimetro Honeywell BW O3 Ozono &#8211; BWSGB<\/p>\n","protected":false},"excerpt":{"rendered":"<div class=\"row-fluid\">\n<div class=\"span12 mobile-pricing-box-padding\">\n<form id=\"60439\" accept-charset=\"utf-8\" action=\"https:\/\/www.globaltestsupply.com\/shop\/add\" method=\"post\" name=\"addTocartFunction\">\n<div><b>Caracter\u00edsticas y beneficios:<\/b><\/div>\n<div>La novedosa generaci\u00f3n de detector de un solo gas que asiste para achicar costos , garantizar el cumplimiento de las normas y comprender que tus trabajadores est\u00e1n protegidos. Honeywell BW\u2122 tiene todo lo que esperas, aparte de especificaciones auxiliares que hacen su funcionamiento mucho m\u00e1s f\u00e1cil y productivo que jam\u00e1s. Todo con una vida \u00fatil fiable , operaci\u00f3n a un bot\u00f3n y perfil pequeno y ligero. El Honeywell BW Solo es:<\/div>\n<div>\n<ul>\n<li>El primer detector de un solo gas con sensores Serie-1 para CO, H2S y C2. Lo que se traduce en mayor exactitud, reducci\u00f3n de costos, y una detecci\u00f3n m\u00e1s r\u00e1pida de aquellos gases que se monitorean con mayor frecuencia.<\/li>\n<li>El detector de un solo gas m\u00e1s f\u00e1cil para servicio, sin necesidad de desarmarlo para reemplazar sensores, bater\u00edas y filtros de sensor. Eso significa larga vida y bajo costo.<\/li>\n<li>El m\u00e1s completo con una amplia selecci\u00f3n de opciones de sensores. Cuenta con detecci\u00f3n comprensiva, sin importar si est\u00e1s monitoreando peligros comunes o ex\u00f3ticos.<\/li>\n<li>Compatible con IntelliDoX. Ahorra tiempo y centraliza informaci\u00f3n con prueba de impacto, calibraci\u00f3n y administraci\u00f3n del instrumento automatizado. Usa las estaciones de muelle IntelliDoX con el dispositivo configurador de software SafetySuite.<\/li>\n<\/ul>\n<\/div>\n<\/form>\n<\/div>\n<\/div>\n","protected":false},"featured_media":9625,"comment_status":"open","ping_status":"closed","template":"","meta":{"_joinchat":[]},"product_brand":[],"product_cat":[15],"product_tag":[],"class_list":{"0":"post-7578","1":"product","2":"type-product","3":"status-publish","4":"has-post-thumbnail","6":"product_cat-sin-categorizar","8":"first","9":"instock","10":"shipping-taxable","11":"product-type-simple"},"yoast_head":"<!-- This site is optimized with the Yoast SEO plugin v26.4 - https:\/\/yoast.com\/wordpress\/plugins\/seo\/ -->\n<title>Explosimetro Honeywell BW O3 Ozono - BWSGB - Abaa tienda online<\/title>\n<meta name=\"robots\" content=\"index, follow, max-snippet:-1, max-image-preview:large, max-video-preview:-1\" \/>\n<link rel=\"canonical\" href=\"https:\/\/abaa.mx\/tienda\/manometro-digital-reed-r3100-manometro-diferencial-100psi\/\" \/>\n<meta property=\"og:locale\" content=\"es_MX\" \/>\n<meta property=\"og:type\" content=\"article\" \/>\n<meta property=\"og:title\" content=\"Explosimetro Honeywell BW O3 Ozono - BWSGB - Abaa tienda online\" \/>\n<meta property=\"og:description\" content=\"Caracter\u00edsticas y beneficios: La novedosa generaci\u00f3n de detector de un solo gas que asiste para achicar costos , garantizar el cumplimiento de las normas y comprender que tus trabajadores est\u00e1n protegidos. Honeywell BW\u2122 tiene todo lo que esperas, aparte de especificaciones auxiliares que hacen su funcionamiento mucho m\u00e1s f\u00e1cil y productivo que jam\u00e1s. Todo con una vida \u00fatil fiable , operaci\u00f3n a un bot\u00f3n y perfil pequeno y ligero. El Honeywell BW Solo es:    El primer detector de un solo gas con sensores Serie-1 para CO, H2S y C2. Lo que se traduce en mayor exactitud, reducci\u00f3n de costos, y una detecci\u00f3n m\u00e1s r\u00e1pida de aquellos gases que se monitorean con mayor frecuencia.  El detector de un solo gas m\u00e1s f\u00e1cil para servicio, sin necesidad de desarmarlo para reemplazar sensores, bater\u00edas y filtros de sensor. Eso significa larga vida y bajo costo.  El m\u00e1s completo con una amplia selecci\u00f3n de opciones de sensores. Cuenta con detecci\u00f3n comprensiva, sin importar si est\u00e1s monitoreando peligros comunes o ex\u00f3ticos.  Compatible con IntelliDoX. Ahorra tiempo y centraliza informaci\u00f3n con prueba de impacto, calibraci\u00f3n y administraci\u00f3n del instrumento automatizado. Usa las estaciones de muelle IntelliDoX con el dispositivo configurador de software SafetySuite.\" \/>\n<meta property=\"og:url\" content=\"https:\/\/abaa.mx\/tienda\/manometro-digital-reed-r3100-manometro-diferencial-100psi\/\" \/>\n<meta property=\"og:site_name\" content=\"Abaa tienda online\" \/>\n<meta property=\"article:modified_time\" content=\"2023-12-04T21:00:15+00:00\" \/>\n<meta property=\"og:image\" content=\"https:\/\/abaa.mx\/tienda\/wp-content\/uploads\/2023\/10\/HONEYWELL-BWSGB.jpg\" \/>\n\t<meta property=\"og:image:width\" content=\"315\" \/>\n\t<meta property=\"og:image:height\" content=\"346\" \/>\n\t<meta property=\"og:image:type\" content=\"image\/jpeg\" \/>\n<meta name=\"twitter:card\" content=\"summary_large_image\" \/>\n<meta name=\"twitter:label1\" content=\"Tiempo de lectura\" \/>\n\t<meta name=\"twitter:data1\" content=\"1 minuto\" \/>\n<script type=\"application\/ld+json\" class=\"yoast-schema-graph\">{\"@context\":\"https:\/\/schema.org\",\"@graph\":[{\"@type\":\"WebPage\",\"@id\":\"https:\/\/abaa.mx\/tienda\/manometro-digital-reed-r3100-manometro-diferencial-100psi\/\",\"url\":\"https:\/\/abaa.mx\/tienda\/manometro-digital-reed-r3100-manometro-diferencial-100psi\/\",\"name\":\"Explosimetro Honeywell BW O3 Ozono - BWSGB - Abaa tienda online\",\"isPartOf\":{\"@id\":\"https:\/\/abaa.mx\/tienda\/#website\"},\"primaryImageOfPage\":{\"@id\":\"https:\/\/abaa.mx\/tienda\/manometro-digital-reed-r3100-manometro-diferencial-100psi\/#primaryimage\"},\"image\":{\"@id\":\"https:\/\/abaa.mx\/tienda\/manometro-digital-reed-r3100-manometro-diferencial-100psi\/#primaryimage\"},\"thumbnailUrl\":\"https:\/\/abaa.mx\/tienda\/wp-content\/uploads\/2023\/10\/HONEYWELL-BWSGB.jpg\",\"datePublished\":\"2023-10-24T15:32:51+00:00\",\"dateModified\":\"2023-12-04T21:00:15+00:00\",\"breadcrumb\":{\"@id\":\"https:\/\/abaa.mx\/tienda\/manometro-digital-reed-r3100-manometro-diferencial-100psi\/#breadcrumb\"},\"inLanguage\":\"es\",\"potentialAction\":[{\"@type\":\"ReadAction\",\"target\":[\"https:\/\/abaa.mx\/tienda\/manometro-digital-reed-r3100-manometro-diferencial-100psi\/\"]}]},{\"@type\":\"ImageObject\",\"inLanguage\":\"es\",\"@id\":\"https:\/\/abaa.mx\/tienda\/manometro-digital-reed-r3100-manometro-diferencial-100psi\/#primaryimage\",\"url\":\"https:\/\/abaa.mx\/tienda\/wp-content\/uploads\/2023\/10\/HONEYWELL-BWSGB.jpg\",\"contentUrl\":\"https:\/\/abaa.mx\/tienda\/wp-content\/uploads\/2023\/10\/HONEYWELL-BWSGB.jpg\",\"width\":315,\"height\":346,\"caption\":\"HONEYWELL -BWSGB\"},{\"@type\":\"BreadcrumbList\",\"@id\":\"https:\/\/abaa.mx\/tienda\/manometro-digital-reed-r3100-manometro-diferencial-100psi\/#breadcrumb\",\"itemListElement\":[{\"@type\":\"ListItem\",\"position\":1,\"name\":\"Inicio\",\"item\":\"https:\/\/abaa.mx\/tienda\/\"},{\"@type\":\"ListItem\",\"position\":2,\"name\":\"Tienda\",\"item\":\"https:\/\/abaa.mx\/tienda\/\"},{\"@type\":\"ListItem\",\"position\":3,\"name\":\"Explosimetro Honeywell BW O3 Ozono &#8211; BWSGB\"}]},{\"@type\":\"WebSite\",\"@id\":\"https:\/\/abaa.mx\/tienda\/#website\",\"url\":\"https:\/\/abaa.mx\/tienda\/\",\"name\":\"Abaa tienda online\",\"description\":\"Instrumentos de medici\u00f3n\",\"publisher\":{\"@id\":\"https:\/\/abaa.mx\/tienda\/#organization\"},\"potentialAction\":[{\"@type\":\"SearchAction\",\"target\":{\"@type\":\"EntryPoint\",\"urlTemplate\":\"https:\/\/abaa.mx\/tienda\/?s={search_term_string}\"},\"query-input\":{\"@type\":\"PropertyValueSpecification\",\"valueRequired\":true,\"valueName\":\"search_term_string\"}}],\"inLanguage\":\"es\"},{\"@type\":\"Organization\",\"@id\":\"https:\/\/abaa.mx\/tienda\/#organization\",\"name\":\"Abaa tienda online\",\"url\":\"https:\/\/abaa.mx\/tienda\/\",\"logo\":{\"@type\":\"ImageObject\",\"inLanguage\":\"es\",\"@id\":\"https:\/\/abaa.mx\/tienda\/#\/schema\/logo\/image\/\",\"url\":\"https:\/\/abaa.mx\/tienda\/wp-content\/uploads\/2024\/01\/abaa-metrologia-tienda.png\",\"contentUrl\":\"https:\/\/abaa.mx\/tienda\/wp-content\/uploads\/2024\/01\/abaa-metrologia-tienda.png\",\"width\":300,\"height\":141,\"caption\":\"Abaa tienda online\"},\"image\":{\"@id\":\"https:\/\/abaa.mx\/tienda\/#\/schema\/logo\/image\/\"}}]}<\/script>\n<!-- \/ Yoast SEO plugin. -->","yoast_head_json":{"title":"Explosimetro Honeywell BW O3 Ozono - BWSGB - Abaa tienda online","robots":{"index":"index","follow":"follow","max-snippet":"max-snippet:-1","max-image-preview":"max-image-preview:large","max-video-preview":"max-video-preview:-1"},"canonical":"https:\/\/abaa.mx\/tienda\/manometro-digital-reed-r3100-manometro-diferencial-100psi\/","og_locale":"es_MX","og_type":"article","og_title":"Explosimetro Honeywell BW O3 Ozono - BWSGB - Abaa tienda online","og_description":"Caracter\u00edsticas y beneficios: La novedosa generaci\u00f3n de detector de un solo gas que asiste para achicar costos , garantizar el cumplimiento de las normas y comprender que tus trabajadores est\u00e1n protegidos. Honeywell BW\u2122 tiene todo lo que esperas, aparte de especificaciones auxiliares que hacen su funcionamiento mucho m\u00e1s f\u00e1cil y productivo que jam\u00e1s. Todo con una vida \u00fatil fiable , operaci\u00f3n a un bot\u00f3n y perfil pequeno y ligero. El Honeywell BW Solo es:    El primer detector de un solo gas con sensores Serie-1 para CO, H2S y C2. Lo que se traduce en mayor exactitud, reducci\u00f3n de costos, y una detecci\u00f3n m\u00e1s r\u00e1pida de aquellos gases que se monitorean con mayor frecuencia.  El detector de un solo gas m\u00e1s f\u00e1cil para servicio, sin necesidad de desarmarlo para reemplazar sensores, bater\u00edas y filtros de sensor. Eso significa larga vida y bajo costo.  El m\u00e1s completo con una amplia selecci\u00f3n de opciones de sensores. Cuenta con detecci\u00f3n comprensiva, sin importar si est\u00e1s monitoreando peligros comunes o ex\u00f3ticos.  Compatible con IntelliDoX. Ahorra tiempo y centraliza informaci\u00f3n con prueba de impacto, calibraci\u00f3n y administraci\u00f3n del instrumento automatizado. Usa las estaciones de muelle IntelliDoX con el dispositivo configurador de software SafetySuite.","og_url":"https:\/\/abaa.mx\/tienda\/manometro-digital-reed-r3100-manometro-diferencial-100psi\/","og_site_name":"Abaa tienda online","article_modified_time":"2023-12-04T21:00:15+00:00","og_image":[{"width":315,"height":346,"url":"https:\/\/abaa.mx\/tienda\/wp-content\/uploads\/2023\/10\/HONEYWELL-BWSGB.jpg","type":"image\/jpeg"}],"twitter_card":"summary_large_image","twitter_misc":{"Tiempo de lectura":"1 minuto"},"schema":{"@context":"https:\/\/schema.org","@graph":[{"@type":"WebPage","@id":"https:\/\/abaa.mx\/tienda\/manometro-digital-reed-r3100-manometro-diferencial-100psi\/","url":"https:\/\/abaa.mx\/tienda\/manometro-digital-reed-r3100-manometro-diferencial-100psi\/","name":"Explosimetro Honeywell BW O3 Ozono - BWSGB - Abaa tienda online","isPartOf":{"@id":"https:\/\/abaa.mx\/tienda\/#website"},"primaryImageOfPage":{"@id":"https:\/\/abaa.mx\/tienda\/manometro-digital-reed-r3100-manometro-diferencial-100psi\/#primaryimage"},"image":{"@id":"https:\/\/abaa.mx\/tienda\/manometro-digital-reed-r3100-manometro-diferencial-100psi\/#primaryimage"},"thumbnailUrl":"https:\/\/abaa.mx\/tienda\/wp-content\/uploads\/2023\/10\/HONEYWELL-BWSGB.jpg","datePublished":"2023-10-24T15:32:51+00:00","dateModified":"2023-12-04T21:00:15+00:00","breadcrumb":{"@id":"https:\/\/abaa.mx\/tienda\/manometro-digital-reed-r3100-manometro-diferencial-100psi\/#breadcrumb"},"inLanguage":"es","potentialAction":[{"@type":"ReadAction","target":["https:\/\/abaa.mx\/tienda\/manometro-digital-reed-r3100-manometro-diferencial-100psi\/"]}]},{"@type":"ImageObject","inLanguage":"es","@id":"https:\/\/abaa.mx\/tienda\/manometro-digital-reed-r3100-manometro-diferencial-100psi\/#primaryimage","url":"https:\/\/abaa.mx\/tienda\/wp-content\/uploads\/2023\/10\/HONEYWELL-BWSGB.jpg","contentUrl":"https:\/\/abaa.mx\/tienda\/wp-content\/uploads\/2023\/10\/HONEYWELL-BWSGB.jpg","width":315,"height":346,"caption":"HONEYWELL -BWSGB"},{"@type":"BreadcrumbList","@id":"https:\/\/abaa.mx\/tienda\/manometro-digital-reed-r3100-manometro-diferencial-100psi\/#breadcrumb","itemListElement":[{"@type":"ListItem","position":1,"name":"Inicio","item":"https:\/\/abaa.mx\/tienda\/"},{"@type":"ListItem","position":2,"name":"Tienda","item":"https:\/\/abaa.mx\/tienda\/"},{"@type":"ListItem","position":3,"name":"Explosimetro Honeywell BW O3 Ozono &#8211; BWSGB"}]},{"@type":"WebSite","@id":"https:\/\/abaa.mx\/tienda\/#website","url":"https:\/\/abaa.mx\/tienda\/","name":"Abaa tienda online","description":"Instrumentos de medici\u00f3n","publisher":{"@id":"https:\/\/abaa.mx\/tienda\/#organization"},"potentialAction":[{"@type":"SearchAction","target":{"@type":"EntryPoint","urlTemplate":"https:\/\/abaa.mx\/tienda\/?s={search_term_string}"},"query-input":{"@type":"PropertyValueSpecification","valueRequired":true,"valueName":"search_term_string"}}],"inLanguage":"es"},{"@type":"Organization","@id":"https:\/\/abaa.mx\/tienda\/#organization","name":"Abaa tienda online","url":"https:\/\/abaa.mx\/tienda\/","logo":{"@type":"ImageObject","inLanguage":"es","@id":"https:\/\/abaa.mx\/tienda\/#\/schema\/logo\/image\/","url":"https:\/\/abaa.mx\/tienda\/wp-content\/uploads\/2024\/01\/abaa-metrologia-tienda.png","contentUrl":"https:\/\/abaa.mx\/tienda\/wp-content\/uploads\/2024\/01\/abaa-metrologia-tienda.png","width":300,"height":141,"caption":"Abaa tienda online"},"image":{"@id":"https:\/\/abaa.mx\/tienda\/#\/schema\/logo\/image\/"}}]}},"_links":{"self":[{"href":"https:\/\/abaa.mx\/tienda\/wp-json\/wp\/v2\/product\/7578","targetHints":{"allow":["GET"]}}],"collection":[{"href":"https:\/\/abaa.mx\/tienda\/wp-json\/wp\/v2\/product"}],"about":[{"href":"https:\/\/abaa.mx\/tienda\/wp-json\/wp\/v2\/types\/product"}],"replies":[{"embeddable":true,"href":"https:\/\/abaa.mx\/tienda\/wp-json\/wp\/v2\/comments?post=7578"}],"wp:featuredmedia":[{"embeddable":true,"href":"https:\/\/abaa.mx\/tienda\/wp-json\/wp\/v2\/media\/9625"}],"wp:attachment":[{"href":"https:\/\/abaa.mx\/tienda\/wp-json\/wp\/v2\/media?parent=7578"}],"wp:term":[{"taxonomy":"product_brand","embeddable":true,"href":"https:\/\/abaa.mx\/tienda\/wp-json\/wp\/v2\/product_brand?post=7578"},{"taxonomy":"product_cat","embeddable":true,"href":"https:\/\/abaa.mx\/tienda\/wp-json\/wp\/v2\/product_cat?post=7578"},{"taxonomy":"product_tag","embeddable":true,"href":"https:\/\/abaa.mx\/tienda\/wp-json\/wp\/v2\/product_tag?post=7578"}],"curies":[{"name":"wp","href":"https:\/\/api.w.org\/{rel}","templated":true}]}}