{"id":7575,"date":"2023-10-24T15:32:48","date_gmt":"2023-10-24T15:32:48","guid":{"rendered":"https:\/\/abaa.mx\/tienda\/?post_type=product&#038;p=7575"},"modified":"2023-12-04T20:22:36","modified_gmt":"2023-12-04T20:22:36","slug":"reed-r3001-anemometro-de-tubo-de-pitot-manometro-diferencial-con-volumen-de-aire","status":"publish","type":"product","link":"https:\/\/abaa.mx\/tienda\/reed-r3001-anemometro-de-tubo-de-pitot-manometro-diferencial-con-volumen-de-aire\/","title":{"rendered":"Reed r3001 anem\u00f3metro de tubo de pitot &#8211; man\u00f3metro diferencial con volumen de aire"},"content":{"rendered":"<p>Este man\u00f3metro digital proporciona mediciones precisas en 11 unidades de medida diferentes y es capaz de tomar la presi\u00f3n manom\u00e9trica y diferencial. El R3100 cuenta con una pantalla LCD retroiluminada y memoria interna para capturar mediciones m\u00e1ximas y m\u00ednimas.<\/p>\n<h5><strong>Funciones<\/strong><\/h5>\n<ul>\n<li>Mide la presi\u00f3n manom\u00e9trica y diferencial de hasta 100 psi<\/li>\n<li>11 unidades de medida seleccionables: psi, inH<sub>2<\/sub>O, bar, mbar, kPa, inHg, mmHg, ozin\u00b2, ftH<sub>2<\/sub>O, cmH<sub>2<\/sub>O, kgcm\u00b2<\/li>\n<li>Muestra la presi\u00f3n y el reloj en tiempo real simult\u00e1neamente<\/li>\n<li>Pantalla LCD retroiluminada de f\u00e1cil lectura<\/li>\n<li>La memoria interna guarda las mediciones m\u00e1ximas y m\u00ednimas<\/li>\n<li>Funci\u00f3n de retenci\u00f3n de datos<\/li>\n<li>Indicador de bater\u00eda baja y apagado autom\u00e1tico<\/li>\n<\/ul>\n<h4>Especificaciones de REED R3100<\/h4>\n<table class=\"table table-striped\">\n<tbody>\n<tr>\n<td colspan=\"2\"><strong>Presi\u00f3n<\/strong><\/td>\n<\/tr>\n<tr>\n<td>Rangos de medici\u00f3n<\/td>\n<td>100.0 psi<br \/>\n2768 pulg.H<sub>2<\/sub>\u00d8<br \/>\n6895 mbar<br \/>\n689,5 kPa<br \/>\n203,6 inHg 5171 mmHg1600 ozin\u00b2<br \/>\n230,7 ftH<\/p>\n<p><sub>2<\/sub>\u00d8<br \/>\n7004 cmH<sub>2<\/sub>\u00d8<br \/>\n7.031 kgcm\u00b2<br \/>\n6.895 bar<\/td>\n<\/tr>\n<tr>\n<td>Exactitud<\/td>\n<td>\u00b10.3% FS<\/td>\n<\/tr>\n<tr>\n<td>Resoluci\u00f3n<\/td>\n<td>0.1 psi<br \/>\n2 pulg.H<sub>2<\/sub>\u00d8<br \/>\n4 mbar \/ cmH<sub>2<\/sub>\u00d8<br \/>\n0,4 kPa<br \/>\n0,2 inHg 3 mmHg1 ozin\u00b2<br \/>\n0,2 ftH<\/p>\n<p><sub>2<\/sub>0<br \/>\n0,004 kg\/cm\u00b2 \/ bar<\/td>\n<\/tr>\n<tr>\n<td>Repetibilidad<\/td>\n<td>\u00b10.2% FS<\/td>\n<\/tr>\n<tr>\n<td>Linealidad\/Hist\u00e9resis<\/td>\n<td>\u00b10.29%\u2008FS<\/td>\n<\/tr>\n<tr>\n<td>Presi\u00f3n m\u00e1xima<\/td>\n<td>150 psi<\/td>\n<\/tr>\n<tr>\n<td colspan=\"2\"><strong>Especificaciones generales<\/strong><\/td>\n<\/tr>\n<tr>\n<td>Monitor<\/td>\n<td>Pantalla LCD dual de 4 d\u00edgitos<\/td>\n<\/tr>\n<tr>\n<td>Pantalla retroiluminada<\/td>\n<td>S\u00ed<\/td>\n<\/tr>\n<tr>\n<td>Retenci\u00f3n de datos<\/td>\n<td>S\u00ed<\/td>\n<\/tr>\n<tr>\n<td>Min<\/td>\n<td>S\u00ed<\/td>\n<\/tr>\n<tr>\n<td>M\u00e1ximo<\/td>\n<td>S\u00ed<\/td>\n<\/tr>\n<tr>\n<td>Presi\u00f3n diferencial<\/td>\n<td>S\u00ed<\/td>\n<\/tr>\n<tr>\n<td>Tiempo de respuesta<\/td>\n<td>2 veces\/seg.<\/td>\n<\/tr>\n<tr>\n<td>Memoria interna<\/td>\n<td>S\u00ed<\/td>\n<\/tr>\n<tr>\n<td>Apagado autom\u00e1tico<\/td>\n<td>S\u00ed (despu\u00e9s de 20 minutos\/apagado)<\/td>\n<\/tr>\n<tr>\n<td>Indicador de bater\u00eda baja<\/td>\n<td>S\u00ed<\/td>\n<\/tr>\n<tr>\n<td>Fuente de alimentaci\u00f3n<\/td>\n<td>Bater\u00eda de 9V<\/td>\n<\/tr>\n<tr>\n<td>Certificaciones de productos<\/td>\n<td>Despu\u00e9s de Cristo<\/td>\n<\/tr>\n<tr>\n<td>Temperatura de funcionamiento<\/td>\n<td>De 32 a 122 \u00b0C (de 0 a 50 \u00b0F)<\/td>\n<\/tr>\n<tr>\n<td>Temperatura de almacenamiento<\/td>\n<td>De -14 a 140 \u00b0C (de 10 a 60 \u00b0F)<\/td>\n<\/tr>\n<tr>\n<td>Humedad de funcionamiento<\/td>\n<td>10-80%<\/td>\n<\/tr>\n<tr>\n<td>Dimensiones<\/td>\n<td>7,2 x 2,8 x 1,2&#8243; (182 x 72 x 30 mm)<\/td>\n<\/tr>\n<tr>\n<td>Peso<\/td>\n<td>7 g (8,220 onzas)<\/td>\n<\/tr>\n<\/tbody>\n<\/table>\n","protected":false},"excerpt":{"rendered":"<p class=\"short-description mhide ipad-view-setting\">Mide la presi\u00f3n manom\u00e9trica y diferencial en 11 unidades de medida.<\/p>\n<div class=\"row-fluid\">\n<div class=\"span12 mobile-pricing-box-padding\">\n<form id=\"54032\" accept-charset=\"utf-8\" action=\"https:\/\/www.globaltestsupply.com\/shop\/add\" method=\"post\" name=\"addTocartFunction\">\n<div><\/div>\n<\/form>\n<\/div>\n<\/div>\n","protected":false},"featured_media":7590,"comment_status":"open","ping_status":"closed","template":"","meta":{"_joinchat":[]},"product_brand":[],"product_cat":[15],"product_tag":[],"class_list":{"0":"post-7575","1":"product","2":"type-product","3":"status-publish","4":"has-post-thumbnail","6":"product_cat-sin-categorizar","8":"first","9":"instock","10":"shipping-taxable","11":"product-type-simple"},"yoast_head":"<!-- This site is optimized with the Yoast SEO plugin v26.4 - https:\/\/yoast.com\/wordpress\/plugins\/seo\/ -->\n<title>Reed r3001 anem\u00f3metro de tubo de pitot - man\u00f3metro diferencial con volumen de aire - Abaa tienda online<\/title>\n<meta name=\"robots\" content=\"index, follow, max-snippet:-1, max-image-preview:large, max-video-preview:-1\" \/>\n<link rel=\"canonical\" href=\"https:\/\/abaa.mx\/tienda\/reed-r3001-anemometro-de-tubo-de-pitot-manometro-diferencial-con-volumen-de-aire\/\" \/>\n<meta property=\"og:locale\" content=\"es_MX\" \/>\n<meta property=\"og:type\" content=\"article\" \/>\n<meta property=\"og:title\" content=\"Reed r3001 anem\u00f3metro de tubo de pitot - man\u00f3metro diferencial con volumen de aire - Abaa tienda online\" \/>\n<meta property=\"og:description\" content=\"Mide la presi\u00f3n manom\u00e9trica y diferencial en 11 unidades de medida.\" \/>\n<meta property=\"og:url\" content=\"https:\/\/abaa.mx\/tienda\/reed-r3001-anemometro-de-tubo-de-pitot-manometro-diferencial-con-volumen-de-aire\/\" \/>\n<meta property=\"og:site_name\" content=\"Abaa tienda online\" \/>\n<meta property=\"article:modified_time\" content=\"2023-12-04T20:22:36+00:00\" \/>\n<meta property=\"og:image\" content=\"https:\/\/abaa.mx\/tienda\/wp-content\/uploads\/2023\/10\/R3001.jpg\" \/>\n\t<meta property=\"og:image:width\" content=\"450\" \/>\n\t<meta property=\"og:image:height\" content=\"450\" \/>\n\t<meta property=\"og:image:type\" content=\"image\/jpeg\" \/>\n<meta name=\"twitter:card\" content=\"summary_large_image\" \/>\n<meta name=\"twitter:label1\" content=\"Tiempo de lectura\" \/>\n\t<meta name=\"twitter:data1\" content=\"2 minutos\" \/>\n<script type=\"application\/ld+json\" class=\"yoast-schema-graph\">{\"@context\":\"https:\/\/schema.org\",\"@graph\":[{\"@type\":\"WebPage\",\"@id\":\"https:\/\/abaa.mx\/tienda\/reed-r3001-anemometro-de-tubo-de-pitot-manometro-diferencial-con-volumen-de-aire\/\",\"url\":\"https:\/\/abaa.mx\/tienda\/reed-r3001-anemometro-de-tubo-de-pitot-manometro-diferencial-con-volumen-de-aire\/\",\"name\":\"Reed r3001 anem\u00f3metro de tubo de pitot - man\u00f3metro diferencial con volumen de aire - Abaa tienda online\",\"isPartOf\":{\"@id\":\"https:\/\/abaa.mx\/tienda\/#website\"},\"primaryImageOfPage\":{\"@id\":\"https:\/\/abaa.mx\/tienda\/reed-r3001-anemometro-de-tubo-de-pitot-manometro-diferencial-con-volumen-de-aire\/#primaryimage\"},\"image\":{\"@id\":\"https:\/\/abaa.mx\/tienda\/reed-r3001-anemometro-de-tubo-de-pitot-manometro-diferencial-con-volumen-de-aire\/#primaryimage\"},\"thumbnailUrl\":\"https:\/\/abaa.mx\/tienda\/wp-content\/uploads\/2023\/10\/R3001.jpg\",\"datePublished\":\"2023-10-24T15:32:48+00:00\",\"dateModified\":\"2023-12-04T20:22:36+00:00\",\"breadcrumb\":{\"@id\":\"https:\/\/abaa.mx\/tienda\/reed-r3001-anemometro-de-tubo-de-pitot-manometro-diferencial-con-volumen-de-aire\/#breadcrumb\"},\"inLanguage\":\"es\",\"potentialAction\":[{\"@type\":\"ReadAction\",\"target\":[\"https:\/\/abaa.mx\/tienda\/reed-r3001-anemometro-de-tubo-de-pitot-manometro-diferencial-con-volumen-de-aire\/\"]}]},{\"@type\":\"ImageObject\",\"inLanguage\":\"es\",\"@id\":\"https:\/\/abaa.mx\/tienda\/reed-r3001-anemometro-de-tubo-de-pitot-manometro-diferencial-con-volumen-de-aire\/#primaryimage\",\"url\":\"https:\/\/abaa.mx\/tienda\/wp-content\/uploads\/2023\/10\/R3001.jpg\",\"contentUrl\":\"https:\/\/abaa.mx\/tienda\/wp-content\/uploads\/2023\/10\/R3001.jpg\",\"width\":450,\"height\":450,\"caption\":\"reed-r3001-anemometro-de-tubo-de-pitot-manometro-diferencial-con-volumen-de-aire\"},{\"@type\":\"BreadcrumbList\",\"@id\":\"https:\/\/abaa.mx\/tienda\/reed-r3001-anemometro-de-tubo-de-pitot-manometro-diferencial-con-volumen-de-aire\/#breadcrumb\",\"itemListElement\":[{\"@type\":\"ListItem\",\"position\":1,\"name\":\"Inicio\",\"item\":\"https:\/\/abaa.mx\/tienda\/\"},{\"@type\":\"ListItem\",\"position\":2,\"name\":\"Tienda\",\"item\":\"https:\/\/abaa.mx\/tienda\/\"},{\"@type\":\"ListItem\",\"position\":3,\"name\":\"Reed r3001 anem\u00f3metro de tubo de pitot &#8211; man\u00f3metro diferencial con volumen de aire\"}]},{\"@type\":\"WebSite\",\"@id\":\"https:\/\/abaa.mx\/tienda\/#website\",\"url\":\"https:\/\/abaa.mx\/tienda\/\",\"name\":\"Abaa tienda online\",\"description\":\"Instrumentos de medici\u00f3n\",\"publisher\":{\"@id\":\"https:\/\/abaa.mx\/tienda\/#organization\"},\"potentialAction\":[{\"@type\":\"SearchAction\",\"target\":{\"@type\":\"EntryPoint\",\"urlTemplate\":\"https:\/\/abaa.mx\/tienda\/?s={search_term_string}\"},\"query-input\":{\"@type\":\"PropertyValueSpecification\",\"valueRequired\":true,\"valueName\":\"search_term_string\"}}],\"inLanguage\":\"es\"},{\"@type\":\"Organization\",\"@id\":\"https:\/\/abaa.mx\/tienda\/#organization\",\"name\":\"Abaa tienda online\",\"url\":\"https:\/\/abaa.mx\/tienda\/\",\"logo\":{\"@type\":\"ImageObject\",\"inLanguage\":\"es\",\"@id\":\"https:\/\/abaa.mx\/tienda\/#\/schema\/logo\/image\/\",\"url\":\"https:\/\/abaa.mx\/tienda\/wp-content\/uploads\/2024\/01\/abaa-metrologia-tienda.png\",\"contentUrl\":\"https:\/\/abaa.mx\/tienda\/wp-content\/uploads\/2024\/01\/abaa-metrologia-tienda.png\",\"width\":300,\"height\":141,\"caption\":\"Abaa tienda online\"},\"image\":{\"@id\":\"https:\/\/abaa.mx\/tienda\/#\/schema\/logo\/image\/\"}}]}<\/script>\n<!-- \/ Yoast SEO plugin. -->","yoast_head_json":{"title":"Reed r3001 anem\u00f3metro de tubo de pitot - man\u00f3metro diferencial con volumen de aire - Abaa tienda online","robots":{"index":"index","follow":"follow","max-snippet":"max-snippet:-1","max-image-preview":"max-image-preview:large","max-video-preview":"max-video-preview:-1"},"canonical":"https:\/\/abaa.mx\/tienda\/reed-r3001-anemometro-de-tubo-de-pitot-manometro-diferencial-con-volumen-de-aire\/","og_locale":"es_MX","og_type":"article","og_title":"Reed r3001 anem\u00f3metro de tubo de pitot - man\u00f3metro diferencial con volumen de aire - Abaa tienda online","og_description":"Mide la presi\u00f3n manom\u00e9trica y diferencial en 11 unidades de medida.","og_url":"https:\/\/abaa.mx\/tienda\/reed-r3001-anemometro-de-tubo-de-pitot-manometro-diferencial-con-volumen-de-aire\/","og_site_name":"Abaa tienda online","article_modified_time":"2023-12-04T20:22:36+00:00","og_image":[{"width":450,"height":450,"url":"https:\/\/abaa.mx\/tienda\/wp-content\/uploads\/2023\/10\/R3001.jpg","type":"image\/jpeg"}],"twitter_card":"summary_large_image","twitter_misc":{"Tiempo de lectura":"2 minutos"},"schema":{"@context":"https:\/\/schema.org","@graph":[{"@type":"WebPage","@id":"https:\/\/abaa.mx\/tienda\/reed-r3001-anemometro-de-tubo-de-pitot-manometro-diferencial-con-volumen-de-aire\/","url":"https:\/\/abaa.mx\/tienda\/reed-r3001-anemometro-de-tubo-de-pitot-manometro-diferencial-con-volumen-de-aire\/","name":"Reed r3001 anem\u00f3metro de tubo de pitot - man\u00f3metro diferencial con volumen de aire - Abaa tienda online","isPartOf":{"@id":"https:\/\/abaa.mx\/tienda\/#website"},"primaryImageOfPage":{"@id":"https:\/\/abaa.mx\/tienda\/reed-r3001-anemometro-de-tubo-de-pitot-manometro-diferencial-con-volumen-de-aire\/#primaryimage"},"image":{"@id":"https:\/\/abaa.mx\/tienda\/reed-r3001-anemometro-de-tubo-de-pitot-manometro-diferencial-con-volumen-de-aire\/#primaryimage"},"thumbnailUrl":"https:\/\/abaa.mx\/tienda\/wp-content\/uploads\/2023\/10\/R3001.jpg","datePublished":"2023-10-24T15:32:48+00:00","dateModified":"2023-12-04T20:22:36+00:00","breadcrumb":{"@id":"https:\/\/abaa.mx\/tienda\/reed-r3001-anemometro-de-tubo-de-pitot-manometro-diferencial-con-volumen-de-aire\/#breadcrumb"},"inLanguage":"es","potentialAction":[{"@type":"ReadAction","target":["https:\/\/abaa.mx\/tienda\/reed-r3001-anemometro-de-tubo-de-pitot-manometro-diferencial-con-volumen-de-aire\/"]}]},{"@type":"ImageObject","inLanguage":"es","@id":"https:\/\/abaa.mx\/tienda\/reed-r3001-anemometro-de-tubo-de-pitot-manometro-diferencial-con-volumen-de-aire\/#primaryimage","url":"https:\/\/abaa.mx\/tienda\/wp-content\/uploads\/2023\/10\/R3001.jpg","contentUrl":"https:\/\/abaa.mx\/tienda\/wp-content\/uploads\/2023\/10\/R3001.jpg","width":450,"height":450,"caption":"reed-r3001-anemometro-de-tubo-de-pitot-manometro-diferencial-con-volumen-de-aire"},{"@type":"BreadcrumbList","@id":"https:\/\/abaa.mx\/tienda\/reed-r3001-anemometro-de-tubo-de-pitot-manometro-diferencial-con-volumen-de-aire\/#breadcrumb","itemListElement":[{"@type":"ListItem","position":1,"name":"Inicio","item":"https:\/\/abaa.mx\/tienda\/"},{"@type":"ListItem","position":2,"name":"Tienda","item":"https:\/\/abaa.mx\/tienda\/"},{"@type":"ListItem","position":3,"name":"Reed r3001 anem\u00f3metro de tubo de pitot &#8211; man\u00f3metro diferencial con volumen de aire"}]},{"@type":"WebSite","@id":"https:\/\/abaa.mx\/tienda\/#website","url":"https:\/\/abaa.mx\/tienda\/","name":"Abaa tienda online","description":"Instrumentos de medici\u00f3n","publisher":{"@id":"https:\/\/abaa.mx\/tienda\/#organization"},"potentialAction":[{"@type":"SearchAction","target":{"@type":"EntryPoint","urlTemplate":"https:\/\/abaa.mx\/tienda\/?s={search_term_string}"},"query-input":{"@type":"PropertyValueSpecification","valueRequired":true,"valueName":"search_term_string"}}],"inLanguage":"es"},{"@type":"Organization","@id":"https:\/\/abaa.mx\/tienda\/#organization","name":"Abaa tienda online","url":"https:\/\/abaa.mx\/tienda\/","logo":{"@type":"ImageObject","inLanguage":"es","@id":"https:\/\/abaa.mx\/tienda\/#\/schema\/logo\/image\/","url":"https:\/\/abaa.mx\/tienda\/wp-content\/uploads\/2024\/01\/abaa-metrologia-tienda.png","contentUrl":"https:\/\/abaa.mx\/tienda\/wp-content\/uploads\/2024\/01\/abaa-metrologia-tienda.png","width":300,"height":141,"caption":"Abaa tienda online"},"image":{"@id":"https:\/\/abaa.mx\/tienda\/#\/schema\/logo\/image\/"}}]}},"_links":{"self":[{"href":"https:\/\/abaa.mx\/tienda\/wp-json\/wp\/v2\/product\/7575","targetHints":{"allow":["GET"]}}],"collection":[{"href":"https:\/\/abaa.mx\/tienda\/wp-json\/wp\/v2\/product"}],"about":[{"href":"https:\/\/abaa.mx\/tienda\/wp-json\/wp\/v2\/types\/product"}],"replies":[{"embeddable":true,"href":"https:\/\/abaa.mx\/tienda\/wp-json\/wp\/v2\/comments?post=7575"}],"wp:featuredmedia":[{"embeddable":true,"href":"https:\/\/abaa.mx\/tienda\/wp-json\/wp\/v2\/media\/7590"}],"wp:attachment":[{"href":"https:\/\/abaa.mx\/tienda\/wp-json\/wp\/v2\/media?parent=7575"}],"wp:term":[{"taxonomy":"product_brand","embeddable":true,"href":"https:\/\/abaa.mx\/tienda\/wp-json\/wp\/v2\/product_brand?post=7575"},{"taxonomy":"product_cat","embeddable":true,"href":"https:\/\/abaa.mx\/tienda\/wp-json\/wp\/v2\/product_cat?post=7575"},{"taxonomy":"product_tag","embeddable":true,"href":"https:\/\/abaa.mx\/tienda\/wp-json\/wp\/v2\/product_tag?post=7575"}],"curies":[{"name":"wp","href":"https:\/\/api.w.org\/{rel}","templated":true}]}}