{"id":75,"date":"2020-07-22T16:39:59","date_gmt":"2020-07-22T16:39:59","guid":{"rendered":"https:\/\/abaa.mx\/tienda\/?post_type=product&#038;p=75"},"modified":"2025-09-10T02:13:39","modified_gmt":"2025-09-10T02:13:39","slug":"termohigrometro-taylor-1731","status":"publish","type":"product","link":"https:\/\/abaa.mx\/tienda\/termohigrometro-taylor-1731\/","title":{"rendered":"Termohigr\u00f3metro Taylor 1731"},"content":{"rendered":"<p>Se trata de\u00a0un instrumento muy eficiente, que\u00a0indica con gran precision la temperatura y humedad relativa interior y de lugares externos,\u00a0la base del equipo est\u00e1 equipada con un term\u00f3metro e higr\u00f3metro\u00a0que miden temperatura y humeda relativa desde adentro\u00a0del instrumento, tambi\u00e9n est\u00e1 equipado con un sensor inal\u00e1mbrico que es capaz de medir temperatura y humedad relativa en lugares externos, el sensor inal\u00e1mbrico\u00a0es cap\u00e1z de alcanzar hasta una distancia de 60 metros (200 pies),<\/p>\n<p><strong>Caracter\u00edsticas:<\/strong><\/p>\n<ul>\n<li>Temperatura interior y exterior<\/li>\n<li>Memoria de temperatura m\u00e1xima y m\u00ednima<\/li>\n<li>Memoria de humedad m\u00e1xima y m\u00ednima<\/li>\n<li>Alertas de temperatura programables<\/li>\n<li>Indicador de tendencias t\u00e9rmicas y de humedad<\/li>\n<li>Selecci\u00f3n de Unidad \u00b0C o \u00b0F<\/li>\n<li>Calendario<\/li>\n<li>Alcance de sensor remoto: 60 metros (200 pies)<\/li>\n<li>Reloj con alarma<\/li>\n<\/ul>\n<h5><strong>Ficha t\u00e9cnica de termohigr\u00f3metro digital Taylor 1731<\/strong><\/h5>\n<table>\n<tbody>\n<tr>\n<td width=\"221\">Lectura<\/td>\n<td width=\"221\">Digital<\/td>\n<\/tr>\n<tr>\n<td width=\"221\">Sensor<\/td>\n<td width=\"221\">Inal\u00e1mbrico<\/td>\n<\/tr>\n<tr>\n<td width=\"221\">Pantalla<\/td>\n<td width=\"221\">Digital<\/td>\n<\/tr>\n<tr>\n<td width=\"221\">Material<\/td>\n<td width=\"221\">Pl\u00e1stico<\/td>\n<\/tr>\n<tr>\n<td width=\"221\">Uso<\/td>\n<td width=\"221\">Medio Ambiente<\/td>\n<\/tr>\n<\/tbody>\n<\/table>\n","protected":false},"excerpt":{"rendered":"<p>Termohigr\u00f3metro digital marca Taylor modelo 1731 con sensor rec\u00f3ndito por Bluetooth, con display grande perfecto para farmacias, laboratorios y guardes de medicamentos.<\/p>\n","protected":false},"featured_media":10299,"comment_status":"open","ping_status":"closed","template":"","meta":{"_joinchat":[]},"product_brand":[],"product_cat":[58],"product_tag":[],"class_list":{"0":"post-75","1":"product","2":"type-product","3":"status-publish","4":"has-post-thumbnail","6":"product_cat-termohigrometros","8":"first","9":"instock","10":"shipping-taxable","11":"purchasable","12":"product-type-variable"},"yoast_head":"<!-- This site is optimized with the Yoast SEO plugin v26.4 - https:\/\/yoast.com\/wordpress\/plugins\/seo\/ -->\n<title>Termohigr\u00f3metro Taylor 1731 - \u00a1Excelente precio!, Env\u00edo Gratis<\/title>\n<meta name=\"description\" content=\"Termohigr\u00f3metro Taylor 1731 instrumento con sensor externo v\u00eda Bluetooth, pantalla grande ideal para farmacias, laboratorios, almacenes de medicamentos\" \/>\n<meta name=\"robots\" content=\"index, follow, max-snippet:-1, max-image-preview:large, max-video-preview:-1\" \/>\n<link rel=\"canonical\" href=\"https:\/\/abaa.mx\/tienda\/termohigrometro-taylor-1731\/\" \/>\n<meta property=\"og:locale\" content=\"es_MX\" \/>\n<meta property=\"og:type\" content=\"article\" \/>\n<meta property=\"og:title\" content=\"Termohigr\u00f3metro Taylor 1731 - \u00a1Excelente precio!, Env\u00edo Gratis\" \/>\n<meta property=\"og:description\" content=\"Termohigr\u00f3metro Taylor 1731 instrumento con sensor externo v\u00eda Bluetooth, pantalla grande ideal para farmacias, laboratorios, almacenes de medicamentos\" \/>\n<meta property=\"og:url\" content=\"https:\/\/abaa.mx\/tienda\/termohigrometro-taylor-1731\/\" \/>\n<meta property=\"og:site_name\" content=\"Abaa tienda online\" \/>\n<meta property=\"article:modified_time\" content=\"2025-09-10T02:13:39+00:00\" \/>\n<meta property=\"og:image\" content=\"https:\/\/abaa.mx\/tienda\/wp-content\/uploads\/2020\/07\/termohigrometro-taylor-1731.png\" \/>\n\t<meta property=\"og:image:width\" content=\"600\" \/>\n\t<meta property=\"og:image:height\" content=\"600\" \/>\n\t<meta property=\"og:image:type\" content=\"image\/png\" \/>\n<meta name=\"twitter:card\" content=\"summary_large_image\" \/>\n<meta name=\"twitter:label1\" content=\"Tiempo de lectura\" \/>\n\t<meta name=\"twitter:data1\" content=\"1 minuto\" \/>\n<script type=\"application\/ld+json\" class=\"yoast-schema-graph\">{\"@context\":\"https:\/\/schema.org\",\"@graph\":[{\"@type\":\"WebPage\",\"@id\":\"https:\/\/abaa.mx\/tienda\/termohigrometro-taylor-1731\/\",\"url\":\"https:\/\/abaa.mx\/tienda\/termohigrometro-taylor-1731\/\",\"name\":\"Termohigr\u00f3metro Taylor 1731 - \u00a1Excelente precio!, Env\u00edo Gratis\",\"isPartOf\":{\"@id\":\"https:\/\/abaa.mx\/tienda\/#website\"},\"primaryImageOfPage\":{\"@id\":\"https:\/\/abaa.mx\/tienda\/termohigrometro-taylor-1731\/#primaryimage\"},\"image\":{\"@id\":\"https:\/\/abaa.mx\/tienda\/termohigrometro-taylor-1731\/#primaryimage\"},\"thumbnailUrl\":\"https:\/\/abaa.mx\/tienda\/wp-content\/uploads\/2020\/07\/termohigrometro-taylor-1731.png\",\"datePublished\":\"2020-07-22T16:39:59+00:00\",\"dateModified\":\"2025-09-10T02:13:39+00:00\",\"description\":\"Termohigr\u00f3metro Taylor 1731 instrumento con sensor externo v\u00eda Bluetooth, pantalla grande ideal para farmacias, laboratorios, almacenes de medicamentos\",\"breadcrumb\":{\"@id\":\"https:\/\/abaa.mx\/tienda\/termohigrometro-taylor-1731\/#breadcrumb\"},\"inLanguage\":\"es\",\"potentialAction\":[{\"@type\":\"ReadAction\",\"target\":[\"https:\/\/abaa.mx\/tienda\/termohigrometro-taylor-1731\/\"]}]},{\"@type\":\"ImageObject\",\"inLanguage\":\"es\",\"@id\":\"https:\/\/abaa.mx\/tienda\/termohigrometro-taylor-1731\/#primaryimage\",\"url\":\"https:\/\/abaa.mx\/tienda\/wp-content\/uploads\/2020\/07\/termohigrometro-taylor-1731.png\",\"contentUrl\":\"https:\/\/abaa.mx\/tienda\/wp-content\/uploads\/2020\/07\/termohigrometro-taylor-1731.png\",\"width\":600,\"height\":600},{\"@type\":\"BreadcrumbList\",\"@id\":\"https:\/\/abaa.mx\/tienda\/termohigrometro-taylor-1731\/#breadcrumb\",\"itemListElement\":[{\"@type\":\"ListItem\",\"position\":1,\"name\":\"Inicio\",\"item\":\"https:\/\/abaa.mx\/tienda\/\"},{\"@type\":\"ListItem\",\"position\":2,\"name\":\"Tienda\",\"item\":\"https:\/\/abaa.mx\/tienda\/\"},{\"@type\":\"ListItem\",\"position\":3,\"name\":\"Termohigr\u00f3metro Taylor 1731\"}]},{\"@type\":\"WebSite\",\"@id\":\"https:\/\/abaa.mx\/tienda\/#website\",\"url\":\"https:\/\/abaa.mx\/tienda\/\",\"name\":\"Abaa tienda online\",\"description\":\"Instrumentos de medici\u00f3n\",\"publisher\":{\"@id\":\"https:\/\/abaa.mx\/tienda\/#organization\"},\"potentialAction\":[{\"@type\":\"SearchAction\",\"target\":{\"@type\":\"EntryPoint\",\"urlTemplate\":\"https:\/\/abaa.mx\/tienda\/?s={search_term_string}\"},\"query-input\":{\"@type\":\"PropertyValueSpecification\",\"valueRequired\":true,\"valueName\":\"search_term_string\"}}],\"inLanguage\":\"es\"},{\"@type\":\"Organization\",\"@id\":\"https:\/\/abaa.mx\/tienda\/#organization\",\"name\":\"Abaa tienda online\",\"url\":\"https:\/\/abaa.mx\/tienda\/\",\"logo\":{\"@type\":\"ImageObject\",\"inLanguage\":\"es\",\"@id\":\"https:\/\/abaa.mx\/tienda\/#\/schema\/logo\/image\/\",\"url\":\"https:\/\/abaa.mx\/tienda\/wp-content\/uploads\/2024\/01\/abaa-metrologia-tienda.png\",\"contentUrl\":\"https:\/\/abaa.mx\/tienda\/wp-content\/uploads\/2024\/01\/abaa-metrologia-tienda.png\",\"width\":300,\"height\":141,\"caption\":\"Abaa tienda online\"},\"image\":{\"@id\":\"https:\/\/abaa.mx\/tienda\/#\/schema\/logo\/image\/\"}}]}<\/script>\n<!-- \/ Yoast SEO plugin. -->","yoast_head_json":{"title":"Termohigr\u00f3metro Taylor 1731 - \u00a1Excelente precio!, Env\u00edo Gratis","description":"Termohigr\u00f3metro Taylor 1731 instrumento con sensor externo v\u00eda Bluetooth, pantalla grande ideal para farmacias, laboratorios, almacenes de medicamentos","robots":{"index":"index","follow":"follow","max-snippet":"max-snippet:-1","max-image-preview":"max-image-preview:large","max-video-preview":"max-video-preview:-1"},"canonical":"https:\/\/abaa.mx\/tienda\/termohigrometro-taylor-1731\/","og_locale":"es_MX","og_type":"article","og_title":"Termohigr\u00f3metro Taylor 1731 - \u00a1Excelente precio!, Env\u00edo Gratis","og_description":"Termohigr\u00f3metro Taylor 1731 instrumento con sensor externo v\u00eda Bluetooth, pantalla grande ideal para farmacias, laboratorios, almacenes de medicamentos","og_url":"https:\/\/abaa.mx\/tienda\/termohigrometro-taylor-1731\/","og_site_name":"Abaa tienda online","article_modified_time":"2025-09-10T02:13:39+00:00","og_image":[{"width":600,"height":600,"url":"https:\/\/abaa.mx\/tienda\/wp-content\/uploads\/2020\/07\/termohigrometro-taylor-1731.png","type":"image\/png"}],"twitter_card":"summary_large_image","twitter_misc":{"Tiempo de lectura":"1 minuto"},"schema":{"@context":"https:\/\/schema.org","@graph":[{"@type":"WebPage","@id":"https:\/\/abaa.mx\/tienda\/termohigrometro-taylor-1731\/","url":"https:\/\/abaa.mx\/tienda\/termohigrometro-taylor-1731\/","name":"Termohigr\u00f3metro Taylor 1731 - \u00a1Excelente precio!, Env\u00edo Gratis","isPartOf":{"@id":"https:\/\/abaa.mx\/tienda\/#website"},"primaryImageOfPage":{"@id":"https:\/\/abaa.mx\/tienda\/termohigrometro-taylor-1731\/#primaryimage"},"image":{"@id":"https:\/\/abaa.mx\/tienda\/termohigrometro-taylor-1731\/#primaryimage"},"thumbnailUrl":"https:\/\/abaa.mx\/tienda\/wp-content\/uploads\/2020\/07\/termohigrometro-taylor-1731.png","datePublished":"2020-07-22T16:39:59+00:00","dateModified":"2025-09-10T02:13:39+00:00","description":"Termohigr\u00f3metro Taylor 1731 instrumento con sensor externo v\u00eda Bluetooth, pantalla grande ideal para farmacias, laboratorios, almacenes de medicamentos","breadcrumb":{"@id":"https:\/\/abaa.mx\/tienda\/termohigrometro-taylor-1731\/#breadcrumb"},"inLanguage":"es","potentialAction":[{"@type":"ReadAction","target":["https:\/\/abaa.mx\/tienda\/termohigrometro-taylor-1731\/"]}]},{"@type":"ImageObject","inLanguage":"es","@id":"https:\/\/abaa.mx\/tienda\/termohigrometro-taylor-1731\/#primaryimage","url":"https:\/\/abaa.mx\/tienda\/wp-content\/uploads\/2020\/07\/termohigrometro-taylor-1731.png","contentUrl":"https:\/\/abaa.mx\/tienda\/wp-content\/uploads\/2020\/07\/termohigrometro-taylor-1731.png","width":600,"height":600},{"@type":"BreadcrumbList","@id":"https:\/\/abaa.mx\/tienda\/termohigrometro-taylor-1731\/#breadcrumb","itemListElement":[{"@type":"ListItem","position":1,"name":"Inicio","item":"https:\/\/abaa.mx\/tienda\/"},{"@type":"ListItem","position":2,"name":"Tienda","item":"https:\/\/abaa.mx\/tienda\/"},{"@type":"ListItem","position":3,"name":"Termohigr\u00f3metro Taylor 1731"}]},{"@type":"WebSite","@id":"https:\/\/abaa.mx\/tienda\/#website","url":"https:\/\/abaa.mx\/tienda\/","name":"Abaa tienda online","description":"Instrumentos de medici\u00f3n","publisher":{"@id":"https:\/\/abaa.mx\/tienda\/#organization"},"potentialAction":[{"@type":"SearchAction","target":{"@type":"EntryPoint","urlTemplate":"https:\/\/abaa.mx\/tienda\/?s={search_term_string}"},"query-input":{"@type":"PropertyValueSpecification","valueRequired":true,"valueName":"search_term_string"}}],"inLanguage":"es"},{"@type":"Organization","@id":"https:\/\/abaa.mx\/tienda\/#organization","name":"Abaa tienda online","url":"https:\/\/abaa.mx\/tienda\/","logo":{"@type":"ImageObject","inLanguage":"es","@id":"https:\/\/abaa.mx\/tienda\/#\/schema\/logo\/image\/","url":"https:\/\/abaa.mx\/tienda\/wp-content\/uploads\/2024\/01\/abaa-metrologia-tienda.png","contentUrl":"https:\/\/abaa.mx\/tienda\/wp-content\/uploads\/2024\/01\/abaa-metrologia-tienda.png","width":300,"height":141,"caption":"Abaa tienda online"},"image":{"@id":"https:\/\/abaa.mx\/tienda\/#\/schema\/logo\/image\/"}}]}},"_links":{"self":[{"href":"https:\/\/abaa.mx\/tienda\/wp-json\/wp\/v2\/product\/75","targetHints":{"allow":["GET"]}}],"collection":[{"href":"https:\/\/abaa.mx\/tienda\/wp-json\/wp\/v2\/product"}],"about":[{"href":"https:\/\/abaa.mx\/tienda\/wp-json\/wp\/v2\/types\/product"}],"replies":[{"embeddable":true,"href":"https:\/\/abaa.mx\/tienda\/wp-json\/wp\/v2\/comments?post=75"}],"wp:featuredmedia":[{"embeddable":true,"href":"https:\/\/abaa.mx\/tienda\/wp-json\/wp\/v2\/media\/10299"}],"wp:attachment":[{"href":"https:\/\/abaa.mx\/tienda\/wp-json\/wp\/v2\/media?parent=75"}],"wp:term":[{"taxonomy":"product_brand","embeddable":true,"href":"https:\/\/abaa.mx\/tienda\/wp-json\/wp\/v2\/product_brand?post=75"},{"taxonomy":"product_cat","embeddable":true,"href":"https:\/\/abaa.mx\/tienda\/wp-json\/wp\/v2\/product_cat?post=75"},{"taxonomy":"product_tag","embeddable":true,"href":"https:\/\/abaa.mx\/tienda\/wp-json\/wp\/v2\/product_tag?post=75"}],"curies":[{"name":"wp","href":"https:\/\/api.w.org\/{rel}","templated":true}]}}