{"id":7448,"date":"2023-10-23T19:23:56","date_gmt":"2023-10-23T19:23:56","guid":{"rendered":"https:\/\/abaa.mx\/tienda\/?post_type=product&#038;p=7448"},"modified":"2023-12-04T20:41:18","modified_gmt":"2023-12-04T20:41:18","slug":"reed-r7100-combinacion-de-contacto-fototacometro-laser","status":"publish","type":"product","link":"https:\/\/abaa.mx\/tienda\/reed-r7100-combinacion-de-contacto-fototacometro-laser\/","title":{"rendered":"Reed r7100 combinaci\u00f3n de contacto &#8211; fototac\u00f3metro l\u00e1ser"},"content":{"rendered":"<p>Este tac\u00f3metro cuenta con la capacidad de medir RPM (revoluciones por minuto) en equipos de rotaci\u00f3n y velocidad de superficie m\/min (metros por minuto) con adaptadores de contacto incluidos. El R7100 cuenta con un puntero l\u00e1ser incorporado para ayudar a identificar el \u00e1rea objetivo.<\/p>\n<h5><strong>Funciones<\/strong><\/h5>\n<ul>\n<li>Unidad de doble funci\u00f3n con capacidades de contacto y sin contacto<\/li>\n<li>Proporciona mediciones r\u00e1pidas y precisas de RPM (revoluciones por minuto) de objetos giratorios y mediciones de velocidad de superficie m\/min (metros por minuto) con adaptadores de contacto incluidos<\/li>\n<li>El puntero l\u00e1ser incorporado identifica el \u00e1rea objetivo<\/li>\n<li>La memoria interna recupera los valores m\u00e1ximos y m\u00ednimos, as\u00ed como el \u00faltimo valor almacenado<\/li>\n<li>Gran pantalla LCD e indicador de bater\u00eda baja<\/li>\n<\/ul>\n<h4>Especificaciones de REED R7100<\/h4>\n<table class=\"table table-striped\">\n<tbody>\n<tr>\n<td>Rango de RPM (Contacto)<\/td>\n<td>De 0,5 a 19.999<\/td>\n<\/tr>\n<tr>\n<td>Rango de RPM (Foto)<\/td>\n<td>De 2,5 a 99.999<\/td>\n<\/tr>\n<tr>\n<td>Rango de velocidad de superficie<\/td>\n<td>De 0,05 a 1.999,9 m\/min<\/td>\n<\/tr>\n<tr>\n<td>Resoluci\u00f3n<\/td>\n<td>Foto: 0,1 RPM (\u2264999,9) \/ 1 RPM (&gt;1000) Contacto: 0,1 RPM (\u2264999,9) \/ 1 RPM (&gt;1000) Superficie: 0,01 m\/min (\u226499,99) \/ 0,1 m\/min (&gt;100)<\/td>\n<\/tr>\n<tr>\n<td>Precisi\u00f3n b\u00e1sica<\/td>\n<td>\u00b1(0.05% + 1 dgt.)<\/td>\n<\/tr>\n<tr>\n<td colspan=\"2\"><strong>Especificaciones generales<\/strong><\/td>\n<\/tr>\n<tr>\n<td>Indicador visible<\/td>\n<td>S\u00ed (L\u00e1ser)<\/td>\n<\/tr>\n<tr>\n<td>Distancia objetivo<\/td>\n<td>1 mm (6,500 pies) (foto)<\/td>\n<\/tr>\n<tr>\n<td>Tiempo de respuesta<\/td>\n<td>&lt;1 seg<\/td>\n<\/tr>\n<tr>\n<td>Tiempo de muestreo<\/td>\n<td>0,8 segundos (m\u00e1s de 60 RPM)<\/td>\n<\/tr>\n<tr>\n<td>Tama\u00f1o\/tipo de pantalla<\/td>\n<td>Pantalla LCD de 5 d\u00edgitos<\/td>\n<\/tr>\n<tr>\n<td>Apagado autom\u00e1tico<\/td>\n<td>S\u00ed<\/td>\n<\/tr>\n<tr>\n<td>Memoria interna<\/td>\n<td>M\u00e1x., M\u00edn. y \u00daltimo<\/td>\n<\/tr>\n<tr>\n<td>Clase de l\u00e1ser<\/td>\n<td>Clase III<\/td>\n<\/tr>\n<tr>\n<td>Indicador de bater\u00eda baja<\/td>\n<td>S\u00ed<\/td>\n<\/tr>\n<tr>\n<td>Fuente de alimentaci\u00f3n<\/td>\n<td>4 pilas AA<\/td>\n<\/tr>\n<tr>\n<td>Certificaciones de productos<\/td>\n<td>Despu\u00e9s de Cristo<\/td>\n<\/tr>\n<tr>\n<td>Temperatura de funcionamiento<\/td>\n<td>De 32 a 122 \u00b0C (de 0 a 50 \u00b0F)<\/td>\n<\/tr>\n<tr>\n<td>Temperatura de almacenamiento<\/td>\n<td>-4 a 140 \u00b0F (-20 a 60 \u00b0C)<\/td>\n<\/tr>\n<tr>\n<td>Humedad de funcionamiento<\/td>\n<td>10-90%<\/td>\n<\/tr>\n<tr>\n<td>Dimensiones<\/td>\n<td>8,3 x 2,9 x 1,5&#8243; (210 x 74 x 37 mm)<\/td>\n<\/tr>\n<tr>\n<td>Peso<\/td>\n<td>7 g (9,224 onzas)<\/td>\n<\/tr>\n<\/tbody>\n<\/table>\n","protected":false},"excerpt":{"rendered":"<p class=\"short-description mhide ipad-view-setting\">El tac\u00f3metro de doble funci\u00f3n cuenta con la capacidad de medir RPM con l\u00e1ser incorporado sin contacto y mediciones de contacto (m\/min) de forma r\u00e1pida y precisa.<\/p>\n<div class=\"row-fluid\">\n<div class=\"span12 mobile-pricing-box-padding\">\n<form id=\"61039\" accept-charset=\"utf-8\" action=\"https:\/\/www.globaltestsupply.com\/shop\/add\" method=\"post\" name=\"addTocartFunction\">\n<div><\/div>\n<\/form>\n<\/div>\n<\/div>\n","protected":false},"featured_media":7480,"comment_status":"open","ping_status":"closed","template":"","meta":{"_joinchat":[]},"product_brand":[],"product_cat":[15],"product_tag":[],"class_list":{"0":"post-7448","1":"product","2":"type-product","3":"status-publish","4":"has-post-thumbnail","6":"product_cat-sin-categorizar","8":"first","9":"instock","10":"shipping-taxable","11":"product-type-simple"},"yoast_head":"<!-- This site is optimized with the Yoast SEO plugin v26.4 - https:\/\/yoast.com\/wordpress\/plugins\/seo\/ -->\n<title>Reed r7100 combinaci\u00f3n de contacto - fototac\u00f3metro l\u00e1ser - Abaa tienda online<\/title>\n<meta name=\"robots\" content=\"index, follow, max-snippet:-1, max-image-preview:large, max-video-preview:-1\" \/>\n<link rel=\"canonical\" href=\"https:\/\/abaa.mx\/tienda\/reed-r7100-combinacion-de-contacto-fototacometro-laser\/\" \/>\n<meta property=\"og:locale\" content=\"es_MX\" \/>\n<meta property=\"og:type\" content=\"article\" \/>\n<meta property=\"og:title\" content=\"Reed r7100 combinaci\u00f3n de contacto - fototac\u00f3metro l\u00e1ser - Abaa tienda online\" \/>\n<meta property=\"og:description\" content=\"El tac\u00f3metro de doble funci\u00f3n cuenta con la capacidad de medir RPM con l\u00e1ser incorporado sin contacto y mediciones de contacto (m\/min) de forma r\u00e1pida y precisa.\" \/>\n<meta property=\"og:url\" content=\"https:\/\/abaa.mx\/tienda\/reed-r7100-combinacion-de-contacto-fototacometro-laser\/\" \/>\n<meta property=\"og:site_name\" content=\"Abaa tienda online\" \/>\n<meta property=\"article:modified_time\" content=\"2023-12-04T20:41:18+00:00\" \/>\n<meta property=\"og:image\" content=\"https:\/\/abaa.mx\/tienda\/wp-content\/uploads\/2023\/10\/R7100-NIST.jpg\" \/>\n\t<meta property=\"og:image:width\" content=\"300\" \/>\n\t<meta property=\"og:image:height\" content=\"550\" \/>\n\t<meta property=\"og:image:type\" content=\"image\/jpeg\" \/>\n<meta name=\"twitter:card\" content=\"summary_large_image\" \/>\n<meta name=\"twitter:label1\" content=\"Tiempo de lectura\" \/>\n\t<meta name=\"twitter:data1\" content=\"2 minutos\" \/>\n<script type=\"application\/ld+json\" class=\"yoast-schema-graph\">{\"@context\":\"https:\/\/schema.org\",\"@graph\":[{\"@type\":\"WebPage\",\"@id\":\"https:\/\/abaa.mx\/tienda\/reed-r7100-combinacion-de-contacto-fototacometro-laser\/\",\"url\":\"https:\/\/abaa.mx\/tienda\/reed-r7100-combinacion-de-contacto-fototacometro-laser\/\",\"name\":\"Reed r7100 combinaci\u00f3n de contacto - fototac\u00f3metro l\u00e1ser - Abaa tienda online\",\"isPartOf\":{\"@id\":\"https:\/\/abaa.mx\/tienda\/#website\"},\"primaryImageOfPage\":{\"@id\":\"https:\/\/abaa.mx\/tienda\/reed-r7100-combinacion-de-contacto-fototacometro-laser\/#primaryimage\"},\"image\":{\"@id\":\"https:\/\/abaa.mx\/tienda\/reed-r7100-combinacion-de-contacto-fototacometro-laser\/#primaryimage\"},\"thumbnailUrl\":\"https:\/\/abaa.mx\/tienda\/wp-content\/uploads\/2023\/10\/R7100-NIST.jpg\",\"datePublished\":\"2023-10-23T19:23:56+00:00\",\"dateModified\":\"2023-12-04T20:41:18+00:00\",\"breadcrumb\":{\"@id\":\"https:\/\/abaa.mx\/tienda\/reed-r7100-combinacion-de-contacto-fototacometro-laser\/#breadcrumb\"},\"inLanguage\":\"es\",\"potentialAction\":[{\"@type\":\"ReadAction\",\"target\":[\"https:\/\/abaa.mx\/tienda\/reed-r7100-combinacion-de-contacto-fototacometro-laser\/\"]}]},{\"@type\":\"ImageObject\",\"inLanguage\":\"es\",\"@id\":\"https:\/\/abaa.mx\/tienda\/reed-r7100-combinacion-de-contacto-fototacometro-laser\/#primaryimage\",\"url\":\"https:\/\/abaa.mx\/tienda\/wp-content\/uploads\/2023\/10\/R7100-NIST.jpg\",\"contentUrl\":\"https:\/\/abaa.mx\/tienda\/wp-content\/uploads\/2023\/10\/R7100-NIST.jpg\",\"width\":300,\"height\":550,\"caption\":\"reed-r7100-combinacion-de-contacto-fototacometro-laser\"},{\"@type\":\"BreadcrumbList\",\"@id\":\"https:\/\/abaa.mx\/tienda\/reed-r7100-combinacion-de-contacto-fototacometro-laser\/#breadcrumb\",\"itemListElement\":[{\"@type\":\"ListItem\",\"position\":1,\"name\":\"Inicio\",\"item\":\"https:\/\/abaa.mx\/tienda\/\"},{\"@type\":\"ListItem\",\"position\":2,\"name\":\"Tienda\",\"item\":\"https:\/\/abaa.mx\/tienda\/\"},{\"@type\":\"ListItem\",\"position\":3,\"name\":\"Reed r7100 combinaci\u00f3n de contacto &#8211; fototac\u00f3metro l\u00e1ser\"}]},{\"@type\":\"WebSite\",\"@id\":\"https:\/\/abaa.mx\/tienda\/#website\",\"url\":\"https:\/\/abaa.mx\/tienda\/\",\"name\":\"Abaa tienda online\",\"description\":\"Instrumentos de medici\u00f3n\",\"publisher\":{\"@id\":\"https:\/\/abaa.mx\/tienda\/#organization\"},\"potentialAction\":[{\"@type\":\"SearchAction\",\"target\":{\"@type\":\"EntryPoint\",\"urlTemplate\":\"https:\/\/abaa.mx\/tienda\/?s={search_term_string}\"},\"query-input\":{\"@type\":\"PropertyValueSpecification\",\"valueRequired\":true,\"valueName\":\"search_term_string\"}}],\"inLanguage\":\"es\"},{\"@type\":\"Organization\",\"@id\":\"https:\/\/abaa.mx\/tienda\/#organization\",\"name\":\"Abaa tienda online\",\"url\":\"https:\/\/abaa.mx\/tienda\/\",\"logo\":{\"@type\":\"ImageObject\",\"inLanguage\":\"es\",\"@id\":\"https:\/\/abaa.mx\/tienda\/#\/schema\/logo\/image\/\",\"url\":\"https:\/\/abaa.mx\/tienda\/wp-content\/uploads\/2024\/01\/abaa-metrologia-tienda.png\",\"contentUrl\":\"https:\/\/abaa.mx\/tienda\/wp-content\/uploads\/2024\/01\/abaa-metrologia-tienda.png\",\"width\":300,\"height\":141,\"caption\":\"Abaa tienda online\"},\"image\":{\"@id\":\"https:\/\/abaa.mx\/tienda\/#\/schema\/logo\/image\/\"}}]}<\/script>\n<!-- \/ Yoast SEO plugin. -->","yoast_head_json":{"title":"Reed r7100 combinaci\u00f3n de contacto - fototac\u00f3metro l\u00e1ser - Abaa tienda online","robots":{"index":"index","follow":"follow","max-snippet":"max-snippet:-1","max-image-preview":"max-image-preview:large","max-video-preview":"max-video-preview:-1"},"canonical":"https:\/\/abaa.mx\/tienda\/reed-r7100-combinacion-de-contacto-fototacometro-laser\/","og_locale":"es_MX","og_type":"article","og_title":"Reed r7100 combinaci\u00f3n de contacto - fototac\u00f3metro l\u00e1ser - Abaa tienda online","og_description":"El tac\u00f3metro de doble funci\u00f3n cuenta con la capacidad de medir RPM con l\u00e1ser incorporado sin contacto y mediciones de contacto (m\/min) de forma r\u00e1pida y precisa.","og_url":"https:\/\/abaa.mx\/tienda\/reed-r7100-combinacion-de-contacto-fototacometro-laser\/","og_site_name":"Abaa tienda online","article_modified_time":"2023-12-04T20:41:18+00:00","og_image":[{"width":300,"height":550,"url":"https:\/\/abaa.mx\/tienda\/wp-content\/uploads\/2023\/10\/R7100-NIST.jpg","type":"image\/jpeg"}],"twitter_card":"summary_large_image","twitter_misc":{"Tiempo de lectura":"2 minutos"},"schema":{"@context":"https:\/\/schema.org","@graph":[{"@type":"WebPage","@id":"https:\/\/abaa.mx\/tienda\/reed-r7100-combinacion-de-contacto-fototacometro-laser\/","url":"https:\/\/abaa.mx\/tienda\/reed-r7100-combinacion-de-contacto-fototacometro-laser\/","name":"Reed r7100 combinaci\u00f3n de contacto - fototac\u00f3metro l\u00e1ser - Abaa tienda online","isPartOf":{"@id":"https:\/\/abaa.mx\/tienda\/#website"},"primaryImageOfPage":{"@id":"https:\/\/abaa.mx\/tienda\/reed-r7100-combinacion-de-contacto-fototacometro-laser\/#primaryimage"},"image":{"@id":"https:\/\/abaa.mx\/tienda\/reed-r7100-combinacion-de-contacto-fototacometro-laser\/#primaryimage"},"thumbnailUrl":"https:\/\/abaa.mx\/tienda\/wp-content\/uploads\/2023\/10\/R7100-NIST.jpg","datePublished":"2023-10-23T19:23:56+00:00","dateModified":"2023-12-04T20:41:18+00:00","breadcrumb":{"@id":"https:\/\/abaa.mx\/tienda\/reed-r7100-combinacion-de-contacto-fototacometro-laser\/#breadcrumb"},"inLanguage":"es","potentialAction":[{"@type":"ReadAction","target":["https:\/\/abaa.mx\/tienda\/reed-r7100-combinacion-de-contacto-fototacometro-laser\/"]}]},{"@type":"ImageObject","inLanguage":"es","@id":"https:\/\/abaa.mx\/tienda\/reed-r7100-combinacion-de-contacto-fototacometro-laser\/#primaryimage","url":"https:\/\/abaa.mx\/tienda\/wp-content\/uploads\/2023\/10\/R7100-NIST.jpg","contentUrl":"https:\/\/abaa.mx\/tienda\/wp-content\/uploads\/2023\/10\/R7100-NIST.jpg","width":300,"height":550,"caption":"reed-r7100-combinacion-de-contacto-fototacometro-laser"},{"@type":"BreadcrumbList","@id":"https:\/\/abaa.mx\/tienda\/reed-r7100-combinacion-de-contacto-fototacometro-laser\/#breadcrumb","itemListElement":[{"@type":"ListItem","position":1,"name":"Inicio","item":"https:\/\/abaa.mx\/tienda\/"},{"@type":"ListItem","position":2,"name":"Tienda","item":"https:\/\/abaa.mx\/tienda\/"},{"@type":"ListItem","position":3,"name":"Reed r7100 combinaci\u00f3n de contacto &#8211; fototac\u00f3metro l\u00e1ser"}]},{"@type":"WebSite","@id":"https:\/\/abaa.mx\/tienda\/#website","url":"https:\/\/abaa.mx\/tienda\/","name":"Abaa tienda online","description":"Instrumentos de medici\u00f3n","publisher":{"@id":"https:\/\/abaa.mx\/tienda\/#organization"},"potentialAction":[{"@type":"SearchAction","target":{"@type":"EntryPoint","urlTemplate":"https:\/\/abaa.mx\/tienda\/?s={search_term_string}"},"query-input":{"@type":"PropertyValueSpecification","valueRequired":true,"valueName":"search_term_string"}}],"inLanguage":"es"},{"@type":"Organization","@id":"https:\/\/abaa.mx\/tienda\/#organization","name":"Abaa tienda online","url":"https:\/\/abaa.mx\/tienda\/","logo":{"@type":"ImageObject","inLanguage":"es","@id":"https:\/\/abaa.mx\/tienda\/#\/schema\/logo\/image\/","url":"https:\/\/abaa.mx\/tienda\/wp-content\/uploads\/2024\/01\/abaa-metrologia-tienda.png","contentUrl":"https:\/\/abaa.mx\/tienda\/wp-content\/uploads\/2024\/01\/abaa-metrologia-tienda.png","width":300,"height":141,"caption":"Abaa tienda online"},"image":{"@id":"https:\/\/abaa.mx\/tienda\/#\/schema\/logo\/image\/"}}]}},"_links":{"self":[{"href":"https:\/\/abaa.mx\/tienda\/wp-json\/wp\/v2\/product\/7448","targetHints":{"allow":["GET"]}}],"collection":[{"href":"https:\/\/abaa.mx\/tienda\/wp-json\/wp\/v2\/product"}],"about":[{"href":"https:\/\/abaa.mx\/tienda\/wp-json\/wp\/v2\/types\/product"}],"replies":[{"embeddable":true,"href":"https:\/\/abaa.mx\/tienda\/wp-json\/wp\/v2\/comments?post=7448"}],"wp:featuredmedia":[{"embeddable":true,"href":"https:\/\/abaa.mx\/tienda\/wp-json\/wp\/v2\/media\/7480"}],"wp:attachment":[{"href":"https:\/\/abaa.mx\/tienda\/wp-json\/wp\/v2\/media?parent=7448"}],"wp:term":[{"taxonomy":"product_brand","embeddable":true,"href":"https:\/\/abaa.mx\/tienda\/wp-json\/wp\/v2\/product_brand?post=7448"},{"taxonomy":"product_cat","embeddable":true,"href":"https:\/\/abaa.mx\/tienda\/wp-json\/wp\/v2\/product_cat?post=7448"},{"taxonomy":"product_tag","embeddable":true,"href":"https:\/\/abaa.mx\/tienda\/wp-json\/wp\/v2\/product_tag?post=7448"}],"curies":[{"name":"wp","href":"https:\/\/api.w.org\/{rel}","templated":true}]}}