{"id":7190,"date":"2023-10-20T19:48:08","date_gmt":"2023-10-20T19:48:08","guid":{"rendered":"https:\/\/abaa.mx\/tienda\/?post_type=product&#038;p=7190"},"modified":"2023-12-11T17:20:00","modified_gmt":"2023-12-11T17:20:00","slug":"ametek-crystal-nv-4aa-30psi-3kpsi-registrador-de-referencia-nvision-30-psi-3000-psi","status":"publish","type":"product","link":"https:\/\/abaa.mx\/tienda\/ametek-crystal-nv-4aa-30psi-3kpsi-registrador-de-referencia-nvision-30-psi-3000-psi\/","title":{"rendered":"Co220 \u2014 monitor de calidad de aire-co2 con registro de temperatura y humedad"},"content":{"rendered":"<p>Co220 \u2014 monitor de calidad de aire-co2 con registro de temperatura y humedad.<\/p>\n","protected":false},"excerpt":{"rendered":"<h4>CARACTER\u00cdSTICAS:<\/h4>\n<p>\u00b7\u00a0 Funci\u00f3n de calibraci\u00f3n autom\u00e1tica de nivel de referencia.<\/p>\n<p>\u00b7\u00a0 Alarma sonora alta\/baja.<\/p>\n<p>\u00b7\u00a0 \u00a0Muestra el a\u00f1o, el mes, el d\u00eda y la hora.<\/p>\n<p>\u00b7\u00a0 Mide di\u00f3xido de carbono (CO2), temperatura y humedad del aire, adem\u00e1s calcula punto de roc\u00edo y bulbo h\u00famedo.<\/p>\n<p>\u00b7\u00a0 La lectura del di\u00f3xido de carbono se muestra en ppm con seis \u00edconos faciales que indican los niveles de calidad del interior.<\/p>\n<p>\u00b7 Completo con un adaptador de CA.<\/p>\n<p>\u00b7 Calcula los valores de punto de roc\u00edo y bulbo h\u00famedo.<\/p>\n<p>\u00b7 Almacena\/recupera manualmente hasta 99 lecturas.<\/p>\n<p>\u00b7 Sensor NDIR (infrarrojo no dispersivo) de CO2; libre de mantenimiento.<\/p>\n<p>\u00b7 Calcula los promedios ponderados estad\u00edsticos de TWA (tiempo promedio ponderado de 8 horas) y STEL (l\u00edmite de exposici\u00f3n a corto plazo de 15 minutos).<\/p>\n","protected":false},"featured_media":9736,"comment_status":"open","ping_status":"closed","template":"","meta":{"_joinchat":[]},"product_brand":[],"product_cat":[15],"product_tag":[],"class_list":{"0":"post-7190","1":"product","2":"type-product","3":"status-publish","4":"has-post-thumbnail","6":"product_cat-sin-categorizar","8":"first","9":"instock","10":"shipping-taxable","11":"product-type-simple"},"yoast_head":"<!-- This site is optimized with the Yoast SEO plugin v26.4 - https:\/\/yoast.com\/wordpress\/plugins\/seo\/ -->\n<title>Co220 \u2014 monitor de calidad de aire-co2 con registro de temperatura y humedad - Abaa tienda online<\/title>\n<meta name=\"robots\" content=\"index, follow, max-snippet:-1, max-image-preview:large, max-video-preview:-1\" \/>\n<link rel=\"canonical\" href=\"https:\/\/abaa.mx\/tienda\/ametek-crystal-nv-4aa-30psi-3kpsi-registrador-de-referencia-nvision-30-psi-3000-psi\/\" \/>\n<meta property=\"og:locale\" content=\"es_MX\" \/>\n<meta property=\"og:type\" content=\"article\" \/>\n<meta property=\"og:title\" content=\"Co220 \u2014 monitor de calidad de aire-co2 con registro de temperatura y humedad - Abaa tienda online\" \/>\n<meta property=\"og:description\" content=\"CARACTER\u00cdSTICAS: \u00b7\u00a0 Funci\u00f3n de calibraci\u00f3n autom\u00e1tica de nivel de referencia.  \u00b7\u00a0 Alarma sonora alta\/baja.  \u00b7\u00a0 \u00a0Muestra el a\u00f1o, el mes, el d\u00eda y la hora.  \u00b7\u00a0 Mide di\u00f3xido de carbono (CO2), temperatura y humedad del aire, adem\u00e1s calcula punto de roc\u00edo y bulbo h\u00famedo.  \u00b7\u00a0 La lectura del di\u00f3xido de carbono se muestra en ppm con seis \u00edconos faciales que indican los niveles de calidad del interior.  \u00b7 Completo con un adaptador de CA.  \u00b7 Calcula los valores de punto de roc\u00edo y bulbo h\u00famedo.  \u00b7 Almacena\/recupera manualmente hasta 99 lecturas.  \u00b7 Sensor NDIR (infrarrojo no dispersivo) de CO2; libre de mantenimiento.  \u00b7 Calcula los promedios ponderados estad\u00edsticos de TWA (tiempo promedio ponderado de 8 horas) y STEL (l\u00edmite de exposici\u00f3n a corto plazo de 15 minutos).\" \/>\n<meta property=\"og:url\" content=\"https:\/\/abaa.mx\/tienda\/ametek-crystal-nv-4aa-30psi-3kpsi-registrador-de-referencia-nvision-30-psi-3000-psi\/\" \/>\n<meta property=\"og:site_name\" content=\"Abaa tienda online\" \/>\n<meta property=\"article:modified_time\" content=\"2023-12-11T17:20:00+00:00\" \/>\n<meta property=\"og:image\" content=\"https:\/\/abaa.mx\/tienda\/wp-content\/uploads\/2023\/10\/EXTECH-CO220.jpg\" \/>\n\t<meta property=\"og:image:width\" content=\"353\" \/>\n\t<meta property=\"og:image:height\" content=\"516\" \/>\n\t<meta property=\"og:image:type\" content=\"image\/jpeg\" \/>\n<meta name=\"twitter:card\" content=\"summary_large_image\" \/>\n<meta name=\"twitter:label1\" content=\"Tiempo de lectura\" \/>\n\t<meta name=\"twitter:data1\" content=\"1 minuto\" \/>\n<script type=\"application\/ld+json\" class=\"yoast-schema-graph\">{\"@context\":\"https:\/\/schema.org\",\"@graph\":[{\"@type\":\"WebPage\",\"@id\":\"https:\/\/abaa.mx\/tienda\/ametek-crystal-nv-4aa-30psi-3kpsi-registrador-de-referencia-nvision-30-psi-3000-psi\/\",\"url\":\"https:\/\/abaa.mx\/tienda\/ametek-crystal-nv-4aa-30psi-3kpsi-registrador-de-referencia-nvision-30-psi-3000-psi\/\",\"name\":\"Co220 \u2014 monitor de calidad de aire-co2 con registro de temperatura y humedad - Abaa tienda online\",\"isPartOf\":{\"@id\":\"https:\/\/abaa.mx\/tienda\/#website\"},\"primaryImageOfPage\":{\"@id\":\"https:\/\/abaa.mx\/tienda\/ametek-crystal-nv-4aa-30psi-3kpsi-registrador-de-referencia-nvision-30-psi-3000-psi\/#primaryimage\"},\"image\":{\"@id\":\"https:\/\/abaa.mx\/tienda\/ametek-crystal-nv-4aa-30psi-3kpsi-registrador-de-referencia-nvision-30-psi-3000-psi\/#primaryimage\"},\"thumbnailUrl\":\"https:\/\/abaa.mx\/tienda\/wp-content\/uploads\/2023\/10\/EXTECH-CO220.jpg\",\"datePublished\":\"2023-10-20T19:48:08+00:00\",\"dateModified\":\"2023-12-11T17:20:00+00:00\",\"breadcrumb\":{\"@id\":\"https:\/\/abaa.mx\/tienda\/ametek-crystal-nv-4aa-30psi-3kpsi-registrador-de-referencia-nvision-30-psi-3000-psi\/#breadcrumb\"},\"inLanguage\":\"es\",\"potentialAction\":[{\"@type\":\"ReadAction\",\"target\":[\"https:\/\/abaa.mx\/tienda\/ametek-crystal-nv-4aa-30psi-3kpsi-registrador-de-referencia-nvision-30-psi-3000-psi\/\"]}]},{\"@type\":\"ImageObject\",\"inLanguage\":\"es\",\"@id\":\"https:\/\/abaa.mx\/tienda\/ametek-crystal-nv-4aa-30psi-3kpsi-registrador-de-referencia-nvision-30-psi-3000-psi\/#primaryimage\",\"url\":\"https:\/\/abaa.mx\/tienda\/wp-content\/uploads\/2023\/10\/EXTECH-CO220.jpg\",\"contentUrl\":\"https:\/\/abaa.mx\/tienda\/wp-content\/uploads\/2023\/10\/EXTECH-CO220.jpg\",\"width\":353,\"height\":516,\"caption\":\"EXTECH-CO220\"},{\"@type\":\"BreadcrumbList\",\"@id\":\"https:\/\/abaa.mx\/tienda\/ametek-crystal-nv-4aa-30psi-3kpsi-registrador-de-referencia-nvision-30-psi-3000-psi\/#breadcrumb\",\"itemListElement\":[{\"@type\":\"ListItem\",\"position\":1,\"name\":\"Inicio\",\"item\":\"https:\/\/abaa.mx\/tienda\/\"},{\"@type\":\"ListItem\",\"position\":2,\"name\":\"Tienda\",\"item\":\"https:\/\/abaa.mx\/tienda\/\"},{\"@type\":\"ListItem\",\"position\":3,\"name\":\"Co220 \u2014 monitor de calidad de aire-co2 con registro de temperatura y humedad\"}]},{\"@type\":\"WebSite\",\"@id\":\"https:\/\/abaa.mx\/tienda\/#website\",\"url\":\"https:\/\/abaa.mx\/tienda\/\",\"name\":\"Abaa tienda online\",\"description\":\"Instrumentos de medici\u00f3n\",\"publisher\":{\"@id\":\"https:\/\/abaa.mx\/tienda\/#organization\"},\"potentialAction\":[{\"@type\":\"SearchAction\",\"target\":{\"@type\":\"EntryPoint\",\"urlTemplate\":\"https:\/\/abaa.mx\/tienda\/?s={search_term_string}\"},\"query-input\":{\"@type\":\"PropertyValueSpecification\",\"valueRequired\":true,\"valueName\":\"search_term_string\"}}],\"inLanguage\":\"es\"},{\"@type\":\"Organization\",\"@id\":\"https:\/\/abaa.mx\/tienda\/#organization\",\"name\":\"Abaa tienda online\",\"url\":\"https:\/\/abaa.mx\/tienda\/\",\"logo\":{\"@type\":\"ImageObject\",\"inLanguage\":\"es\",\"@id\":\"https:\/\/abaa.mx\/tienda\/#\/schema\/logo\/image\/\",\"url\":\"https:\/\/abaa.mx\/tienda\/wp-content\/uploads\/2024\/01\/abaa-metrologia-tienda.png\",\"contentUrl\":\"https:\/\/abaa.mx\/tienda\/wp-content\/uploads\/2024\/01\/abaa-metrologia-tienda.png\",\"width\":300,\"height\":141,\"caption\":\"Abaa tienda online\"},\"image\":{\"@id\":\"https:\/\/abaa.mx\/tienda\/#\/schema\/logo\/image\/\"}}]}<\/script>\n<!-- \/ Yoast SEO plugin. -->","yoast_head_json":{"title":"Co220 \u2014 monitor de calidad de aire-co2 con registro de temperatura y humedad - Abaa tienda online","robots":{"index":"index","follow":"follow","max-snippet":"max-snippet:-1","max-image-preview":"max-image-preview:large","max-video-preview":"max-video-preview:-1"},"canonical":"https:\/\/abaa.mx\/tienda\/ametek-crystal-nv-4aa-30psi-3kpsi-registrador-de-referencia-nvision-30-psi-3000-psi\/","og_locale":"es_MX","og_type":"article","og_title":"Co220 \u2014 monitor de calidad de aire-co2 con registro de temperatura y humedad - Abaa tienda online","og_description":"CARACTER\u00cdSTICAS: \u00b7\u00a0 Funci\u00f3n de calibraci\u00f3n autom\u00e1tica de nivel de referencia.  \u00b7\u00a0 Alarma sonora alta\/baja.  \u00b7\u00a0 \u00a0Muestra el a\u00f1o, el mes, el d\u00eda y la hora.  \u00b7\u00a0 Mide di\u00f3xido de carbono (CO2), temperatura y humedad del aire, adem\u00e1s calcula punto de roc\u00edo y bulbo h\u00famedo.  \u00b7\u00a0 La lectura del di\u00f3xido de carbono se muestra en ppm con seis \u00edconos faciales que indican los niveles de calidad del interior.  \u00b7 Completo con un adaptador de CA.  \u00b7 Calcula los valores de punto de roc\u00edo y bulbo h\u00famedo.  \u00b7 Almacena\/recupera manualmente hasta 99 lecturas.  \u00b7 Sensor NDIR (infrarrojo no dispersivo) de CO2; libre de mantenimiento.  \u00b7 Calcula los promedios ponderados estad\u00edsticos de TWA (tiempo promedio ponderado de 8 horas) y STEL (l\u00edmite de exposici\u00f3n a corto plazo de 15 minutos).","og_url":"https:\/\/abaa.mx\/tienda\/ametek-crystal-nv-4aa-30psi-3kpsi-registrador-de-referencia-nvision-30-psi-3000-psi\/","og_site_name":"Abaa tienda online","article_modified_time":"2023-12-11T17:20:00+00:00","og_image":[{"width":353,"height":516,"url":"https:\/\/abaa.mx\/tienda\/wp-content\/uploads\/2023\/10\/EXTECH-CO220.jpg","type":"image\/jpeg"}],"twitter_card":"summary_large_image","twitter_misc":{"Tiempo de lectura":"1 minuto"},"schema":{"@context":"https:\/\/schema.org","@graph":[{"@type":"WebPage","@id":"https:\/\/abaa.mx\/tienda\/ametek-crystal-nv-4aa-30psi-3kpsi-registrador-de-referencia-nvision-30-psi-3000-psi\/","url":"https:\/\/abaa.mx\/tienda\/ametek-crystal-nv-4aa-30psi-3kpsi-registrador-de-referencia-nvision-30-psi-3000-psi\/","name":"Co220 \u2014 monitor de calidad de aire-co2 con registro de temperatura y humedad - Abaa tienda online","isPartOf":{"@id":"https:\/\/abaa.mx\/tienda\/#website"},"primaryImageOfPage":{"@id":"https:\/\/abaa.mx\/tienda\/ametek-crystal-nv-4aa-30psi-3kpsi-registrador-de-referencia-nvision-30-psi-3000-psi\/#primaryimage"},"image":{"@id":"https:\/\/abaa.mx\/tienda\/ametek-crystal-nv-4aa-30psi-3kpsi-registrador-de-referencia-nvision-30-psi-3000-psi\/#primaryimage"},"thumbnailUrl":"https:\/\/abaa.mx\/tienda\/wp-content\/uploads\/2023\/10\/EXTECH-CO220.jpg","datePublished":"2023-10-20T19:48:08+00:00","dateModified":"2023-12-11T17:20:00+00:00","breadcrumb":{"@id":"https:\/\/abaa.mx\/tienda\/ametek-crystal-nv-4aa-30psi-3kpsi-registrador-de-referencia-nvision-30-psi-3000-psi\/#breadcrumb"},"inLanguage":"es","potentialAction":[{"@type":"ReadAction","target":["https:\/\/abaa.mx\/tienda\/ametek-crystal-nv-4aa-30psi-3kpsi-registrador-de-referencia-nvision-30-psi-3000-psi\/"]}]},{"@type":"ImageObject","inLanguage":"es","@id":"https:\/\/abaa.mx\/tienda\/ametek-crystal-nv-4aa-30psi-3kpsi-registrador-de-referencia-nvision-30-psi-3000-psi\/#primaryimage","url":"https:\/\/abaa.mx\/tienda\/wp-content\/uploads\/2023\/10\/EXTECH-CO220.jpg","contentUrl":"https:\/\/abaa.mx\/tienda\/wp-content\/uploads\/2023\/10\/EXTECH-CO220.jpg","width":353,"height":516,"caption":"EXTECH-CO220"},{"@type":"BreadcrumbList","@id":"https:\/\/abaa.mx\/tienda\/ametek-crystal-nv-4aa-30psi-3kpsi-registrador-de-referencia-nvision-30-psi-3000-psi\/#breadcrumb","itemListElement":[{"@type":"ListItem","position":1,"name":"Inicio","item":"https:\/\/abaa.mx\/tienda\/"},{"@type":"ListItem","position":2,"name":"Tienda","item":"https:\/\/abaa.mx\/tienda\/"},{"@type":"ListItem","position":3,"name":"Co220 \u2014 monitor de calidad de aire-co2 con registro de temperatura y humedad"}]},{"@type":"WebSite","@id":"https:\/\/abaa.mx\/tienda\/#website","url":"https:\/\/abaa.mx\/tienda\/","name":"Abaa tienda online","description":"Instrumentos de medici\u00f3n","publisher":{"@id":"https:\/\/abaa.mx\/tienda\/#organization"},"potentialAction":[{"@type":"SearchAction","target":{"@type":"EntryPoint","urlTemplate":"https:\/\/abaa.mx\/tienda\/?s={search_term_string}"},"query-input":{"@type":"PropertyValueSpecification","valueRequired":true,"valueName":"search_term_string"}}],"inLanguage":"es"},{"@type":"Organization","@id":"https:\/\/abaa.mx\/tienda\/#organization","name":"Abaa tienda online","url":"https:\/\/abaa.mx\/tienda\/","logo":{"@type":"ImageObject","inLanguage":"es","@id":"https:\/\/abaa.mx\/tienda\/#\/schema\/logo\/image\/","url":"https:\/\/abaa.mx\/tienda\/wp-content\/uploads\/2024\/01\/abaa-metrologia-tienda.png","contentUrl":"https:\/\/abaa.mx\/tienda\/wp-content\/uploads\/2024\/01\/abaa-metrologia-tienda.png","width":300,"height":141,"caption":"Abaa tienda online"},"image":{"@id":"https:\/\/abaa.mx\/tienda\/#\/schema\/logo\/image\/"}}]}},"_links":{"self":[{"href":"https:\/\/abaa.mx\/tienda\/wp-json\/wp\/v2\/product\/7190","targetHints":{"allow":["GET"]}}],"collection":[{"href":"https:\/\/abaa.mx\/tienda\/wp-json\/wp\/v2\/product"}],"about":[{"href":"https:\/\/abaa.mx\/tienda\/wp-json\/wp\/v2\/types\/product"}],"replies":[{"embeddable":true,"href":"https:\/\/abaa.mx\/tienda\/wp-json\/wp\/v2\/comments?post=7190"}],"wp:featuredmedia":[{"embeddable":true,"href":"https:\/\/abaa.mx\/tienda\/wp-json\/wp\/v2\/media\/9736"}],"wp:attachment":[{"href":"https:\/\/abaa.mx\/tienda\/wp-json\/wp\/v2\/media?parent=7190"}],"wp:term":[{"taxonomy":"product_brand","embeddable":true,"href":"https:\/\/abaa.mx\/tienda\/wp-json\/wp\/v2\/product_brand?post=7190"},{"taxonomy":"product_cat","embeddable":true,"href":"https:\/\/abaa.mx\/tienda\/wp-json\/wp\/v2\/product_cat?post=7190"},{"taxonomy":"product_tag","embeddable":true,"href":"https:\/\/abaa.mx\/tienda\/wp-json\/wp\/v2\/product_tag?post=7190"}],"curies":[{"name":"wp","href":"https:\/\/api.w.org\/{rel}","templated":true}]}}