{"id":7116,"date":"2023-10-20T17:24:57","date_gmt":"2023-10-20T17:24:57","guid":{"rendered":"https:\/\/abaa.mx\/tienda\/?post_type=product&#038;p=7116"},"modified":"2023-10-20T17:24:58","modified_gmt":"2023-10-20T17:24:58","slug":"sistema-ampliado-de-calibracion-ametek-crystal-crystalcalhp-con-medidor-de-psi","status":"publish","type":"product","link":"https:\/\/abaa.mx\/tienda\/sistema-ampliado-de-calibracion-ametek-crystal-crystalcalhp-con-medidor-de-psi\/","title":{"rendered":"sistema ampliado de calibraci\u00f3n ametek crystal crystalcalhp con medidor de psi"},"content":{"rendered":"<p>Genere una presi\u00f3n de hasta 15.000 psi con este comparador que calibra m\u00e1s r\u00e1pido que un comprobador de peso muerto.<\/p>\n<p><strong>Funciones<\/strong><\/p>\n<ul>\n<li>Sistema de calibraci\u00f3n de medidores \/ registradores de gr\u00e1ficos \/ transmisores<\/li>\n<li>De 7 a 10 veces m\u00e1s r\u00e1pido que un probador de peso muerto<\/li>\n<li>Reducir los errores de transcripci\u00f3n\/c\u00e1lculo<\/li>\n<li>0,1 % de precisi\u00f3n de lectura de hasta 15 000 psi (1000 bar) cuando se utiliza el XP2i como referencia o 0,05 % de precisi\u00f3n de lectura de hasta 5000 psi (300 bar) cuando se utiliza la serie 30 como referencia<\/li>\n<li>F\u00e1cil de usar e instalar, los asistentes lo gu\u00edan a trav\u00e9s de la configuraci\u00f3n<\/li>\n<li>Incluye un estuche con ruedas resistente a la intemperie que se puede utilizar como banco port\u00e1til<\/li>\n<\/ul>\n<p><strong>Aplicaciones<\/strong><\/p>\n<ul>\n<li>Sistema de calibraci\u00f3n de man\u00f3metros<\/li>\n<li>Sistema de calibraci\u00f3n del transmisor (el uso del Man\u00f3metroCalHP sin fluido es ideal para calibrar transmisores de presi\u00f3n diferencial)<\/li>\n<li>Sistema de calibraci\u00f3n del registrador gr\u00e1fico<\/li>\n<\/ul>\n<h4>Especificaciones de CRYSTALCALHP-NPT-PSI de presi\u00f3n cristalina<\/h4>\n<table class=\"table table-striped\">\n<tbody>\n<tr>\n<td>Presi\u00f3n hidr\u00e1ulica m\u00e1xima<\/td>\n<td>15.000 psi\/1000 bar\/100 MPa<\/td>\n<\/tr>\n<tr>\n<td>Vac\u00edo<\/td>\n<td>-12,5 psi\/-0,86 bar\/-86,2 kPa<\/td>\n<\/tr>\n<tr>\n<td>Presi\u00f3n neum\u00e1tica m\u00e1xima<\/td>\n<td>400 inH2O\/995 mbar\/29 inHg<\/td>\n<\/tr>\n<tr>\n<td>Sensibilidad (ajuste fino<\/td>\n<td><span>0.01 pulg.H<\/span><sub>2<\/sub><span>O\/0,025 mbar<\/span><\/td>\n<\/tr>\n<tr>\n<td>Presi\u00f3n de rotura<\/td>\n<td>&gt;25.000 psi\/1700 bar\/170 MPa<\/td>\n<\/tr>\n<tr>\n<td>Materiales humedecidos<\/td>\n<td>Acero inoxidable m\u00e1s juntas y dep\u00f3sito acr\u00edlico<\/td>\n<\/tr>\n<tr>\n<td>Recinto<\/td>\n<td>Aluminio anodizado<\/td>\n<\/tr>\n<tr>\n<td>Focas<\/td>\n<td>Buna N (nitrilo), vit\u00f3n y uretano<\/td>\n<\/tr>\n<tr>\n<td>Volumen de carrera del pist\u00f3n<\/td>\n<td><span>0.8 pulgadas<\/span><sup>3<\/sup><span>\u00a0\/13.1 cm<\/span><sup>3<\/sup><\/td>\n<\/tr>\n<tr>\n<td>Volumen del yacimiento<\/td>\n<td><span>10.8 pulgadas<\/span><sup>3<\/sup><span>\u00a0\/176.9 cm<\/span><sup>3<\/sup><\/td>\n<\/tr>\n<tr>\n<td>Dimensiones<\/td>\n<td>8,3 x 20,5 x 5,5&#8243; (210 x 520 x 140 mm)<\/td>\n<\/tr>\n<tr>\n<td>Altura (con asas)<\/td>\n<td>11&#8243; (280 mm)<\/td>\n<\/tr>\n<tr>\n<td>Peso<\/td>\n<td>9 kg (20 libras)<\/td>\n<\/tr>\n<\/tbody>\n<\/table>\n","protected":false},"excerpt":{"rendered":"<p class=\"short-description mhide ipad-view-setting\">Port\u00e1til y m\u00e1s r\u00e1pido que un probador de peso muerto, este sistema de calibraci\u00f3n cuenta con un medidor de psi y proporciona calibraciones de 10 puntos hacia arriba y hacia abajo. Completo con un man\u00f3metro, un registrador gr\u00e1fico y un estuche resistente a la intemperie, este sistema de calibraci\u00f3n calibra man\u00f3metros, transmisores, sensores y v\u00e1lvulas de seguridad con una capacidad nominal de hasta 15000 psi\/1000 bar.<\/p>\n<p class=\"comment-tag-product\">\n<div class=\"row-fluid\">\n<div class=\"span12 mobile-pricing-box-padding\">\n<form id=\"177963\" accept-charset=\"utf-8\" action=\"https:\/\/www.globaltestsupply.com\/shop\/add\" method=\"post\" name=\"addTocartFunction\">\n<div><\/div>\n<\/form>\n<\/div>\n<\/div>\n","protected":false},"featured_media":7123,"comment_status":"open","ping_status":"closed","template":"","meta":{"_joinchat":[]},"product_brand":[],"product_cat":[15],"product_tag":[],"class_list":{"0":"post-7116","1":"product","2":"type-product","3":"status-publish","4":"has-post-thumbnail","6":"product_cat-sin-categorizar","8":"first","9":"instock","10":"shipping-taxable","11":"product-type-simple"},"yoast_head":"<!-- This site is optimized with the Yoast SEO plugin v26.4 - https:\/\/yoast.com\/wordpress\/plugins\/seo\/ -->\n<title>sistema ampliado de calibraci\u00f3n ametek crystal crystalcalhp con medidor de psi - Abaa tienda online<\/title>\n<meta name=\"robots\" content=\"index, follow, max-snippet:-1, max-image-preview:large, max-video-preview:-1\" \/>\n<link rel=\"canonical\" href=\"https:\/\/abaa.mx\/tienda\/sistema-ampliado-de-calibracion-ametek-crystal-crystalcalhp-con-medidor-de-psi\/\" \/>\n<meta property=\"og:locale\" content=\"es_MX\" \/>\n<meta property=\"og:type\" content=\"article\" \/>\n<meta property=\"og:title\" content=\"sistema ampliado de calibraci\u00f3n ametek crystal crystalcalhp con medidor de psi - Abaa tienda online\" \/>\n<meta property=\"og:description\" content=\"Port\u00e1til y m\u00e1s r\u00e1pido que un probador de peso muerto, este sistema de calibraci\u00f3n cuenta con un medidor de psi y proporciona calibraciones de 10 puntos hacia arriba y hacia abajo. Completo con un man\u00f3metro, un registrador gr\u00e1fico y un estuche resistente a la intemperie, este sistema de calibraci\u00f3n calibra man\u00f3metros, transmisores, sensores y v\u00e1lvulas de seguridad con una capacidad nominal de hasta 15000 psi\/1000 bar.\" \/>\n<meta property=\"og:url\" content=\"https:\/\/abaa.mx\/tienda\/sistema-ampliado-de-calibracion-ametek-crystal-crystalcalhp-con-medidor-de-psi\/\" \/>\n<meta property=\"og:site_name\" content=\"Abaa tienda online\" \/>\n<meta property=\"article:modified_time\" content=\"2023-10-20T17:24:58+00:00\" \/>\n<meta property=\"og:image\" content=\"https:\/\/abaa.mx\/tienda\/wp-content\/uploads\/2023\/10\/CRYSTALCALHP-NPT-PSI.jpg\" \/>\n\t<meta property=\"og:image:width\" content=\"270\" \/>\n\t<meta property=\"og:image:height\" content=\"253\" \/>\n\t<meta property=\"og:image:type\" content=\"image\/jpeg\" \/>\n<meta name=\"twitter:card\" content=\"summary_large_image\" \/>\n<meta name=\"twitter:label1\" content=\"Tiempo de lectura\" \/>\n\t<meta name=\"twitter:data1\" content=\"2 minutos\" \/>\n<script type=\"application\/ld+json\" class=\"yoast-schema-graph\">{\"@context\":\"https:\/\/schema.org\",\"@graph\":[{\"@type\":\"WebPage\",\"@id\":\"https:\/\/abaa.mx\/tienda\/sistema-ampliado-de-calibracion-ametek-crystal-crystalcalhp-con-medidor-de-psi\/\",\"url\":\"https:\/\/abaa.mx\/tienda\/sistema-ampliado-de-calibracion-ametek-crystal-crystalcalhp-con-medidor-de-psi\/\",\"name\":\"sistema ampliado de calibraci\u00f3n ametek crystal crystalcalhp con medidor de psi - Abaa tienda online\",\"isPartOf\":{\"@id\":\"https:\/\/abaa.mx\/tienda\/#website\"},\"primaryImageOfPage\":{\"@id\":\"https:\/\/abaa.mx\/tienda\/sistema-ampliado-de-calibracion-ametek-crystal-crystalcalhp-con-medidor-de-psi\/#primaryimage\"},\"image\":{\"@id\":\"https:\/\/abaa.mx\/tienda\/sistema-ampliado-de-calibracion-ametek-crystal-crystalcalhp-con-medidor-de-psi\/#primaryimage\"},\"thumbnailUrl\":\"https:\/\/abaa.mx\/tienda\/wp-content\/uploads\/2023\/10\/CRYSTALCALHP-NPT-PSI.jpg\",\"datePublished\":\"2023-10-20T17:24:57+00:00\",\"dateModified\":\"2023-10-20T17:24:58+00:00\",\"breadcrumb\":{\"@id\":\"https:\/\/abaa.mx\/tienda\/sistema-ampliado-de-calibracion-ametek-crystal-crystalcalhp-con-medidor-de-psi\/#breadcrumb\"},\"inLanguage\":\"es\",\"potentialAction\":[{\"@type\":\"ReadAction\",\"target\":[\"https:\/\/abaa.mx\/tienda\/sistema-ampliado-de-calibracion-ametek-crystal-crystalcalhp-con-medidor-de-psi\/\"]}]},{\"@type\":\"ImageObject\",\"inLanguage\":\"es\",\"@id\":\"https:\/\/abaa.mx\/tienda\/sistema-ampliado-de-calibracion-ametek-crystal-crystalcalhp-con-medidor-de-psi\/#primaryimage\",\"url\":\"https:\/\/abaa.mx\/tienda\/wp-content\/uploads\/2023\/10\/CRYSTALCALHP-NPT-PSI.jpg\",\"contentUrl\":\"https:\/\/abaa.mx\/tienda\/wp-content\/uploads\/2023\/10\/CRYSTALCALHP-NPT-PSI.jpg\",\"width\":270,\"height\":253,\"caption\":\"CRYSTALCALHP-NPT-PSI\"},{\"@type\":\"BreadcrumbList\",\"@id\":\"https:\/\/abaa.mx\/tienda\/sistema-ampliado-de-calibracion-ametek-crystal-crystalcalhp-con-medidor-de-psi\/#breadcrumb\",\"itemListElement\":[{\"@type\":\"ListItem\",\"position\":1,\"name\":\"Inicio\",\"item\":\"https:\/\/abaa.mx\/tienda\/\"},{\"@type\":\"ListItem\",\"position\":2,\"name\":\"Tienda\",\"item\":\"https:\/\/abaa.mx\/tienda\/\"},{\"@type\":\"ListItem\",\"position\":3,\"name\":\"sistema ampliado de calibraci\u00f3n ametek crystal crystalcalhp con medidor de psi\"}]},{\"@type\":\"WebSite\",\"@id\":\"https:\/\/abaa.mx\/tienda\/#website\",\"url\":\"https:\/\/abaa.mx\/tienda\/\",\"name\":\"Abaa tienda online\",\"description\":\"Instrumentos de medici\u00f3n\",\"publisher\":{\"@id\":\"https:\/\/abaa.mx\/tienda\/#organization\"},\"potentialAction\":[{\"@type\":\"SearchAction\",\"target\":{\"@type\":\"EntryPoint\",\"urlTemplate\":\"https:\/\/abaa.mx\/tienda\/?s={search_term_string}\"},\"query-input\":{\"@type\":\"PropertyValueSpecification\",\"valueRequired\":true,\"valueName\":\"search_term_string\"}}],\"inLanguage\":\"es\"},{\"@type\":\"Organization\",\"@id\":\"https:\/\/abaa.mx\/tienda\/#organization\",\"name\":\"Abaa tienda online\",\"url\":\"https:\/\/abaa.mx\/tienda\/\",\"logo\":{\"@type\":\"ImageObject\",\"inLanguage\":\"es\",\"@id\":\"https:\/\/abaa.mx\/tienda\/#\/schema\/logo\/image\/\",\"url\":\"https:\/\/abaa.mx\/tienda\/wp-content\/uploads\/2024\/01\/abaa-metrologia-tienda.png\",\"contentUrl\":\"https:\/\/abaa.mx\/tienda\/wp-content\/uploads\/2024\/01\/abaa-metrologia-tienda.png\",\"width\":300,\"height\":141,\"caption\":\"Abaa tienda online\"},\"image\":{\"@id\":\"https:\/\/abaa.mx\/tienda\/#\/schema\/logo\/image\/\"}}]}<\/script>\n<!-- \/ Yoast SEO plugin. -->","yoast_head_json":{"title":"sistema ampliado de calibraci\u00f3n ametek crystal crystalcalhp con medidor de psi - Abaa tienda online","robots":{"index":"index","follow":"follow","max-snippet":"max-snippet:-1","max-image-preview":"max-image-preview:large","max-video-preview":"max-video-preview:-1"},"canonical":"https:\/\/abaa.mx\/tienda\/sistema-ampliado-de-calibracion-ametek-crystal-crystalcalhp-con-medidor-de-psi\/","og_locale":"es_MX","og_type":"article","og_title":"sistema ampliado de calibraci\u00f3n ametek crystal crystalcalhp con medidor de psi - Abaa tienda online","og_description":"Port\u00e1til y m\u00e1s r\u00e1pido que un probador de peso muerto, este sistema de calibraci\u00f3n cuenta con un medidor de psi y proporciona calibraciones de 10 puntos hacia arriba y hacia abajo. Completo con un man\u00f3metro, un registrador gr\u00e1fico y un estuche resistente a la intemperie, este sistema de calibraci\u00f3n calibra man\u00f3metros, transmisores, sensores y v\u00e1lvulas de seguridad con una capacidad nominal de hasta 15000 psi\/1000 bar.","og_url":"https:\/\/abaa.mx\/tienda\/sistema-ampliado-de-calibracion-ametek-crystal-crystalcalhp-con-medidor-de-psi\/","og_site_name":"Abaa tienda online","article_modified_time":"2023-10-20T17:24:58+00:00","og_image":[{"width":270,"height":253,"url":"https:\/\/abaa.mx\/tienda\/wp-content\/uploads\/2023\/10\/CRYSTALCALHP-NPT-PSI.jpg","type":"image\/jpeg"}],"twitter_card":"summary_large_image","twitter_misc":{"Tiempo de lectura":"2 minutos"},"schema":{"@context":"https:\/\/schema.org","@graph":[{"@type":"WebPage","@id":"https:\/\/abaa.mx\/tienda\/sistema-ampliado-de-calibracion-ametek-crystal-crystalcalhp-con-medidor-de-psi\/","url":"https:\/\/abaa.mx\/tienda\/sistema-ampliado-de-calibracion-ametek-crystal-crystalcalhp-con-medidor-de-psi\/","name":"sistema ampliado de calibraci\u00f3n ametek crystal crystalcalhp con medidor de psi - Abaa tienda online","isPartOf":{"@id":"https:\/\/abaa.mx\/tienda\/#website"},"primaryImageOfPage":{"@id":"https:\/\/abaa.mx\/tienda\/sistema-ampliado-de-calibracion-ametek-crystal-crystalcalhp-con-medidor-de-psi\/#primaryimage"},"image":{"@id":"https:\/\/abaa.mx\/tienda\/sistema-ampliado-de-calibracion-ametek-crystal-crystalcalhp-con-medidor-de-psi\/#primaryimage"},"thumbnailUrl":"https:\/\/abaa.mx\/tienda\/wp-content\/uploads\/2023\/10\/CRYSTALCALHP-NPT-PSI.jpg","datePublished":"2023-10-20T17:24:57+00:00","dateModified":"2023-10-20T17:24:58+00:00","breadcrumb":{"@id":"https:\/\/abaa.mx\/tienda\/sistema-ampliado-de-calibracion-ametek-crystal-crystalcalhp-con-medidor-de-psi\/#breadcrumb"},"inLanguage":"es","potentialAction":[{"@type":"ReadAction","target":["https:\/\/abaa.mx\/tienda\/sistema-ampliado-de-calibracion-ametek-crystal-crystalcalhp-con-medidor-de-psi\/"]}]},{"@type":"ImageObject","inLanguage":"es","@id":"https:\/\/abaa.mx\/tienda\/sistema-ampliado-de-calibracion-ametek-crystal-crystalcalhp-con-medidor-de-psi\/#primaryimage","url":"https:\/\/abaa.mx\/tienda\/wp-content\/uploads\/2023\/10\/CRYSTALCALHP-NPT-PSI.jpg","contentUrl":"https:\/\/abaa.mx\/tienda\/wp-content\/uploads\/2023\/10\/CRYSTALCALHP-NPT-PSI.jpg","width":270,"height":253,"caption":"CRYSTALCALHP-NPT-PSI"},{"@type":"BreadcrumbList","@id":"https:\/\/abaa.mx\/tienda\/sistema-ampliado-de-calibracion-ametek-crystal-crystalcalhp-con-medidor-de-psi\/#breadcrumb","itemListElement":[{"@type":"ListItem","position":1,"name":"Inicio","item":"https:\/\/abaa.mx\/tienda\/"},{"@type":"ListItem","position":2,"name":"Tienda","item":"https:\/\/abaa.mx\/tienda\/"},{"@type":"ListItem","position":3,"name":"sistema ampliado de calibraci\u00f3n ametek crystal crystalcalhp con medidor de psi"}]},{"@type":"WebSite","@id":"https:\/\/abaa.mx\/tienda\/#website","url":"https:\/\/abaa.mx\/tienda\/","name":"Abaa tienda online","description":"Instrumentos de medici\u00f3n","publisher":{"@id":"https:\/\/abaa.mx\/tienda\/#organization"},"potentialAction":[{"@type":"SearchAction","target":{"@type":"EntryPoint","urlTemplate":"https:\/\/abaa.mx\/tienda\/?s={search_term_string}"},"query-input":{"@type":"PropertyValueSpecification","valueRequired":true,"valueName":"search_term_string"}}],"inLanguage":"es"},{"@type":"Organization","@id":"https:\/\/abaa.mx\/tienda\/#organization","name":"Abaa tienda online","url":"https:\/\/abaa.mx\/tienda\/","logo":{"@type":"ImageObject","inLanguage":"es","@id":"https:\/\/abaa.mx\/tienda\/#\/schema\/logo\/image\/","url":"https:\/\/abaa.mx\/tienda\/wp-content\/uploads\/2024\/01\/abaa-metrologia-tienda.png","contentUrl":"https:\/\/abaa.mx\/tienda\/wp-content\/uploads\/2024\/01\/abaa-metrologia-tienda.png","width":300,"height":141,"caption":"Abaa tienda online"},"image":{"@id":"https:\/\/abaa.mx\/tienda\/#\/schema\/logo\/image\/"}}]}},"_links":{"self":[{"href":"https:\/\/abaa.mx\/tienda\/wp-json\/wp\/v2\/product\/7116","targetHints":{"allow":["GET"]}}],"collection":[{"href":"https:\/\/abaa.mx\/tienda\/wp-json\/wp\/v2\/product"}],"about":[{"href":"https:\/\/abaa.mx\/tienda\/wp-json\/wp\/v2\/types\/product"}],"replies":[{"embeddable":true,"href":"https:\/\/abaa.mx\/tienda\/wp-json\/wp\/v2\/comments?post=7116"}],"wp:featuredmedia":[{"embeddable":true,"href":"https:\/\/abaa.mx\/tienda\/wp-json\/wp\/v2\/media\/7123"}],"wp:attachment":[{"href":"https:\/\/abaa.mx\/tienda\/wp-json\/wp\/v2\/media?parent=7116"}],"wp:term":[{"taxonomy":"product_brand","embeddable":true,"href":"https:\/\/abaa.mx\/tienda\/wp-json\/wp\/v2\/product_brand?post=7116"},{"taxonomy":"product_cat","embeddable":true,"href":"https:\/\/abaa.mx\/tienda\/wp-json\/wp\/v2\/product_cat?post=7116"},{"taxonomy":"product_tag","embeddable":true,"href":"https:\/\/abaa.mx\/tienda\/wp-json\/wp\/v2\/product_tag?post=7116"}],"curies":[{"name":"wp","href":"https:\/\/api.w.org\/{rel}","templated":true}]}}