{"id":7112,"date":"2023-10-20T17:18:33","date_gmt":"2023-10-20T17:18:33","guid":{"rendered":"https:\/\/abaa.mx\/tienda\/?post_type=product&#038;p=7112"},"modified":"2023-12-14T16:20:22","modified_gmt":"2023-12-14T16:20:22","slug":"ametek-crystal-nv-4aa-rtd100-ma20-registrador-de-referencia-nvision-rtd100-0-a-55-ma","status":"publish","type":"product","link":"https:\/\/abaa.mx\/tienda\/ametek-crystal-nv-4aa-rtd100-ma20-registrador-de-referencia-nvision-rtd100-0-a-55-ma\/","title":{"rendered":"Mp530a &#8211; multimetro multipro"},"content":{"rendered":"<p>Mp530a &#8211; multimetro multipro.<\/p>\n","protected":false},"excerpt":{"rendered":"<h3>Caracter\u00edsticas:<\/h3>\n<p>MP530A es un mult\u00edmetro de rango autom\u00e1tico de valor eficaz verdadero de 5000 recuentos que mide voltaje CA \/ CC, corriente CA \/ CC, resistencia, temperatura, capacitancia y frecuencia con una precisi\u00f3n b\u00e1sica del 0.08%.\u00a0Las caracter\u00edsticas adicionales incluyen: prueba de diodos, verificaci\u00f3n de continuidad, pantalla retroiluminada de f\u00e1cil lectura, apagado autom\u00e1tico, retenci\u00f3n de datos y cero conductor autom\u00e1tico de baja resistencia.\u00a0Incluye funda protectora con soporte incorporado, cables de prueba, sonda de temperatura de perla tipo K y bater\u00eda de 9 voltios.<\/p>\n<ul id=\"features\">\n<li>Alta precisi\u00f3n de voltaje CC b\u00e1sico de 0.08%.<\/li>\n<li>Amplio ancho de banda de voltaje CA de 40 Hz a 20 kHz.<\/li>\n<li>Dise\u00f1o resistente con funda protectora y carcasa resistente al agua.<\/li>\n<li>Pantalla LCD retroiluminada de 5000 cuentas para alta resoluci\u00f3n (0.01mV, 0.1\u00b5A, 0.01Ohm, 0.01nF, 0.001Hz).<\/li>\n<li>Funciones del mult\u00edmetro: voltaje y corriente CA \/ CC de verdadero valor eficaz, resistencia, frecuencia, capacitancia, diodo y continuidad.<\/li>\n<li>Funci\u00f3n de temperatura: -58 a 1832 \u00b0 F (-50 a 1000 \u00b0 C).<\/li>\n<li>Apagado autom\u00e1tico inteligente, retenci\u00f3n y puesta a cero autom\u00e1tica de baja resistencia.<\/li>\n<li>Completo con soporte incorporado, cables de prueba CAT IV, funda protectora, sonda de temperatura tipo K y bater\u00eda de 9V.<\/li>\n<li>Software de comunicaci\u00f3n para PC compatible con Windows\u00ae opcional y cable aislado \u00f3pticamente.<\/li>\n<\/ul>\n","protected":false},"featured_media":9859,"comment_status":"open","ping_status":"closed","template":"","meta":{"_joinchat":[]},"product_brand":[],"product_cat":[15],"product_tag":[],"class_list":{"0":"post-7112","1":"product","2":"type-product","3":"status-publish","4":"has-post-thumbnail","6":"product_cat-sin-categorizar","8":"first","9":"instock","10":"shipping-taxable","11":"product-type-simple"},"yoast_head":"<!-- This site is optimized with the Yoast SEO plugin v26.4 - https:\/\/yoast.com\/wordpress\/plugins\/seo\/ -->\n<title>Mp530a - multimetro multipro - Abaa tienda online<\/title>\n<meta name=\"robots\" content=\"index, follow, max-snippet:-1, max-image-preview:large, max-video-preview:-1\" \/>\n<link rel=\"canonical\" href=\"https:\/\/abaa.mx\/tienda\/ametek-crystal-nv-4aa-rtd100-ma20-registrador-de-referencia-nvision-rtd100-0-a-55-ma\/\" \/>\n<meta property=\"og:locale\" content=\"es_MX\" \/>\n<meta property=\"og:type\" content=\"article\" \/>\n<meta property=\"og:title\" content=\"Mp530a - multimetro multipro - Abaa tienda online\" \/>\n<meta property=\"og:description\" content=\"Caracter\u00edsticas: MP530A es un mult\u00edmetro de rango autom\u00e1tico de valor eficaz verdadero de 5000 recuentos que mide voltaje CA \/ CC, corriente CA \/ CC, resistencia, temperatura, capacitancia y frecuencia con una precisi\u00f3n b\u00e1sica del 0.08%.\u00a0Las caracter\u00edsticas adicionales incluyen: prueba de diodos, verificaci\u00f3n de continuidad, pantalla retroiluminada de f\u00e1cil lectura, apagado autom\u00e1tico, retenci\u00f3n de datos y cero conductor autom\u00e1tico de baja resistencia.\u00a0Incluye funda protectora con soporte incorporado, cables de prueba, sonda de temperatura de perla tipo K y bater\u00eda de 9 voltios.   Alta precisi\u00f3n de voltaje CC b\u00e1sico de 0.08%.  Amplio ancho de banda de voltaje CA de 40 Hz a 20 kHz.  Dise\u00f1o resistente con funda protectora y carcasa resistente al agua.  Pantalla LCD retroiluminada de 5000 cuentas para alta resoluci\u00f3n (0.01mV, 0.1\u00b5A, 0.01Ohm, 0.01nF, 0.001Hz).  Funciones del mult\u00edmetro: voltaje y corriente CA \/ CC de verdadero valor eficaz, resistencia, frecuencia, capacitancia, diodo y continuidad.  Funci\u00f3n de temperatura: -58 a 1832 \u00b0 F (-50 a 1000 \u00b0 C).  Apagado autom\u00e1tico inteligente, retenci\u00f3n y puesta a cero autom\u00e1tica de baja resistencia.  Completo con soporte incorporado, cables de prueba CAT IV, funda protectora, sonda de temperatura tipo K y bater\u00eda de 9V.  Software de comunicaci\u00f3n para PC compatible con Windows\u00ae opcional y cable aislado \u00f3pticamente.\" \/>\n<meta property=\"og:url\" content=\"https:\/\/abaa.mx\/tienda\/ametek-crystal-nv-4aa-rtd100-ma20-registrador-de-referencia-nvision-rtd100-0-a-55-ma\/\" \/>\n<meta property=\"og:site_name\" content=\"Abaa tienda online\" \/>\n<meta property=\"article:modified_time\" content=\"2023-12-14T16:20:22+00:00\" \/>\n<meta property=\"og:image\" content=\"https:\/\/abaa.mx\/tienda\/wp-content\/uploads\/2023\/10\/EXTECH-MP530A.jpg\" \/>\n\t<meta property=\"og:image:width\" content=\"393\" \/>\n\t<meta property=\"og:image:height\" content=\"598\" \/>\n\t<meta property=\"og:image:type\" content=\"image\/jpeg\" \/>\n<meta name=\"twitter:card\" content=\"summary_large_image\" \/>\n<meta name=\"twitter:label1\" content=\"Tiempo de lectura\" \/>\n\t<meta name=\"twitter:data1\" content=\"1 minuto\" \/>\n<script type=\"application\/ld+json\" class=\"yoast-schema-graph\">{\"@context\":\"https:\/\/schema.org\",\"@graph\":[{\"@type\":\"WebPage\",\"@id\":\"https:\/\/abaa.mx\/tienda\/ametek-crystal-nv-4aa-rtd100-ma20-registrador-de-referencia-nvision-rtd100-0-a-55-ma\/\",\"url\":\"https:\/\/abaa.mx\/tienda\/ametek-crystal-nv-4aa-rtd100-ma20-registrador-de-referencia-nvision-rtd100-0-a-55-ma\/\",\"name\":\"Mp530a - multimetro multipro - Abaa tienda online\",\"isPartOf\":{\"@id\":\"https:\/\/abaa.mx\/tienda\/#website\"},\"primaryImageOfPage\":{\"@id\":\"https:\/\/abaa.mx\/tienda\/ametek-crystal-nv-4aa-rtd100-ma20-registrador-de-referencia-nvision-rtd100-0-a-55-ma\/#primaryimage\"},\"image\":{\"@id\":\"https:\/\/abaa.mx\/tienda\/ametek-crystal-nv-4aa-rtd100-ma20-registrador-de-referencia-nvision-rtd100-0-a-55-ma\/#primaryimage\"},\"thumbnailUrl\":\"https:\/\/abaa.mx\/tienda\/wp-content\/uploads\/2023\/10\/EXTECH-MP530A.jpg\",\"datePublished\":\"2023-10-20T17:18:33+00:00\",\"dateModified\":\"2023-12-14T16:20:22+00:00\",\"breadcrumb\":{\"@id\":\"https:\/\/abaa.mx\/tienda\/ametek-crystal-nv-4aa-rtd100-ma20-registrador-de-referencia-nvision-rtd100-0-a-55-ma\/#breadcrumb\"},\"inLanguage\":\"es\",\"potentialAction\":[{\"@type\":\"ReadAction\",\"target\":[\"https:\/\/abaa.mx\/tienda\/ametek-crystal-nv-4aa-rtd100-ma20-registrador-de-referencia-nvision-rtd100-0-a-55-ma\/\"]}]},{\"@type\":\"ImageObject\",\"inLanguage\":\"es\",\"@id\":\"https:\/\/abaa.mx\/tienda\/ametek-crystal-nv-4aa-rtd100-ma20-registrador-de-referencia-nvision-rtd100-0-a-55-ma\/#primaryimage\",\"url\":\"https:\/\/abaa.mx\/tienda\/wp-content\/uploads\/2023\/10\/EXTECH-MP530A.jpg\",\"contentUrl\":\"https:\/\/abaa.mx\/tienda\/wp-content\/uploads\/2023\/10\/EXTECH-MP530A.jpg\",\"width\":393,\"height\":598,\"caption\":\"EXTECH-MP530A\"},{\"@type\":\"BreadcrumbList\",\"@id\":\"https:\/\/abaa.mx\/tienda\/ametek-crystal-nv-4aa-rtd100-ma20-registrador-de-referencia-nvision-rtd100-0-a-55-ma\/#breadcrumb\",\"itemListElement\":[{\"@type\":\"ListItem\",\"position\":1,\"name\":\"Inicio\",\"item\":\"https:\/\/abaa.mx\/tienda\/\"},{\"@type\":\"ListItem\",\"position\":2,\"name\":\"Tienda\",\"item\":\"https:\/\/abaa.mx\/tienda\/\"},{\"@type\":\"ListItem\",\"position\":3,\"name\":\"Mp530a &#8211; multimetro multipro\"}]},{\"@type\":\"WebSite\",\"@id\":\"https:\/\/abaa.mx\/tienda\/#website\",\"url\":\"https:\/\/abaa.mx\/tienda\/\",\"name\":\"Abaa tienda online\",\"description\":\"Instrumentos de medici\u00f3n\",\"publisher\":{\"@id\":\"https:\/\/abaa.mx\/tienda\/#organization\"},\"potentialAction\":[{\"@type\":\"SearchAction\",\"target\":{\"@type\":\"EntryPoint\",\"urlTemplate\":\"https:\/\/abaa.mx\/tienda\/?s={search_term_string}\"},\"query-input\":{\"@type\":\"PropertyValueSpecification\",\"valueRequired\":true,\"valueName\":\"search_term_string\"}}],\"inLanguage\":\"es\"},{\"@type\":\"Organization\",\"@id\":\"https:\/\/abaa.mx\/tienda\/#organization\",\"name\":\"Abaa tienda online\",\"url\":\"https:\/\/abaa.mx\/tienda\/\",\"logo\":{\"@type\":\"ImageObject\",\"inLanguage\":\"es\",\"@id\":\"https:\/\/abaa.mx\/tienda\/#\/schema\/logo\/image\/\",\"url\":\"https:\/\/abaa.mx\/tienda\/wp-content\/uploads\/2024\/01\/abaa-metrologia-tienda.png\",\"contentUrl\":\"https:\/\/abaa.mx\/tienda\/wp-content\/uploads\/2024\/01\/abaa-metrologia-tienda.png\",\"width\":300,\"height\":141,\"caption\":\"Abaa tienda online\"},\"image\":{\"@id\":\"https:\/\/abaa.mx\/tienda\/#\/schema\/logo\/image\/\"}}]}<\/script>\n<!-- \/ Yoast SEO plugin. -->","yoast_head_json":{"title":"Mp530a - multimetro multipro - Abaa tienda online","robots":{"index":"index","follow":"follow","max-snippet":"max-snippet:-1","max-image-preview":"max-image-preview:large","max-video-preview":"max-video-preview:-1"},"canonical":"https:\/\/abaa.mx\/tienda\/ametek-crystal-nv-4aa-rtd100-ma20-registrador-de-referencia-nvision-rtd100-0-a-55-ma\/","og_locale":"es_MX","og_type":"article","og_title":"Mp530a - multimetro multipro - Abaa tienda online","og_description":"Caracter\u00edsticas: MP530A es un mult\u00edmetro de rango autom\u00e1tico de valor eficaz verdadero de 5000 recuentos que mide voltaje CA \/ CC, corriente CA \/ CC, resistencia, temperatura, capacitancia y frecuencia con una precisi\u00f3n b\u00e1sica del 0.08%.\u00a0Las caracter\u00edsticas adicionales incluyen: prueba de diodos, verificaci\u00f3n de continuidad, pantalla retroiluminada de f\u00e1cil lectura, apagado autom\u00e1tico, retenci\u00f3n de datos y cero conductor autom\u00e1tico de baja resistencia.\u00a0Incluye funda protectora con soporte incorporado, cables de prueba, sonda de temperatura de perla tipo K y bater\u00eda de 9 voltios.   Alta precisi\u00f3n de voltaje CC b\u00e1sico de 0.08%.  Amplio ancho de banda de voltaje CA de 40 Hz a 20 kHz.  Dise\u00f1o resistente con funda protectora y carcasa resistente al agua.  Pantalla LCD retroiluminada de 5000 cuentas para alta resoluci\u00f3n (0.01mV, 0.1\u00b5A, 0.01Ohm, 0.01nF, 0.001Hz).  Funciones del mult\u00edmetro: voltaje y corriente CA \/ CC de verdadero valor eficaz, resistencia, frecuencia, capacitancia, diodo y continuidad.  Funci\u00f3n de temperatura: -58 a 1832 \u00b0 F (-50 a 1000 \u00b0 C).  Apagado autom\u00e1tico inteligente, retenci\u00f3n y puesta a cero autom\u00e1tica de baja resistencia.  Completo con soporte incorporado, cables de prueba CAT IV, funda protectora, sonda de temperatura tipo K y bater\u00eda de 9V.  Software de comunicaci\u00f3n para PC compatible con Windows\u00ae opcional y cable aislado \u00f3pticamente.","og_url":"https:\/\/abaa.mx\/tienda\/ametek-crystal-nv-4aa-rtd100-ma20-registrador-de-referencia-nvision-rtd100-0-a-55-ma\/","og_site_name":"Abaa tienda online","article_modified_time":"2023-12-14T16:20:22+00:00","og_image":[{"width":393,"height":598,"url":"https:\/\/abaa.mx\/tienda\/wp-content\/uploads\/2023\/10\/EXTECH-MP530A.jpg","type":"image\/jpeg"}],"twitter_card":"summary_large_image","twitter_misc":{"Tiempo de lectura":"1 minuto"},"schema":{"@context":"https:\/\/schema.org","@graph":[{"@type":"WebPage","@id":"https:\/\/abaa.mx\/tienda\/ametek-crystal-nv-4aa-rtd100-ma20-registrador-de-referencia-nvision-rtd100-0-a-55-ma\/","url":"https:\/\/abaa.mx\/tienda\/ametek-crystal-nv-4aa-rtd100-ma20-registrador-de-referencia-nvision-rtd100-0-a-55-ma\/","name":"Mp530a - multimetro multipro - Abaa tienda online","isPartOf":{"@id":"https:\/\/abaa.mx\/tienda\/#website"},"primaryImageOfPage":{"@id":"https:\/\/abaa.mx\/tienda\/ametek-crystal-nv-4aa-rtd100-ma20-registrador-de-referencia-nvision-rtd100-0-a-55-ma\/#primaryimage"},"image":{"@id":"https:\/\/abaa.mx\/tienda\/ametek-crystal-nv-4aa-rtd100-ma20-registrador-de-referencia-nvision-rtd100-0-a-55-ma\/#primaryimage"},"thumbnailUrl":"https:\/\/abaa.mx\/tienda\/wp-content\/uploads\/2023\/10\/EXTECH-MP530A.jpg","datePublished":"2023-10-20T17:18:33+00:00","dateModified":"2023-12-14T16:20:22+00:00","breadcrumb":{"@id":"https:\/\/abaa.mx\/tienda\/ametek-crystal-nv-4aa-rtd100-ma20-registrador-de-referencia-nvision-rtd100-0-a-55-ma\/#breadcrumb"},"inLanguage":"es","potentialAction":[{"@type":"ReadAction","target":["https:\/\/abaa.mx\/tienda\/ametek-crystal-nv-4aa-rtd100-ma20-registrador-de-referencia-nvision-rtd100-0-a-55-ma\/"]}]},{"@type":"ImageObject","inLanguage":"es","@id":"https:\/\/abaa.mx\/tienda\/ametek-crystal-nv-4aa-rtd100-ma20-registrador-de-referencia-nvision-rtd100-0-a-55-ma\/#primaryimage","url":"https:\/\/abaa.mx\/tienda\/wp-content\/uploads\/2023\/10\/EXTECH-MP530A.jpg","contentUrl":"https:\/\/abaa.mx\/tienda\/wp-content\/uploads\/2023\/10\/EXTECH-MP530A.jpg","width":393,"height":598,"caption":"EXTECH-MP530A"},{"@type":"BreadcrumbList","@id":"https:\/\/abaa.mx\/tienda\/ametek-crystal-nv-4aa-rtd100-ma20-registrador-de-referencia-nvision-rtd100-0-a-55-ma\/#breadcrumb","itemListElement":[{"@type":"ListItem","position":1,"name":"Inicio","item":"https:\/\/abaa.mx\/tienda\/"},{"@type":"ListItem","position":2,"name":"Tienda","item":"https:\/\/abaa.mx\/tienda\/"},{"@type":"ListItem","position":3,"name":"Mp530a &#8211; multimetro multipro"}]},{"@type":"WebSite","@id":"https:\/\/abaa.mx\/tienda\/#website","url":"https:\/\/abaa.mx\/tienda\/","name":"Abaa tienda online","description":"Instrumentos de medici\u00f3n","publisher":{"@id":"https:\/\/abaa.mx\/tienda\/#organization"},"potentialAction":[{"@type":"SearchAction","target":{"@type":"EntryPoint","urlTemplate":"https:\/\/abaa.mx\/tienda\/?s={search_term_string}"},"query-input":{"@type":"PropertyValueSpecification","valueRequired":true,"valueName":"search_term_string"}}],"inLanguage":"es"},{"@type":"Organization","@id":"https:\/\/abaa.mx\/tienda\/#organization","name":"Abaa tienda online","url":"https:\/\/abaa.mx\/tienda\/","logo":{"@type":"ImageObject","inLanguage":"es","@id":"https:\/\/abaa.mx\/tienda\/#\/schema\/logo\/image\/","url":"https:\/\/abaa.mx\/tienda\/wp-content\/uploads\/2024\/01\/abaa-metrologia-tienda.png","contentUrl":"https:\/\/abaa.mx\/tienda\/wp-content\/uploads\/2024\/01\/abaa-metrologia-tienda.png","width":300,"height":141,"caption":"Abaa tienda online"},"image":{"@id":"https:\/\/abaa.mx\/tienda\/#\/schema\/logo\/image\/"}}]}},"_links":{"self":[{"href":"https:\/\/abaa.mx\/tienda\/wp-json\/wp\/v2\/product\/7112","targetHints":{"allow":["GET"]}}],"collection":[{"href":"https:\/\/abaa.mx\/tienda\/wp-json\/wp\/v2\/product"}],"about":[{"href":"https:\/\/abaa.mx\/tienda\/wp-json\/wp\/v2\/types\/product"}],"replies":[{"embeddable":true,"href":"https:\/\/abaa.mx\/tienda\/wp-json\/wp\/v2\/comments?post=7112"}],"wp:featuredmedia":[{"embeddable":true,"href":"https:\/\/abaa.mx\/tienda\/wp-json\/wp\/v2\/media\/9859"}],"wp:attachment":[{"href":"https:\/\/abaa.mx\/tienda\/wp-json\/wp\/v2\/media?parent=7112"}],"wp:term":[{"taxonomy":"product_brand","embeddable":true,"href":"https:\/\/abaa.mx\/tienda\/wp-json\/wp\/v2\/product_brand?post=7112"},{"taxonomy":"product_cat","embeddable":true,"href":"https:\/\/abaa.mx\/tienda\/wp-json\/wp\/v2\/product_cat?post=7112"},{"taxonomy":"product_tag","embeddable":true,"href":"https:\/\/abaa.mx\/tienda\/wp-json\/wp\/v2\/product_tag?post=7112"}],"curies":[{"name":"wp","href":"https:\/\/api.w.org\/{rel}","templated":true}]}}