{"id":7109,"date":"2023-10-20T17:47:13","date_gmt":"2023-10-20T17:47:13","guid":{"rendered":"https:\/\/abaa.mx\/tienda\/?post_type=product&#038;p=7109"},"modified":"2023-10-20T17:47:13","modified_gmt":"2023-10-20T17:47:13","slug":"reed-r5020-pinza-amperimetrica-de-ca-de-400-a-con-detector-de-temperatura-y-voltaje-sin-contacto","status":"publish","type":"product","link":"https:\/\/abaa.mx\/tienda\/reed-r5020-pinza-amperimetrica-de-ca-de-400-a-con-detector-de-temperatura-y-voltaje-sin-contacto\/","title":{"rendered":"Reed r5020 pinza amperim\u00e9trica de ca de 400 a con detector de temperatura y voltaje sin contacto"},"content":{"rendered":"<p>Esta pinza amperim\u00e9trica compacta de rango autom\u00e1tico es capaz de medir la corriente alterna, el voltaje CA\/CC, la resistencia, la frecuencia, la capacitancia, el ciclo de trabajo y la temperatura. Con una carcasa de pl\u00e1stico moldeada doble, el R5020 incluye funciones de verificaci\u00f3n y continuidad de diodos y un detector de voltaje sin contacto integrado en la punta de la abrazadera.<\/p>\n<h5><strong>Funciones<\/strong><\/h5>\n<ul>\n<li>Mide la corriente alterna, el voltaje de CA y CC, la resistencia, la capacitancia y la temperatura con la sonda de termopar tipo K incluida<\/li>\n<li>Prueba de diodos y comprobaci\u00f3n de continuidad<\/li>\n<li>La pantalla LCD de 4000 cuentas muestra indicaciones de bater\u00eda baja y exceso de autonom\u00eda<\/li>\n<li>Aprobado por UL<\/li>\n<li>Gato. Clasificaci\u00f3n de seguridad III 600V<\/li>\n<\/ul>\n<h4>Especificaciones de REED R5020<\/h4>\n<table class=\"table table-striped\">\n<tbody>\n<tr>\n<td colspan=\"2\"><strong>Corriente alterna<\/strong><\/td>\n<\/tr>\n<tr>\n<td>Gama<\/td>\n<td>40, 400A<\/td>\n<\/tr>\n<tr>\n<td>Exactitud<\/td>\n<td>AC: \u00b1 (2.5% rdg. + 8 dgt.)<\/td>\n<\/tr>\n<tr>\n<td>Resoluci\u00f3n<\/td>\n<td>0,01, 0,1 A<\/td>\n<\/tr>\n<tr>\n<td colspan=\"2\"><strong>Voltaje AC\/DC<\/strong><\/td>\n<\/tr>\n<tr>\n<td>Gama<\/td>\n<td>CA: 4, 40, 400, 600 V CC: 400 mV, 4, 40, 400, 600 V<\/td>\n<\/tr>\n<tr>\n<td>Exactitud<\/td>\n<td>AC: \u00b1(1.8% rdg. + 8 dgt.)<br \/>\nDC: \u00b1(1.5% rdg. + 2 dgt.)<\/td>\n<\/tr>\n<tr>\n<td>Resoluci\u00f3n<\/td>\n<td>CA: 0,001, 0,01, 0,1, 1 V CC: 0,1 mV, 0,001, 0,01, 0,1, 1 V<\/td>\n<\/tr>\n<tr>\n<td colspan=\"2\"><strong>Resistencia<\/strong><\/td>\n<\/tr>\n<tr>\n<td>Gama<\/td>\n<td>400\u03a9, 4, 40, 400k\u03a9, 4, 40M\u03a9<\/td>\n<\/tr>\n<tr>\n<td>Exactitud<\/td>\n<td>\u00b1(1.5% rdg. + 2 dgt.)<br \/>\n0,1 \u03a9, 0,001, 0,01, 0,1 k\u03a9, 0,001, 0,01 M\u03a9<\/td>\n<\/tr>\n<tr>\n<td colspan=\"2\"><strong>Capacitancia<\/strong><\/td>\n<\/tr>\n<tr>\n<td>Gama<\/td>\n<td>40, 400 nF, 4, 40, 100 \u03bcF<\/td>\n<\/tr>\n<tr>\n<td>Exactitud<\/td>\n<td>\u00b1(3% rdg. + 5 dgt.)<\/td>\n<\/tr>\n<tr>\n<td>Resoluci\u00f3n<\/td>\n<td>0,01, 0,1 nF, 0,01, 0,1 \u03bcF<\/td>\n<\/tr>\n<tr>\n<td colspan=\"2\"><strong>Frecuencia<\/strong><\/td>\n<\/tr>\n<tr>\n<td>Gama<\/td>\n<td>10MHz<\/td>\n<\/tr>\n<tr>\n<td>Exactitud<\/td>\n<td>\u00b1(1.2% rdg. + 2 dgt.)<\/td>\n<\/tr>\n<tr>\n<td>Resoluci\u00f3n<\/td>\n<td>0,01 Hz<\/td>\n<\/tr>\n<tr>\n<td colspan=\"2\"><strong>Temperatura<\/strong><\/td>\n<\/tr>\n<tr>\n<td>Gama<\/td>\n<td>-4 a 1400 \u00b0F (-20 a 760 \u00b0C)<\/td>\n<\/tr>\n<tr>\n<td>Exactitud<\/td>\n<td>\u00b1(3.0% rddg. + 9\u00b0F) \u00b1(3.0% rdg. + 5\u00b0C)<\/td>\n<\/tr>\n<tr>\n<td>Resoluci\u00f3n<\/td>\n<td>1 \u00b0F, 1 \u00b0C<\/td>\n<\/tr>\n<tr>\n<td colspan=\"2\"><strong>Especificaciones generales<\/strong><\/td>\n<\/tr>\n<tr>\n<td>Selecci\u00f3n de rango<\/td>\n<td>Rango autom\u00e1tico \/ Manual<\/td>\n<\/tr>\n<tr>\n<td>Monitor<\/td>\n<td>Pantalla LCD de 4.000 cuentas<\/td>\n<\/tr>\n<tr>\n<td>Retenci\u00f3n de pantalla<\/td>\n<td>S\u00ed<\/td>\n<\/tr>\n<tr>\n<td>Modo relativo<\/td>\n<td>S\u00ed<\/td>\n<\/tr>\n<tr>\n<td>Prueba de diodos<\/td>\n<td>S\u00ed<\/td>\n<\/tr>\n<tr>\n<td>Comprobaci\u00f3n de continuidad<\/td>\n<td>Se\u00f1al audible si la resistencia &lt;150\u03a9<\/td>\n<\/tr>\n<tr>\n<td>Ciclo de trabajo<\/td>\n<td>S\u00ed<\/td>\n<\/tr>\n<tr>\n<td>Detector de voltaje sin contacto<\/td>\n<td>S\u00ed<\/td>\n<\/tr>\n<tr>\n<td>Apagado autom\u00e1tico<\/td>\n<td>S\u00ed (despu\u00e9s de 15 minutos)<\/td>\n<\/tr>\n<tr>\n<td>Fuente de alimentaci\u00f3n<\/td>\n<td>2 x AAA<\/td>\n<\/tr>\n<tr>\n<td>Indicador de bater\u00eda baja<\/td>\n<td>S\u00ed<\/td>\n<\/tr>\n<tr>\n<td>Apertura de la mand\u00edbula<\/td>\n<td>1,2&#8243; (30 mm), hasta 350 MCM<\/td>\n<\/tr>\n<tr>\n<td>Categor\u00eda de sobretensi\u00f3n<\/td>\n<td>GATO. III 600V<\/td>\n<\/tr>\n<tr>\n<td>Certificaciones de productos<\/td>\n<td>Despu\u00e9s de Cristo<\/td>\n<\/tr>\n<tr>\n<td>Temperatura de funcionamiento<\/td>\n<td>De 32 a 122 \u00b0C (de 0 a 50 \u00b0F)<\/td>\n<\/tr>\n<tr>\n<td>Temperatura de almacenamiento<\/td>\n<td>-4 a 140 \u00b0F (-20 a 60 \u00b0C)<\/td>\n<\/tr>\n<tr>\n<td>Dimensiones<\/td>\n<td>7,9 x 2,6 x 1,5&#8243; (200 x 66 x 37 mm)<\/td>\n<\/tr>\n<tr>\n<td>Peso<\/td>\n<td>7 g (2,205 onzas)<\/td>\n<\/tr>\n<\/tbody>\n<\/table>\n","protected":false},"excerpt":{"rendered":"<p class=\"short-description mhide ipad-view-setting\">Pinza amperim\u00e9trica compacta de CA con detector de voltaje sin contacto incorporado y term\u00f3metro de contacto.<\/p>\n<div class=\"row-fluid\">\n<div class=\"span12 mobile-pricing-box-padding\">\n<form id=\"60613\" accept-charset=\"utf-8\" action=\"https:\/\/www.globaltestsupply.com\/shop\/add\" method=\"post\" name=\"addTocartFunction\">\n<div><\/div>\n<\/form>\n<\/div>\n<\/div>\n","protected":false},"featured_media":7152,"comment_status":"open","ping_status":"closed","template":"","meta":{"_joinchat":[]},"product_brand":[],"product_cat":[15],"product_tag":[],"class_list":{"0":"post-7109","1":"product","2":"type-product","3":"status-publish","4":"has-post-thumbnail","6":"product_cat-sin-categorizar","8":"first","9":"instock","10":"shipping-taxable","11":"product-type-simple"},"yoast_head":"<!-- This site is optimized with the Yoast SEO plugin v26.4 - https:\/\/yoast.com\/wordpress\/plugins\/seo\/ -->\n<title>Reed r5020 pinza amperim\u00e9trica de ca de 400 a con detector de temperatura y voltaje sin contacto - Abaa tienda online<\/title>\n<meta name=\"robots\" content=\"index, follow, max-snippet:-1, max-image-preview:large, max-video-preview:-1\" \/>\n<link rel=\"canonical\" href=\"https:\/\/abaa.mx\/tienda\/reed-r5020-pinza-amperimetrica-de-ca-de-400-a-con-detector-de-temperatura-y-voltaje-sin-contacto\/\" \/>\n<meta property=\"og:locale\" content=\"es_MX\" \/>\n<meta property=\"og:type\" content=\"article\" \/>\n<meta property=\"og:title\" content=\"Reed r5020 pinza amperim\u00e9trica de ca de 400 a con detector de temperatura y voltaje sin contacto - Abaa tienda online\" \/>\n<meta property=\"og:description\" content=\"Pinza amperim\u00e9trica compacta de CA con detector de voltaje sin contacto incorporado y term\u00f3metro de contacto.\" \/>\n<meta property=\"og:url\" content=\"https:\/\/abaa.mx\/tienda\/reed-r5020-pinza-amperimetrica-de-ca-de-400-a-con-detector-de-temperatura-y-voltaje-sin-contacto\/\" \/>\n<meta property=\"og:site_name\" content=\"Abaa tienda online\" \/>\n<meta property=\"og:image\" content=\"https:\/\/abaa.mx\/tienda\/wp-content\/uploads\/2023\/10\/R5020-NIST.jpg\" \/>\n\t<meta property=\"og:image:width\" content=\"600\" \/>\n\t<meta property=\"og:image:height\" content=\"600\" \/>\n\t<meta property=\"og:image:type\" content=\"image\/jpeg\" \/>\n<meta name=\"twitter:card\" content=\"summary_large_image\" \/>\n<meta name=\"twitter:label1\" content=\"Tiempo de lectura\" \/>\n\t<meta name=\"twitter:data1\" content=\"2 minutos\" \/>\n<script type=\"application\/ld+json\" class=\"yoast-schema-graph\">{\"@context\":\"https:\/\/schema.org\",\"@graph\":[{\"@type\":\"WebPage\",\"@id\":\"https:\/\/abaa.mx\/tienda\/reed-r5020-pinza-amperimetrica-de-ca-de-400-a-con-detector-de-temperatura-y-voltaje-sin-contacto\/\",\"url\":\"https:\/\/abaa.mx\/tienda\/reed-r5020-pinza-amperimetrica-de-ca-de-400-a-con-detector-de-temperatura-y-voltaje-sin-contacto\/\",\"name\":\"Reed r5020 pinza amperim\u00e9trica de ca de 400 a con detector de temperatura y voltaje sin contacto - Abaa tienda online\",\"isPartOf\":{\"@id\":\"https:\/\/abaa.mx\/tienda\/#website\"},\"primaryImageOfPage\":{\"@id\":\"https:\/\/abaa.mx\/tienda\/reed-r5020-pinza-amperimetrica-de-ca-de-400-a-con-detector-de-temperatura-y-voltaje-sin-contacto\/#primaryimage\"},\"image\":{\"@id\":\"https:\/\/abaa.mx\/tienda\/reed-r5020-pinza-amperimetrica-de-ca-de-400-a-con-detector-de-temperatura-y-voltaje-sin-contacto\/#primaryimage\"},\"thumbnailUrl\":\"https:\/\/abaa.mx\/tienda\/wp-content\/uploads\/2023\/10\/R5020-NIST.jpg\",\"datePublished\":\"2023-10-20T17:47:13+00:00\",\"breadcrumb\":{\"@id\":\"https:\/\/abaa.mx\/tienda\/reed-r5020-pinza-amperimetrica-de-ca-de-400-a-con-detector-de-temperatura-y-voltaje-sin-contacto\/#breadcrumb\"},\"inLanguage\":\"es\",\"potentialAction\":[{\"@type\":\"ReadAction\",\"target\":[\"https:\/\/abaa.mx\/tienda\/reed-r5020-pinza-amperimetrica-de-ca-de-400-a-con-detector-de-temperatura-y-voltaje-sin-contacto\/\"]}]},{\"@type\":\"ImageObject\",\"inLanguage\":\"es\",\"@id\":\"https:\/\/abaa.mx\/tienda\/reed-r5020-pinza-amperimetrica-de-ca-de-400-a-con-detector-de-temperatura-y-voltaje-sin-contacto\/#primaryimage\",\"url\":\"https:\/\/abaa.mx\/tienda\/wp-content\/uploads\/2023\/10\/R5020-NIST.jpg\",\"contentUrl\":\"https:\/\/abaa.mx\/tienda\/wp-content\/uploads\/2023\/10\/R5020-NIST.jpg\",\"width\":600,\"height\":600,\"caption\":\"reed-r5020-pinza-amperimetrica-de-ca-de-400-a-con-detector-de-temperatura-y-voltaje-sin-contacto\"},{\"@type\":\"BreadcrumbList\",\"@id\":\"https:\/\/abaa.mx\/tienda\/reed-r5020-pinza-amperimetrica-de-ca-de-400-a-con-detector-de-temperatura-y-voltaje-sin-contacto\/#breadcrumb\",\"itemListElement\":[{\"@type\":\"ListItem\",\"position\":1,\"name\":\"Inicio\",\"item\":\"https:\/\/abaa.mx\/tienda\/\"},{\"@type\":\"ListItem\",\"position\":2,\"name\":\"Tienda\",\"item\":\"https:\/\/abaa.mx\/tienda\/\"},{\"@type\":\"ListItem\",\"position\":3,\"name\":\"Reed r5020 pinza amperim\u00e9trica de ca de 400 a con detector de temperatura y voltaje sin contacto\"}]},{\"@type\":\"WebSite\",\"@id\":\"https:\/\/abaa.mx\/tienda\/#website\",\"url\":\"https:\/\/abaa.mx\/tienda\/\",\"name\":\"Abaa tienda online\",\"description\":\"Instrumentos de medici\u00f3n\",\"publisher\":{\"@id\":\"https:\/\/abaa.mx\/tienda\/#organization\"},\"potentialAction\":[{\"@type\":\"SearchAction\",\"target\":{\"@type\":\"EntryPoint\",\"urlTemplate\":\"https:\/\/abaa.mx\/tienda\/?s={search_term_string}\"},\"query-input\":{\"@type\":\"PropertyValueSpecification\",\"valueRequired\":true,\"valueName\":\"search_term_string\"}}],\"inLanguage\":\"es\"},{\"@type\":\"Organization\",\"@id\":\"https:\/\/abaa.mx\/tienda\/#organization\",\"name\":\"Abaa tienda online\",\"url\":\"https:\/\/abaa.mx\/tienda\/\",\"logo\":{\"@type\":\"ImageObject\",\"inLanguage\":\"es\",\"@id\":\"https:\/\/abaa.mx\/tienda\/#\/schema\/logo\/image\/\",\"url\":\"https:\/\/abaa.mx\/tienda\/wp-content\/uploads\/2024\/01\/abaa-metrologia-tienda.png\",\"contentUrl\":\"https:\/\/abaa.mx\/tienda\/wp-content\/uploads\/2024\/01\/abaa-metrologia-tienda.png\",\"width\":300,\"height\":141,\"caption\":\"Abaa tienda online\"},\"image\":{\"@id\":\"https:\/\/abaa.mx\/tienda\/#\/schema\/logo\/image\/\"}}]}<\/script>\n<!-- \/ Yoast SEO plugin. -->","yoast_head_json":{"title":"Reed r5020 pinza amperim\u00e9trica de ca de 400 a con detector de temperatura y voltaje sin contacto - Abaa tienda online","robots":{"index":"index","follow":"follow","max-snippet":"max-snippet:-1","max-image-preview":"max-image-preview:large","max-video-preview":"max-video-preview:-1"},"canonical":"https:\/\/abaa.mx\/tienda\/reed-r5020-pinza-amperimetrica-de-ca-de-400-a-con-detector-de-temperatura-y-voltaje-sin-contacto\/","og_locale":"es_MX","og_type":"article","og_title":"Reed r5020 pinza amperim\u00e9trica de ca de 400 a con detector de temperatura y voltaje sin contacto - Abaa tienda online","og_description":"Pinza amperim\u00e9trica compacta de CA con detector de voltaje sin contacto incorporado y term\u00f3metro de contacto.","og_url":"https:\/\/abaa.mx\/tienda\/reed-r5020-pinza-amperimetrica-de-ca-de-400-a-con-detector-de-temperatura-y-voltaje-sin-contacto\/","og_site_name":"Abaa tienda online","og_image":[{"width":600,"height":600,"url":"https:\/\/abaa.mx\/tienda\/wp-content\/uploads\/2023\/10\/R5020-NIST.jpg","type":"image\/jpeg"}],"twitter_card":"summary_large_image","twitter_misc":{"Tiempo de lectura":"2 minutos"},"schema":{"@context":"https:\/\/schema.org","@graph":[{"@type":"WebPage","@id":"https:\/\/abaa.mx\/tienda\/reed-r5020-pinza-amperimetrica-de-ca-de-400-a-con-detector-de-temperatura-y-voltaje-sin-contacto\/","url":"https:\/\/abaa.mx\/tienda\/reed-r5020-pinza-amperimetrica-de-ca-de-400-a-con-detector-de-temperatura-y-voltaje-sin-contacto\/","name":"Reed r5020 pinza amperim\u00e9trica de ca de 400 a con detector de temperatura y voltaje sin contacto - Abaa tienda online","isPartOf":{"@id":"https:\/\/abaa.mx\/tienda\/#website"},"primaryImageOfPage":{"@id":"https:\/\/abaa.mx\/tienda\/reed-r5020-pinza-amperimetrica-de-ca-de-400-a-con-detector-de-temperatura-y-voltaje-sin-contacto\/#primaryimage"},"image":{"@id":"https:\/\/abaa.mx\/tienda\/reed-r5020-pinza-amperimetrica-de-ca-de-400-a-con-detector-de-temperatura-y-voltaje-sin-contacto\/#primaryimage"},"thumbnailUrl":"https:\/\/abaa.mx\/tienda\/wp-content\/uploads\/2023\/10\/R5020-NIST.jpg","datePublished":"2023-10-20T17:47:13+00:00","breadcrumb":{"@id":"https:\/\/abaa.mx\/tienda\/reed-r5020-pinza-amperimetrica-de-ca-de-400-a-con-detector-de-temperatura-y-voltaje-sin-contacto\/#breadcrumb"},"inLanguage":"es","potentialAction":[{"@type":"ReadAction","target":["https:\/\/abaa.mx\/tienda\/reed-r5020-pinza-amperimetrica-de-ca-de-400-a-con-detector-de-temperatura-y-voltaje-sin-contacto\/"]}]},{"@type":"ImageObject","inLanguage":"es","@id":"https:\/\/abaa.mx\/tienda\/reed-r5020-pinza-amperimetrica-de-ca-de-400-a-con-detector-de-temperatura-y-voltaje-sin-contacto\/#primaryimage","url":"https:\/\/abaa.mx\/tienda\/wp-content\/uploads\/2023\/10\/R5020-NIST.jpg","contentUrl":"https:\/\/abaa.mx\/tienda\/wp-content\/uploads\/2023\/10\/R5020-NIST.jpg","width":600,"height":600,"caption":"reed-r5020-pinza-amperimetrica-de-ca-de-400-a-con-detector-de-temperatura-y-voltaje-sin-contacto"},{"@type":"BreadcrumbList","@id":"https:\/\/abaa.mx\/tienda\/reed-r5020-pinza-amperimetrica-de-ca-de-400-a-con-detector-de-temperatura-y-voltaje-sin-contacto\/#breadcrumb","itemListElement":[{"@type":"ListItem","position":1,"name":"Inicio","item":"https:\/\/abaa.mx\/tienda\/"},{"@type":"ListItem","position":2,"name":"Tienda","item":"https:\/\/abaa.mx\/tienda\/"},{"@type":"ListItem","position":3,"name":"Reed r5020 pinza amperim\u00e9trica de ca de 400 a con detector de temperatura y voltaje sin contacto"}]},{"@type":"WebSite","@id":"https:\/\/abaa.mx\/tienda\/#website","url":"https:\/\/abaa.mx\/tienda\/","name":"Abaa tienda online","description":"Instrumentos de medici\u00f3n","publisher":{"@id":"https:\/\/abaa.mx\/tienda\/#organization"},"potentialAction":[{"@type":"SearchAction","target":{"@type":"EntryPoint","urlTemplate":"https:\/\/abaa.mx\/tienda\/?s={search_term_string}"},"query-input":{"@type":"PropertyValueSpecification","valueRequired":true,"valueName":"search_term_string"}}],"inLanguage":"es"},{"@type":"Organization","@id":"https:\/\/abaa.mx\/tienda\/#organization","name":"Abaa tienda online","url":"https:\/\/abaa.mx\/tienda\/","logo":{"@type":"ImageObject","inLanguage":"es","@id":"https:\/\/abaa.mx\/tienda\/#\/schema\/logo\/image\/","url":"https:\/\/abaa.mx\/tienda\/wp-content\/uploads\/2024\/01\/abaa-metrologia-tienda.png","contentUrl":"https:\/\/abaa.mx\/tienda\/wp-content\/uploads\/2024\/01\/abaa-metrologia-tienda.png","width":300,"height":141,"caption":"Abaa tienda online"},"image":{"@id":"https:\/\/abaa.mx\/tienda\/#\/schema\/logo\/image\/"}}]}},"_links":{"self":[{"href":"https:\/\/abaa.mx\/tienda\/wp-json\/wp\/v2\/product\/7109","targetHints":{"allow":["GET"]}}],"collection":[{"href":"https:\/\/abaa.mx\/tienda\/wp-json\/wp\/v2\/product"}],"about":[{"href":"https:\/\/abaa.mx\/tienda\/wp-json\/wp\/v2\/types\/product"}],"replies":[{"embeddable":true,"href":"https:\/\/abaa.mx\/tienda\/wp-json\/wp\/v2\/comments?post=7109"}],"wp:featuredmedia":[{"embeddable":true,"href":"https:\/\/abaa.mx\/tienda\/wp-json\/wp\/v2\/media\/7152"}],"wp:attachment":[{"href":"https:\/\/abaa.mx\/tienda\/wp-json\/wp\/v2\/media?parent=7109"}],"wp:term":[{"taxonomy":"product_brand","embeddable":true,"href":"https:\/\/abaa.mx\/tienda\/wp-json\/wp\/v2\/product_brand?post=7109"},{"taxonomy":"product_cat","embeddable":true,"href":"https:\/\/abaa.mx\/tienda\/wp-json\/wp\/v2\/product_cat?post=7109"},{"taxonomy":"product_tag","embeddable":true,"href":"https:\/\/abaa.mx\/tienda\/wp-json\/wp\/v2\/product_tag?post=7109"}],"curies":[{"name":"wp","href":"https:\/\/api.w.org\/{rel}","templated":true}]}}