{"id":7058,"date":"2023-10-20T17:02:31","date_gmt":"2023-10-20T17:02:31","guid":{"rendered":"https:\/\/abaa.mx\/tienda\/?post_type=product&#038;p=7058"},"modified":"2023-12-05T19:39:37","modified_gmt":"2023-12-05T19:39:37","slug":"calibrador-de-presion-ametek-crystal-is33-36-3000-36-3000-psi","status":"publish","type":"product","link":"https:\/\/abaa.mx\/tienda\/calibrador-de-presion-ametek-crystal-is33-36-3000-36-3000-psi\/","title":{"rendered":"calibrador de presi\u00f3n ametek crystal is33-36-3000, 36-3000 psi"},"content":{"rendered":"<p>Compacto y resistente, este calibrador de presi\u00f3n est\u00e1 dise\u00f1ado para brindar precisi\u00f3n de laboratorio a condiciones de campo al aire libre. Adem\u00e1s, se compensa completamente la temperatura a trav\u00e9s de pruebas exhaustivas de todos los par\u00e1metros medidos mientras se expone a entornos de 2 a 122 \u00b0 F (0 a 50 \u00b0 C).<\/p>\n<p>Dise\u00f1ado para la medici\u00f3n de la presi\u00f3n manom\u00e9trica para indicar la diferencia entre la presi\u00f3n aplicada y la presi\u00f3n barom\u00e9trica ambiente. El bot\u00f3n cero tambi\u00e9n se puede utilizar como funci\u00f3n de tara, lo que ampl\u00eda la funcionalidad del calibrador para aplicaciones especiales.<\/p>\n<p><strong>Funciones<\/strong><\/p>\n<ul>\n<li>El amplio rango de presi\u00f3n puede medir el vac\u00edo y la presi\u00f3n<\/li>\n<li>Indica miliamperios para calibrar los transmisores<\/li>\n<li>Ultra compacto y ligero<\/li>\n<li>Muy f\u00e1cil de aprender y usar<\/li>\n<li>Pilas<\/li>\n<li>Aporta precisi\u00f3n de laboratorio a las condiciones de campo al aire libre<\/li>\n<li>Agregar o crear nuevas unidades de presi\u00f3n y\/o deshabilitar las unidades de presi\u00f3n no utilizadas<\/li>\n<li>Protecci\u00f3n con contrase\u00f1a para evitar cambios no autorizados<\/li>\n<li>Cargue y guarde configuraciones personalizadas<\/li>\n<li>Ver e imprimir un informe de cambios como recibido frente a como izquierdo<\/li>\n<li>Selecciona tu H preferida<sub>2<\/sub>\u00d8 Densidad del agua: 4 \u00b0C, 60 \u00b0F o 68 \u00b0F (20 \u00b0C)<\/li>\n<li>Almacenar un mensaje o un n\u00famero de identificaci\u00f3n<\/li>\n<li>Ajustar (calibrar) el medidor<\/li>\n<\/ul>\n<p><strong>Peso ligero<\/strong><\/p>\n<p>Este calibrador pesa menos de una libra y se emplea tecnolog\u00eda avanzada en toda la l\u00ednea de productos. Los sensores est\u00e1n construidos con diafragmas de aislamiento de acero inoxidable y llenado permanente de aceite. Esto significa que este calibrador se puede utilizar con gases y l\u00edquidos.<\/p>\n<p><strong>Duraci\u00f3n de la bater\u00eda<\/strong><\/p>\n<p>La bater\u00eda de larga duraci\u00f3n se logra con un microcontrolador de tipo RISC (conjunto de instrucciones reducido) de baja potencia para el c\u00e1lculo de algoritmos complejos. Un convertidor anal\u00f3gico a digital de 24 bits proporciona una resoluci\u00f3n interna de 1 parte en 16,7 millones. La resoluci\u00f3n interna siempre supera las resoluciones mostradas para todas las mediciones. La precisi\u00f3n total se mantiene incluso cuando el icono de bater\u00eda baja est\u00e1 parpadeando.<\/p>\n<p><strong>Comunicaci\u00f3n<\/strong><\/p>\n<p>Este calibrador no requiere ning\u00fan ajuste manual ni recorte. Toda la calibraci\u00f3n se realiza a trav\u00e9s de un puerto de comunicaciones \u00f3pticamente aislado mediante una interfaz f\u00edsica USB. El aislamiento \u00f3ptico protege el Model 30 de los transitorios el\u00e9ctricos que pueden aparecer en el conector USB o en el cableado de un PC.<\/p>\n<p><strong>Aplicaciones<\/strong><\/p>\n<ul>\n<li>Medici\u00f3n de la presi\u00f3n manom\u00e9trica<\/li>\n<\/ul>\n<h4>Especificaciones de Crystal Pressure IS33-36\/3000<\/h4>\n<table class=\"table table-striped\">\n<tbody>\n<tr>\n<td colspan=\"2\"><strong>Precisi\u00f3n &#8211; Medici\u00f3n de presi\u00f3n<\/strong><\/td>\n<\/tr>\n<tr>\n<td>De 0 a 110% del alcance<\/td>\n<td>\u00b1(0.05% de la lectura + T\u00e9rmino de Piso)<\/td>\n<\/tr>\n<tr>\n<td>T\u00e9rmino de piso<\/td>\n<td>0,005 % de la resoluci\u00f3n de F.S. o de la pantalla, la que sea mayor<\/td>\n<\/tr>\n<tr>\n<td>Vac\u00edo<\/td>\n<td>\u00b1 (0.25% de la lectura + T\u00e9rmino de piso de vac\u00edo)<br \/>\nT\u00e9rmino de piso de vac\u00edo (VFT): 0.004 psi<\/td>\n<\/tr>\n<tr>\n<td colspan=\"2\"><strong>Precisi\u00f3n &#8211; Miliamperios<\/strong><\/td>\n<\/tr>\n<tr>\n<td>Exactitud<\/td>\n<td>\u00b1(0,025% de lectura + 0,001 mA)<\/td>\n<\/tr>\n<tr>\n<td>Gama<\/td>\n<td>De 0 a 55 mA<\/td>\n<\/tr>\n<tr>\n<td>Resoluci\u00f3n<\/td>\n<td>0,001 mA<\/td>\n<\/tr>\n<tr>\n<td>Conexi\u00f3n<\/td>\n<td>Racor de presi\u00f3n: NPT<br \/>\nhembra de 1\/8&#8243; (3,18 cm) Milamperios: conectores de 4 mm, espaciado de<br \/>\n0,75&#8243; (19 mm) Comunicaci\u00f3n: micro USB<\/td>\n<\/tr>\n<tr>\n<td colspan=\"2\"><strong>Especificaciones generales<\/strong><\/td>\n<\/tr>\n<tr>\n<td>Monitor<\/td>\n<td>Pantalla: 2 l\u00edneas de hasta 6 d\u00edgitos, 0,2&#8243; (5 mm) de altura<br \/>\nVelocidad de visualizaci\u00f3n: 2 lecturas\/segundo (ajustable a 1, 3 o 3,7 lecturas\/segundo)<\/td>\n<\/tr>\n<tr>\n<td>Temperatura<\/td>\n<td>En funcionamiento: 2 a 122 \u00b0F (0 a 50 \u00b0C) Almacenamiento: -4 a 158 \u00b0F (-20 a 70 \u00b0C)<\/td>\n<\/tr>\n<tr>\n<td>Electricidad<\/td>\n<td>Rango: 0 a 55 mA Resoluci\u00f3n: 0,001 mA Precisi\u00f3n: \u00b1 (0,025% de la lectura + 0,001 mA)<br \/>\nTensi\u00f3n m\u00e1xima: 0,3 V CC<br \/>\nCorriente m\u00e1xima: 100 mA<\/td>\n<\/tr>\n<tr>\n<td>Fuente de alimentaci\u00f3n<\/td>\n<td>1 x 9 V, 90 horas t\u00edpicas<\/td>\n<\/tr>\n<tr>\n<td>Recinto<\/td>\n<td>Carcasa: Aluminio<br \/>\nextruido Teclado y etiquetas: poli\u00e9ster resistente a los rayos UV<\/td>\n<\/tr>\n<tr>\n<td>Dimensiones<\/td>\n<td>5,4 x 2,75 x 1,15&#8243; (137,2 x 69,8 x 29,2 mm)<\/td>\n<\/tr>\n<tr>\n<td>Peso<\/td>\n<td>400 g (14 onzas)<\/td>\n<\/tr>\n<\/tbody>\n<\/table>\n","protected":false},"excerpt":{"rendered":"<p class=\"short-description mhide ipad-view-setting\">La unidad peque\u00f1a cabe en el bolsillo de la camisa para facilitar su transporte. Calibrador muy resistente y vers\u00e1til capaz de medir la presi\u00f3n desde pulgadas de agua hasta 3000 psi, y el vac\u00edo.<\/p>\n<div class=\"row-fluid\">\n<div class=\"span12 mobile-pricing-box-padding\">\n<form id=\"81188\" accept-charset=\"utf-8\" action=\"https:\/\/www.globaltestsupply.com\/shop\/add\" method=\"post\" name=\"addTocartFunction\">\n<div><\/div>\n<\/form>\n<\/div>\n<\/div>\n","protected":false},"featured_media":7098,"comment_status":"open","ping_status":"closed","template":"","meta":{"_joinchat":[]},"product_brand":[],"product_cat":[15],"product_tag":[],"class_list":{"0":"post-7058","1":"product","2":"type-product","3":"status-publish","4":"has-post-thumbnail","6":"product_cat-sin-categorizar","8":"first","9":"instock","10":"shipping-taxable","11":"product-type-simple"},"yoast_head":"<!-- This site is optimized with the Yoast SEO plugin v26.4 - https:\/\/yoast.com\/wordpress\/plugins\/seo\/ -->\n<title>calibrador de presi\u00f3n ametek crystal is33-36-3000, 36-3000 psi - Abaa tienda online<\/title>\n<meta name=\"robots\" content=\"index, follow, max-snippet:-1, max-image-preview:large, max-video-preview:-1\" \/>\n<link rel=\"canonical\" href=\"https:\/\/abaa.mx\/tienda\/calibrador-de-presion-ametek-crystal-is33-36-3000-36-3000-psi\/\" \/>\n<meta property=\"og:locale\" content=\"es_MX\" \/>\n<meta property=\"og:type\" content=\"article\" \/>\n<meta property=\"og:title\" content=\"calibrador de presi\u00f3n ametek crystal is33-36-3000, 36-3000 psi - Abaa tienda online\" \/>\n<meta property=\"og:description\" content=\"La unidad peque\u00f1a cabe en el bolsillo de la camisa para facilitar su transporte. Calibrador muy resistente y vers\u00e1til capaz de medir la presi\u00f3n desde pulgadas de agua hasta 3000 psi, y el vac\u00edo.\" \/>\n<meta property=\"og:url\" content=\"https:\/\/abaa.mx\/tienda\/calibrador-de-presion-ametek-crystal-is33-36-3000-36-3000-psi\/\" \/>\n<meta property=\"og:site_name\" content=\"Abaa tienda online\" \/>\n<meta property=\"article:modified_time\" content=\"2023-12-05T19:39:37+00:00\" \/>\n<meta property=\"og:image\" content=\"https:\/\/abaa.mx\/tienda\/wp-content\/uploads\/2023\/10\/IS33-36-3000-1.jpg\" \/>\n\t<meta property=\"og:image:width\" content=\"270\" \/>\n\t<meta property=\"og:image:height\" content=\"378\" \/>\n\t<meta property=\"og:image:type\" content=\"image\/jpeg\" \/>\n<meta name=\"twitter:card\" content=\"summary_large_image\" \/>\n<meta name=\"twitter:label1\" content=\"Tiempo de lectura\" \/>\n\t<meta name=\"twitter:data1\" content=\"3 minutos\" \/>\n<script type=\"application\/ld+json\" class=\"yoast-schema-graph\">{\"@context\":\"https:\/\/schema.org\",\"@graph\":[{\"@type\":\"WebPage\",\"@id\":\"https:\/\/abaa.mx\/tienda\/calibrador-de-presion-ametek-crystal-is33-36-3000-36-3000-psi\/\",\"url\":\"https:\/\/abaa.mx\/tienda\/calibrador-de-presion-ametek-crystal-is33-36-3000-36-3000-psi\/\",\"name\":\"calibrador de presi\u00f3n ametek crystal is33-36-3000, 36-3000 psi - Abaa tienda online\",\"isPartOf\":{\"@id\":\"https:\/\/abaa.mx\/tienda\/#website\"},\"primaryImageOfPage\":{\"@id\":\"https:\/\/abaa.mx\/tienda\/calibrador-de-presion-ametek-crystal-is33-36-3000-36-3000-psi\/#primaryimage\"},\"image\":{\"@id\":\"https:\/\/abaa.mx\/tienda\/calibrador-de-presion-ametek-crystal-is33-36-3000-36-3000-psi\/#primaryimage\"},\"thumbnailUrl\":\"https:\/\/abaa.mx\/tienda\/wp-content\/uploads\/2023\/10\/IS33-36-3000-1.jpg\",\"datePublished\":\"2023-10-20T17:02:31+00:00\",\"dateModified\":\"2023-12-05T19:39:37+00:00\",\"breadcrumb\":{\"@id\":\"https:\/\/abaa.mx\/tienda\/calibrador-de-presion-ametek-crystal-is33-36-3000-36-3000-psi\/#breadcrumb\"},\"inLanguage\":\"es\",\"potentialAction\":[{\"@type\":\"ReadAction\",\"target\":[\"https:\/\/abaa.mx\/tienda\/calibrador-de-presion-ametek-crystal-is33-36-3000-36-3000-psi\/\"]}]},{\"@type\":\"ImageObject\",\"inLanguage\":\"es\",\"@id\":\"https:\/\/abaa.mx\/tienda\/calibrador-de-presion-ametek-crystal-is33-36-3000-36-3000-psi\/#primaryimage\",\"url\":\"https:\/\/abaa.mx\/tienda\/wp-content\/uploads\/2023\/10\/IS33-36-3000-1.jpg\",\"contentUrl\":\"https:\/\/abaa.mx\/tienda\/wp-content\/uploads\/2023\/10\/IS33-36-3000-1.jpg\",\"width\":270,\"height\":378,\"caption\":\"IS33-36-3000\"},{\"@type\":\"BreadcrumbList\",\"@id\":\"https:\/\/abaa.mx\/tienda\/calibrador-de-presion-ametek-crystal-is33-36-3000-36-3000-psi\/#breadcrumb\",\"itemListElement\":[{\"@type\":\"ListItem\",\"position\":1,\"name\":\"Inicio\",\"item\":\"https:\/\/abaa.mx\/tienda\/\"},{\"@type\":\"ListItem\",\"position\":2,\"name\":\"Tienda\",\"item\":\"https:\/\/abaa.mx\/tienda\/\"},{\"@type\":\"ListItem\",\"position\":3,\"name\":\"calibrador de presi\u00f3n ametek crystal is33-36-3000, 36-3000 psi\"}]},{\"@type\":\"WebSite\",\"@id\":\"https:\/\/abaa.mx\/tienda\/#website\",\"url\":\"https:\/\/abaa.mx\/tienda\/\",\"name\":\"Abaa tienda online\",\"description\":\"Instrumentos de medici\u00f3n\",\"publisher\":{\"@id\":\"https:\/\/abaa.mx\/tienda\/#organization\"},\"potentialAction\":[{\"@type\":\"SearchAction\",\"target\":{\"@type\":\"EntryPoint\",\"urlTemplate\":\"https:\/\/abaa.mx\/tienda\/?s={search_term_string}\"},\"query-input\":{\"@type\":\"PropertyValueSpecification\",\"valueRequired\":true,\"valueName\":\"search_term_string\"}}],\"inLanguage\":\"es\"},{\"@type\":\"Organization\",\"@id\":\"https:\/\/abaa.mx\/tienda\/#organization\",\"name\":\"Abaa tienda online\",\"url\":\"https:\/\/abaa.mx\/tienda\/\",\"logo\":{\"@type\":\"ImageObject\",\"inLanguage\":\"es\",\"@id\":\"https:\/\/abaa.mx\/tienda\/#\/schema\/logo\/image\/\",\"url\":\"https:\/\/abaa.mx\/tienda\/wp-content\/uploads\/2024\/01\/abaa-metrologia-tienda.png\",\"contentUrl\":\"https:\/\/abaa.mx\/tienda\/wp-content\/uploads\/2024\/01\/abaa-metrologia-tienda.png\",\"width\":300,\"height\":141,\"caption\":\"Abaa tienda online\"},\"image\":{\"@id\":\"https:\/\/abaa.mx\/tienda\/#\/schema\/logo\/image\/\"}}]}<\/script>\n<!-- \/ Yoast SEO plugin. -->","yoast_head_json":{"title":"calibrador de presi\u00f3n ametek crystal is33-36-3000, 36-3000 psi - Abaa tienda online","robots":{"index":"index","follow":"follow","max-snippet":"max-snippet:-1","max-image-preview":"max-image-preview:large","max-video-preview":"max-video-preview:-1"},"canonical":"https:\/\/abaa.mx\/tienda\/calibrador-de-presion-ametek-crystal-is33-36-3000-36-3000-psi\/","og_locale":"es_MX","og_type":"article","og_title":"calibrador de presi\u00f3n ametek crystal is33-36-3000, 36-3000 psi - Abaa tienda online","og_description":"La unidad peque\u00f1a cabe en el bolsillo de la camisa para facilitar su transporte. Calibrador muy resistente y vers\u00e1til capaz de medir la presi\u00f3n desde pulgadas de agua hasta 3000 psi, y el vac\u00edo.","og_url":"https:\/\/abaa.mx\/tienda\/calibrador-de-presion-ametek-crystal-is33-36-3000-36-3000-psi\/","og_site_name":"Abaa tienda online","article_modified_time":"2023-12-05T19:39:37+00:00","og_image":[{"width":270,"height":378,"url":"https:\/\/abaa.mx\/tienda\/wp-content\/uploads\/2023\/10\/IS33-36-3000-1.jpg","type":"image\/jpeg"}],"twitter_card":"summary_large_image","twitter_misc":{"Tiempo de lectura":"3 minutos"},"schema":{"@context":"https:\/\/schema.org","@graph":[{"@type":"WebPage","@id":"https:\/\/abaa.mx\/tienda\/calibrador-de-presion-ametek-crystal-is33-36-3000-36-3000-psi\/","url":"https:\/\/abaa.mx\/tienda\/calibrador-de-presion-ametek-crystal-is33-36-3000-36-3000-psi\/","name":"calibrador de presi\u00f3n ametek crystal is33-36-3000, 36-3000 psi - Abaa tienda online","isPartOf":{"@id":"https:\/\/abaa.mx\/tienda\/#website"},"primaryImageOfPage":{"@id":"https:\/\/abaa.mx\/tienda\/calibrador-de-presion-ametek-crystal-is33-36-3000-36-3000-psi\/#primaryimage"},"image":{"@id":"https:\/\/abaa.mx\/tienda\/calibrador-de-presion-ametek-crystal-is33-36-3000-36-3000-psi\/#primaryimage"},"thumbnailUrl":"https:\/\/abaa.mx\/tienda\/wp-content\/uploads\/2023\/10\/IS33-36-3000-1.jpg","datePublished":"2023-10-20T17:02:31+00:00","dateModified":"2023-12-05T19:39:37+00:00","breadcrumb":{"@id":"https:\/\/abaa.mx\/tienda\/calibrador-de-presion-ametek-crystal-is33-36-3000-36-3000-psi\/#breadcrumb"},"inLanguage":"es","potentialAction":[{"@type":"ReadAction","target":["https:\/\/abaa.mx\/tienda\/calibrador-de-presion-ametek-crystal-is33-36-3000-36-3000-psi\/"]}]},{"@type":"ImageObject","inLanguage":"es","@id":"https:\/\/abaa.mx\/tienda\/calibrador-de-presion-ametek-crystal-is33-36-3000-36-3000-psi\/#primaryimage","url":"https:\/\/abaa.mx\/tienda\/wp-content\/uploads\/2023\/10\/IS33-36-3000-1.jpg","contentUrl":"https:\/\/abaa.mx\/tienda\/wp-content\/uploads\/2023\/10\/IS33-36-3000-1.jpg","width":270,"height":378,"caption":"IS33-36-3000"},{"@type":"BreadcrumbList","@id":"https:\/\/abaa.mx\/tienda\/calibrador-de-presion-ametek-crystal-is33-36-3000-36-3000-psi\/#breadcrumb","itemListElement":[{"@type":"ListItem","position":1,"name":"Inicio","item":"https:\/\/abaa.mx\/tienda\/"},{"@type":"ListItem","position":2,"name":"Tienda","item":"https:\/\/abaa.mx\/tienda\/"},{"@type":"ListItem","position":3,"name":"calibrador de presi\u00f3n ametek crystal is33-36-3000, 36-3000 psi"}]},{"@type":"WebSite","@id":"https:\/\/abaa.mx\/tienda\/#website","url":"https:\/\/abaa.mx\/tienda\/","name":"Abaa tienda online","description":"Instrumentos de medici\u00f3n","publisher":{"@id":"https:\/\/abaa.mx\/tienda\/#organization"},"potentialAction":[{"@type":"SearchAction","target":{"@type":"EntryPoint","urlTemplate":"https:\/\/abaa.mx\/tienda\/?s={search_term_string}"},"query-input":{"@type":"PropertyValueSpecification","valueRequired":true,"valueName":"search_term_string"}}],"inLanguage":"es"},{"@type":"Organization","@id":"https:\/\/abaa.mx\/tienda\/#organization","name":"Abaa tienda online","url":"https:\/\/abaa.mx\/tienda\/","logo":{"@type":"ImageObject","inLanguage":"es","@id":"https:\/\/abaa.mx\/tienda\/#\/schema\/logo\/image\/","url":"https:\/\/abaa.mx\/tienda\/wp-content\/uploads\/2024\/01\/abaa-metrologia-tienda.png","contentUrl":"https:\/\/abaa.mx\/tienda\/wp-content\/uploads\/2024\/01\/abaa-metrologia-tienda.png","width":300,"height":141,"caption":"Abaa tienda online"},"image":{"@id":"https:\/\/abaa.mx\/tienda\/#\/schema\/logo\/image\/"}}]}},"_links":{"self":[{"href":"https:\/\/abaa.mx\/tienda\/wp-json\/wp\/v2\/product\/7058","targetHints":{"allow":["GET"]}}],"collection":[{"href":"https:\/\/abaa.mx\/tienda\/wp-json\/wp\/v2\/product"}],"about":[{"href":"https:\/\/abaa.mx\/tienda\/wp-json\/wp\/v2\/types\/product"}],"replies":[{"embeddable":true,"href":"https:\/\/abaa.mx\/tienda\/wp-json\/wp\/v2\/comments?post=7058"}],"wp:featuredmedia":[{"embeddable":true,"href":"https:\/\/abaa.mx\/tienda\/wp-json\/wp\/v2\/media\/7098"}],"wp:attachment":[{"href":"https:\/\/abaa.mx\/tienda\/wp-json\/wp\/v2\/media?parent=7058"}],"wp:term":[{"taxonomy":"product_brand","embeddable":true,"href":"https:\/\/abaa.mx\/tienda\/wp-json\/wp\/v2\/product_brand?post=7058"},{"taxonomy":"product_cat","embeddable":true,"href":"https:\/\/abaa.mx\/tienda\/wp-json\/wp\/v2\/product_cat?post=7058"},{"taxonomy":"product_tag","embeddable":true,"href":"https:\/\/abaa.mx\/tienda\/wp-json\/wp\/v2\/product_tag?post=7058"}],"curies":[{"name":"wp","href":"https:\/\/api.w.org\/{rel}","templated":true}]}}