{"id":7017,"date":"2023-10-20T15:47:26","date_gmt":"2023-10-20T15:47:26","guid":{"rendered":"https:\/\/abaa.mx\/tienda\/?post_type=product&#038;p=7017"},"modified":"2023-12-12T16:02:57","modified_gmt":"2023-12-12T16:02:57","slug":"manometro-digital-ametek-crystal-xp2i-con-sistema-c-de-0-a-3000-psi","status":"publish","type":"product","link":"https:\/\/abaa.mx\/tienda\/manometro-digital-ametek-crystal-xp2i-con-sistema-c-de-0-a-3000-psi\/","title":{"rendered":"Oz-one \u2014 medidor de ozono (ppm o \u00b5g-m\u00b3): 0-1 conexi\u00f3n mini usb medici\u00f3n de la temperatura y humedad del aire"},"content":{"rendered":"<p>Oz-one \u2014 medidor de ozono (ppm o \u00b5g\/m\u00b3): 0-1 conexi\u00f3n mini usb medici\u00f3n de la temperatura y humedad del aire.<\/p>\n","protected":false},"excerpt":{"rendered":"<p><strong>Ventajas en la pr\u00e1ctica:<\/strong><\/p>\n<ul>\n<li>Determinaci\u00f3n r\u00e1pida y precisa de concentraciones de ozono incluso de tama\u00f1o \u00ednfimo.<\/li>\n<li>Indicaci\u00f3n de los valores de ozono medidos en ppm o \u00b5g\/m\u00b3.<\/li>\n<li>Tiempo de reacci\u00f3n r\u00e1pido.<\/li>\n<li>Escasa interferencia con compuestos org\u00e1nicos vol\u00e1tiles.<\/li>\n<li>Funci\u00f3n de ajuste a cero del ozono.<\/li>\n<li>Medida del valor de referencia del ozono (STEL\/TWA).<\/li>\n<li>Compensaci\u00f3n de presi\u00f3n atmosf\u00e9rica para mediciones de metro c\u00fabico normalizadas de alta precisi\u00f3n.<\/li>\n<li>Medici\u00f3n de la temperatura y la humedad del aire.<\/li>\n<li>C\u00e1lculo del punto de roc\u00edo y la temperatura de bulbo h\u00famedo.<\/li>\n<li>Ajuste de compensaci\u00f3n de la temperatura y la humedad del aire.<\/li>\n<li>Fijaci\u00f3n de datos (hold), funci\u00f3n Min, Max y de alarma.<\/li>\n<li>Iluminaci\u00f3n de pantalla.<\/li>\n<li>Rosca de \u00bc pulgada para colocar tr\u00edpode.<\/li>\n<li>Es posible, adem\u00e1s del funcionamiento por bater\u00edas, el funcionamiento en red para mediciones permanentes.<\/li>\n<li>Desconexi\u00f3n autom\u00e1tica para ahorrar energ\u00eda.<\/li>\n<li>Incluye certificado de calibraci\u00f3n.<\/li>\n<\/ul>\n<p>El primer medidor de ozono que lleva la tecnolog\u00eda de medici\u00f3n profesional del ozono a una dimensi\u00f3n m\u00f3vil y asequible<\/p>\n<p>Tanto si surge en las capas inferiores de la atm\u00f3sfera de forma natural como si se genera mediante la necesaria tecnolog\u00eda, el ozono del aire presenta un alto potencial nocivo incluso en concentraciones peque\u00f1as. El cumplimiento de los valores l\u00edmite del ozono inofensivos no solo es necesario para proteger la salud, sino que en muchos pa\u00edses est\u00e1 regulado y prescrito legalmente.<\/p>\n<p>Con el medidor de ozono OZ-ONE dispondr\u00e1 del instrumento de prueba \u00f3ptimo para el control r\u00e1pido y preciso o para el registro a largo plazo de la concentraci\u00f3n de ozono en el aire ambiental.<\/p>\n<p>El OZ-ONE se caracteriza por su escasa interferencia con otros gases o compuestos org\u00e1nicos vol\u00e1tiles y convence por sus r\u00e1pidos resultados de medici\u00f3n y la alta precisi\u00f3n incluso en las concentraciones m\u00e1s bajas.<\/p>\n<p>Muchas funciones integradas como el ajuste a cero del ozono, la opci\u00f3n de medida del valor de referencia para el l\u00edmite a corto plazo y la media ponderada en el tiempo o el indicador conmutable entre ppm y \u00b5m\/m\u00b3 convierten al OZ-ONE, de reacci\u00f3n r\u00e1pida, en un instrumento imprescindible para realizar mediciones precisas de la concentraci\u00f3n de ozono.<\/p>\n<p>Al mismo tiempo, se trata de un aparato de medici\u00f3n ambiental compacto y port\u00e1til con el que tambi\u00e9n se pueden determinar la temperatura y la humedad del aire o calcular la temperatura del punto de roc\u00edo y de bulbo h\u00famedo. De un solo vistazo podr\u00e1 leer los dos valores de medici\u00f3n que aparecen en el indicador dual de este medidor.<\/p>\n<p>Para mediciones de larga duraci\u00f3n, el OZ-ONE se puede fijar a un tr\u00edpode. Adem\u00e1s, dispone de una conexi\u00f3n mini USB y de una entrada coaxial de 9 V, de modo que seg\u00fan el puerto elegido se puede optar por un funcionamiento con bater\u00eda o con conexi\u00f3n a la red el\u00e9ctrica. Por \u00faltimo, tambi\u00e9n destacamos que, en caso de necesitar una alimentaci\u00f3n m\u00f3vil, es posible conectar un cargador de bater\u00edas a la conexi\u00f3n mini USB del OZ-ONE.<\/p>\n<p><strong>El medidor de ozono OZ-ONE ofrece m\u00faltiples posibilidades de aplicaci\u00f3n:<\/strong><\/p>\n<ul>\n<li>Mediciones en puestos de trabajo en la industria y la empresa.<\/li>\n<li>An\u00e1lisis medioambientales.<\/li>\n<li>Comprobaci\u00f3n de entornos de producci\u00f3n.<\/li>\n<li>Control de valores l\u00edmite despu\u00e9s del uso de generadores de ozono para la neutralizaci\u00f3n de olores o la desinfecci\u00f3n, por ejemplo en la hosteler\u00eda as\u00ed como en el saneamiento en casos de incendios y da\u00f1os producto del agua.<\/li>\n<\/ul>\n","protected":false},"featured_media":9750,"comment_status":"open","ping_status":"closed","template":"","meta":{"_joinchat":[]},"product_brand":[],"product_cat":[15],"product_tag":[],"class_list":{"0":"post-7017","1":"product","2":"type-product","3":"status-publish","4":"has-post-thumbnail","6":"product_cat-sin-categorizar","8":"first","9":"instock","10":"shipping-taxable","11":"product-type-simple"},"yoast_head":"<!-- This site is optimized with the Yoast SEO plugin v26.4 - https:\/\/yoast.com\/wordpress\/plugins\/seo\/ -->\n<title>Oz-one \u2014 medidor de ozono (ppm o \u00b5g-m\u00b3): 0-1 conexi\u00f3n mini usb medici\u00f3n de la temperatura y humedad del aire - Abaa tienda online<\/title>\n<meta name=\"robots\" content=\"index, follow, max-snippet:-1, max-image-preview:large, max-video-preview:-1\" \/>\n<link rel=\"canonical\" href=\"https:\/\/abaa.mx\/tienda\/manometro-digital-ametek-crystal-xp2i-con-sistema-c-de-0-a-3000-psi\/\" \/>\n<meta property=\"og:locale\" content=\"es_MX\" \/>\n<meta property=\"og:type\" content=\"article\" \/>\n<meta property=\"og:title\" content=\"Oz-one \u2014 medidor de ozono (ppm o \u00b5g-m\u00b3): 0-1 conexi\u00f3n mini usb medici\u00f3n de la temperatura y humedad del aire - Abaa tienda online\" \/>\n<meta property=\"og:description\" content=\"Ventajas en la pr\u00e1ctica:   Determinaci\u00f3n r\u00e1pida y precisa de concentraciones de ozono incluso de tama\u00f1o \u00ednfimo.  Indicaci\u00f3n de los valores de ozono medidos en ppm o \u00b5g\/m\u00b3.  Tiempo de reacci\u00f3n r\u00e1pido.  Escasa interferencia con compuestos org\u00e1nicos vol\u00e1tiles.  Funci\u00f3n de ajuste a cero del ozono.  Medida del valor de referencia del ozono (STEL\/TWA).  Compensaci\u00f3n de presi\u00f3n atmosf\u00e9rica para mediciones de metro c\u00fabico normalizadas de alta precisi\u00f3n.  Medici\u00f3n de la temperatura y la humedad del aire.  C\u00e1lculo del punto de roc\u00edo y la temperatura de bulbo h\u00famedo.  Ajuste de compensaci\u00f3n de la temperatura y la humedad del aire.  Fijaci\u00f3n de datos (hold), funci\u00f3n Min, Max y de alarma.  Iluminaci\u00f3n de pantalla.  Rosca de \u00bc pulgada para colocar tr\u00edpode.  Es posible, adem\u00e1s del funcionamiento por bater\u00edas, el funcionamiento en red para mediciones permanentes.  Desconexi\u00f3n autom\u00e1tica para ahorrar energ\u00eda.  Incluye certificado de calibraci\u00f3n.  El primer medidor de ozono que lleva la tecnolog\u00eda de medici\u00f3n profesional del ozono a una dimensi\u00f3n m\u00f3vil y asequible  Tanto si surge en las capas inferiores de la atm\u00f3sfera de forma natural como si se genera mediante la necesaria tecnolog\u00eda, el ozono del aire presenta un alto potencial nocivo incluso en concentraciones peque\u00f1as. El cumplimiento de los valores l\u00edmite del ozono inofensivos no solo es necesario para proteger la salud, sino que en muchos pa\u00edses est\u00e1 regulado y prescrito legalmente.  Con el medidor de ozono OZ-ONE dispondr\u00e1 del instrumento de prueba \u00f3ptimo para el control r\u00e1pido y preciso o para el registro a largo plazo de la concentraci\u00f3n de ozono en el aire ambiental.  El OZ-ONE se caracteriza por su escasa interferencia con otros gases o compuestos org\u00e1nicos vol\u00e1tiles y convence por sus r\u00e1pidos resultados de medici\u00f3n y la alta precisi\u00f3n incluso en las concentraciones m\u00e1s bajas.  Muchas funciones integradas como el ajuste a cero del ozono, la opci\u00f3n de medida del valor de referencia para el l\u00edmite a corto plazo y la media ponderada en el tiempo o el indicador conmutable entre ppm y \u00b5m\/m\u00b3 convierten al OZ-ONE, de reacci\u00f3n r\u00e1pida, en un instrumento imprescindible para realizar mediciones precisas de la concentraci\u00f3n de ozono.  Al mismo tiempo, se trata de un aparato de medici\u00f3n ambiental compacto y port\u00e1til con el que tambi\u00e9n se pueden determinar la temperatura y la humedad del aire o calcular la temperatura del punto de roc\u00edo y de bulbo h\u00famedo. De un solo vistazo podr\u00e1 leer los dos valores de medici\u00f3n que aparecen en el indicador dual de este medidor.  Para mediciones de larga duraci\u00f3n, el OZ-ONE se puede fijar a un tr\u00edpode. Adem\u00e1s, dispone de una conexi\u00f3n mini USB y de una entrada coaxial de 9 V, de modo que seg\u00fan el puerto elegido se puede optar por un funcionamiento con bater\u00eda o con conexi\u00f3n a la red el\u00e9ctrica. Por \u00faltimo, tambi\u00e9n destacamos que, en caso de necesitar una alimentaci\u00f3n m\u00f3vil, es posible conectar un cargador de bater\u00edas a la conexi\u00f3n mini USB del OZ-ONE.  El medidor de ozono OZ-ONE ofrece m\u00faltiples posibilidades de aplicaci\u00f3n:   Mediciones en puestos de trabajo en la industria y la empresa.  An\u00e1lisis medioambientales.  Comprobaci\u00f3n de entornos de producci\u00f3n.  Control de valores l\u00edmite despu\u00e9s del uso de generadores de ozono para la neutralizaci\u00f3n de olores o la desinfecci\u00f3n, por ejemplo en la hosteler\u00eda as\u00ed como en el saneamiento en casos de incendios y da\u00f1os producto del agua.\" \/>\n<meta property=\"og:url\" content=\"https:\/\/abaa.mx\/tienda\/manometro-digital-ametek-crystal-xp2i-con-sistema-c-de-0-a-3000-psi\/\" \/>\n<meta property=\"og:site_name\" content=\"Abaa tienda online\" \/>\n<meta property=\"article:modified_time\" content=\"2023-12-12T16:02:57+00:00\" \/>\n<meta property=\"og:image\" content=\"https:\/\/abaa.mx\/tienda\/wp-content\/uploads\/2023\/10\/TROTEC-OZ-ONE.jpg\" \/>\n\t<meta property=\"og:image:width\" content=\"289\" \/>\n\t<meta property=\"og:image:height\" content=\"490\" \/>\n\t<meta property=\"og:image:type\" content=\"image\/jpeg\" \/>\n<meta name=\"twitter:card\" content=\"summary_large_image\" \/>\n<meta name=\"twitter:label1\" content=\"Tiempo de lectura\" \/>\n\t<meta name=\"twitter:data1\" content=\"1 minuto\" \/>\n<script type=\"application\/ld+json\" class=\"yoast-schema-graph\">{\"@context\":\"https:\/\/schema.org\",\"@graph\":[{\"@type\":\"WebPage\",\"@id\":\"https:\/\/abaa.mx\/tienda\/manometro-digital-ametek-crystal-xp2i-con-sistema-c-de-0-a-3000-psi\/\",\"url\":\"https:\/\/abaa.mx\/tienda\/manometro-digital-ametek-crystal-xp2i-con-sistema-c-de-0-a-3000-psi\/\",\"name\":\"Oz-one \u2014 medidor de ozono (ppm o \u00b5g-m\u00b3): 0-1 conexi\u00f3n mini usb medici\u00f3n de la temperatura y humedad del aire - Abaa tienda online\",\"isPartOf\":{\"@id\":\"https:\/\/abaa.mx\/tienda\/#website\"},\"primaryImageOfPage\":{\"@id\":\"https:\/\/abaa.mx\/tienda\/manometro-digital-ametek-crystal-xp2i-con-sistema-c-de-0-a-3000-psi\/#primaryimage\"},\"image\":{\"@id\":\"https:\/\/abaa.mx\/tienda\/manometro-digital-ametek-crystal-xp2i-con-sistema-c-de-0-a-3000-psi\/#primaryimage\"},\"thumbnailUrl\":\"https:\/\/abaa.mx\/tienda\/wp-content\/uploads\/2023\/10\/TROTEC-OZ-ONE.jpg\",\"datePublished\":\"2023-10-20T15:47:26+00:00\",\"dateModified\":\"2023-12-12T16:02:57+00:00\",\"breadcrumb\":{\"@id\":\"https:\/\/abaa.mx\/tienda\/manometro-digital-ametek-crystal-xp2i-con-sistema-c-de-0-a-3000-psi\/#breadcrumb\"},\"inLanguage\":\"es\",\"potentialAction\":[{\"@type\":\"ReadAction\",\"target\":[\"https:\/\/abaa.mx\/tienda\/manometro-digital-ametek-crystal-xp2i-con-sistema-c-de-0-a-3000-psi\/\"]}]},{\"@type\":\"ImageObject\",\"inLanguage\":\"es\",\"@id\":\"https:\/\/abaa.mx\/tienda\/manometro-digital-ametek-crystal-xp2i-con-sistema-c-de-0-a-3000-psi\/#primaryimage\",\"url\":\"https:\/\/abaa.mx\/tienda\/wp-content\/uploads\/2023\/10\/TROTEC-OZ-ONE.jpg\",\"contentUrl\":\"https:\/\/abaa.mx\/tienda\/wp-content\/uploads\/2023\/10\/TROTEC-OZ-ONE.jpg\",\"width\":289,\"height\":490,\"caption\":\"TROTEC-OZ-ONE\"},{\"@type\":\"BreadcrumbList\",\"@id\":\"https:\/\/abaa.mx\/tienda\/manometro-digital-ametek-crystal-xp2i-con-sistema-c-de-0-a-3000-psi\/#breadcrumb\",\"itemListElement\":[{\"@type\":\"ListItem\",\"position\":1,\"name\":\"Inicio\",\"item\":\"https:\/\/abaa.mx\/tienda\/\"},{\"@type\":\"ListItem\",\"position\":2,\"name\":\"Tienda\",\"item\":\"https:\/\/abaa.mx\/tienda\/\"},{\"@type\":\"ListItem\",\"position\":3,\"name\":\"Oz-one \u2014 medidor de ozono (ppm o \u00b5g-m\u00b3): 0-1 conexi\u00f3n mini usb medici\u00f3n de la temperatura y humedad del aire\"}]},{\"@type\":\"WebSite\",\"@id\":\"https:\/\/abaa.mx\/tienda\/#website\",\"url\":\"https:\/\/abaa.mx\/tienda\/\",\"name\":\"Abaa tienda online\",\"description\":\"Instrumentos de medici\u00f3n\",\"publisher\":{\"@id\":\"https:\/\/abaa.mx\/tienda\/#organization\"},\"potentialAction\":[{\"@type\":\"SearchAction\",\"target\":{\"@type\":\"EntryPoint\",\"urlTemplate\":\"https:\/\/abaa.mx\/tienda\/?s={search_term_string}\"},\"query-input\":{\"@type\":\"PropertyValueSpecification\",\"valueRequired\":true,\"valueName\":\"search_term_string\"}}],\"inLanguage\":\"es\"},{\"@type\":\"Organization\",\"@id\":\"https:\/\/abaa.mx\/tienda\/#organization\",\"name\":\"Abaa tienda online\",\"url\":\"https:\/\/abaa.mx\/tienda\/\",\"logo\":{\"@type\":\"ImageObject\",\"inLanguage\":\"es\",\"@id\":\"https:\/\/abaa.mx\/tienda\/#\/schema\/logo\/image\/\",\"url\":\"https:\/\/abaa.mx\/tienda\/wp-content\/uploads\/2024\/01\/abaa-metrologia-tienda.png\",\"contentUrl\":\"https:\/\/abaa.mx\/tienda\/wp-content\/uploads\/2024\/01\/abaa-metrologia-tienda.png\",\"width\":300,\"height\":141,\"caption\":\"Abaa tienda online\"},\"image\":{\"@id\":\"https:\/\/abaa.mx\/tienda\/#\/schema\/logo\/image\/\"}}]}<\/script>\n<!-- \/ Yoast SEO plugin. -->","yoast_head_json":{"title":"Oz-one \u2014 medidor de ozono (ppm o \u00b5g-m\u00b3): 0-1 conexi\u00f3n mini usb medici\u00f3n de la temperatura y humedad del aire - Abaa tienda online","robots":{"index":"index","follow":"follow","max-snippet":"max-snippet:-1","max-image-preview":"max-image-preview:large","max-video-preview":"max-video-preview:-1"},"canonical":"https:\/\/abaa.mx\/tienda\/manometro-digital-ametek-crystal-xp2i-con-sistema-c-de-0-a-3000-psi\/","og_locale":"es_MX","og_type":"article","og_title":"Oz-one \u2014 medidor de ozono (ppm o \u00b5g-m\u00b3): 0-1 conexi\u00f3n mini usb medici\u00f3n de la temperatura y humedad del aire - Abaa tienda online","og_description":"Ventajas en la pr\u00e1ctica:   Determinaci\u00f3n r\u00e1pida y precisa de concentraciones de ozono incluso de tama\u00f1o \u00ednfimo.  Indicaci\u00f3n de los valores de ozono medidos en ppm o \u00b5g\/m\u00b3.  Tiempo de reacci\u00f3n r\u00e1pido.  Escasa interferencia con compuestos org\u00e1nicos vol\u00e1tiles.  Funci\u00f3n de ajuste a cero del ozono.  Medida del valor de referencia del ozono (STEL\/TWA).  Compensaci\u00f3n de presi\u00f3n atmosf\u00e9rica para mediciones de metro c\u00fabico normalizadas de alta precisi\u00f3n.  Medici\u00f3n de la temperatura y la humedad del aire.  C\u00e1lculo del punto de roc\u00edo y la temperatura de bulbo h\u00famedo.  Ajuste de compensaci\u00f3n de la temperatura y la humedad del aire.  Fijaci\u00f3n de datos (hold), funci\u00f3n Min, Max y de alarma.  Iluminaci\u00f3n de pantalla.  Rosca de \u00bc pulgada para colocar tr\u00edpode.  Es posible, adem\u00e1s del funcionamiento por bater\u00edas, el funcionamiento en red para mediciones permanentes.  Desconexi\u00f3n autom\u00e1tica para ahorrar energ\u00eda.  Incluye certificado de calibraci\u00f3n.  El primer medidor de ozono que lleva la tecnolog\u00eda de medici\u00f3n profesional del ozono a una dimensi\u00f3n m\u00f3vil y asequible  Tanto si surge en las capas inferiores de la atm\u00f3sfera de forma natural como si se genera mediante la necesaria tecnolog\u00eda, el ozono del aire presenta un alto potencial nocivo incluso en concentraciones peque\u00f1as. El cumplimiento de los valores l\u00edmite del ozono inofensivos no solo es necesario para proteger la salud, sino que en muchos pa\u00edses est\u00e1 regulado y prescrito legalmente.  Con el medidor de ozono OZ-ONE dispondr\u00e1 del instrumento de prueba \u00f3ptimo para el control r\u00e1pido y preciso o para el registro a largo plazo de la concentraci\u00f3n de ozono en el aire ambiental.  El OZ-ONE se caracteriza por su escasa interferencia con otros gases o compuestos org\u00e1nicos vol\u00e1tiles y convence por sus r\u00e1pidos resultados de medici\u00f3n y la alta precisi\u00f3n incluso en las concentraciones m\u00e1s bajas.  Muchas funciones integradas como el ajuste a cero del ozono, la opci\u00f3n de medida del valor de referencia para el l\u00edmite a corto plazo y la media ponderada en el tiempo o el indicador conmutable entre ppm y \u00b5m\/m\u00b3 convierten al OZ-ONE, de reacci\u00f3n r\u00e1pida, en un instrumento imprescindible para realizar mediciones precisas de la concentraci\u00f3n de ozono.  Al mismo tiempo, se trata de un aparato de medici\u00f3n ambiental compacto y port\u00e1til con el que tambi\u00e9n se pueden determinar la temperatura y la humedad del aire o calcular la temperatura del punto de roc\u00edo y de bulbo h\u00famedo. De un solo vistazo podr\u00e1 leer los dos valores de medici\u00f3n que aparecen en el indicador dual de este medidor.  Para mediciones de larga duraci\u00f3n, el OZ-ONE se puede fijar a un tr\u00edpode. Adem\u00e1s, dispone de una conexi\u00f3n mini USB y de una entrada coaxial de 9 V, de modo que seg\u00fan el puerto elegido se puede optar por un funcionamiento con bater\u00eda o con conexi\u00f3n a la red el\u00e9ctrica. Por \u00faltimo, tambi\u00e9n destacamos que, en caso de necesitar una alimentaci\u00f3n m\u00f3vil, es posible conectar un cargador de bater\u00edas a la conexi\u00f3n mini USB del OZ-ONE.  El medidor de ozono OZ-ONE ofrece m\u00faltiples posibilidades de aplicaci\u00f3n:   Mediciones en puestos de trabajo en la industria y la empresa.  An\u00e1lisis medioambientales.  Comprobaci\u00f3n de entornos de producci\u00f3n.  Control de valores l\u00edmite despu\u00e9s del uso de generadores de ozono para la neutralizaci\u00f3n de olores o la desinfecci\u00f3n, por ejemplo en la hosteler\u00eda as\u00ed como en el saneamiento en casos de incendios y da\u00f1os producto del agua.","og_url":"https:\/\/abaa.mx\/tienda\/manometro-digital-ametek-crystal-xp2i-con-sistema-c-de-0-a-3000-psi\/","og_site_name":"Abaa tienda online","article_modified_time":"2023-12-12T16:02:57+00:00","og_image":[{"width":289,"height":490,"url":"https:\/\/abaa.mx\/tienda\/wp-content\/uploads\/2023\/10\/TROTEC-OZ-ONE.jpg","type":"image\/jpeg"}],"twitter_card":"summary_large_image","twitter_misc":{"Tiempo de lectura":"1 minuto"},"schema":{"@context":"https:\/\/schema.org","@graph":[{"@type":"WebPage","@id":"https:\/\/abaa.mx\/tienda\/manometro-digital-ametek-crystal-xp2i-con-sistema-c-de-0-a-3000-psi\/","url":"https:\/\/abaa.mx\/tienda\/manometro-digital-ametek-crystal-xp2i-con-sistema-c-de-0-a-3000-psi\/","name":"Oz-one \u2014 medidor de ozono (ppm o \u00b5g-m\u00b3): 0-1 conexi\u00f3n mini usb medici\u00f3n de la temperatura y humedad del aire - Abaa tienda online","isPartOf":{"@id":"https:\/\/abaa.mx\/tienda\/#website"},"primaryImageOfPage":{"@id":"https:\/\/abaa.mx\/tienda\/manometro-digital-ametek-crystal-xp2i-con-sistema-c-de-0-a-3000-psi\/#primaryimage"},"image":{"@id":"https:\/\/abaa.mx\/tienda\/manometro-digital-ametek-crystal-xp2i-con-sistema-c-de-0-a-3000-psi\/#primaryimage"},"thumbnailUrl":"https:\/\/abaa.mx\/tienda\/wp-content\/uploads\/2023\/10\/TROTEC-OZ-ONE.jpg","datePublished":"2023-10-20T15:47:26+00:00","dateModified":"2023-12-12T16:02:57+00:00","breadcrumb":{"@id":"https:\/\/abaa.mx\/tienda\/manometro-digital-ametek-crystal-xp2i-con-sistema-c-de-0-a-3000-psi\/#breadcrumb"},"inLanguage":"es","potentialAction":[{"@type":"ReadAction","target":["https:\/\/abaa.mx\/tienda\/manometro-digital-ametek-crystal-xp2i-con-sistema-c-de-0-a-3000-psi\/"]}]},{"@type":"ImageObject","inLanguage":"es","@id":"https:\/\/abaa.mx\/tienda\/manometro-digital-ametek-crystal-xp2i-con-sistema-c-de-0-a-3000-psi\/#primaryimage","url":"https:\/\/abaa.mx\/tienda\/wp-content\/uploads\/2023\/10\/TROTEC-OZ-ONE.jpg","contentUrl":"https:\/\/abaa.mx\/tienda\/wp-content\/uploads\/2023\/10\/TROTEC-OZ-ONE.jpg","width":289,"height":490,"caption":"TROTEC-OZ-ONE"},{"@type":"BreadcrumbList","@id":"https:\/\/abaa.mx\/tienda\/manometro-digital-ametek-crystal-xp2i-con-sistema-c-de-0-a-3000-psi\/#breadcrumb","itemListElement":[{"@type":"ListItem","position":1,"name":"Inicio","item":"https:\/\/abaa.mx\/tienda\/"},{"@type":"ListItem","position":2,"name":"Tienda","item":"https:\/\/abaa.mx\/tienda\/"},{"@type":"ListItem","position":3,"name":"Oz-one \u2014 medidor de ozono (ppm o \u00b5g-m\u00b3): 0-1 conexi\u00f3n mini usb medici\u00f3n de la temperatura y humedad del aire"}]},{"@type":"WebSite","@id":"https:\/\/abaa.mx\/tienda\/#website","url":"https:\/\/abaa.mx\/tienda\/","name":"Abaa tienda online","description":"Instrumentos de medici\u00f3n","publisher":{"@id":"https:\/\/abaa.mx\/tienda\/#organization"},"potentialAction":[{"@type":"SearchAction","target":{"@type":"EntryPoint","urlTemplate":"https:\/\/abaa.mx\/tienda\/?s={search_term_string}"},"query-input":{"@type":"PropertyValueSpecification","valueRequired":true,"valueName":"search_term_string"}}],"inLanguage":"es"},{"@type":"Organization","@id":"https:\/\/abaa.mx\/tienda\/#organization","name":"Abaa tienda online","url":"https:\/\/abaa.mx\/tienda\/","logo":{"@type":"ImageObject","inLanguage":"es","@id":"https:\/\/abaa.mx\/tienda\/#\/schema\/logo\/image\/","url":"https:\/\/abaa.mx\/tienda\/wp-content\/uploads\/2024\/01\/abaa-metrologia-tienda.png","contentUrl":"https:\/\/abaa.mx\/tienda\/wp-content\/uploads\/2024\/01\/abaa-metrologia-tienda.png","width":300,"height":141,"caption":"Abaa tienda online"},"image":{"@id":"https:\/\/abaa.mx\/tienda\/#\/schema\/logo\/image\/"}}]}},"_links":{"self":[{"href":"https:\/\/abaa.mx\/tienda\/wp-json\/wp\/v2\/product\/7017","targetHints":{"allow":["GET"]}}],"collection":[{"href":"https:\/\/abaa.mx\/tienda\/wp-json\/wp\/v2\/product"}],"about":[{"href":"https:\/\/abaa.mx\/tienda\/wp-json\/wp\/v2\/types\/product"}],"replies":[{"embeddable":true,"href":"https:\/\/abaa.mx\/tienda\/wp-json\/wp\/v2\/comments?post=7017"}],"wp:featuredmedia":[{"embeddable":true,"href":"https:\/\/abaa.mx\/tienda\/wp-json\/wp\/v2\/media\/9750"}],"wp:attachment":[{"href":"https:\/\/abaa.mx\/tienda\/wp-json\/wp\/v2\/media?parent=7017"}],"wp:term":[{"taxonomy":"product_brand","embeddable":true,"href":"https:\/\/abaa.mx\/tienda\/wp-json\/wp\/v2\/product_brand?post=7017"},{"taxonomy":"product_cat","embeddable":true,"href":"https:\/\/abaa.mx\/tienda\/wp-json\/wp\/v2\/product_cat?post=7017"},{"taxonomy":"product_tag","embeddable":true,"href":"https:\/\/abaa.mx\/tienda\/wp-json\/wp\/v2\/product_tag?post=7017"}],"curies":[{"name":"wp","href":"https:\/\/api.w.org\/{rel}","templated":true}]}}