{"id":7016,"date":"2023-10-20T15:46:15","date_gmt":"2023-10-20T15:46:15","guid":{"rendered":"https:\/\/abaa.mx\/tienda\/?post_type=product&#038;p=7016"},"modified":"2023-12-12T17:08:15","modified_gmt":"2023-12-12T17:08:15","slug":"manometro-digital-ametek-crystal-xp2i-de-0-a-30-psi-precision-de-escala-completa-del-005","status":"publish","type":"product","link":"https:\/\/abaa.mx\/tienda\/manometro-digital-ametek-crystal-xp2i-de-0-a-30-psi-precision-de-escala-completa-del-005\/","title":{"rendered":"Bc21wp \u2014 termohigrometro -20 \u00b0c &#8211; 60 \u00b0c, 0%-100% permite medir la temperatura y la humedad relativa del aire"},"content":{"rendered":"<p>Bc21wp \u2014 termohigrometro -20 \u00b0c &#8211; 60 \u00b0c, 0%-100% permite medir la temperatura y la humedad relativa del aire.<\/p>\n","protected":false},"excerpt":{"rendered":"<p>El App Sensor BC21WP es un termohigr\u00f3metro que, en combinaci\u00f3n con la aplicaci\u00f3n MultiMeasure Mobile, permite medir la temperatura y la humedad relativa del aire.<\/p>\n<p>El medidor BC21WP est\u00e1 operativo inmediatamente, se puede conectar de manera intuitiva a la aplicaci\u00f3n y muestra as\u00ed todos los valores de medici\u00f3n en el dispositivo m\u00f3vil.<\/p>\n<p><strong>Los App Sensores de Trotec le ofrecen las siguientes ventajas:<\/strong><\/p>\n<ul>\n<li>Sensores profesionales para resultados de medici\u00f3n precisos.<\/li>\n<li>Conexi\u00f3n extraordinariamente sencilla a la aplicaci\u00f3n a trav\u00e9s de bluetooth con confirmaci\u00f3n \u00f3ptica de la conexi\u00f3n por medio de LED en el aparato.<\/li>\n<li>Control del medidor y visualizaci\u00f3n inal\u00e1mbrica de los datos mediante la aplicaci\u00f3n.<\/li>\n<li>Evaluaci\u00f3n de los datos sencilla incluso desde zonas alejadas ya que no es necesario leer los valores directamente en el medidor.<\/li>\n<li>Detecci\u00f3n y visualizaci\u00f3n adicional del valor m\u00ednimo, m\u00e1ximo o medio.<\/li>\n<li>Mantenimiento de los valores de medici\u00f3n, funci\u00f3n de registro y de alarma.<\/li>\n<li>Correa de mano para un manejo seguro incluida en el volumen de suministro.<\/li>\n<li>Dise\u00f1o industrial alem\u00e1n optimizado para la pr\u00e1ctica (modelo registrado).<\/li>\n<\/ul>\n<p><strong>MultiMeasure Mobile: Todas las ventajas de la aplicaci\u00f3n<\/strong><\/p>\n<p>Para manejar desde su tel\u00e9fono inteligente este App Sensor necesita MultiMeasure Mobile, la aplicaci\u00f3n gratuita para el control, la evaluaci\u00f3n y la visualizaci\u00f3n de los datos de medici\u00f3n de todos los App Sensores de Trotec conectados a su dispositivo m\u00f3vil.<\/p>\n<p><strong>MultiMeasure Mobile pone a su disposici\u00f3n una larga lista de avances:<\/strong><\/p>\n<ul>\n<li>Detecci\u00f3n autom\u00e1tica de App Sensores.<\/li>\n<li>Funcionamiento en paralelo de varios App Sensores.<\/li>\n<li>Navegaci\u00f3n sencilla e intuitiva.<\/li>\n<li>Visualizaci\u00f3n num\u00e9rica, o en forma de diagrama o matriz, de los valores de medici\u00f3n.<\/li>\n<li>Funci\u00f3n de informes integrada para la documentaci\u00f3n directamente in situ.<\/li>\n<li>Funci\u00f3n de organizaci\u00f3n de datos de medici\u00f3n y documentos.<\/li>\n<li>Gesti\u00f3n de clientes ya integrada.<\/li>\n<li>M\u00faltiples opciones de an\u00e1lisis directamente en la aplicaci\u00f3n.<\/li>\n<li>Almacenamiento de datos vinculados a una foto.<\/li>\n<li>Mediciones matriciales, tambi\u00e9n vinculadas a una foto.<\/li>\n<li>Sincronizaci\u00f3n completa de los datos con MultiMeasure Professional a trav\u00e9s de la nube.<\/li>\n<\/ul>\n<p><strong>BC21WP \u2013 Ventajas en la pr\u00e1ctica:<\/strong><\/p>\n<ul>\n<li>Medici\u00f3n de m\u00faltiples datos clim\u00e1ticos con un solo aparato: humedad relativa del aire, temperatura del aire, punto de roc\u00edo y temperatura de bulbo h\u00famedo<\/li>\n<li>Sensores de alta calidad y numerosas funciones de medici\u00f3n.<\/li>\n<li>Combinaci\u00f3n inteligente de App Sensor con la aplicaci\u00f3n Multimeasure Mobile.<\/li>\n<li>Desconexi\u00f3n autom\u00e1tica.<\/li>\n<\/ul>\n<p>&nbsp;<\/p>\n","protected":false},"featured_media":9757,"comment_status":"open","ping_status":"closed","template":"","meta":{"_joinchat":[]},"product_brand":[],"product_cat":[15],"product_tag":[],"class_list":{"0":"post-7016","1":"product","2":"type-product","3":"status-publish","4":"has-post-thumbnail","6":"product_cat-sin-categorizar","8":"first","9":"instock","10":"shipping-taxable","11":"product-type-simple"},"yoast_head":"<!-- This site is optimized with the Yoast SEO plugin v26.4 - https:\/\/yoast.com\/wordpress\/plugins\/seo\/ -->\n<title>Bc21wp \u2014 termohigrometro -20 \u00b0c - 60 \u00b0c, 0%-100% permite medir la temperatura y la humedad relativa del aire - Abaa tienda online<\/title>\n<meta name=\"robots\" content=\"index, follow, max-snippet:-1, max-image-preview:large, max-video-preview:-1\" \/>\n<link rel=\"canonical\" href=\"https:\/\/abaa.mx\/tienda\/manometro-digital-ametek-crystal-xp2i-de-0-a-30-psi-precision-de-escala-completa-del-005\/\" \/>\n<meta property=\"og:locale\" content=\"es_MX\" \/>\n<meta property=\"og:type\" content=\"article\" \/>\n<meta property=\"og:title\" content=\"Bc21wp \u2014 termohigrometro -20 \u00b0c - 60 \u00b0c, 0%-100% permite medir la temperatura y la humedad relativa del aire - Abaa tienda online\" \/>\n<meta property=\"og:description\" content=\"El App Sensor BC21WP es un termohigr\u00f3metro que, en combinaci\u00f3n con la aplicaci\u00f3n MultiMeasure Mobile, permite medir la temperatura y la humedad relativa del aire.  El medidor BC21WP est\u00e1 operativo inmediatamente, se puede conectar de manera intuitiva a la aplicaci\u00f3n y muestra as\u00ed todos los valores de medici\u00f3n en el dispositivo m\u00f3vil.  Los App Sensores de Trotec le ofrecen las siguientes ventajas:   Sensores profesionales para resultados de medici\u00f3n precisos.  Conexi\u00f3n extraordinariamente sencilla a la aplicaci\u00f3n a trav\u00e9s de bluetooth con confirmaci\u00f3n \u00f3ptica de la conexi\u00f3n por medio de LED en el aparato.  Control del medidor y visualizaci\u00f3n inal\u00e1mbrica de los datos mediante la aplicaci\u00f3n.  Evaluaci\u00f3n de los datos sencilla incluso desde zonas alejadas ya que no es necesario leer los valores directamente en el medidor.  Detecci\u00f3n y visualizaci\u00f3n adicional del valor m\u00ednimo, m\u00e1ximo o medio.  Mantenimiento de los valores de medici\u00f3n, funci\u00f3n de registro y de alarma.  Correa de mano para un manejo seguro incluida en el volumen de suministro.  Dise\u00f1o industrial alem\u00e1n optimizado para la pr\u00e1ctica (modelo registrado).  MultiMeasure Mobile: Todas las ventajas de la aplicaci\u00f3n  Para manejar desde su tel\u00e9fono inteligente este App Sensor necesita MultiMeasure Mobile, la aplicaci\u00f3n gratuita para el control, la evaluaci\u00f3n y la visualizaci\u00f3n de los datos de medici\u00f3n de todos los App Sensores de Trotec conectados a su dispositivo m\u00f3vil.  MultiMeasure Mobile pone a su disposici\u00f3n una larga lista de avances:   Detecci\u00f3n autom\u00e1tica de App Sensores.  Funcionamiento en paralelo de varios App Sensores.  Navegaci\u00f3n sencilla e intuitiva.  Visualizaci\u00f3n num\u00e9rica, o en forma de diagrama o matriz, de los valores de medici\u00f3n.  Funci\u00f3n de informes integrada para la documentaci\u00f3n directamente in situ.  Funci\u00f3n de organizaci\u00f3n de datos de medici\u00f3n y documentos.  Gesti\u00f3n de clientes ya integrada.  M\u00faltiples opciones de an\u00e1lisis directamente en la aplicaci\u00f3n.  Almacenamiento de datos vinculados a una foto.  Mediciones matriciales, tambi\u00e9n vinculadas a una foto.  Sincronizaci\u00f3n completa de los datos con MultiMeasure Professional a trav\u00e9s de la nube.  BC21WP \u2013 Ventajas en la pr\u00e1ctica:   Medici\u00f3n de m\u00faltiples datos clim\u00e1ticos con un solo aparato: humedad relativa del aire, temperatura del aire, punto de roc\u00edo y temperatura de bulbo h\u00famedo  Sensores de alta calidad y numerosas funciones de medici\u00f3n.  Combinaci\u00f3n inteligente de App Sensor con la aplicaci\u00f3n Multimeasure Mobile.  Desconexi\u00f3n autom\u00e1tica.  &nbsp;\" \/>\n<meta property=\"og:url\" content=\"https:\/\/abaa.mx\/tienda\/manometro-digital-ametek-crystal-xp2i-de-0-a-30-psi-precision-de-escala-completa-del-005\/\" \/>\n<meta property=\"og:site_name\" content=\"Abaa tienda online\" \/>\n<meta property=\"article:modified_time\" content=\"2023-12-12T17:08:15+00:00\" \/>\n<meta property=\"og:image\" content=\"https:\/\/abaa.mx\/tienda\/wp-content\/uploads\/2023\/10\/TROTEC-BC1WP.jpg\" \/>\n\t<meta property=\"og:image:width\" content=\"298\" \/>\n\t<meta property=\"og:image:height\" content=\"513\" \/>\n\t<meta property=\"og:image:type\" content=\"image\/jpeg\" \/>\n<meta name=\"twitter:card\" content=\"summary_large_image\" \/>\n<meta name=\"twitter:label1\" content=\"Tiempo de lectura\" \/>\n\t<meta name=\"twitter:data1\" content=\"1 minuto\" \/>\n<script type=\"application\/ld+json\" class=\"yoast-schema-graph\">{\"@context\":\"https:\/\/schema.org\",\"@graph\":[{\"@type\":\"WebPage\",\"@id\":\"https:\/\/abaa.mx\/tienda\/manometro-digital-ametek-crystal-xp2i-de-0-a-30-psi-precision-de-escala-completa-del-005\/\",\"url\":\"https:\/\/abaa.mx\/tienda\/manometro-digital-ametek-crystal-xp2i-de-0-a-30-psi-precision-de-escala-completa-del-005\/\",\"name\":\"Bc21wp \u2014 termohigrometro -20 \u00b0c - 60 \u00b0c, 0%-100% permite medir la temperatura y la humedad relativa del aire - Abaa tienda online\",\"isPartOf\":{\"@id\":\"https:\/\/abaa.mx\/tienda\/#website\"},\"primaryImageOfPage\":{\"@id\":\"https:\/\/abaa.mx\/tienda\/manometro-digital-ametek-crystal-xp2i-de-0-a-30-psi-precision-de-escala-completa-del-005\/#primaryimage\"},\"image\":{\"@id\":\"https:\/\/abaa.mx\/tienda\/manometro-digital-ametek-crystal-xp2i-de-0-a-30-psi-precision-de-escala-completa-del-005\/#primaryimage\"},\"thumbnailUrl\":\"https:\/\/abaa.mx\/tienda\/wp-content\/uploads\/2023\/10\/TROTEC-BC1WP.jpg\",\"datePublished\":\"2023-10-20T15:46:15+00:00\",\"dateModified\":\"2023-12-12T17:08:15+00:00\",\"breadcrumb\":{\"@id\":\"https:\/\/abaa.mx\/tienda\/manometro-digital-ametek-crystal-xp2i-de-0-a-30-psi-precision-de-escala-completa-del-005\/#breadcrumb\"},\"inLanguage\":\"es\",\"potentialAction\":[{\"@type\":\"ReadAction\",\"target\":[\"https:\/\/abaa.mx\/tienda\/manometro-digital-ametek-crystal-xp2i-de-0-a-30-psi-precision-de-escala-completa-del-005\/\"]}]},{\"@type\":\"ImageObject\",\"inLanguage\":\"es\",\"@id\":\"https:\/\/abaa.mx\/tienda\/manometro-digital-ametek-crystal-xp2i-de-0-a-30-psi-precision-de-escala-completa-del-005\/#primaryimage\",\"url\":\"https:\/\/abaa.mx\/tienda\/wp-content\/uploads\/2023\/10\/TROTEC-BC1WP.jpg\",\"contentUrl\":\"https:\/\/abaa.mx\/tienda\/wp-content\/uploads\/2023\/10\/TROTEC-BC1WP.jpg\",\"width\":298,\"height\":513,\"caption\":\"TROTEC-BC1WP\"},{\"@type\":\"BreadcrumbList\",\"@id\":\"https:\/\/abaa.mx\/tienda\/manometro-digital-ametek-crystal-xp2i-de-0-a-30-psi-precision-de-escala-completa-del-005\/#breadcrumb\",\"itemListElement\":[{\"@type\":\"ListItem\",\"position\":1,\"name\":\"Inicio\",\"item\":\"https:\/\/abaa.mx\/tienda\/\"},{\"@type\":\"ListItem\",\"position\":2,\"name\":\"Tienda\",\"item\":\"https:\/\/abaa.mx\/tienda\/\"},{\"@type\":\"ListItem\",\"position\":3,\"name\":\"Bc21wp \u2014 termohigrometro -20 \u00b0c &#8211; 60 \u00b0c, 0%-100% permite medir la temperatura y la humedad relativa del aire\"}]},{\"@type\":\"WebSite\",\"@id\":\"https:\/\/abaa.mx\/tienda\/#website\",\"url\":\"https:\/\/abaa.mx\/tienda\/\",\"name\":\"Abaa tienda online\",\"description\":\"Instrumentos de medici\u00f3n\",\"publisher\":{\"@id\":\"https:\/\/abaa.mx\/tienda\/#organization\"},\"potentialAction\":[{\"@type\":\"SearchAction\",\"target\":{\"@type\":\"EntryPoint\",\"urlTemplate\":\"https:\/\/abaa.mx\/tienda\/?s={search_term_string}\"},\"query-input\":{\"@type\":\"PropertyValueSpecification\",\"valueRequired\":true,\"valueName\":\"search_term_string\"}}],\"inLanguage\":\"es\"},{\"@type\":\"Organization\",\"@id\":\"https:\/\/abaa.mx\/tienda\/#organization\",\"name\":\"Abaa tienda online\",\"url\":\"https:\/\/abaa.mx\/tienda\/\",\"logo\":{\"@type\":\"ImageObject\",\"inLanguage\":\"es\",\"@id\":\"https:\/\/abaa.mx\/tienda\/#\/schema\/logo\/image\/\",\"url\":\"https:\/\/abaa.mx\/tienda\/wp-content\/uploads\/2024\/01\/abaa-metrologia-tienda.png\",\"contentUrl\":\"https:\/\/abaa.mx\/tienda\/wp-content\/uploads\/2024\/01\/abaa-metrologia-tienda.png\",\"width\":300,\"height\":141,\"caption\":\"Abaa tienda online\"},\"image\":{\"@id\":\"https:\/\/abaa.mx\/tienda\/#\/schema\/logo\/image\/\"}}]}<\/script>\n<!-- \/ Yoast SEO plugin. -->","yoast_head_json":{"title":"Bc21wp \u2014 termohigrometro -20 \u00b0c - 60 \u00b0c, 0%-100% permite medir la temperatura y la humedad relativa del aire - Abaa tienda online","robots":{"index":"index","follow":"follow","max-snippet":"max-snippet:-1","max-image-preview":"max-image-preview:large","max-video-preview":"max-video-preview:-1"},"canonical":"https:\/\/abaa.mx\/tienda\/manometro-digital-ametek-crystal-xp2i-de-0-a-30-psi-precision-de-escala-completa-del-005\/","og_locale":"es_MX","og_type":"article","og_title":"Bc21wp \u2014 termohigrometro -20 \u00b0c - 60 \u00b0c, 0%-100% permite medir la temperatura y la humedad relativa del aire - Abaa tienda online","og_description":"El App Sensor BC21WP es un termohigr\u00f3metro que, en combinaci\u00f3n con la aplicaci\u00f3n MultiMeasure Mobile, permite medir la temperatura y la humedad relativa del aire.  El medidor BC21WP est\u00e1 operativo inmediatamente, se puede conectar de manera intuitiva a la aplicaci\u00f3n y muestra as\u00ed todos los valores de medici\u00f3n en el dispositivo m\u00f3vil.  Los App Sensores de Trotec le ofrecen las siguientes ventajas:   Sensores profesionales para resultados de medici\u00f3n precisos.  Conexi\u00f3n extraordinariamente sencilla a la aplicaci\u00f3n a trav\u00e9s de bluetooth con confirmaci\u00f3n \u00f3ptica de la conexi\u00f3n por medio de LED en el aparato.  Control del medidor y visualizaci\u00f3n inal\u00e1mbrica de los datos mediante la aplicaci\u00f3n.  Evaluaci\u00f3n de los datos sencilla incluso desde zonas alejadas ya que no es necesario leer los valores directamente en el medidor.  Detecci\u00f3n y visualizaci\u00f3n adicional del valor m\u00ednimo, m\u00e1ximo o medio.  Mantenimiento de los valores de medici\u00f3n, funci\u00f3n de registro y de alarma.  Correa de mano para un manejo seguro incluida en el volumen de suministro.  Dise\u00f1o industrial alem\u00e1n optimizado para la pr\u00e1ctica (modelo registrado).  MultiMeasure Mobile: Todas las ventajas de la aplicaci\u00f3n  Para manejar desde su tel\u00e9fono inteligente este App Sensor necesita MultiMeasure Mobile, la aplicaci\u00f3n gratuita para el control, la evaluaci\u00f3n y la visualizaci\u00f3n de los datos de medici\u00f3n de todos los App Sensores de Trotec conectados a su dispositivo m\u00f3vil.  MultiMeasure Mobile pone a su disposici\u00f3n una larga lista de avances:   Detecci\u00f3n autom\u00e1tica de App Sensores.  Funcionamiento en paralelo de varios App Sensores.  Navegaci\u00f3n sencilla e intuitiva.  Visualizaci\u00f3n num\u00e9rica, o en forma de diagrama o matriz, de los valores de medici\u00f3n.  Funci\u00f3n de informes integrada para la documentaci\u00f3n directamente in situ.  Funci\u00f3n de organizaci\u00f3n de datos de medici\u00f3n y documentos.  Gesti\u00f3n de clientes ya integrada.  M\u00faltiples opciones de an\u00e1lisis directamente en la aplicaci\u00f3n.  Almacenamiento de datos vinculados a una foto.  Mediciones matriciales, tambi\u00e9n vinculadas a una foto.  Sincronizaci\u00f3n completa de los datos con MultiMeasure Professional a trav\u00e9s de la nube.  BC21WP \u2013 Ventajas en la pr\u00e1ctica:   Medici\u00f3n de m\u00faltiples datos clim\u00e1ticos con un solo aparato: humedad relativa del aire, temperatura del aire, punto de roc\u00edo y temperatura de bulbo h\u00famedo  Sensores de alta calidad y numerosas funciones de medici\u00f3n.  Combinaci\u00f3n inteligente de App Sensor con la aplicaci\u00f3n Multimeasure Mobile.  Desconexi\u00f3n autom\u00e1tica.  &nbsp;","og_url":"https:\/\/abaa.mx\/tienda\/manometro-digital-ametek-crystal-xp2i-de-0-a-30-psi-precision-de-escala-completa-del-005\/","og_site_name":"Abaa tienda online","article_modified_time":"2023-12-12T17:08:15+00:00","og_image":[{"width":298,"height":513,"url":"https:\/\/abaa.mx\/tienda\/wp-content\/uploads\/2023\/10\/TROTEC-BC1WP.jpg","type":"image\/jpeg"}],"twitter_card":"summary_large_image","twitter_misc":{"Tiempo de lectura":"1 minuto"},"schema":{"@context":"https:\/\/schema.org","@graph":[{"@type":"WebPage","@id":"https:\/\/abaa.mx\/tienda\/manometro-digital-ametek-crystal-xp2i-de-0-a-30-psi-precision-de-escala-completa-del-005\/","url":"https:\/\/abaa.mx\/tienda\/manometro-digital-ametek-crystal-xp2i-de-0-a-30-psi-precision-de-escala-completa-del-005\/","name":"Bc21wp \u2014 termohigrometro -20 \u00b0c - 60 \u00b0c, 0%-100% permite medir la temperatura y la humedad relativa del aire - Abaa tienda online","isPartOf":{"@id":"https:\/\/abaa.mx\/tienda\/#website"},"primaryImageOfPage":{"@id":"https:\/\/abaa.mx\/tienda\/manometro-digital-ametek-crystal-xp2i-de-0-a-30-psi-precision-de-escala-completa-del-005\/#primaryimage"},"image":{"@id":"https:\/\/abaa.mx\/tienda\/manometro-digital-ametek-crystal-xp2i-de-0-a-30-psi-precision-de-escala-completa-del-005\/#primaryimage"},"thumbnailUrl":"https:\/\/abaa.mx\/tienda\/wp-content\/uploads\/2023\/10\/TROTEC-BC1WP.jpg","datePublished":"2023-10-20T15:46:15+00:00","dateModified":"2023-12-12T17:08:15+00:00","breadcrumb":{"@id":"https:\/\/abaa.mx\/tienda\/manometro-digital-ametek-crystal-xp2i-de-0-a-30-psi-precision-de-escala-completa-del-005\/#breadcrumb"},"inLanguage":"es","potentialAction":[{"@type":"ReadAction","target":["https:\/\/abaa.mx\/tienda\/manometro-digital-ametek-crystal-xp2i-de-0-a-30-psi-precision-de-escala-completa-del-005\/"]}]},{"@type":"ImageObject","inLanguage":"es","@id":"https:\/\/abaa.mx\/tienda\/manometro-digital-ametek-crystal-xp2i-de-0-a-30-psi-precision-de-escala-completa-del-005\/#primaryimage","url":"https:\/\/abaa.mx\/tienda\/wp-content\/uploads\/2023\/10\/TROTEC-BC1WP.jpg","contentUrl":"https:\/\/abaa.mx\/tienda\/wp-content\/uploads\/2023\/10\/TROTEC-BC1WP.jpg","width":298,"height":513,"caption":"TROTEC-BC1WP"},{"@type":"BreadcrumbList","@id":"https:\/\/abaa.mx\/tienda\/manometro-digital-ametek-crystal-xp2i-de-0-a-30-psi-precision-de-escala-completa-del-005\/#breadcrumb","itemListElement":[{"@type":"ListItem","position":1,"name":"Inicio","item":"https:\/\/abaa.mx\/tienda\/"},{"@type":"ListItem","position":2,"name":"Tienda","item":"https:\/\/abaa.mx\/tienda\/"},{"@type":"ListItem","position":3,"name":"Bc21wp \u2014 termohigrometro -20 \u00b0c &#8211; 60 \u00b0c, 0%-100% permite medir la temperatura y la humedad relativa del aire"}]},{"@type":"WebSite","@id":"https:\/\/abaa.mx\/tienda\/#website","url":"https:\/\/abaa.mx\/tienda\/","name":"Abaa tienda online","description":"Instrumentos de medici\u00f3n","publisher":{"@id":"https:\/\/abaa.mx\/tienda\/#organization"},"potentialAction":[{"@type":"SearchAction","target":{"@type":"EntryPoint","urlTemplate":"https:\/\/abaa.mx\/tienda\/?s={search_term_string}"},"query-input":{"@type":"PropertyValueSpecification","valueRequired":true,"valueName":"search_term_string"}}],"inLanguage":"es"},{"@type":"Organization","@id":"https:\/\/abaa.mx\/tienda\/#organization","name":"Abaa tienda online","url":"https:\/\/abaa.mx\/tienda\/","logo":{"@type":"ImageObject","inLanguage":"es","@id":"https:\/\/abaa.mx\/tienda\/#\/schema\/logo\/image\/","url":"https:\/\/abaa.mx\/tienda\/wp-content\/uploads\/2024\/01\/abaa-metrologia-tienda.png","contentUrl":"https:\/\/abaa.mx\/tienda\/wp-content\/uploads\/2024\/01\/abaa-metrologia-tienda.png","width":300,"height":141,"caption":"Abaa tienda online"},"image":{"@id":"https:\/\/abaa.mx\/tienda\/#\/schema\/logo\/image\/"}}]}},"_links":{"self":[{"href":"https:\/\/abaa.mx\/tienda\/wp-json\/wp\/v2\/product\/7016","targetHints":{"allow":["GET"]}}],"collection":[{"href":"https:\/\/abaa.mx\/tienda\/wp-json\/wp\/v2\/product"}],"about":[{"href":"https:\/\/abaa.mx\/tienda\/wp-json\/wp\/v2\/types\/product"}],"replies":[{"embeddable":true,"href":"https:\/\/abaa.mx\/tienda\/wp-json\/wp\/v2\/comments?post=7016"}],"wp:featuredmedia":[{"embeddable":true,"href":"https:\/\/abaa.mx\/tienda\/wp-json\/wp\/v2\/media\/9757"}],"wp:attachment":[{"href":"https:\/\/abaa.mx\/tienda\/wp-json\/wp\/v2\/media?parent=7016"}],"wp:term":[{"taxonomy":"product_brand","embeddable":true,"href":"https:\/\/abaa.mx\/tienda\/wp-json\/wp\/v2\/product_brand?post=7016"},{"taxonomy":"product_cat","embeddable":true,"href":"https:\/\/abaa.mx\/tienda\/wp-json\/wp\/v2\/product_cat?post=7016"},{"taxonomy":"product_tag","embeddable":true,"href":"https:\/\/abaa.mx\/tienda\/wp-json\/wp\/v2\/product_tag?post=7016"}],"curies":[{"name":"wp","href":"https:\/\/api.w.org\/{rel}","templated":true}]}}