{"id":7007,"date":"2023-10-20T16:14:22","date_gmt":"2023-10-20T16:14:22","guid":{"rendered":"https:\/\/abaa.mx\/tienda\/?post_type=product&#038;p=7007"},"modified":"2023-10-20T16:14:23","modified_gmt":"2023-10-20T16:14:23","slug":"reed-r5002-probador-de-aislamiento-de-alto-voltaje","status":"publish","type":"product","link":"https:\/\/abaa.mx\/tienda\/reed-r5002-probador-de-aislamiento-de-alto-voltaje\/","title":{"rendered":"Reed r5002 probador de aislamiento de alto voltaje"},"content":{"rendered":"<p>Este probador de aislamiento de alto voltaje es capaz de probar voltajes de hasta 5000 V y mide la resistencia de aislamiento de hasta 60 G\u03a9. El R5002 realiza una prueba de aislamiento puntual aplicando un voltaje regulado y estabilizado para medir la cantidad de corriente que fluye y luego calcula la resistencia para evaluar la integridad del aislamiento.<\/p>\n<h5><strong>Funciones<\/strong><\/h5>\n<ul>\n<li>Voltajes de prueba de 500 V, 1000 V, 2500 V y 5000 V<\/li>\n<li>Mida la resistencia de aislamiento a 60G\u03a9<\/li>\n<li>Pantalla LCD retroiluminada con gr\u00e1fico de barras anal\u00f3gico<\/li>\n<li>Funci\u00f3n de temporizador para mediciones de resistencia de aislamiento (1 a 15 min)<\/li>\n<li>Voltaje AC\/DC de 0 a 600V con funciones Max\/Min, pico y relativas<\/li>\n<li>Medici\u00f3n del \u00edndice de polarizaci\u00f3n (PI)<\/li>\n<li>Mediciones de la relaci\u00f3n de absorci\u00f3n diel\u00e9ctrica (DAR)<\/li>\n<li>Funciones Max\/Min, Peak, Relative value y Data Hold<\/li>\n<li>Gato. Clasificaci\u00f3n de seguridad IV 600V<\/li>\n<li>Indicador de bater\u00eda baja y apagado autom\u00e1tico<\/li>\n<\/ul>\n<h4>Especificaciones de REED R5002<\/h4>\n<table class=\"table table-striped\">\n<tbody>\n<tr>\n<td colspan=\"2\"><strong>Voltaje de prueba<\/strong><\/td>\n<\/tr>\n<tr>\n<td>Gamas<\/td>\n<td>500 V, 1000 V, 2500 V, 5000 V<\/td>\n<\/tr>\n<tr>\n<td>Exactitud<\/td>\n<td>\u00b12,5% de la lectura<\/td>\n<\/tr>\n<tr>\n<td colspan=\"2\"><strong>Resistencia de aislamiento<\/strong><\/td>\n<\/tr>\n<tr>\n<td>Gamas<\/td>\n<td>De 0 a 6 M\u03a9, de 0 a 60 M\u03a9, de 0 a 600 M\u03a9, de 0 a 6 G\u03a9, de 0 a 60 G\u03a9<\/td>\n<\/tr>\n<tr>\n<td>Exactitud<\/td>\n<td>\u00b12,5% de la lectura<\/td>\n<\/tr>\n<tr>\n<td colspan=\"2\"><strong>Voltaje AC\/DC<\/strong><\/td>\n<\/tr>\n<tr>\n<td>Gama<\/td>\n<td>De 0 a 600 V<\/td>\n<\/tr>\n<tr>\n<td>Exactitud<\/td>\n<td>\u00b11% de lectura<\/td>\n<\/tr>\n<tr>\n<td colspan=\"2\"><strong>Resistencia<\/strong><\/td>\n<\/tr>\n<tr>\n<td>Gama<\/td>\n<td>De 0 a 600 \u03a9<\/td>\n<\/tr>\n<tr>\n<td>Exactitud<\/td>\n<td>\u00b11,5% de la lectura<\/td>\n<\/tr>\n<tr>\n<td colspan=\"2\"><strong>Especificaciones generales<\/strong><\/td>\n<\/tr>\n<tr>\n<td>Selecci\u00f3n de rango<\/td>\n<td>Manual \/ Rango autom\u00e1tico<\/td>\n<\/tr>\n<tr>\n<td>Monitor<\/td>\n<td>Pantalla LCD de 6000 cuentas con gr\u00e1fico de barras<\/td>\n<\/tr>\n<tr>\n<td>Funciones Max\/Min, Peak, Relative y Data Hold<\/td>\n<td>S\u00ed<\/td>\n<\/tr>\n<tr>\n<td>Frecuencia de muestreo<\/td>\n<td>2,5 veces\/seg.<\/td>\n<\/tr>\n<tr>\n<td>Pantalla retroiluminada<\/td>\n<td>S\u00ed<\/td>\n<\/tr>\n<tr>\n<td>Gr\u00e1fico de barras anal\u00f3gico<\/td>\n<td>S\u00ed<\/td>\n<\/tr>\n<tr>\n<td>Apagado autom\u00e1tico<\/td>\n<td>S\u00ed (despu\u00e9s de 20 minutos)<\/td>\n<\/tr>\n<tr>\n<td>Zumbador de continuidad<\/td>\n<td>S\u00ed (&lt; 35\u03a9)<\/td>\n<\/tr>\n<tr>\n<td>Fuente de alimentaci\u00f3n<\/td>\n<td>8 pilas C o adaptador de CA (incluido)<\/td>\n<\/tr>\n<tr>\n<td>Indicador de bater\u00eda baja<\/td>\n<td>S\u00ed<\/td>\n<\/tr>\n<tr>\n<td>Protecci\u00f3n de fusibles<\/td>\n<td>S\u00ed<\/td>\n<\/tr>\n<tr>\n<td>Categor\u00eda de sobretensi\u00f3n<\/td>\n<td>GATO. IV 600V<\/td>\n<\/tr>\n<tr>\n<td>Certificaciones de productos<\/td>\n<td>Despu\u00e9s de Cristo<\/td>\n<\/tr>\n<tr>\n<td>Temperatura de funcionamiento<\/td>\n<td>De 32 a 104 \u00b0C (de 0 a 40 \u00b0F)<\/td>\n<\/tr>\n<tr>\n<td>Temperatura de almacenamiento<\/td>\n<td>-4 a 140 \u00b0F (-20 a 60 \u00b0C)<\/td>\n<\/tr>\n<tr>\n<td>Dimensiones<\/td>\n<td>7,8 x 5,8 x 3,4&#8243; (198 x 148 x 86 mm)<\/td>\n<\/tr>\n<tr>\n<td>Peso<\/td>\n<td>3,1 kg (5 libras)<\/td>\n<\/tr>\n<\/tbody>\n<\/table>\n","protected":false},"excerpt":{"rendered":"<p class=\"short-description mhide ipad-view-setting\">Pruebe voltajes de hasta 5 kV y mida la resistencia de aislamiento de hasta 60 G\u03a9.<\/p>\n<p class=\"comment-tag-product\">\n<div class=\"row-fluid\">\n<div class=\"span12 mobile-pricing-box-padding\">\n<form id=\"12575\" accept-charset=\"utf-8\" action=\"https:\/\/www.globaltestsupply.com\/shop\/add\" method=\"post\" name=\"addTocartFunction\">\n<div><\/div>\n<\/form>\n<\/div>\n<\/div>\n","protected":false},"featured_media":7067,"comment_status":"open","ping_status":"closed","template":"","meta":{"_joinchat":[]},"product_brand":[],"product_cat":[15],"product_tag":[],"class_list":{"0":"post-7007","1":"product","2":"type-product","3":"status-publish","4":"has-post-thumbnail","6":"product_cat-sin-categorizar","8":"first","9":"instock","10":"shipping-taxable","11":"product-type-simple"},"yoast_head":"<!-- This site is optimized with the Yoast SEO plugin v26.4 - https:\/\/yoast.com\/wordpress\/plugins\/seo\/ -->\n<title>Reed r5002 probador de aislamiento de alto voltaje - Abaa tienda online<\/title>\n<meta name=\"robots\" content=\"index, follow, max-snippet:-1, max-image-preview:large, max-video-preview:-1\" \/>\n<link rel=\"canonical\" href=\"https:\/\/abaa.mx\/tienda\/reed-r5002-probador-de-aislamiento-de-alto-voltaje\/\" \/>\n<meta property=\"og:locale\" content=\"es_MX\" \/>\n<meta property=\"og:type\" content=\"article\" \/>\n<meta property=\"og:title\" content=\"Reed r5002 probador de aislamiento de alto voltaje - Abaa tienda online\" \/>\n<meta property=\"og:description\" content=\"Pruebe voltajes de hasta 5 kV y mida la resistencia de aislamiento de hasta 60 G\u03a9.\" \/>\n<meta property=\"og:url\" content=\"https:\/\/abaa.mx\/tienda\/reed-r5002-probador-de-aislamiento-de-alto-voltaje\/\" \/>\n<meta property=\"og:site_name\" content=\"Abaa tienda online\" \/>\n<meta property=\"article:modified_time\" content=\"2023-10-20T16:14:23+00:00\" \/>\n<meta property=\"og:image\" content=\"https:\/\/abaa.mx\/tienda\/wp-content\/uploads\/2023\/10\/R5002.jpg\" \/>\n\t<meta property=\"og:image:width\" content=\"500\" \/>\n\t<meta property=\"og:image:height\" content=\"500\" \/>\n\t<meta property=\"og:image:type\" content=\"image\/jpeg\" \/>\n<meta name=\"twitter:card\" content=\"summary_large_image\" \/>\n<meta name=\"twitter:label1\" content=\"Tiempo de lectura\" \/>\n\t<meta name=\"twitter:data1\" content=\"2 minutos\" \/>\n<script type=\"application\/ld+json\" class=\"yoast-schema-graph\">{\"@context\":\"https:\/\/schema.org\",\"@graph\":[{\"@type\":\"WebPage\",\"@id\":\"https:\/\/abaa.mx\/tienda\/reed-r5002-probador-de-aislamiento-de-alto-voltaje\/\",\"url\":\"https:\/\/abaa.mx\/tienda\/reed-r5002-probador-de-aislamiento-de-alto-voltaje\/\",\"name\":\"Reed r5002 probador de aislamiento de alto voltaje - Abaa tienda online\",\"isPartOf\":{\"@id\":\"https:\/\/abaa.mx\/tienda\/#website\"},\"primaryImageOfPage\":{\"@id\":\"https:\/\/abaa.mx\/tienda\/reed-r5002-probador-de-aislamiento-de-alto-voltaje\/#primaryimage\"},\"image\":{\"@id\":\"https:\/\/abaa.mx\/tienda\/reed-r5002-probador-de-aislamiento-de-alto-voltaje\/#primaryimage\"},\"thumbnailUrl\":\"https:\/\/abaa.mx\/tienda\/wp-content\/uploads\/2023\/10\/R5002.jpg\",\"datePublished\":\"2023-10-20T16:14:22+00:00\",\"dateModified\":\"2023-10-20T16:14:23+00:00\",\"breadcrumb\":{\"@id\":\"https:\/\/abaa.mx\/tienda\/reed-r5002-probador-de-aislamiento-de-alto-voltaje\/#breadcrumb\"},\"inLanguage\":\"es\",\"potentialAction\":[{\"@type\":\"ReadAction\",\"target\":[\"https:\/\/abaa.mx\/tienda\/reed-r5002-probador-de-aislamiento-de-alto-voltaje\/\"]}]},{\"@type\":\"ImageObject\",\"inLanguage\":\"es\",\"@id\":\"https:\/\/abaa.mx\/tienda\/reed-r5002-probador-de-aislamiento-de-alto-voltaje\/#primaryimage\",\"url\":\"https:\/\/abaa.mx\/tienda\/wp-content\/uploads\/2023\/10\/R5002.jpg\",\"contentUrl\":\"https:\/\/abaa.mx\/tienda\/wp-content\/uploads\/2023\/10\/R5002.jpg\",\"width\":500,\"height\":500,\"caption\":\"reed-r5002-probador-de-aislamiento-de-alto-voltaje\"},{\"@type\":\"BreadcrumbList\",\"@id\":\"https:\/\/abaa.mx\/tienda\/reed-r5002-probador-de-aislamiento-de-alto-voltaje\/#breadcrumb\",\"itemListElement\":[{\"@type\":\"ListItem\",\"position\":1,\"name\":\"Inicio\",\"item\":\"https:\/\/abaa.mx\/tienda\/\"},{\"@type\":\"ListItem\",\"position\":2,\"name\":\"Tienda\",\"item\":\"https:\/\/abaa.mx\/tienda\/\"},{\"@type\":\"ListItem\",\"position\":3,\"name\":\"Reed r5002 probador de aislamiento de alto voltaje\"}]},{\"@type\":\"WebSite\",\"@id\":\"https:\/\/abaa.mx\/tienda\/#website\",\"url\":\"https:\/\/abaa.mx\/tienda\/\",\"name\":\"Abaa tienda online\",\"description\":\"Instrumentos de medici\u00f3n\",\"publisher\":{\"@id\":\"https:\/\/abaa.mx\/tienda\/#organization\"},\"potentialAction\":[{\"@type\":\"SearchAction\",\"target\":{\"@type\":\"EntryPoint\",\"urlTemplate\":\"https:\/\/abaa.mx\/tienda\/?s={search_term_string}\"},\"query-input\":{\"@type\":\"PropertyValueSpecification\",\"valueRequired\":true,\"valueName\":\"search_term_string\"}}],\"inLanguage\":\"es\"},{\"@type\":\"Organization\",\"@id\":\"https:\/\/abaa.mx\/tienda\/#organization\",\"name\":\"Abaa tienda online\",\"url\":\"https:\/\/abaa.mx\/tienda\/\",\"logo\":{\"@type\":\"ImageObject\",\"inLanguage\":\"es\",\"@id\":\"https:\/\/abaa.mx\/tienda\/#\/schema\/logo\/image\/\",\"url\":\"https:\/\/abaa.mx\/tienda\/wp-content\/uploads\/2024\/01\/abaa-metrologia-tienda.png\",\"contentUrl\":\"https:\/\/abaa.mx\/tienda\/wp-content\/uploads\/2024\/01\/abaa-metrologia-tienda.png\",\"width\":300,\"height\":141,\"caption\":\"Abaa tienda online\"},\"image\":{\"@id\":\"https:\/\/abaa.mx\/tienda\/#\/schema\/logo\/image\/\"}}]}<\/script>\n<!-- \/ Yoast SEO plugin. -->","yoast_head_json":{"title":"Reed r5002 probador de aislamiento de alto voltaje - Abaa tienda online","robots":{"index":"index","follow":"follow","max-snippet":"max-snippet:-1","max-image-preview":"max-image-preview:large","max-video-preview":"max-video-preview:-1"},"canonical":"https:\/\/abaa.mx\/tienda\/reed-r5002-probador-de-aislamiento-de-alto-voltaje\/","og_locale":"es_MX","og_type":"article","og_title":"Reed r5002 probador de aislamiento de alto voltaje - Abaa tienda online","og_description":"Pruebe voltajes de hasta 5 kV y mida la resistencia de aislamiento de hasta 60 G\u03a9.","og_url":"https:\/\/abaa.mx\/tienda\/reed-r5002-probador-de-aislamiento-de-alto-voltaje\/","og_site_name":"Abaa tienda online","article_modified_time":"2023-10-20T16:14:23+00:00","og_image":[{"width":500,"height":500,"url":"https:\/\/abaa.mx\/tienda\/wp-content\/uploads\/2023\/10\/R5002.jpg","type":"image\/jpeg"}],"twitter_card":"summary_large_image","twitter_misc":{"Tiempo de lectura":"2 minutos"},"schema":{"@context":"https:\/\/schema.org","@graph":[{"@type":"WebPage","@id":"https:\/\/abaa.mx\/tienda\/reed-r5002-probador-de-aislamiento-de-alto-voltaje\/","url":"https:\/\/abaa.mx\/tienda\/reed-r5002-probador-de-aislamiento-de-alto-voltaje\/","name":"Reed r5002 probador de aislamiento de alto voltaje - Abaa tienda online","isPartOf":{"@id":"https:\/\/abaa.mx\/tienda\/#website"},"primaryImageOfPage":{"@id":"https:\/\/abaa.mx\/tienda\/reed-r5002-probador-de-aislamiento-de-alto-voltaje\/#primaryimage"},"image":{"@id":"https:\/\/abaa.mx\/tienda\/reed-r5002-probador-de-aislamiento-de-alto-voltaje\/#primaryimage"},"thumbnailUrl":"https:\/\/abaa.mx\/tienda\/wp-content\/uploads\/2023\/10\/R5002.jpg","datePublished":"2023-10-20T16:14:22+00:00","dateModified":"2023-10-20T16:14:23+00:00","breadcrumb":{"@id":"https:\/\/abaa.mx\/tienda\/reed-r5002-probador-de-aislamiento-de-alto-voltaje\/#breadcrumb"},"inLanguage":"es","potentialAction":[{"@type":"ReadAction","target":["https:\/\/abaa.mx\/tienda\/reed-r5002-probador-de-aislamiento-de-alto-voltaje\/"]}]},{"@type":"ImageObject","inLanguage":"es","@id":"https:\/\/abaa.mx\/tienda\/reed-r5002-probador-de-aislamiento-de-alto-voltaje\/#primaryimage","url":"https:\/\/abaa.mx\/tienda\/wp-content\/uploads\/2023\/10\/R5002.jpg","contentUrl":"https:\/\/abaa.mx\/tienda\/wp-content\/uploads\/2023\/10\/R5002.jpg","width":500,"height":500,"caption":"reed-r5002-probador-de-aislamiento-de-alto-voltaje"},{"@type":"BreadcrumbList","@id":"https:\/\/abaa.mx\/tienda\/reed-r5002-probador-de-aislamiento-de-alto-voltaje\/#breadcrumb","itemListElement":[{"@type":"ListItem","position":1,"name":"Inicio","item":"https:\/\/abaa.mx\/tienda\/"},{"@type":"ListItem","position":2,"name":"Tienda","item":"https:\/\/abaa.mx\/tienda\/"},{"@type":"ListItem","position":3,"name":"Reed r5002 probador de aislamiento de alto voltaje"}]},{"@type":"WebSite","@id":"https:\/\/abaa.mx\/tienda\/#website","url":"https:\/\/abaa.mx\/tienda\/","name":"Abaa tienda online","description":"Instrumentos de medici\u00f3n","publisher":{"@id":"https:\/\/abaa.mx\/tienda\/#organization"},"potentialAction":[{"@type":"SearchAction","target":{"@type":"EntryPoint","urlTemplate":"https:\/\/abaa.mx\/tienda\/?s={search_term_string}"},"query-input":{"@type":"PropertyValueSpecification","valueRequired":true,"valueName":"search_term_string"}}],"inLanguage":"es"},{"@type":"Organization","@id":"https:\/\/abaa.mx\/tienda\/#organization","name":"Abaa tienda online","url":"https:\/\/abaa.mx\/tienda\/","logo":{"@type":"ImageObject","inLanguage":"es","@id":"https:\/\/abaa.mx\/tienda\/#\/schema\/logo\/image\/","url":"https:\/\/abaa.mx\/tienda\/wp-content\/uploads\/2024\/01\/abaa-metrologia-tienda.png","contentUrl":"https:\/\/abaa.mx\/tienda\/wp-content\/uploads\/2024\/01\/abaa-metrologia-tienda.png","width":300,"height":141,"caption":"Abaa tienda online"},"image":{"@id":"https:\/\/abaa.mx\/tienda\/#\/schema\/logo\/image\/"}}]}},"_links":{"self":[{"href":"https:\/\/abaa.mx\/tienda\/wp-json\/wp\/v2\/product\/7007","targetHints":{"allow":["GET"]}}],"collection":[{"href":"https:\/\/abaa.mx\/tienda\/wp-json\/wp\/v2\/product"}],"about":[{"href":"https:\/\/abaa.mx\/tienda\/wp-json\/wp\/v2\/types\/product"}],"replies":[{"embeddable":true,"href":"https:\/\/abaa.mx\/tienda\/wp-json\/wp\/v2\/comments?post=7007"}],"wp:featuredmedia":[{"embeddable":true,"href":"https:\/\/abaa.mx\/tienda\/wp-json\/wp\/v2\/media\/7067"}],"wp:attachment":[{"href":"https:\/\/abaa.mx\/tienda\/wp-json\/wp\/v2\/media?parent=7007"}],"wp:term":[{"taxonomy":"product_brand","embeddable":true,"href":"https:\/\/abaa.mx\/tienda\/wp-json\/wp\/v2\/product_brand?post=7007"},{"taxonomy":"product_cat","embeddable":true,"href":"https:\/\/abaa.mx\/tienda\/wp-json\/wp\/v2\/product_cat?post=7007"},{"taxonomy":"product_tag","embeddable":true,"href":"https:\/\/abaa.mx\/tienda\/wp-json\/wp\/v2\/product_tag?post=7007"}],"curies":[{"name":"wp","href":"https:\/\/api.w.org\/{rel}","templated":true}]}}