{"id":6900,"date":"2023-10-19T19:46:38","date_gmt":"2023-10-19T19:46:38","guid":{"rendered":"https:\/\/abaa.mx\/tienda\/?post_type=product&#038;p=6900"},"modified":"2024-01-03T17:13:59","modified_gmt":"2024-01-03T17:13:59","slug":"manometro-digital-ametek-crystal-xp2i-con-dataloggerxp-de-0-a-15-psi","status":"publish","type":"product","link":"https:\/\/abaa.mx\/tienda\/manometro-digital-ametek-crystal-xp2i-con-dataloggerxp-de-0-a-15-psi\/","title":{"rendered":"Dm285 \u2014 multimetro industrial con imagen termica, registro de datos, conectividad inalambrica"},"content":{"rendered":"<p>Dm285 \u2014 multimetro industrial con imagen termica, registro de datos, conectividad inalambrica.<\/p>\n","protected":false},"excerpt":{"rendered":"<h3>Caracter\u00edsticas:<\/h3>\n<p>El FLIR DM285 es un mult\u00edmetro digital profesional True RMS y un term\u00f3grafo todo en uno. Gracias a la tecnolog\u00eda de medici\u00f3n guiada por infrarrojos (IGM) del term\u00f3grafo integrado de 160 \u00d7 120 de FLIR, el DM285 le gu\u00eda visualmente hasta la ubicaci\u00f3n exacta de un problema el\u00e9ctrico sin necesidad de contacto directo. Identificar\u00e1 los puntos calientes de forma m\u00e1s r\u00e1pida, segura y eficiente. El DM285 tambi\u00e9n ayuda a agilizar las inspecciones conect\u00e1ndose de forma inal\u00e1mbrica a la aplicaci\u00f3n FLIR Tools para cargar im\u00e1genes t\u00e9rmicas y datos de las mediciones.<\/p>\n","protected":false},"featured_media":9892,"comment_status":"open","ping_status":"closed","template":"","meta":{"_joinchat":[]},"product_brand":[],"product_cat":[15],"product_tag":[],"class_list":{"0":"post-6900","1":"product","2":"type-product","3":"status-publish","4":"has-post-thumbnail","6":"product_cat-sin-categorizar","8":"first","9":"instock","10":"shipping-taxable","11":"product-type-simple"},"yoast_head":"<!-- This site is optimized with the Yoast SEO plugin v26.4 - https:\/\/yoast.com\/wordpress\/plugins\/seo\/ -->\n<title>Dm285 \u2014 multimetro industrial con imagen termica, registro de datos, conectividad inalambrica - Abaa tienda online<\/title>\n<meta name=\"robots\" content=\"index, follow, max-snippet:-1, max-image-preview:large, max-video-preview:-1\" \/>\n<link rel=\"canonical\" href=\"https:\/\/abaa.mx\/tienda\/manometro-digital-ametek-crystal-xp2i-con-dataloggerxp-de-0-a-15-psi\/\" \/>\n<meta property=\"og:locale\" content=\"es_MX\" \/>\n<meta property=\"og:type\" content=\"article\" \/>\n<meta property=\"og:title\" content=\"Dm285 \u2014 multimetro industrial con imagen termica, registro de datos, conectividad inalambrica - Abaa tienda online\" \/>\n<meta property=\"og:description\" content=\"Caracter\u00edsticas: El FLIR DM285 es un mult\u00edmetro digital profesional True RMS y un term\u00f3grafo todo en uno. Gracias a la tecnolog\u00eda de medici\u00f3n guiada por infrarrojos (IGM) del term\u00f3grafo integrado de 160 \u00d7 120 de FLIR, el DM285 le gu\u00eda visualmente hasta la ubicaci\u00f3n exacta de un problema el\u00e9ctrico sin necesidad de contacto directo. Identificar\u00e1 los puntos calientes de forma m\u00e1s r\u00e1pida, segura y eficiente. El DM285 tambi\u00e9n ayuda a agilizar las inspecciones conect\u00e1ndose de forma inal\u00e1mbrica a la aplicaci\u00f3n FLIR Tools para cargar im\u00e1genes t\u00e9rmicas y datos de las mediciones.\" \/>\n<meta property=\"og:url\" content=\"https:\/\/abaa.mx\/tienda\/manometro-digital-ametek-crystal-xp2i-con-dataloggerxp-de-0-a-15-psi\/\" \/>\n<meta property=\"og:site_name\" content=\"Abaa tienda online\" \/>\n<meta property=\"article:modified_time\" content=\"2024-01-03T17:13:59+00:00\" \/>\n<meta property=\"og:image\" content=\"https:\/\/abaa.mx\/tienda\/wp-content\/uploads\/2023\/10\/EXTECH-DM285.jpg\" \/>\n\t<meta property=\"og:image:width\" content=\"422\" \/>\n\t<meta property=\"og:image:height\" content=\"577\" \/>\n\t<meta property=\"og:image:type\" content=\"image\/jpeg\" \/>\n<meta name=\"twitter:card\" content=\"summary_large_image\" \/>\n<meta name=\"twitter:label1\" content=\"Tiempo de lectura\" \/>\n\t<meta name=\"twitter:data1\" content=\"1 minuto\" \/>\n<script type=\"application\/ld+json\" class=\"yoast-schema-graph\">{\"@context\":\"https:\/\/schema.org\",\"@graph\":[{\"@type\":\"WebPage\",\"@id\":\"https:\/\/abaa.mx\/tienda\/manometro-digital-ametek-crystal-xp2i-con-dataloggerxp-de-0-a-15-psi\/\",\"url\":\"https:\/\/abaa.mx\/tienda\/manometro-digital-ametek-crystal-xp2i-con-dataloggerxp-de-0-a-15-psi\/\",\"name\":\"Dm285 \u2014 multimetro industrial con imagen termica, registro de datos, conectividad inalambrica - Abaa tienda online\",\"isPartOf\":{\"@id\":\"https:\/\/abaa.mx\/tienda\/#website\"},\"primaryImageOfPage\":{\"@id\":\"https:\/\/abaa.mx\/tienda\/manometro-digital-ametek-crystal-xp2i-con-dataloggerxp-de-0-a-15-psi\/#primaryimage\"},\"image\":{\"@id\":\"https:\/\/abaa.mx\/tienda\/manometro-digital-ametek-crystal-xp2i-con-dataloggerxp-de-0-a-15-psi\/#primaryimage\"},\"thumbnailUrl\":\"https:\/\/abaa.mx\/tienda\/wp-content\/uploads\/2023\/10\/EXTECH-DM285.jpg\",\"datePublished\":\"2023-10-19T19:46:38+00:00\",\"dateModified\":\"2024-01-03T17:13:59+00:00\",\"breadcrumb\":{\"@id\":\"https:\/\/abaa.mx\/tienda\/manometro-digital-ametek-crystal-xp2i-con-dataloggerxp-de-0-a-15-psi\/#breadcrumb\"},\"inLanguage\":\"es\",\"potentialAction\":[{\"@type\":\"ReadAction\",\"target\":[\"https:\/\/abaa.mx\/tienda\/manometro-digital-ametek-crystal-xp2i-con-dataloggerxp-de-0-a-15-psi\/\"]}]},{\"@type\":\"ImageObject\",\"inLanguage\":\"es\",\"@id\":\"https:\/\/abaa.mx\/tienda\/manometro-digital-ametek-crystal-xp2i-con-dataloggerxp-de-0-a-15-psi\/#primaryimage\",\"url\":\"https:\/\/abaa.mx\/tienda\/wp-content\/uploads\/2023\/10\/EXTECH-DM285.jpg\",\"contentUrl\":\"https:\/\/abaa.mx\/tienda\/wp-content\/uploads\/2023\/10\/EXTECH-DM285.jpg\",\"width\":422,\"height\":577,\"caption\":\"EXTECH-DM285\"},{\"@type\":\"BreadcrumbList\",\"@id\":\"https:\/\/abaa.mx\/tienda\/manometro-digital-ametek-crystal-xp2i-con-dataloggerxp-de-0-a-15-psi\/#breadcrumb\",\"itemListElement\":[{\"@type\":\"ListItem\",\"position\":1,\"name\":\"Inicio\",\"item\":\"https:\/\/abaa.mx\/tienda\/\"},{\"@type\":\"ListItem\",\"position\":2,\"name\":\"Tienda\",\"item\":\"https:\/\/abaa.mx\/tienda\/\"},{\"@type\":\"ListItem\",\"position\":3,\"name\":\"Dm285 \u2014 multimetro industrial con imagen termica, registro de datos, conectividad inalambrica\"}]},{\"@type\":\"WebSite\",\"@id\":\"https:\/\/abaa.mx\/tienda\/#website\",\"url\":\"https:\/\/abaa.mx\/tienda\/\",\"name\":\"Abaa tienda online\",\"description\":\"Instrumentos de medici\u00f3n\",\"publisher\":{\"@id\":\"https:\/\/abaa.mx\/tienda\/#organization\"},\"potentialAction\":[{\"@type\":\"SearchAction\",\"target\":{\"@type\":\"EntryPoint\",\"urlTemplate\":\"https:\/\/abaa.mx\/tienda\/?s={search_term_string}\"},\"query-input\":{\"@type\":\"PropertyValueSpecification\",\"valueRequired\":true,\"valueName\":\"search_term_string\"}}],\"inLanguage\":\"es\"},{\"@type\":\"Organization\",\"@id\":\"https:\/\/abaa.mx\/tienda\/#organization\",\"name\":\"Abaa tienda online\",\"url\":\"https:\/\/abaa.mx\/tienda\/\",\"logo\":{\"@type\":\"ImageObject\",\"inLanguage\":\"es\",\"@id\":\"https:\/\/abaa.mx\/tienda\/#\/schema\/logo\/image\/\",\"url\":\"https:\/\/abaa.mx\/tienda\/wp-content\/uploads\/2024\/01\/abaa-metrologia-tienda.png\",\"contentUrl\":\"https:\/\/abaa.mx\/tienda\/wp-content\/uploads\/2024\/01\/abaa-metrologia-tienda.png\",\"width\":300,\"height\":141,\"caption\":\"Abaa tienda online\"},\"image\":{\"@id\":\"https:\/\/abaa.mx\/tienda\/#\/schema\/logo\/image\/\"}}]}<\/script>\n<!-- \/ Yoast SEO plugin. -->","yoast_head_json":{"title":"Dm285 \u2014 multimetro industrial con imagen termica, registro de datos, conectividad inalambrica - Abaa tienda online","robots":{"index":"index","follow":"follow","max-snippet":"max-snippet:-1","max-image-preview":"max-image-preview:large","max-video-preview":"max-video-preview:-1"},"canonical":"https:\/\/abaa.mx\/tienda\/manometro-digital-ametek-crystal-xp2i-con-dataloggerxp-de-0-a-15-psi\/","og_locale":"es_MX","og_type":"article","og_title":"Dm285 \u2014 multimetro industrial con imagen termica, registro de datos, conectividad inalambrica - Abaa tienda online","og_description":"Caracter\u00edsticas: El FLIR DM285 es un mult\u00edmetro digital profesional True RMS y un term\u00f3grafo todo en uno. Gracias a la tecnolog\u00eda de medici\u00f3n guiada por infrarrojos (IGM) del term\u00f3grafo integrado de 160 \u00d7 120 de FLIR, el DM285 le gu\u00eda visualmente hasta la ubicaci\u00f3n exacta de un problema el\u00e9ctrico sin necesidad de contacto directo. Identificar\u00e1 los puntos calientes de forma m\u00e1s r\u00e1pida, segura y eficiente. El DM285 tambi\u00e9n ayuda a agilizar las inspecciones conect\u00e1ndose de forma inal\u00e1mbrica a la aplicaci\u00f3n FLIR Tools para cargar im\u00e1genes t\u00e9rmicas y datos de las mediciones.","og_url":"https:\/\/abaa.mx\/tienda\/manometro-digital-ametek-crystal-xp2i-con-dataloggerxp-de-0-a-15-psi\/","og_site_name":"Abaa tienda online","article_modified_time":"2024-01-03T17:13:59+00:00","og_image":[{"width":422,"height":577,"url":"https:\/\/abaa.mx\/tienda\/wp-content\/uploads\/2023\/10\/EXTECH-DM285.jpg","type":"image\/jpeg"}],"twitter_card":"summary_large_image","twitter_misc":{"Tiempo de lectura":"1 minuto"},"schema":{"@context":"https:\/\/schema.org","@graph":[{"@type":"WebPage","@id":"https:\/\/abaa.mx\/tienda\/manometro-digital-ametek-crystal-xp2i-con-dataloggerxp-de-0-a-15-psi\/","url":"https:\/\/abaa.mx\/tienda\/manometro-digital-ametek-crystal-xp2i-con-dataloggerxp-de-0-a-15-psi\/","name":"Dm285 \u2014 multimetro industrial con imagen termica, registro de datos, conectividad inalambrica - Abaa tienda online","isPartOf":{"@id":"https:\/\/abaa.mx\/tienda\/#website"},"primaryImageOfPage":{"@id":"https:\/\/abaa.mx\/tienda\/manometro-digital-ametek-crystal-xp2i-con-dataloggerxp-de-0-a-15-psi\/#primaryimage"},"image":{"@id":"https:\/\/abaa.mx\/tienda\/manometro-digital-ametek-crystal-xp2i-con-dataloggerxp-de-0-a-15-psi\/#primaryimage"},"thumbnailUrl":"https:\/\/abaa.mx\/tienda\/wp-content\/uploads\/2023\/10\/EXTECH-DM285.jpg","datePublished":"2023-10-19T19:46:38+00:00","dateModified":"2024-01-03T17:13:59+00:00","breadcrumb":{"@id":"https:\/\/abaa.mx\/tienda\/manometro-digital-ametek-crystal-xp2i-con-dataloggerxp-de-0-a-15-psi\/#breadcrumb"},"inLanguage":"es","potentialAction":[{"@type":"ReadAction","target":["https:\/\/abaa.mx\/tienda\/manometro-digital-ametek-crystal-xp2i-con-dataloggerxp-de-0-a-15-psi\/"]}]},{"@type":"ImageObject","inLanguage":"es","@id":"https:\/\/abaa.mx\/tienda\/manometro-digital-ametek-crystal-xp2i-con-dataloggerxp-de-0-a-15-psi\/#primaryimage","url":"https:\/\/abaa.mx\/tienda\/wp-content\/uploads\/2023\/10\/EXTECH-DM285.jpg","contentUrl":"https:\/\/abaa.mx\/tienda\/wp-content\/uploads\/2023\/10\/EXTECH-DM285.jpg","width":422,"height":577,"caption":"EXTECH-DM285"},{"@type":"BreadcrumbList","@id":"https:\/\/abaa.mx\/tienda\/manometro-digital-ametek-crystal-xp2i-con-dataloggerxp-de-0-a-15-psi\/#breadcrumb","itemListElement":[{"@type":"ListItem","position":1,"name":"Inicio","item":"https:\/\/abaa.mx\/tienda\/"},{"@type":"ListItem","position":2,"name":"Tienda","item":"https:\/\/abaa.mx\/tienda\/"},{"@type":"ListItem","position":3,"name":"Dm285 \u2014 multimetro industrial con imagen termica, registro de datos, conectividad inalambrica"}]},{"@type":"WebSite","@id":"https:\/\/abaa.mx\/tienda\/#website","url":"https:\/\/abaa.mx\/tienda\/","name":"Abaa tienda online","description":"Instrumentos de medici\u00f3n","publisher":{"@id":"https:\/\/abaa.mx\/tienda\/#organization"},"potentialAction":[{"@type":"SearchAction","target":{"@type":"EntryPoint","urlTemplate":"https:\/\/abaa.mx\/tienda\/?s={search_term_string}"},"query-input":{"@type":"PropertyValueSpecification","valueRequired":true,"valueName":"search_term_string"}}],"inLanguage":"es"},{"@type":"Organization","@id":"https:\/\/abaa.mx\/tienda\/#organization","name":"Abaa tienda online","url":"https:\/\/abaa.mx\/tienda\/","logo":{"@type":"ImageObject","inLanguage":"es","@id":"https:\/\/abaa.mx\/tienda\/#\/schema\/logo\/image\/","url":"https:\/\/abaa.mx\/tienda\/wp-content\/uploads\/2024\/01\/abaa-metrologia-tienda.png","contentUrl":"https:\/\/abaa.mx\/tienda\/wp-content\/uploads\/2024\/01\/abaa-metrologia-tienda.png","width":300,"height":141,"caption":"Abaa tienda online"},"image":{"@id":"https:\/\/abaa.mx\/tienda\/#\/schema\/logo\/image\/"}}]}},"_links":{"self":[{"href":"https:\/\/abaa.mx\/tienda\/wp-json\/wp\/v2\/product\/6900","targetHints":{"allow":["GET"]}}],"collection":[{"href":"https:\/\/abaa.mx\/tienda\/wp-json\/wp\/v2\/product"}],"about":[{"href":"https:\/\/abaa.mx\/tienda\/wp-json\/wp\/v2\/types\/product"}],"replies":[{"embeddable":true,"href":"https:\/\/abaa.mx\/tienda\/wp-json\/wp\/v2\/comments?post=6900"}],"wp:featuredmedia":[{"embeddable":true,"href":"https:\/\/abaa.mx\/tienda\/wp-json\/wp\/v2\/media\/9892"}],"wp:attachment":[{"href":"https:\/\/abaa.mx\/tienda\/wp-json\/wp\/v2\/media?parent=6900"}],"wp:term":[{"taxonomy":"product_brand","embeddable":true,"href":"https:\/\/abaa.mx\/tienda\/wp-json\/wp\/v2\/product_brand?post=6900"},{"taxonomy":"product_cat","embeddable":true,"href":"https:\/\/abaa.mx\/tienda\/wp-json\/wp\/v2\/product_cat?post=6900"},{"taxonomy":"product_tag","embeddable":true,"href":"https:\/\/abaa.mx\/tienda\/wp-json\/wp\/v2\/product_tag?post=6900"}],"curies":[{"name":"wp","href":"https:\/\/api.w.org\/{rel}","templated":true}]}}