{"id":6800,"date":"2023-10-19T15:49:03","date_gmt":"2023-10-19T15:49:03","guid":{"rendered":"https:\/\/abaa.mx\/tienda\/?post_type=product&#038;p=6800"},"modified":"2023-10-19T15:49:04","modified_gmt":"2023-10-19T15:49:04","slug":"kit-localizador-de-cables-megger-mct105-de-12-a-400-v-de-0-a-60-hz","status":"publish","type":"product","link":"https:\/\/abaa.mx\/tienda\/kit-localizador-de-cables-megger-mct105-de-12-a-400-v-de-0-a-60-hz\/","title":{"rendered":"kit localizador de cables megger mct105, de 12 a 400 v, de 0 a 60 hz"},"content":{"rendered":"<p>Localice e identifique fusibles o disyuntores en circuitos el\u00e9ctricos con este kit de localizaci\u00f3n de cables que encuentra roturas o cortocircuitos en cables y sistemas el\u00e9ctricos de calefacci\u00f3n por suelo radiante. Detecte cables enterrados hasta una profundidad de 2,5 m (8,2 pies) con el receptor que ofrece un ajuste autom\u00e1tico o manual de la sensibilidad de la se\u00f1al para aumentar la precisi\u00f3n. Adem\u00e1s, el transmisor genera una se\u00f1al en cables y conductores muertos o aislados, y este kit le permite rastrear tuber\u00edas met\u00e1licas de agua y calefacci\u00f3n.<\/p>\n<p><strong>Funciones<\/strong><\/p>\n<ul>\n<li>Trazar cables y conductores en paredes<\/li>\n<li>Funciona tanto en cables o conductores vivos como muertos<\/li>\n<li>Localice roturas de conductores y cortocircuitos<\/li>\n<li>Identificar fusibles y disyuntores<\/li>\n<li>Conductores de trazas enterrados en el suelo<\/li>\n<li>Trazas met\u00e1licas de tuber\u00edas de agua y calefacci\u00f3n<\/li>\n<li>Indicaci\u00f3n visual y sonora de la intensidad de la se\u00f1al<\/li>\n<li>Detector de voltaje sin contacto (receptor)<\/li>\n<li>Ajuste autom\u00e1tico o manual de la sensibilidad<\/li>\n<li>Antorcha incorporada (receptor)<\/li>\n<li>Identificar interrupciones de cables y conductores (circuitos abiertos) o fallas de cortocircuito<\/li>\n<li>Trazado de cables y conductores en el suelo<\/li>\n<li>Identifique fusibles y disyuntores dentro de los tableros de distribuci\u00f3n<\/li>\n<li>Detecci\u00f3n de interrupciones y cortocircuitos en la calefacci\u00f3n por suelo radiante<\/li>\n<li>Rastreo de tuber\u00edas met\u00e1licas de agua y calefacci\u00f3n<\/li>\n<li>La pantalla del transmisor indica el nivel de la se\u00f1al, el c\u00f3digo de transmisi\u00f3n, as\u00ed como cualquier voltaje detectado en los terminales de salida<\/li>\n<li>La pantalla del receptor indica la intensidad de la se\u00f1al, el c\u00f3digo de transmisi\u00f3n, as\u00ed como la presencia de tensi\u00f3n de red<\/li>\n<li>Ajuste autom\u00e1tico y manual de la sensibilidad<\/li>\n<li>Nivel de se\u00f1al audible de tono variable en el receptor (puede estar apagado)<\/li>\n<li>Funci\u00f3n de apagado autom\u00e1tico<\/li>\n<li>Retroiluminaci\u00f3n en las pantallas del transmisor y del receptor<\/li>\n<li>Funci\u00f3n de la linterna cuando se trabaja en condiciones de poca luz<\/li>\n<\/ul>\n<p><strong>Aplicaciones<\/strong><\/p>\n<ul>\n<li>Detecta y rastrea cables o conductores met\u00e1licos en paredes o enterrados bajo tierra, localiza e identifica fusibles o disyuntores en circuitos el\u00e9ctricos, as\u00ed como encuentra roturas o cortocircuitos en cables y sistemas el\u00e9ctricos de calefacci\u00f3n por suelo radiante<\/li>\n<li>Rastree y ayude a la localizaci\u00f3n de fallas en cables, circuitos o conductores met\u00e1licos, como tuber\u00edas<\/li>\n<\/ul>\n<h4>Especificaciones del Megger MCT105<\/h4>\n<table class=\"table table-striped\">\n<tbody>\n<tr>\n<td colspan=\"2\"><strong>Transmisor<\/strong><\/td>\n<\/tr>\n<tr>\n<td>Se\u00f1al de salida<\/td>\n<td>125 kHz<\/td>\n<\/tr>\n<tr>\n<td>Gamas<\/td>\n<td>Tensi\u00f3n: 13 a 400 V<br \/>\nFrecuencia: 0 a 60 Hz<\/td>\n<\/tr>\n<tr>\n<td>Monitor<\/td>\n<td>Pantalla LCD<\/td>\n<\/tr>\n<tr>\n<td>Detecci\u00f3n de voltaje externo<\/td>\n<td>400 V AC\/DC (m\u00e1ximo)<\/td>\n<\/tr>\n<tr>\n<td>Categor\u00eda de sobretensi\u00f3n<\/td>\n<td>CAT Ill 300 V<\/td>\n<\/tr>\n<tr>\n<td>Fusible<\/td>\n<td>F0,5 A 500 V, 6,3 x 32 mm<\/td>\n<\/tr>\n<tr>\n<td>Consumo<\/td>\n<td>M\u00e1ximo 18 mA<\/td>\n<\/tr>\n<tr>\n<td>Altitud<\/td>\n<td>Hasta 6561.68&#8242; (2000 m)<\/td>\n<\/tr>\n<tr>\n<td>Temperatura<\/td>\n<td>En funcionamiento: de 32 a 104 \u00b0F (de 0 a 40 \u00b0C), humedad relativa m\u00e1xima del 80 % (sin condensaci\u00f3n)Almacenamiento: de -20 a 60 \u00b0C (de -4 a 140 \u00b0F), humedad relativa m\u00e1xima del 80 % (sin condensaci\u00f3n)<\/td>\n<\/tr>\n<tr>\n<td>Fuente de alimentaci\u00f3n<\/td>\n<td>Una bater\u00eda de 9 V, NEDA 1604, IE6F22. Poder<\/td>\n<\/tr>\n<tr>\n<td>Apagado autom\u00e1tico<\/td>\n<td>Aproximadamente 1 hora (despu\u00e9s de la \u00faltima operaci\u00f3n)<\/td>\n<\/tr>\n<tr>\n<td>Grado de contaminaci\u00f3n<\/td>\n<td>2<\/td>\n<\/tr>\n<tr>\n<td>Norma de seguridad<\/td>\n<td>IEC EN61010-1 CAT III 300 V<\/td>\n<\/tr>\n<tr>\n<td>Dimensiones<\/td>\n<td>130 x 69 x 32 mm (5,12 x 2,72 x 1,26&#8243;)<\/td>\n<\/tr>\n<tr>\n<td>Peso<\/td>\n<td>Aproximadamente 0,29 libras (130 g)<\/td>\n<\/tr>\n<tr>\n<td colspan=\"2\"><strong>Receptor<\/strong><\/td>\n<\/tr>\n<tr>\n<td>Profundidad de rastreo<\/td>\n<td>La profundidad de trazado depende del medio y de la aplicaci\u00f3n<\/td>\n<\/tr>\n<tr>\n<td>Modo localizador de cables<\/td>\n<td>Aproximadamente de 0 a 2 m (aplicaci\u00f3n unipolar)Aproximadamente de 0 a 0,5 m (aplicaci\u00f3n bipolar)<\/td>\n<\/tr>\n<tr>\n<td>Detecci\u00f3n de voltaje<\/td>\n<td>Aproximadamente de 0 a 0,4 m<\/td>\n<\/tr>\n<tr>\n<td>Monitor<\/td>\n<td>Pantalla LCD con funciones y gr\u00e1fico de barras<\/td>\n<\/tr>\n<tr>\n<td>Consumo<\/td>\n<td>Aproximadamente 23 mA (sin luz de fondo ni l\u00e1mpara)Aproximadamente 35 mA (con luz de fondo)M\u00e1ximo 40 mA (luz de fondo y l\u00e1mpara)<\/td>\n<\/tr>\n<tr>\n<td>Altitud<\/td>\n<td>Hasta 6561.68&#8242; (2000 m)<\/td>\n<\/tr>\n<tr>\n<td>Temperatura<\/td>\n<td>En funcionamiento: de 32 a 104 \u00b0F (de 0 a 40 \u00b0C), humedad relativa m\u00e1xima del 80 % (sin condensaci\u00f3n)Almacenamiento: de 20 a 60 \u00b0C (de 68 a 140 \u00b0F), humedad relativa m\u00e1xima del 80 % (sin condensaci\u00f3n)<\/td>\n<\/tr>\n<tr>\n<td>Fuente de alimentaci\u00f3n<\/td>\n<td>Una bater\u00eda de 9 V, NEDA 1604, IE6F22. Poder<\/td>\n<\/tr>\n<tr>\n<td>Apagado autom\u00e1tico<\/td>\n<td>Aproximadamente 5 minutos (sin ninguna operaci\u00f3n)<\/td>\n<\/tr>\n<tr>\n<td>Norma de seguridad<\/td>\n<td>IEC EN61010-1 CAT III 300 V<\/td>\n<\/tr>\n<tr>\n<td>Dimensiones<\/td>\n<td>7,56 x 2,4 x 1,46&#8243; (192 x 61 x 37 mm)<\/td>\n<\/tr>\n<tr>\n<td>Peso<\/td>\n<td>Aproximadamente 0.4 libras (180 g)<\/td>\n<\/tr>\n<\/tbody>\n<\/table>\n","protected":false},"excerpt":{"rendered":"<p class=\"short-description mhide ipad-view-setting\">Detecte y rastree cables o conductores met\u00e1licos en paredes o enterrados bajo tierra con este kit de localizaci\u00f3n de cables que puede rastrear y ayudar a localizar fallas en cables, circuitos o conductores met\u00e1licos como tuber\u00edas. Adem\u00e1s, este kit viene con un transmisor, un receptor, cables de prueba, pinzas de cocodrilo, sondas de prueba y un estuche de transporte.<\/p>\n<p class=\"comment-tag-product\">\n<div class=\"row-fluid\">\n<div class=\"span12 mobile-pricing-box-padding\">\n<form id=\"518189037\" accept-charset=\"utf-8\" action=\"https:\/\/www.globaltestsupply.com\/shop\/add\" method=\"post\" name=\"addTocartFunction\">\n<div><\/div>\n<\/form>\n<\/div>\n<\/div>\n","protected":false},"featured_media":6807,"comment_status":"open","ping_status":"closed","template":"","meta":{"_joinchat":[]},"product_brand":[],"product_cat":[15],"product_tag":[],"class_list":{"0":"post-6800","1":"product","2":"type-product","3":"status-publish","4":"has-post-thumbnail","6":"product_cat-sin-categorizar","8":"first","9":"instock","10":"shipping-taxable","11":"product-type-simple"},"yoast_head":"<!-- This site is optimized with the Yoast SEO plugin v26.4 - https:\/\/yoast.com\/wordpress\/plugins\/seo\/ -->\n<title>kit localizador de cables megger mct105, de 12 a 400 v, de 0 a 60 hz - Abaa tienda online<\/title>\n<meta name=\"robots\" content=\"index, follow, max-snippet:-1, max-image-preview:large, max-video-preview:-1\" \/>\n<link rel=\"canonical\" href=\"https:\/\/abaa.mx\/tienda\/kit-localizador-de-cables-megger-mct105-de-12-a-400-v-de-0-a-60-hz\/\" \/>\n<meta property=\"og:locale\" content=\"es_MX\" \/>\n<meta property=\"og:type\" content=\"article\" \/>\n<meta property=\"og:title\" content=\"kit localizador de cables megger mct105, de 12 a 400 v, de 0 a 60 hz - Abaa tienda online\" \/>\n<meta property=\"og:description\" content=\"Detecte y rastree cables o conductores met\u00e1licos en paredes o enterrados bajo tierra con este kit de localizaci\u00f3n de cables que puede rastrear y ayudar a localizar fallas en cables, circuitos o conductores met\u00e1licos como tuber\u00edas. Adem\u00e1s, este kit viene con un transmisor, un receptor, cables de prueba, pinzas de cocodrilo, sondas de prueba y un estuche de transporte.\" \/>\n<meta property=\"og:url\" content=\"https:\/\/abaa.mx\/tienda\/kit-localizador-de-cables-megger-mct105-de-12-a-400-v-de-0-a-60-hz\/\" \/>\n<meta property=\"og:site_name\" content=\"Abaa tienda online\" \/>\n<meta property=\"article:modified_time\" content=\"2023-10-19T15:49:04+00:00\" \/>\n<meta property=\"og:image\" content=\"https:\/\/abaa.mx\/tienda\/wp-content\/uploads\/2023\/10\/MCT105.jpeg\" \/>\n\t<meta property=\"og:image:width\" content=\"270\" \/>\n\t<meta property=\"og:image:height\" content=\"340\" \/>\n\t<meta property=\"og:image:type\" content=\"image\/jpeg\" \/>\n<meta name=\"twitter:card\" content=\"summary_large_image\" \/>\n<meta name=\"twitter:label1\" content=\"Tiempo de lectura\" \/>\n\t<meta name=\"twitter:data1\" content=\"4 minutos\" \/>\n<script type=\"application\/ld+json\" class=\"yoast-schema-graph\">{\"@context\":\"https:\/\/schema.org\",\"@graph\":[{\"@type\":\"WebPage\",\"@id\":\"https:\/\/abaa.mx\/tienda\/kit-localizador-de-cables-megger-mct105-de-12-a-400-v-de-0-a-60-hz\/\",\"url\":\"https:\/\/abaa.mx\/tienda\/kit-localizador-de-cables-megger-mct105-de-12-a-400-v-de-0-a-60-hz\/\",\"name\":\"kit localizador de cables megger mct105, de 12 a 400 v, de 0 a 60 hz - Abaa tienda online\",\"isPartOf\":{\"@id\":\"https:\/\/abaa.mx\/tienda\/#website\"},\"primaryImageOfPage\":{\"@id\":\"https:\/\/abaa.mx\/tienda\/kit-localizador-de-cables-megger-mct105-de-12-a-400-v-de-0-a-60-hz\/#primaryimage\"},\"image\":{\"@id\":\"https:\/\/abaa.mx\/tienda\/kit-localizador-de-cables-megger-mct105-de-12-a-400-v-de-0-a-60-hz\/#primaryimage\"},\"thumbnailUrl\":\"https:\/\/abaa.mx\/tienda\/wp-content\/uploads\/2023\/10\/MCT105.jpeg\",\"datePublished\":\"2023-10-19T15:49:03+00:00\",\"dateModified\":\"2023-10-19T15:49:04+00:00\",\"breadcrumb\":{\"@id\":\"https:\/\/abaa.mx\/tienda\/kit-localizador-de-cables-megger-mct105-de-12-a-400-v-de-0-a-60-hz\/#breadcrumb\"},\"inLanguage\":\"es\",\"potentialAction\":[{\"@type\":\"ReadAction\",\"target\":[\"https:\/\/abaa.mx\/tienda\/kit-localizador-de-cables-megger-mct105-de-12-a-400-v-de-0-a-60-hz\/\"]}]},{\"@type\":\"ImageObject\",\"inLanguage\":\"es\",\"@id\":\"https:\/\/abaa.mx\/tienda\/kit-localizador-de-cables-megger-mct105-de-12-a-400-v-de-0-a-60-hz\/#primaryimage\",\"url\":\"https:\/\/abaa.mx\/tienda\/wp-content\/uploads\/2023\/10\/MCT105.jpeg\",\"contentUrl\":\"https:\/\/abaa.mx\/tienda\/wp-content\/uploads\/2023\/10\/MCT105.jpeg\",\"width\":270,\"height\":340,\"caption\":\"MCT105\"},{\"@type\":\"BreadcrumbList\",\"@id\":\"https:\/\/abaa.mx\/tienda\/kit-localizador-de-cables-megger-mct105-de-12-a-400-v-de-0-a-60-hz\/#breadcrumb\",\"itemListElement\":[{\"@type\":\"ListItem\",\"position\":1,\"name\":\"Inicio\",\"item\":\"https:\/\/abaa.mx\/tienda\/\"},{\"@type\":\"ListItem\",\"position\":2,\"name\":\"Tienda\",\"item\":\"https:\/\/abaa.mx\/tienda\/\"},{\"@type\":\"ListItem\",\"position\":3,\"name\":\"kit localizador de cables megger mct105, de 12 a 400 v, de 0 a 60 hz\"}]},{\"@type\":\"WebSite\",\"@id\":\"https:\/\/abaa.mx\/tienda\/#website\",\"url\":\"https:\/\/abaa.mx\/tienda\/\",\"name\":\"Abaa tienda online\",\"description\":\"Instrumentos de medici\u00f3n\",\"publisher\":{\"@id\":\"https:\/\/abaa.mx\/tienda\/#organization\"},\"potentialAction\":[{\"@type\":\"SearchAction\",\"target\":{\"@type\":\"EntryPoint\",\"urlTemplate\":\"https:\/\/abaa.mx\/tienda\/?s={search_term_string}\"},\"query-input\":{\"@type\":\"PropertyValueSpecification\",\"valueRequired\":true,\"valueName\":\"search_term_string\"}}],\"inLanguage\":\"es\"},{\"@type\":\"Organization\",\"@id\":\"https:\/\/abaa.mx\/tienda\/#organization\",\"name\":\"Abaa tienda online\",\"url\":\"https:\/\/abaa.mx\/tienda\/\",\"logo\":{\"@type\":\"ImageObject\",\"inLanguage\":\"es\",\"@id\":\"https:\/\/abaa.mx\/tienda\/#\/schema\/logo\/image\/\",\"url\":\"https:\/\/abaa.mx\/tienda\/wp-content\/uploads\/2024\/01\/abaa-metrologia-tienda.png\",\"contentUrl\":\"https:\/\/abaa.mx\/tienda\/wp-content\/uploads\/2024\/01\/abaa-metrologia-tienda.png\",\"width\":300,\"height\":141,\"caption\":\"Abaa tienda online\"},\"image\":{\"@id\":\"https:\/\/abaa.mx\/tienda\/#\/schema\/logo\/image\/\"}}]}<\/script>\n<!-- \/ Yoast SEO plugin. -->","yoast_head_json":{"title":"kit localizador de cables megger mct105, de 12 a 400 v, de 0 a 60 hz - Abaa tienda online","robots":{"index":"index","follow":"follow","max-snippet":"max-snippet:-1","max-image-preview":"max-image-preview:large","max-video-preview":"max-video-preview:-1"},"canonical":"https:\/\/abaa.mx\/tienda\/kit-localizador-de-cables-megger-mct105-de-12-a-400-v-de-0-a-60-hz\/","og_locale":"es_MX","og_type":"article","og_title":"kit localizador de cables megger mct105, de 12 a 400 v, de 0 a 60 hz - Abaa tienda online","og_description":"Detecte y rastree cables o conductores met\u00e1licos en paredes o enterrados bajo tierra con este kit de localizaci\u00f3n de cables que puede rastrear y ayudar a localizar fallas en cables, circuitos o conductores met\u00e1licos como tuber\u00edas. Adem\u00e1s, este kit viene con un transmisor, un receptor, cables de prueba, pinzas de cocodrilo, sondas de prueba y un estuche de transporte.","og_url":"https:\/\/abaa.mx\/tienda\/kit-localizador-de-cables-megger-mct105-de-12-a-400-v-de-0-a-60-hz\/","og_site_name":"Abaa tienda online","article_modified_time":"2023-10-19T15:49:04+00:00","og_image":[{"width":270,"height":340,"url":"https:\/\/abaa.mx\/tienda\/wp-content\/uploads\/2023\/10\/MCT105.jpeg","type":"image\/jpeg"}],"twitter_card":"summary_large_image","twitter_misc":{"Tiempo de lectura":"4 minutos"},"schema":{"@context":"https:\/\/schema.org","@graph":[{"@type":"WebPage","@id":"https:\/\/abaa.mx\/tienda\/kit-localizador-de-cables-megger-mct105-de-12-a-400-v-de-0-a-60-hz\/","url":"https:\/\/abaa.mx\/tienda\/kit-localizador-de-cables-megger-mct105-de-12-a-400-v-de-0-a-60-hz\/","name":"kit localizador de cables megger mct105, de 12 a 400 v, de 0 a 60 hz - Abaa tienda online","isPartOf":{"@id":"https:\/\/abaa.mx\/tienda\/#website"},"primaryImageOfPage":{"@id":"https:\/\/abaa.mx\/tienda\/kit-localizador-de-cables-megger-mct105-de-12-a-400-v-de-0-a-60-hz\/#primaryimage"},"image":{"@id":"https:\/\/abaa.mx\/tienda\/kit-localizador-de-cables-megger-mct105-de-12-a-400-v-de-0-a-60-hz\/#primaryimage"},"thumbnailUrl":"https:\/\/abaa.mx\/tienda\/wp-content\/uploads\/2023\/10\/MCT105.jpeg","datePublished":"2023-10-19T15:49:03+00:00","dateModified":"2023-10-19T15:49:04+00:00","breadcrumb":{"@id":"https:\/\/abaa.mx\/tienda\/kit-localizador-de-cables-megger-mct105-de-12-a-400-v-de-0-a-60-hz\/#breadcrumb"},"inLanguage":"es","potentialAction":[{"@type":"ReadAction","target":["https:\/\/abaa.mx\/tienda\/kit-localizador-de-cables-megger-mct105-de-12-a-400-v-de-0-a-60-hz\/"]}]},{"@type":"ImageObject","inLanguage":"es","@id":"https:\/\/abaa.mx\/tienda\/kit-localizador-de-cables-megger-mct105-de-12-a-400-v-de-0-a-60-hz\/#primaryimage","url":"https:\/\/abaa.mx\/tienda\/wp-content\/uploads\/2023\/10\/MCT105.jpeg","contentUrl":"https:\/\/abaa.mx\/tienda\/wp-content\/uploads\/2023\/10\/MCT105.jpeg","width":270,"height":340,"caption":"MCT105"},{"@type":"BreadcrumbList","@id":"https:\/\/abaa.mx\/tienda\/kit-localizador-de-cables-megger-mct105-de-12-a-400-v-de-0-a-60-hz\/#breadcrumb","itemListElement":[{"@type":"ListItem","position":1,"name":"Inicio","item":"https:\/\/abaa.mx\/tienda\/"},{"@type":"ListItem","position":2,"name":"Tienda","item":"https:\/\/abaa.mx\/tienda\/"},{"@type":"ListItem","position":3,"name":"kit localizador de cables megger mct105, de 12 a 400 v, de 0 a 60 hz"}]},{"@type":"WebSite","@id":"https:\/\/abaa.mx\/tienda\/#website","url":"https:\/\/abaa.mx\/tienda\/","name":"Abaa tienda online","description":"Instrumentos de medici\u00f3n","publisher":{"@id":"https:\/\/abaa.mx\/tienda\/#organization"},"potentialAction":[{"@type":"SearchAction","target":{"@type":"EntryPoint","urlTemplate":"https:\/\/abaa.mx\/tienda\/?s={search_term_string}"},"query-input":{"@type":"PropertyValueSpecification","valueRequired":true,"valueName":"search_term_string"}}],"inLanguage":"es"},{"@type":"Organization","@id":"https:\/\/abaa.mx\/tienda\/#organization","name":"Abaa tienda online","url":"https:\/\/abaa.mx\/tienda\/","logo":{"@type":"ImageObject","inLanguage":"es","@id":"https:\/\/abaa.mx\/tienda\/#\/schema\/logo\/image\/","url":"https:\/\/abaa.mx\/tienda\/wp-content\/uploads\/2024\/01\/abaa-metrologia-tienda.png","contentUrl":"https:\/\/abaa.mx\/tienda\/wp-content\/uploads\/2024\/01\/abaa-metrologia-tienda.png","width":300,"height":141,"caption":"Abaa tienda online"},"image":{"@id":"https:\/\/abaa.mx\/tienda\/#\/schema\/logo\/image\/"}}]}},"_links":{"self":[{"href":"https:\/\/abaa.mx\/tienda\/wp-json\/wp\/v2\/product\/6800","targetHints":{"allow":["GET"]}}],"collection":[{"href":"https:\/\/abaa.mx\/tienda\/wp-json\/wp\/v2\/product"}],"about":[{"href":"https:\/\/abaa.mx\/tienda\/wp-json\/wp\/v2\/types\/product"}],"replies":[{"embeddable":true,"href":"https:\/\/abaa.mx\/tienda\/wp-json\/wp\/v2\/comments?post=6800"}],"wp:featuredmedia":[{"embeddable":true,"href":"https:\/\/abaa.mx\/tienda\/wp-json\/wp\/v2\/media\/6807"}],"wp:attachment":[{"href":"https:\/\/abaa.mx\/tienda\/wp-json\/wp\/v2\/media?parent=6800"}],"wp:term":[{"taxonomy":"product_brand","embeddable":true,"href":"https:\/\/abaa.mx\/tienda\/wp-json\/wp\/v2\/product_brand?post=6800"},{"taxonomy":"product_cat","embeddable":true,"href":"https:\/\/abaa.mx\/tienda\/wp-json\/wp\/v2\/product_cat?post=6800"},{"taxonomy":"product_tag","embeddable":true,"href":"https:\/\/abaa.mx\/tienda\/wp-json\/wp\/v2\/product_tag?post=6800"}],"curies":[{"name":"wp","href":"https:\/\/api.w.org\/{rel}","templated":true}]}}