{"id":6787,"date":"2023-10-19T15:41:31","date_gmt":"2023-10-19T15:41:31","guid":{"rendered":"https:\/\/abaa.mx\/tienda\/?post_type=product&#038;p=6787"},"modified":"2023-11-15T19:50:19","modified_gmt":"2023-11-15T19:50:19","slug":"gato-nivelador-mitutoyo-7850-micro-jack-serie-7-rango-de-2-36-a-2-95-carga-maxima-de-881-84-lbs","status":"publish","type":"product","link":"https:\/\/abaa.mx\/tienda\/gato-nivelador-mitutoyo-7850-micro-jack-serie-7-rango-de-2-36-a-2-95-carga-maxima-de-881-84-lbs\/","title":{"rendered":"Gato nivelador mitutoyo 7850 micro jack serie 7, rango de 2.36 a 2.95&#8243;, carga m\u00e1xima de 881.84 lbs"},"content":{"rendered":"<div id=\"productDetailPage:j_idt783\" class=\"description-big\"><span class=\"description\">Un soporte ajustable en altura Mitutoyo para la nivelaci\u00f3n precisa de m\u00e1quinas peque\u00f1as, placas de superficie y equipos similares. Se ajusta f\u00e1cilmente bajo cargas pesadas.<\/span><\/div>\n<div><\/div>\n<div>\n<ul>\n<li>Gato nivelador Mitutoyo 7850 Micro Jack Serie 7, rango de 2.36 a 2.95&#8243;, carga m\u00e1xima de 881.84 lbs<\/li>\n<\/ul>\n<\/div>\n<form id=\"productDetailPage:accform\" action=\"https:\/\/shop.mitutoyo.mx\/products\/public\/index.xhtml;jsessionid=9E77EC7C8EF7199E9DFD7395CB563A3C\" enctype=\"application\/x-www-form-urlencoded\" method=\"post\" name=\"productDetailPage:accform\">\n<div class=\"accordion\">\n<div class=\"accordion-header parameters\"><i class=\"fal fa-minus\"><\/i>Caracter\u00edsticas:<\/div>\n<div><\/div>\n<div id=\"productDetailPage:accform:parametersContent\" class=\"accordion-content parameters\">\n<div id=\"product_parameters\" class=\"tab-content parameters\">\n<table class=\"product_properties\">\n<tbody>\n<tr class=\"table-row-odd\">\n<td class=\"parameter\"><span class=\"product_properties_propertyName\"><span class=\"name\">Graduaci\u00f3n:<\/span><\/span><\/td>\n<td class=\"value\">\n<div class=\"product_properties_propertyValue\">0,01 mm<\/div>\n<\/td>\n<\/tr>\n<tr class=\"table-row-even\">\n<td class=\"parameter\"><span class=\"product_properties_propertyName\"><span class=\"name\">Digital\/An\u00e1logo:<\/span><\/span><\/td>\n<td class=\"value\">\n<div class=\"product_properties_propertyValue\">An\u00e1logo<\/div>\n<\/td>\n<\/tr>\n<tr class=\"table-row-odd\">\n<td class=\"parameter\"><span class=\"product_properties_propertyName\"><span class=\"name\">pulgadas-m\u00e9trico:<\/span><\/span><\/td>\n<td class=\"value\">\n<div class=\"product_properties_propertyValue\">M\u00e9trico<\/div>\n<\/td>\n<\/tr>\n<tr class=\"table-row-even\">\n<td class=\"parameter\"><span class=\"product_properties_propertyName\"><span class=\"name\">Rango:<\/span><\/span><\/td>\n<td class=\"value\">\n<div class=\"product_properties_propertyValue\">60 &#8211; 75<span class=\"shortName\">\u00a0mm<\/span><\/div>\n<\/td>\n<\/tr>\n<tr class=\"table-row-odd\">\n<td class=\"parameter\"><span class=\"product_properties_propertyName\"><span class=\"name\">Graduaci\u00f3n:<\/span><\/span><\/td>\n<td class=\"value\">\n<div class=\"product_properties_propertyValue\">0,01 mm<\/div>\n<\/td>\n<\/tr>\n<tr class=\"table-row-even\">\n<td class=\"parameter\"><span class=\"product_properties_propertyName\"><span class=\"name\">Observaciones:<\/span><\/span><\/td>\n<td class=\"value\">\n<div class=\"product_properties_propertyValue\">Carga max.: 400kg<\/div>\n<\/td>\n<\/tr>\n<tr class=\"table-row-odd\">\n<td class=\"parameter\"><span class=\"product_properties_propertyName\"><span class=\"name\">Peso:<\/span><\/span><\/td>\n<td class=\"value\">\n<div class=\"product_properties_propertyValue\">400<span class=\"shortName\">\u00a0g<\/span><\/div>\n<\/td>\n<\/tr>\n<\/tbody>\n<\/table>\n<\/div>\n<\/div>\n<\/div>\n<\/form>\n","protected":false},"excerpt":{"rendered":"<p class=\"short-description mhide ipad-view-setting\">El gato ayuda a garantizar una nivelaci\u00f3n precisa para el equipo esencial. El mango simplifica los ajustes.<\/p>\n<div class=\"row-fluid\">\n<div class=\"span12 mobile-pricing-box-padding\">\n<form id=\"140087\" accept-charset=\"utf-8\" action=\"https:\/\/www.globaltestsupply.com\/shop\/add\" method=\"post\" name=\"addTocartFunction\">\n<div><\/div>\n<\/form>\n<\/div>\n<\/div>\n","protected":false},"featured_media":6795,"comment_status":"open","ping_status":"closed","template":"","meta":{"_joinchat":[]},"product_brand":[],"product_cat":[15],"product_tag":[],"class_list":{"0":"post-6787","1":"product","2":"type-product","3":"status-publish","4":"has-post-thumbnail","6":"product_cat-sin-categorizar","8":"first","9":"instock","10":"shipping-taxable","11":"product-type-simple"},"yoast_head":"<!-- This site is optimized with the Yoast SEO plugin v26.4 - https:\/\/yoast.com\/wordpress\/plugins\/seo\/ -->\n<title>Gato nivelador mitutoyo 7850 micro jack serie 7, rango de 2.36 a 2.95&quot;, carga m\u00e1xima de 881.84 lbs - Abaa tienda online<\/title>\n<meta name=\"robots\" content=\"index, follow, max-snippet:-1, max-image-preview:large, max-video-preview:-1\" \/>\n<link rel=\"canonical\" href=\"https:\/\/abaa.mx\/tienda\/gato-nivelador-mitutoyo-7850-micro-jack-serie-7-rango-de-2-36-a-2-95-carga-maxima-de-881-84-lbs\/\" \/>\n<meta property=\"og:locale\" content=\"es_MX\" \/>\n<meta property=\"og:type\" content=\"article\" \/>\n<meta property=\"og:title\" content=\"Gato nivelador mitutoyo 7850 micro jack serie 7, rango de 2.36 a 2.95&quot;, carga m\u00e1xima de 881.84 lbs - Abaa tienda online\" \/>\n<meta property=\"og:description\" content=\"El gato ayuda a garantizar una nivelaci\u00f3n precisa para el equipo esencial. El mango simplifica los ajustes.\" \/>\n<meta property=\"og:url\" content=\"https:\/\/abaa.mx\/tienda\/gato-nivelador-mitutoyo-7850-micro-jack-serie-7-rango-de-2-36-a-2-95-carga-maxima-de-881-84-lbs\/\" \/>\n<meta property=\"og:site_name\" content=\"Abaa tienda online\" \/>\n<meta property=\"article:modified_time\" content=\"2023-11-15T19:50:19+00:00\" \/>\n<meta property=\"og:image\" content=\"https:\/\/abaa.mx\/tienda\/wp-content\/uploads\/2023\/10\/7850.jpg\" \/>\n\t<meta property=\"og:image:width\" content=\"474\" \/>\n\t<meta property=\"og:image:height\" content=\"474\" \/>\n\t<meta property=\"og:image:type\" content=\"image\/jpeg\" \/>\n<meta name=\"twitter:card\" content=\"summary_large_image\" \/>\n<meta name=\"twitter:label1\" content=\"Tiempo de lectura\" \/>\n\t<meta name=\"twitter:data1\" content=\"1 minuto\" \/>\n<script type=\"application\/ld+json\" class=\"yoast-schema-graph\">{\"@context\":\"https:\/\/schema.org\",\"@graph\":[{\"@type\":\"WebPage\",\"@id\":\"https:\/\/abaa.mx\/tienda\/gato-nivelador-mitutoyo-7850-micro-jack-serie-7-rango-de-2-36-a-2-95-carga-maxima-de-881-84-lbs\/\",\"url\":\"https:\/\/abaa.mx\/tienda\/gato-nivelador-mitutoyo-7850-micro-jack-serie-7-rango-de-2-36-a-2-95-carga-maxima-de-881-84-lbs\/\",\"name\":\"Gato nivelador mitutoyo 7850 micro jack serie 7, rango de 2.36 a 2.95\\\", carga m\u00e1xima de 881.84 lbs - Abaa tienda online\",\"isPartOf\":{\"@id\":\"https:\/\/abaa.mx\/tienda\/#website\"},\"primaryImageOfPage\":{\"@id\":\"https:\/\/abaa.mx\/tienda\/gato-nivelador-mitutoyo-7850-micro-jack-serie-7-rango-de-2-36-a-2-95-carga-maxima-de-881-84-lbs\/#primaryimage\"},\"image\":{\"@id\":\"https:\/\/abaa.mx\/tienda\/gato-nivelador-mitutoyo-7850-micro-jack-serie-7-rango-de-2-36-a-2-95-carga-maxima-de-881-84-lbs\/#primaryimage\"},\"thumbnailUrl\":\"https:\/\/abaa.mx\/tienda\/wp-content\/uploads\/2023\/10\/7850.jpg\",\"datePublished\":\"2023-10-19T15:41:31+00:00\",\"dateModified\":\"2023-11-15T19:50:19+00:00\",\"breadcrumb\":{\"@id\":\"https:\/\/abaa.mx\/tienda\/gato-nivelador-mitutoyo-7850-micro-jack-serie-7-rango-de-2-36-a-2-95-carga-maxima-de-881-84-lbs\/#breadcrumb\"},\"inLanguage\":\"es\",\"potentialAction\":[{\"@type\":\"ReadAction\",\"target\":[\"https:\/\/abaa.mx\/tienda\/gato-nivelador-mitutoyo-7850-micro-jack-serie-7-rango-de-2-36-a-2-95-carga-maxima-de-881-84-lbs\/\"]}]},{\"@type\":\"ImageObject\",\"inLanguage\":\"es\",\"@id\":\"https:\/\/abaa.mx\/tienda\/gato-nivelador-mitutoyo-7850-micro-jack-serie-7-rango-de-2-36-a-2-95-carga-maxima-de-881-84-lbs\/#primaryimage\",\"url\":\"https:\/\/abaa.mx\/tienda\/wp-content\/uploads\/2023\/10\/7850.jpg\",\"contentUrl\":\"https:\/\/abaa.mx\/tienda\/wp-content\/uploads\/2023\/10\/7850.jpg\",\"width\":474,\"height\":474,\"caption\":\"7850\"},{\"@type\":\"BreadcrumbList\",\"@id\":\"https:\/\/abaa.mx\/tienda\/gato-nivelador-mitutoyo-7850-micro-jack-serie-7-rango-de-2-36-a-2-95-carga-maxima-de-881-84-lbs\/#breadcrumb\",\"itemListElement\":[{\"@type\":\"ListItem\",\"position\":1,\"name\":\"Inicio\",\"item\":\"https:\/\/abaa.mx\/tienda\/\"},{\"@type\":\"ListItem\",\"position\":2,\"name\":\"Tienda\",\"item\":\"https:\/\/abaa.mx\/tienda\/\"},{\"@type\":\"ListItem\",\"position\":3,\"name\":\"Gato nivelador mitutoyo 7850 micro jack serie 7, rango de 2.36 a 2.95&#8243;, carga m\u00e1xima de 881.84 lbs\"}]},{\"@type\":\"WebSite\",\"@id\":\"https:\/\/abaa.mx\/tienda\/#website\",\"url\":\"https:\/\/abaa.mx\/tienda\/\",\"name\":\"Abaa tienda online\",\"description\":\"Instrumentos de medici\u00f3n\",\"publisher\":{\"@id\":\"https:\/\/abaa.mx\/tienda\/#organization\"},\"potentialAction\":[{\"@type\":\"SearchAction\",\"target\":{\"@type\":\"EntryPoint\",\"urlTemplate\":\"https:\/\/abaa.mx\/tienda\/?s={search_term_string}\"},\"query-input\":{\"@type\":\"PropertyValueSpecification\",\"valueRequired\":true,\"valueName\":\"search_term_string\"}}],\"inLanguage\":\"es\"},{\"@type\":\"Organization\",\"@id\":\"https:\/\/abaa.mx\/tienda\/#organization\",\"name\":\"Abaa tienda online\",\"url\":\"https:\/\/abaa.mx\/tienda\/\",\"logo\":{\"@type\":\"ImageObject\",\"inLanguage\":\"es\",\"@id\":\"https:\/\/abaa.mx\/tienda\/#\/schema\/logo\/image\/\",\"url\":\"https:\/\/abaa.mx\/tienda\/wp-content\/uploads\/2024\/01\/abaa-metrologia-tienda.png\",\"contentUrl\":\"https:\/\/abaa.mx\/tienda\/wp-content\/uploads\/2024\/01\/abaa-metrologia-tienda.png\",\"width\":300,\"height\":141,\"caption\":\"Abaa tienda online\"},\"image\":{\"@id\":\"https:\/\/abaa.mx\/tienda\/#\/schema\/logo\/image\/\"}}]}<\/script>\n<!-- \/ Yoast SEO plugin. -->","yoast_head_json":{"title":"Gato nivelador mitutoyo 7850 micro jack serie 7, rango de 2.36 a 2.95\", carga m\u00e1xima de 881.84 lbs - Abaa tienda online","robots":{"index":"index","follow":"follow","max-snippet":"max-snippet:-1","max-image-preview":"max-image-preview:large","max-video-preview":"max-video-preview:-1"},"canonical":"https:\/\/abaa.mx\/tienda\/gato-nivelador-mitutoyo-7850-micro-jack-serie-7-rango-de-2-36-a-2-95-carga-maxima-de-881-84-lbs\/","og_locale":"es_MX","og_type":"article","og_title":"Gato nivelador mitutoyo 7850 micro jack serie 7, rango de 2.36 a 2.95\", carga m\u00e1xima de 881.84 lbs - Abaa tienda online","og_description":"El gato ayuda a garantizar una nivelaci\u00f3n precisa para el equipo esencial. El mango simplifica los ajustes.","og_url":"https:\/\/abaa.mx\/tienda\/gato-nivelador-mitutoyo-7850-micro-jack-serie-7-rango-de-2-36-a-2-95-carga-maxima-de-881-84-lbs\/","og_site_name":"Abaa tienda online","article_modified_time":"2023-11-15T19:50:19+00:00","og_image":[{"width":474,"height":474,"url":"https:\/\/abaa.mx\/tienda\/wp-content\/uploads\/2023\/10\/7850.jpg","type":"image\/jpeg"}],"twitter_card":"summary_large_image","twitter_misc":{"Tiempo de lectura":"1 minuto"},"schema":{"@context":"https:\/\/schema.org","@graph":[{"@type":"WebPage","@id":"https:\/\/abaa.mx\/tienda\/gato-nivelador-mitutoyo-7850-micro-jack-serie-7-rango-de-2-36-a-2-95-carga-maxima-de-881-84-lbs\/","url":"https:\/\/abaa.mx\/tienda\/gato-nivelador-mitutoyo-7850-micro-jack-serie-7-rango-de-2-36-a-2-95-carga-maxima-de-881-84-lbs\/","name":"Gato nivelador mitutoyo 7850 micro jack serie 7, rango de 2.36 a 2.95\", carga m\u00e1xima de 881.84 lbs - Abaa tienda online","isPartOf":{"@id":"https:\/\/abaa.mx\/tienda\/#website"},"primaryImageOfPage":{"@id":"https:\/\/abaa.mx\/tienda\/gato-nivelador-mitutoyo-7850-micro-jack-serie-7-rango-de-2-36-a-2-95-carga-maxima-de-881-84-lbs\/#primaryimage"},"image":{"@id":"https:\/\/abaa.mx\/tienda\/gato-nivelador-mitutoyo-7850-micro-jack-serie-7-rango-de-2-36-a-2-95-carga-maxima-de-881-84-lbs\/#primaryimage"},"thumbnailUrl":"https:\/\/abaa.mx\/tienda\/wp-content\/uploads\/2023\/10\/7850.jpg","datePublished":"2023-10-19T15:41:31+00:00","dateModified":"2023-11-15T19:50:19+00:00","breadcrumb":{"@id":"https:\/\/abaa.mx\/tienda\/gato-nivelador-mitutoyo-7850-micro-jack-serie-7-rango-de-2-36-a-2-95-carga-maxima-de-881-84-lbs\/#breadcrumb"},"inLanguage":"es","potentialAction":[{"@type":"ReadAction","target":["https:\/\/abaa.mx\/tienda\/gato-nivelador-mitutoyo-7850-micro-jack-serie-7-rango-de-2-36-a-2-95-carga-maxima-de-881-84-lbs\/"]}]},{"@type":"ImageObject","inLanguage":"es","@id":"https:\/\/abaa.mx\/tienda\/gato-nivelador-mitutoyo-7850-micro-jack-serie-7-rango-de-2-36-a-2-95-carga-maxima-de-881-84-lbs\/#primaryimage","url":"https:\/\/abaa.mx\/tienda\/wp-content\/uploads\/2023\/10\/7850.jpg","contentUrl":"https:\/\/abaa.mx\/tienda\/wp-content\/uploads\/2023\/10\/7850.jpg","width":474,"height":474,"caption":"7850"},{"@type":"BreadcrumbList","@id":"https:\/\/abaa.mx\/tienda\/gato-nivelador-mitutoyo-7850-micro-jack-serie-7-rango-de-2-36-a-2-95-carga-maxima-de-881-84-lbs\/#breadcrumb","itemListElement":[{"@type":"ListItem","position":1,"name":"Inicio","item":"https:\/\/abaa.mx\/tienda\/"},{"@type":"ListItem","position":2,"name":"Tienda","item":"https:\/\/abaa.mx\/tienda\/"},{"@type":"ListItem","position":3,"name":"Gato nivelador mitutoyo 7850 micro jack serie 7, rango de 2.36 a 2.95&#8243;, carga m\u00e1xima de 881.84 lbs"}]},{"@type":"WebSite","@id":"https:\/\/abaa.mx\/tienda\/#website","url":"https:\/\/abaa.mx\/tienda\/","name":"Abaa tienda online","description":"Instrumentos de medici\u00f3n","publisher":{"@id":"https:\/\/abaa.mx\/tienda\/#organization"},"potentialAction":[{"@type":"SearchAction","target":{"@type":"EntryPoint","urlTemplate":"https:\/\/abaa.mx\/tienda\/?s={search_term_string}"},"query-input":{"@type":"PropertyValueSpecification","valueRequired":true,"valueName":"search_term_string"}}],"inLanguage":"es"},{"@type":"Organization","@id":"https:\/\/abaa.mx\/tienda\/#organization","name":"Abaa tienda online","url":"https:\/\/abaa.mx\/tienda\/","logo":{"@type":"ImageObject","inLanguage":"es","@id":"https:\/\/abaa.mx\/tienda\/#\/schema\/logo\/image\/","url":"https:\/\/abaa.mx\/tienda\/wp-content\/uploads\/2024\/01\/abaa-metrologia-tienda.png","contentUrl":"https:\/\/abaa.mx\/tienda\/wp-content\/uploads\/2024\/01\/abaa-metrologia-tienda.png","width":300,"height":141,"caption":"Abaa tienda online"},"image":{"@id":"https:\/\/abaa.mx\/tienda\/#\/schema\/logo\/image\/"}}]}},"_links":{"self":[{"href":"https:\/\/abaa.mx\/tienda\/wp-json\/wp\/v2\/product\/6787","targetHints":{"allow":["GET"]}}],"collection":[{"href":"https:\/\/abaa.mx\/tienda\/wp-json\/wp\/v2\/product"}],"about":[{"href":"https:\/\/abaa.mx\/tienda\/wp-json\/wp\/v2\/types\/product"}],"replies":[{"embeddable":true,"href":"https:\/\/abaa.mx\/tienda\/wp-json\/wp\/v2\/comments?post=6787"}],"wp:featuredmedia":[{"embeddable":true,"href":"https:\/\/abaa.mx\/tienda\/wp-json\/wp\/v2\/media\/6795"}],"wp:attachment":[{"href":"https:\/\/abaa.mx\/tienda\/wp-json\/wp\/v2\/media?parent=6787"}],"wp:term":[{"taxonomy":"product_brand","embeddable":true,"href":"https:\/\/abaa.mx\/tienda\/wp-json\/wp\/v2\/product_brand?post=6787"},{"taxonomy":"product_cat","embeddable":true,"href":"https:\/\/abaa.mx\/tienda\/wp-json\/wp\/v2\/product_cat?post=6787"},{"taxonomy":"product_tag","embeddable":true,"href":"https:\/\/abaa.mx\/tienda\/wp-json\/wp\/v2\/product_tag?post=6787"}],"curies":[{"name":"wp","href":"https:\/\/api.w.org\/{rel}","templated":true}]}}