{"id":6653,"date":"2023-10-18T20:57:02","date_gmt":"2023-10-18T20:57:02","guid":{"rendered":"https:\/\/abaa.mx\/tienda\/?post_type=product&#038;p=6653"},"modified":"2023-11-27T19:35:07","modified_gmt":"2023-11-27T19:35:07","slug":"mitutoyo-2050ab-01-serie-2-indicador-de-esfera-ansi-agd-de-respaldo-plano-20-mm-graduacion-de-001-mm","status":"publish","type":"product","link":"https:\/\/abaa.mx\/tienda\/mitutoyo-2050ab-01-serie-2-indicador-de-esfera-ansi-agd-de-respaldo-plano-20-mm-graduacion-de-001-mm\/","title":{"rendered":"Mitutoyo 2050ab-01 serie 2 indicador de esfera ansi-agd de respaldo plano, 20 mm, graduaci\u00f3n de 0,01 mm"},"content":{"rendered":"<p>Dise\u00f1ado con una esfera brillante, el indicador de esfera plana ANSI\/AGD Mitutoyo 2050SB-01 Serie 2 ofrece lecturas f\u00e1ciles. El indicador compacto cuenta con un v\u00e1stago que mide 0,38&#8243; (9,5 mm) de di\u00e1metro y una rosca de 4 a 48 UNF.<\/p>\n<h5><strong>Funciones<\/strong><\/h5>\n<ul>\n<li>Esfera brillante de f\u00e1cil lectura<\/li>\n<li>Ofrece una rosca de 4 a 48 UNF<\/li>\n<li>El v\u00e1stago mide 0,38&#8243; (9,5 mm) de di\u00e1metro<\/li>\n<li>El estilo de espalda plana ayuda en \u00e1reas estrechas<\/li>\n<\/ul>\n<h4>Especificaciones<\/h4>\n<table class=\"table table-striped\">\n<tbody>\n<tr>\n<td>Unidad(es) de medida admitida(s)<\/td>\n<td>mil\u00edmetro<\/td>\n<\/tr>\n<tr>\n<td>Rango de medici\u00f3n<\/td>\n<td>Rango\/Por revoluci\u00f3n: 20 mm\/1 mm<\/td>\n<\/tr>\n<tr>\n<td>Exactitud<\/td>\n<td>0,01 mm primeras 2,5 revoluciones; 0,02 mm en total<\/td>\n<\/tr>\n<tr>\n<td>Lectura de dial<\/td>\n<td>De 0 a 100<\/td>\n<\/tr>\n<tr>\n<td>Medidas de graduaci\u00f3n<\/td>\n<td>Mil\u00edmetros<\/td>\n<\/tr>\n<tr>\n<td>Fuerza de medici\u00f3n<\/td>\n<td>2 N o menos<\/td>\n<\/tr>\n<tr>\n<td>Aprobaciones<\/td>\n<td>ANSI; AGD<\/td>\n<\/tr>\n<\/tbody>\n<\/table>\n","protected":false},"excerpt":{"rendered":"<p class=\"short-description mhide ipad-view-setting\">El indicador de cuadrante cuenta con un dise\u00f1o de respaldo plano para manejar el uso en \u00e1reas compactas. Tiene una rosca de 4 a 48 UNF y una esfera brillante.<\/p>\n<div class=\"row-fluid\">\n<div class=\"span12 mobile-pricing-box-padding\">\n<form id=\"139916\" accept-charset=\"utf-8\" action=\"https:\/\/www.globaltestsupply.com\/shop\/add\" method=\"post\" name=\"addTocartFunction\">\n<div><\/div>\n<\/form>\n<\/div>\n<\/div>\n","protected":false},"featured_media":6658,"comment_status":"open","ping_status":"closed","template":"","meta":{"_joinchat":[]},"product_brand":[],"product_cat":[15],"product_tag":[],"class_list":{"0":"post-6653","1":"product","2":"type-product","3":"status-publish","4":"has-post-thumbnail","6":"product_cat-sin-categorizar","8":"first","9":"instock","10":"shipping-taxable","11":"product-type-simple"},"yoast_head":"<!-- This site is optimized with the Yoast SEO plugin v26.4 - https:\/\/yoast.com\/wordpress\/plugins\/seo\/ -->\n<title>Mitutoyo 2050ab-01 serie 2 indicador de esfera ansi-agd de respaldo plano, 20 mm, graduaci\u00f3n de 0,01 mm - Abaa tienda online<\/title>\n<meta name=\"robots\" content=\"index, follow, max-snippet:-1, max-image-preview:large, max-video-preview:-1\" \/>\n<link rel=\"canonical\" href=\"https:\/\/abaa.mx\/tienda\/mitutoyo-2050ab-01-serie-2-indicador-de-esfera-ansi-agd-de-respaldo-plano-20-mm-graduacion-de-001-mm\/\" \/>\n<meta property=\"og:locale\" content=\"es_MX\" \/>\n<meta property=\"og:type\" content=\"article\" \/>\n<meta property=\"og:title\" content=\"Mitutoyo 2050ab-01 serie 2 indicador de esfera ansi-agd de respaldo plano, 20 mm, graduaci\u00f3n de 0,01 mm - Abaa tienda online\" \/>\n<meta property=\"og:description\" content=\"El indicador de cuadrante cuenta con un dise\u00f1o de respaldo plano para manejar el uso en \u00e1reas compactas. Tiene una rosca de 4 a 48 UNF y una esfera brillante.\" \/>\n<meta property=\"og:url\" content=\"https:\/\/abaa.mx\/tienda\/mitutoyo-2050ab-01-serie-2-indicador-de-esfera-ansi-agd-de-respaldo-plano-20-mm-graduacion-de-001-mm\/\" \/>\n<meta property=\"og:site_name\" content=\"Abaa tienda online\" \/>\n<meta property=\"article:modified_time\" content=\"2023-11-27T19:35:07+00:00\" \/>\n<meta property=\"og:image\" content=\"https:\/\/abaa.mx\/tienda\/wp-content\/uploads\/2023\/10\/2050AB-01.jpg\" \/>\n\t<meta property=\"og:image:width\" content=\"270\" \/>\n\t<meta property=\"og:image:height\" content=\"461\" \/>\n\t<meta property=\"og:image:type\" content=\"image\/jpeg\" \/>\n<meta name=\"twitter:card\" content=\"summary_large_image\" \/>\n<meta name=\"twitter:label1\" content=\"Tiempo de lectura\" \/>\n\t<meta name=\"twitter:data1\" content=\"1 minuto\" \/>\n<script type=\"application\/ld+json\" class=\"yoast-schema-graph\">{\"@context\":\"https:\/\/schema.org\",\"@graph\":[{\"@type\":\"WebPage\",\"@id\":\"https:\/\/abaa.mx\/tienda\/mitutoyo-2050ab-01-serie-2-indicador-de-esfera-ansi-agd-de-respaldo-plano-20-mm-graduacion-de-001-mm\/\",\"url\":\"https:\/\/abaa.mx\/tienda\/mitutoyo-2050ab-01-serie-2-indicador-de-esfera-ansi-agd-de-respaldo-plano-20-mm-graduacion-de-001-mm\/\",\"name\":\"Mitutoyo 2050ab-01 serie 2 indicador de esfera ansi-agd de respaldo plano, 20 mm, graduaci\u00f3n de 0,01 mm - Abaa tienda online\",\"isPartOf\":{\"@id\":\"https:\/\/abaa.mx\/tienda\/#website\"},\"primaryImageOfPage\":{\"@id\":\"https:\/\/abaa.mx\/tienda\/mitutoyo-2050ab-01-serie-2-indicador-de-esfera-ansi-agd-de-respaldo-plano-20-mm-graduacion-de-001-mm\/#primaryimage\"},\"image\":{\"@id\":\"https:\/\/abaa.mx\/tienda\/mitutoyo-2050ab-01-serie-2-indicador-de-esfera-ansi-agd-de-respaldo-plano-20-mm-graduacion-de-001-mm\/#primaryimage\"},\"thumbnailUrl\":\"https:\/\/abaa.mx\/tienda\/wp-content\/uploads\/2023\/10\/2050AB-01.jpg\",\"datePublished\":\"2023-10-18T20:57:02+00:00\",\"dateModified\":\"2023-11-27T19:35:07+00:00\",\"breadcrumb\":{\"@id\":\"https:\/\/abaa.mx\/tienda\/mitutoyo-2050ab-01-serie-2-indicador-de-esfera-ansi-agd-de-respaldo-plano-20-mm-graduacion-de-001-mm\/#breadcrumb\"},\"inLanguage\":\"es\",\"potentialAction\":[{\"@type\":\"ReadAction\",\"target\":[\"https:\/\/abaa.mx\/tienda\/mitutoyo-2050ab-01-serie-2-indicador-de-esfera-ansi-agd-de-respaldo-plano-20-mm-graduacion-de-001-mm\/\"]}]},{\"@type\":\"ImageObject\",\"inLanguage\":\"es\",\"@id\":\"https:\/\/abaa.mx\/tienda\/mitutoyo-2050ab-01-serie-2-indicador-de-esfera-ansi-agd-de-respaldo-plano-20-mm-graduacion-de-001-mm\/#primaryimage\",\"url\":\"https:\/\/abaa.mx\/tienda\/wp-content\/uploads\/2023\/10\/2050AB-01.jpg\",\"contentUrl\":\"https:\/\/abaa.mx\/tienda\/wp-content\/uploads\/2023\/10\/2050AB-01.jpg\",\"width\":270,\"height\":461,\"caption\":\"mitutoyo-2050ab-01-serie-2-indicador-de-esfera-ansi-agd-de-respaldo-plano-20-mm-graduacion-de-001-mm\"},{\"@type\":\"BreadcrumbList\",\"@id\":\"https:\/\/abaa.mx\/tienda\/mitutoyo-2050ab-01-serie-2-indicador-de-esfera-ansi-agd-de-respaldo-plano-20-mm-graduacion-de-001-mm\/#breadcrumb\",\"itemListElement\":[{\"@type\":\"ListItem\",\"position\":1,\"name\":\"Inicio\",\"item\":\"https:\/\/abaa.mx\/tienda\/\"},{\"@type\":\"ListItem\",\"position\":2,\"name\":\"Tienda\",\"item\":\"https:\/\/abaa.mx\/tienda\/\"},{\"@type\":\"ListItem\",\"position\":3,\"name\":\"Mitutoyo 2050ab-01 serie 2 indicador de esfera ansi-agd de respaldo plano, 20 mm, graduaci\u00f3n de 0,01 mm\"}]},{\"@type\":\"WebSite\",\"@id\":\"https:\/\/abaa.mx\/tienda\/#website\",\"url\":\"https:\/\/abaa.mx\/tienda\/\",\"name\":\"Abaa tienda online\",\"description\":\"Instrumentos de medici\u00f3n\",\"publisher\":{\"@id\":\"https:\/\/abaa.mx\/tienda\/#organization\"},\"potentialAction\":[{\"@type\":\"SearchAction\",\"target\":{\"@type\":\"EntryPoint\",\"urlTemplate\":\"https:\/\/abaa.mx\/tienda\/?s={search_term_string}\"},\"query-input\":{\"@type\":\"PropertyValueSpecification\",\"valueRequired\":true,\"valueName\":\"search_term_string\"}}],\"inLanguage\":\"es\"},{\"@type\":\"Organization\",\"@id\":\"https:\/\/abaa.mx\/tienda\/#organization\",\"name\":\"Abaa tienda online\",\"url\":\"https:\/\/abaa.mx\/tienda\/\",\"logo\":{\"@type\":\"ImageObject\",\"inLanguage\":\"es\",\"@id\":\"https:\/\/abaa.mx\/tienda\/#\/schema\/logo\/image\/\",\"url\":\"https:\/\/abaa.mx\/tienda\/wp-content\/uploads\/2024\/01\/abaa-metrologia-tienda.png\",\"contentUrl\":\"https:\/\/abaa.mx\/tienda\/wp-content\/uploads\/2024\/01\/abaa-metrologia-tienda.png\",\"width\":300,\"height\":141,\"caption\":\"Abaa tienda online\"},\"image\":{\"@id\":\"https:\/\/abaa.mx\/tienda\/#\/schema\/logo\/image\/\"}}]}<\/script>\n<!-- \/ Yoast SEO plugin. -->","yoast_head_json":{"title":"Mitutoyo 2050ab-01 serie 2 indicador de esfera ansi-agd de respaldo plano, 20 mm, graduaci\u00f3n de 0,01 mm - Abaa tienda online","robots":{"index":"index","follow":"follow","max-snippet":"max-snippet:-1","max-image-preview":"max-image-preview:large","max-video-preview":"max-video-preview:-1"},"canonical":"https:\/\/abaa.mx\/tienda\/mitutoyo-2050ab-01-serie-2-indicador-de-esfera-ansi-agd-de-respaldo-plano-20-mm-graduacion-de-001-mm\/","og_locale":"es_MX","og_type":"article","og_title":"Mitutoyo 2050ab-01 serie 2 indicador de esfera ansi-agd de respaldo plano, 20 mm, graduaci\u00f3n de 0,01 mm - Abaa tienda online","og_description":"El indicador de cuadrante cuenta con un dise\u00f1o de respaldo plano para manejar el uso en \u00e1reas compactas. Tiene una rosca de 4 a 48 UNF y una esfera brillante.","og_url":"https:\/\/abaa.mx\/tienda\/mitutoyo-2050ab-01-serie-2-indicador-de-esfera-ansi-agd-de-respaldo-plano-20-mm-graduacion-de-001-mm\/","og_site_name":"Abaa tienda online","article_modified_time":"2023-11-27T19:35:07+00:00","og_image":[{"width":270,"height":461,"url":"https:\/\/abaa.mx\/tienda\/wp-content\/uploads\/2023\/10\/2050AB-01.jpg","type":"image\/jpeg"}],"twitter_card":"summary_large_image","twitter_misc":{"Tiempo de lectura":"1 minuto"},"schema":{"@context":"https:\/\/schema.org","@graph":[{"@type":"WebPage","@id":"https:\/\/abaa.mx\/tienda\/mitutoyo-2050ab-01-serie-2-indicador-de-esfera-ansi-agd-de-respaldo-plano-20-mm-graduacion-de-001-mm\/","url":"https:\/\/abaa.mx\/tienda\/mitutoyo-2050ab-01-serie-2-indicador-de-esfera-ansi-agd-de-respaldo-plano-20-mm-graduacion-de-001-mm\/","name":"Mitutoyo 2050ab-01 serie 2 indicador de esfera ansi-agd de respaldo plano, 20 mm, graduaci\u00f3n de 0,01 mm - Abaa tienda online","isPartOf":{"@id":"https:\/\/abaa.mx\/tienda\/#website"},"primaryImageOfPage":{"@id":"https:\/\/abaa.mx\/tienda\/mitutoyo-2050ab-01-serie-2-indicador-de-esfera-ansi-agd-de-respaldo-plano-20-mm-graduacion-de-001-mm\/#primaryimage"},"image":{"@id":"https:\/\/abaa.mx\/tienda\/mitutoyo-2050ab-01-serie-2-indicador-de-esfera-ansi-agd-de-respaldo-plano-20-mm-graduacion-de-001-mm\/#primaryimage"},"thumbnailUrl":"https:\/\/abaa.mx\/tienda\/wp-content\/uploads\/2023\/10\/2050AB-01.jpg","datePublished":"2023-10-18T20:57:02+00:00","dateModified":"2023-11-27T19:35:07+00:00","breadcrumb":{"@id":"https:\/\/abaa.mx\/tienda\/mitutoyo-2050ab-01-serie-2-indicador-de-esfera-ansi-agd-de-respaldo-plano-20-mm-graduacion-de-001-mm\/#breadcrumb"},"inLanguage":"es","potentialAction":[{"@type":"ReadAction","target":["https:\/\/abaa.mx\/tienda\/mitutoyo-2050ab-01-serie-2-indicador-de-esfera-ansi-agd-de-respaldo-plano-20-mm-graduacion-de-001-mm\/"]}]},{"@type":"ImageObject","inLanguage":"es","@id":"https:\/\/abaa.mx\/tienda\/mitutoyo-2050ab-01-serie-2-indicador-de-esfera-ansi-agd-de-respaldo-plano-20-mm-graduacion-de-001-mm\/#primaryimage","url":"https:\/\/abaa.mx\/tienda\/wp-content\/uploads\/2023\/10\/2050AB-01.jpg","contentUrl":"https:\/\/abaa.mx\/tienda\/wp-content\/uploads\/2023\/10\/2050AB-01.jpg","width":270,"height":461,"caption":"mitutoyo-2050ab-01-serie-2-indicador-de-esfera-ansi-agd-de-respaldo-plano-20-mm-graduacion-de-001-mm"},{"@type":"BreadcrumbList","@id":"https:\/\/abaa.mx\/tienda\/mitutoyo-2050ab-01-serie-2-indicador-de-esfera-ansi-agd-de-respaldo-plano-20-mm-graduacion-de-001-mm\/#breadcrumb","itemListElement":[{"@type":"ListItem","position":1,"name":"Inicio","item":"https:\/\/abaa.mx\/tienda\/"},{"@type":"ListItem","position":2,"name":"Tienda","item":"https:\/\/abaa.mx\/tienda\/"},{"@type":"ListItem","position":3,"name":"Mitutoyo 2050ab-01 serie 2 indicador de esfera ansi-agd de respaldo plano, 20 mm, graduaci\u00f3n de 0,01 mm"}]},{"@type":"WebSite","@id":"https:\/\/abaa.mx\/tienda\/#website","url":"https:\/\/abaa.mx\/tienda\/","name":"Abaa tienda online","description":"Instrumentos de medici\u00f3n","publisher":{"@id":"https:\/\/abaa.mx\/tienda\/#organization"},"potentialAction":[{"@type":"SearchAction","target":{"@type":"EntryPoint","urlTemplate":"https:\/\/abaa.mx\/tienda\/?s={search_term_string}"},"query-input":{"@type":"PropertyValueSpecification","valueRequired":true,"valueName":"search_term_string"}}],"inLanguage":"es"},{"@type":"Organization","@id":"https:\/\/abaa.mx\/tienda\/#organization","name":"Abaa tienda online","url":"https:\/\/abaa.mx\/tienda\/","logo":{"@type":"ImageObject","inLanguage":"es","@id":"https:\/\/abaa.mx\/tienda\/#\/schema\/logo\/image\/","url":"https:\/\/abaa.mx\/tienda\/wp-content\/uploads\/2024\/01\/abaa-metrologia-tienda.png","contentUrl":"https:\/\/abaa.mx\/tienda\/wp-content\/uploads\/2024\/01\/abaa-metrologia-tienda.png","width":300,"height":141,"caption":"Abaa tienda online"},"image":{"@id":"https:\/\/abaa.mx\/tienda\/#\/schema\/logo\/image\/"}}]}},"_links":{"self":[{"href":"https:\/\/abaa.mx\/tienda\/wp-json\/wp\/v2\/product\/6653","targetHints":{"allow":["GET"]}}],"collection":[{"href":"https:\/\/abaa.mx\/tienda\/wp-json\/wp\/v2\/product"}],"about":[{"href":"https:\/\/abaa.mx\/tienda\/wp-json\/wp\/v2\/types\/product"}],"replies":[{"embeddable":true,"href":"https:\/\/abaa.mx\/tienda\/wp-json\/wp\/v2\/comments?post=6653"}],"wp:featuredmedia":[{"embeddable":true,"href":"https:\/\/abaa.mx\/tienda\/wp-json\/wp\/v2\/media\/6658"}],"wp:attachment":[{"href":"https:\/\/abaa.mx\/tienda\/wp-json\/wp\/v2\/media?parent=6653"}],"wp:term":[{"taxonomy":"product_brand","embeddable":true,"href":"https:\/\/abaa.mx\/tienda\/wp-json\/wp\/v2\/product_brand?post=6653"},{"taxonomy":"product_cat","embeddable":true,"href":"https:\/\/abaa.mx\/tienda\/wp-json\/wp\/v2\/product_cat?post=6653"},{"taxonomy":"product_tag","embeddable":true,"href":"https:\/\/abaa.mx\/tienda\/wp-json\/wp\/v2\/product_tag?post=6653"}],"curies":[{"name":"wp","href":"https:\/\/api.w.org\/{rel}","templated":true}]}}