{"id":6589,"date":"2023-10-18T19:33:16","date_gmt":"2023-10-18T19:33:16","guid":{"rendered":"https:\/\/abaa.mx\/tienda\/?post_type=product&#038;p=6589"},"modified":"2023-10-18T19:33:17","modified_gmt":"2023-10-18T19:33:17","slug":"mitutoyo-lsm-512s-micrometro-de-escaneo-laser-0-04-a-4-72","status":"publish","type":"product","link":"https:\/\/abaa.mx\/tienda\/mitutoyo-lsm-512s-micrometro-de-escaneo-laser-0-04-a-4-72\/","title":{"rendered":"mitutoyo lsm-512s micr\u00f3metro de escaneo l\u00e1ser, 0.04 a 4.72&#8243;"},"content":{"rendered":"<p>Resistente a entornos de medici\u00f3n dif\u00edciles, este micr\u00f3metro tiene una clasificaci\u00f3n IP64 y puede funcionar en l\u00edneas de producci\u00f3n de alta velocidad.<\/p>\n<p><strong>Funciones<\/strong><\/p>\n<ul>\n<li>Combina escaneo de alta velocidad con mediciones de alta precisi\u00f3n<\/li>\n<li>Precisi\u00f3n de rango estrecho de \u00b1(4 + 0,5 \u0394D)\u03bcm para mediciones de alta precisi\u00f3n<\/li>\n<li>Proporciona una precisi\u00f3n ultra alta de \u00b16 \u03bcm en todo el rango de medici\u00f3n (de 1 a 120 mm)<\/li>\n<li>Una clasificaci\u00f3n IP64 resiste entornos de medici\u00f3n dif\u00edciles, lo que le permite funcionar a altas temperaturas<\/li>\n<li>Tipo de uso general con un amplio rango de medici\u00f3n de 1 a 120 mm<\/li>\n<li>Proporciona una alta precisi\u00f3n con una linealidad de \u00b16 \u03bcm en todo el rango de medici\u00f3n y \u00b1(4 + 0,5 \u2206D)\u03bcm en el rango estrecho<\/li>\n<li>Excelente repetibilidad de \u00b10,8 \u03bcm<\/li>\n<\/ul>\n<p><strong>Velocidad de escaneo ultra alta de 3200 escaneos\/segundo<\/strong><\/p>\n<p>La incorporaci\u00f3n de un espejo poligonal de 16 caras y un motor de alta precisi\u00f3n ahora hace posible el escaneo a 3200 escaneos por segundo. Esta formidable capacidad es ideal, por ejemplo, para realizar mediciones en l\u00edneas de producci\u00f3n de alta velocidad o piezas de trabajo vibratorias.<\/p>\n<p><strong>Resistencia mejorada a entornos de nivel IP64<\/strong><\/p>\n<p>Esta unidad de medici\u00f3n ha sido ampliamente desarrollada para resistir entornos de medici\u00f3n dif\u00edciles. Como resultado, por ejemplo, puede funcionar a una temperatura ambiente de 113 \u00b0F (45 \u00b0C).<\/p>\n<p><strong>Aplicaciones<\/strong><\/p>\n<ul>\n<li>L\u00edneas de producci\u00f3n de alta velocidad<\/li>\n<li>Automotor<\/li>\n<li>Defensa<\/li>\n<li>Electr\u00f3nica<\/li>\n<li>Fabricaci\u00f3n general<\/li>\n<li>Pl\u00e1stico y caucho<\/li>\n<\/ul>\n<h4>Mitutoyo 544-540 Especificaciones<\/h4>\n<table class=\"table table-striped\">\n<tbody>\n<tr>\n<td>Medici\u00f3n<\/td>\n<td><span>Rango: 0,04 a 4,72&#8243; (1 a 120 mm) Regi\u00f3n: 1,2 x 4,72&#8243; a \u00f80,04 a 4,72&#8243; (30 x 120 mm a \u00f81 a 120 mm)<br \/>\n<\/span><\/td>\n<\/tr>\n<tr>\n<td>Resoluci\u00f3n (seleccionable)<\/td>\n<td>0,000005 a 0,005&#8243; (0,0001 a 0,1 mm)<\/td>\n<\/tr>\n<tr>\n<td>Repetibilidad<\/td>\n<td>\u00b132 \u03bcin (\u00b10,85 \u03bcm)<\/td>\n<\/tr>\n<tr>\n<td>Linealidad a 68\u00b0 (20\u00b0C)<\/td>\n<td>Rango completo: \u00b1240 \u03bcin (\u00b16 \u03bcm) Rango estrecho: \u00b1(4 + 0,5 \u2206D)<br \/>\n\u03bcm<\/td>\n<\/tr>\n<tr>\n<td>Error posicional<\/td>\n<td>\u00b1320 \u03bcin (\u00b18 \u03bcm)<\/td>\n<\/tr>\n<tr>\n<td>Velocidad de escaneo<\/td>\n<td>3200 escaneos por segundo<\/td>\n<\/tr>\n<tr>\n<td>L\u00e1ser<\/td>\n<td>Longitud de onda: 650 nm, visible<br \/>\nVelocidad de escaneo: 35590&#8243;\/s (904 m\/s)<\/td>\n<\/tr>\n<tr>\n<td>Operativo<\/td>\n<td>Temperatura: 32 a 104 \u00b0F (0 a 40 \u00b0C) Humedad: 35 a 85% HR (sin condensaci\u00f3n)<\/td>\n<\/tr>\n<tr>\n<td>Grado de protecci\u00f3n contra el agua y el polvo<\/td>\n<td>Conforme a IP64<\/td>\n<\/tr>\n<tr>\n<td>Est\u00e1ndar aceptable de l\u00e1ser<\/td>\n<td>IEC, FDA<\/td>\n<\/tr>\n<tr>\n<td>Dimensiones<\/td>\n<td>700 x 192 x 80 mm (27,56 x 7,56 x 3,15&#8243;)<\/td>\n<\/tr>\n<tr>\n<td>Peso<\/td>\n<td>Unidad de emisi\u00f3n: 6,6 lbs (3 kg) Unidad de recepci\u00f3n: 2,64 lbs (1,2 kg) Base: 3,96 lbs (1,8 kg) Cable de se\u00f1al: 1,1 lbs (0,5 kg)<\/td>\n<\/tr>\n<\/tbody>\n<\/table>\n","protected":false},"excerpt":{"rendered":"<p class=\"short-description mhide ipad-view-setting\">Con altas velocidades de escaneo y mediciones precisas, este micr\u00f3metro de escaneo l\u00e1ser tiene un rango de medici\u00f3n de 0,04 a 4,72&#8243;. Cuenta con una velocidad de escaneo de 3200 escaneos por segundo y realiza mediciones en piezas de trabajo peque\u00f1as y fr\u00e1giles a altas temperaturas, incluso cuando la pieza de trabajo est\u00e1 en movimiento o vibrando.<\/p>\n<p class=\"comment-tag-product\">\n<div class=\"row-fluid\">\n<div class=\"span12 mobile-pricing-box-padding\">\n<form id=\"518183925\" accept-charset=\"utf-8\" action=\"https:\/\/www.globaltestsupply.com\/shop\/add\" method=\"post\" name=\"addTocartFunction\">\n<div><\/div>\n<\/form>\n<\/div>\n<\/div>\n","protected":false},"featured_media":6601,"comment_status":"open","ping_status":"closed","template":"","meta":{"_joinchat":[]},"product_brand":[],"product_cat":[15],"product_tag":[],"class_list":{"0":"post-6589","1":"product","2":"type-product","3":"status-publish","4":"has-post-thumbnail","6":"product_cat-sin-categorizar","8":"first","9":"instock","10":"shipping-taxable","11":"product-type-simple"},"yoast_head":"<!-- This site is optimized with the Yoast SEO plugin v26.4 - https:\/\/yoast.com\/wordpress\/plugins\/seo\/ -->\n<title>mitutoyo lsm-512s micr\u00f3metro de escaneo l\u00e1ser, 0.04 a 4.72&quot; - Abaa tienda online<\/title>\n<meta name=\"robots\" content=\"index, follow, max-snippet:-1, max-image-preview:large, max-video-preview:-1\" \/>\n<link rel=\"canonical\" href=\"https:\/\/abaa.mx\/tienda\/mitutoyo-lsm-512s-micrometro-de-escaneo-laser-0-04-a-4-72\/\" \/>\n<meta property=\"og:locale\" content=\"es_MX\" \/>\n<meta property=\"og:type\" content=\"article\" \/>\n<meta property=\"og:title\" content=\"mitutoyo lsm-512s micr\u00f3metro de escaneo l\u00e1ser, 0.04 a 4.72&quot; - Abaa tienda online\" \/>\n<meta property=\"og:description\" content=\"Con altas velocidades de escaneo y mediciones precisas, este micr\u00f3metro de escaneo l\u00e1ser tiene un rango de medici\u00f3n de 0,04 a 4,72&quot;. Cuenta con una velocidad de escaneo de 3200 escaneos por segundo y realiza mediciones en piezas de trabajo peque\u00f1as y fr\u00e1giles a altas temperaturas, incluso cuando la pieza de trabajo est\u00e1 en movimiento o vibrando.\" \/>\n<meta property=\"og:url\" content=\"https:\/\/abaa.mx\/tienda\/mitutoyo-lsm-512s-micrometro-de-escaneo-laser-0-04-a-4-72\/\" \/>\n<meta property=\"og:site_name\" content=\"Abaa tienda online\" \/>\n<meta property=\"article:modified_time\" content=\"2023-10-18T19:33:17+00:00\" \/>\n<meta property=\"og:image\" content=\"https:\/\/abaa.mx\/tienda\/wp-content\/uploads\/2023\/10\/544-540.jpg\" \/>\n\t<meta property=\"og:image:width\" content=\"400\" \/>\n\t<meta property=\"og:image:height\" content=\"400\" \/>\n\t<meta property=\"og:image:type\" content=\"image\/jpeg\" \/>\n<meta name=\"twitter:card\" content=\"summary_large_image\" \/>\n<meta name=\"twitter:label1\" content=\"Tiempo de lectura\" \/>\n\t<meta name=\"twitter:data1\" content=\"2 minutos\" \/>\n<script type=\"application\/ld+json\" class=\"yoast-schema-graph\">{\"@context\":\"https:\/\/schema.org\",\"@graph\":[{\"@type\":\"WebPage\",\"@id\":\"https:\/\/abaa.mx\/tienda\/mitutoyo-lsm-512s-micrometro-de-escaneo-laser-0-04-a-4-72\/\",\"url\":\"https:\/\/abaa.mx\/tienda\/mitutoyo-lsm-512s-micrometro-de-escaneo-laser-0-04-a-4-72\/\",\"name\":\"mitutoyo lsm-512s micr\u00f3metro de escaneo l\u00e1ser, 0.04 a 4.72\\\" - Abaa tienda online\",\"isPartOf\":{\"@id\":\"https:\/\/abaa.mx\/tienda\/#website\"},\"primaryImageOfPage\":{\"@id\":\"https:\/\/abaa.mx\/tienda\/mitutoyo-lsm-512s-micrometro-de-escaneo-laser-0-04-a-4-72\/#primaryimage\"},\"image\":{\"@id\":\"https:\/\/abaa.mx\/tienda\/mitutoyo-lsm-512s-micrometro-de-escaneo-laser-0-04-a-4-72\/#primaryimage\"},\"thumbnailUrl\":\"https:\/\/abaa.mx\/tienda\/wp-content\/uploads\/2023\/10\/544-540.jpg\",\"datePublished\":\"2023-10-18T19:33:16+00:00\",\"dateModified\":\"2023-10-18T19:33:17+00:00\",\"breadcrumb\":{\"@id\":\"https:\/\/abaa.mx\/tienda\/mitutoyo-lsm-512s-micrometro-de-escaneo-laser-0-04-a-4-72\/#breadcrumb\"},\"inLanguage\":\"es\",\"potentialAction\":[{\"@type\":\"ReadAction\",\"target\":[\"https:\/\/abaa.mx\/tienda\/mitutoyo-lsm-512s-micrometro-de-escaneo-laser-0-04-a-4-72\/\"]}]},{\"@type\":\"ImageObject\",\"inLanguage\":\"es\",\"@id\":\"https:\/\/abaa.mx\/tienda\/mitutoyo-lsm-512s-micrometro-de-escaneo-laser-0-04-a-4-72\/#primaryimage\",\"url\":\"https:\/\/abaa.mx\/tienda\/wp-content\/uploads\/2023\/10\/544-540.jpg\",\"contentUrl\":\"https:\/\/abaa.mx\/tienda\/wp-content\/uploads\/2023\/10\/544-540.jpg\",\"width\":400,\"height\":400,\"caption\":\"544-540\"},{\"@type\":\"BreadcrumbList\",\"@id\":\"https:\/\/abaa.mx\/tienda\/mitutoyo-lsm-512s-micrometro-de-escaneo-laser-0-04-a-4-72\/#breadcrumb\",\"itemListElement\":[{\"@type\":\"ListItem\",\"position\":1,\"name\":\"Inicio\",\"item\":\"https:\/\/abaa.mx\/tienda\/\"},{\"@type\":\"ListItem\",\"position\":2,\"name\":\"Tienda\",\"item\":\"https:\/\/abaa.mx\/tienda\/\"},{\"@type\":\"ListItem\",\"position\":3,\"name\":\"mitutoyo lsm-512s micr\u00f3metro de escaneo l\u00e1ser, 0.04 a 4.72&#8243;\"}]},{\"@type\":\"WebSite\",\"@id\":\"https:\/\/abaa.mx\/tienda\/#website\",\"url\":\"https:\/\/abaa.mx\/tienda\/\",\"name\":\"Abaa tienda online\",\"description\":\"Instrumentos de medici\u00f3n\",\"publisher\":{\"@id\":\"https:\/\/abaa.mx\/tienda\/#organization\"},\"potentialAction\":[{\"@type\":\"SearchAction\",\"target\":{\"@type\":\"EntryPoint\",\"urlTemplate\":\"https:\/\/abaa.mx\/tienda\/?s={search_term_string}\"},\"query-input\":{\"@type\":\"PropertyValueSpecification\",\"valueRequired\":true,\"valueName\":\"search_term_string\"}}],\"inLanguage\":\"es\"},{\"@type\":\"Organization\",\"@id\":\"https:\/\/abaa.mx\/tienda\/#organization\",\"name\":\"Abaa tienda online\",\"url\":\"https:\/\/abaa.mx\/tienda\/\",\"logo\":{\"@type\":\"ImageObject\",\"inLanguage\":\"es\",\"@id\":\"https:\/\/abaa.mx\/tienda\/#\/schema\/logo\/image\/\",\"url\":\"https:\/\/abaa.mx\/tienda\/wp-content\/uploads\/2024\/01\/abaa-metrologia-tienda.png\",\"contentUrl\":\"https:\/\/abaa.mx\/tienda\/wp-content\/uploads\/2024\/01\/abaa-metrologia-tienda.png\",\"width\":300,\"height\":141,\"caption\":\"Abaa tienda online\"},\"image\":{\"@id\":\"https:\/\/abaa.mx\/tienda\/#\/schema\/logo\/image\/\"}}]}<\/script>\n<!-- \/ Yoast SEO plugin. -->","yoast_head_json":{"title":"mitutoyo lsm-512s micr\u00f3metro de escaneo l\u00e1ser, 0.04 a 4.72\" - Abaa tienda online","robots":{"index":"index","follow":"follow","max-snippet":"max-snippet:-1","max-image-preview":"max-image-preview:large","max-video-preview":"max-video-preview:-1"},"canonical":"https:\/\/abaa.mx\/tienda\/mitutoyo-lsm-512s-micrometro-de-escaneo-laser-0-04-a-4-72\/","og_locale":"es_MX","og_type":"article","og_title":"mitutoyo lsm-512s micr\u00f3metro de escaneo l\u00e1ser, 0.04 a 4.72\" - Abaa tienda online","og_description":"Con altas velocidades de escaneo y mediciones precisas, este micr\u00f3metro de escaneo l\u00e1ser tiene un rango de medici\u00f3n de 0,04 a 4,72\". Cuenta con una velocidad de escaneo de 3200 escaneos por segundo y realiza mediciones en piezas de trabajo peque\u00f1as y fr\u00e1giles a altas temperaturas, incluso cuando la pieza de trabajo est\u00e1 en movimiento o vibrando.","og_url":"https:\/\/abaa.mx\/tienda\/mitutoyo-lsm-512s-micrometro-de-escaneo-laser-0-04-a-4-72\/","og_site_name":"Abaa tienda online","article_modified_time":"2023-10-18T19:33:17+00:00","og_image":[{"width":400,"height":400,"url":"https:\/\/abaa.mx\/tienda\/wp-content\/uploads\/2023\/10\/544-540.jpg","type":"image\/jpeg"}],"twitter_card":"summary_large_image","twitter_misc":{"Tiempo de lectura":"2 minutos"},"schema":{"@context":"https:\/\/schema.org","@graph":[{"@type":"WebPage","@id":"https:\/\/abaa.mx\/tienda\/mitutoyo-lsm-512s-micrometro-de-escaneo-laser-0-04-a-4-72\/","url":"https:\/\/abaa.mx\/tienda\/mitutoyo-lsm-512s-micrometro-de-escaneo-laser-0-04-a-4-72\/","name":"mitutoyo lsm-512s micr\u00f3metro de escaneo l\u00e1ser, 0.04 a 4.72\" - Abaa tienda online","isPartOf":{"@id":"https:\/\/abaa.mx\/tienda\/#website"},"primaryImageOfPage":{"@id":"https:\/\/abaa.mx\/tienda\/mitutoyo-lsm-512s-micrometro-de-escaneo-laser-0-04-a-4-72\/#primaryimage"},"image":{"@id":"https:\/\/abaa.mx\/tienda\/mitutoyo-lsm-512s-micrometro-de-escaneo-laser-0-04-a-4-72\/#primaryimage"},"thumbnailUrl":"https:\/\/abaa.mx\/tienda\/wp-content\/uploads\/2023\/10\/544-540.jpg","datePublished":"2023-10-18T19:33:16+00:00","dateModified":"2023-10-18T19:33:17+00:00","breadcrumb":{"@id":"https:\/\/abaa.mx\/tienda\/mitutoyo-lsm-512s-micrometro-de-escaneo-laser-0-04-a-4-72\/#breadcrumb"},"inLanguage":"es","potentialAction":[{"@type":"ReadAction","target":["https:\/\/abaa.mx\/tienda\/mitutoyo-lsm-512s-micrometro-de-escaneo-laser-0-04-a-4-72\/"]}]},{"@type":"ImageObject","inLanguage":"es","@id":"https:\/\/abaa.mx\/tienda\/mitutoyo-lsm-512s-micrometro-de-escaneo-laser-0-04-a-4-72\/#primaryimage","url":"https:\/\/abaa.mx\/tienda\/wp-content\/uploads\/2023\/10\/544-540.jpg","contentUrl":"https:\/\/abaa.mx\/tienda\/wp-content\/uploads\/2023\/10\/544-540.jpg","width":400,"height":400,"caption":"544-540"},{"@type":"BreadcrumbList","@id":"https:\/\/abaa.mx\/tienda\/mitutoyo-lsm-512s-micrometro-de-escaneo-laser-0-04-a-4-72\/#breadcrumb","itemListElement":[{"@type":"ListItem","position":1,"name":"Inicio","item":"https:\/\/abaa.mx\/tienda\/"},{"@type":"ListItem","position":2,"name":"Tienda","item":"https:\/\/abaa.mx\/tienda\/"},{"@type":"ListItem","position":3,"name":"mitutoyo lsm-512s micr\u00f3metro de escaneo l\u00e1ser, 0.04 a 4.72&#8243;"}]},{"@type":"WebSite","@id":"https:\/\/abaa.mx\/tienda\/#website","url":"https:\/\/abaa.mx\/tienda\/","name":"Abaa tienda online","description":"Instrumentos de medici\u00f3n","publisher":{"@id":"https:\/\/abaa.mx\/tienda\/#organization"},"potentialAction":[{"@type":"SearchAction","target":{"@type":"EntryPoint","urlTemplate":"https:\/\/abaa.mx\/tienda\/?s={search_term_string}"},"query-input":{"@type":"PropertyValueSpecification","valueRequired":true,"valueName":"search_term_string"}}],"inLanguage":"es"},{"@type":"Organization","@id":"https:\/\/abaa.mx\/tienda\/#organization","name":"Abaa tienda online","url":"https:\/\/abaa.mx\/tienda\/","logo":{"@type":"ImageObject","inLanguage":"es","@id":"https:\/\/abaa.mx\/tienda\/#\/schema\/logo\/image\/","url":"https:\/\/abaa.mx\/tienda\/wp-content\/uploads\/2024\/01\/abaa-metrologia-tienda.png","contentUrl":"https:\/\/abaa.mx\/tienda\/wp-content\/uploads\/2024\/01\/abaa-metrologia-tienda.png","width":300,"height":141,"caption":"Abaa tienda online"},"image":{"@id":"https:\/\/abaa.mx\/tienda\/#\/schema\/logo\/image\/"}}]}},"_links":{"self":[{"href":"https:\/\/abaa.mx\/tienda\/wp-json\/wp\/v2\/product\/6589","targetHints":{"allow":["GET"]}}],"collection":[{"href":"https:\/\/abaa.mx\/tienda\/wp-json\/wp\/v2\/product"}],"about":[{"href":"https:\/\/abaa.mx\/tienda\/wp-json\/wp\/v2\/types\/product"}],"replies":[{"embeddable":true,"href":"https:\/\/abaa.mx\/tienda\/wp-json\/wp\/v2\/comments?post=6589"}],"wp:featuredmedia":[{"embeddable":true,"href":"https:\/\/abaa.mx\/tienda\/wp-json\/wp\/v2\/media\/6601"}],"wp:attachment":[{"href":"https:\/\/abaa.mx\/tienda\/wp-json\/wp\/v2\/media?parent=6589"}],"wp:term":[{"taxonomy":"product_brand","embeddable":true,"href":"https:\/\/abaa.mx\/tienda\/wp-json\/wp\/v2\/product_brand?post=6589"},{"taxonomy":"product_cat","embeddable":true,"href":"https:\/\/abaa.mx\/tienda\/wp-json\/wp\/v2\/product_cat?post=6589"},{"taxonomy":"product_tag","embeddable":true,"href":"https:\/\/abaa.mx\/tienda\/wp-json\/wp\/v2\/product_tag?post=6589"}],"curies":[{"name":"wp","href":"https:\/\/api.w.org\/{rel}","templated":true}]}}