{"id":6527,"date":"2023-10-18T17:19:55","date_gmt":"2023-10-18T17:19:55","guid":{"rendered":"https:\/\/abaa.mx\/tienda\/?post_type=product&#038;p=6527"},"modified":"2023-10-18T17:19:55","modified_gmt":"2023-10-18T17:19:55","slug":"mitutoyo-543-791-10-indicador-digitalizado-absoluto-rango-de-0-5-punto-de-contacto-de-rosca-m2-5x0-45-con-salida-de-datos-spc","status":"publish","type":"product","link":"https:\/\/abaa.mx\/tienda\/mitutoyo-543-791-10-indicador-digitalizado-absoluto-rango-de-0-5-punto-de-contacto-de-rosca-m2-5x0-45-con-salida-de-datos-spc\/","title":{"rendered":"mitutoyo 543-791-10 indicador digitalizado absoluto, rango de 0.5&#8243;, punto de contacto de rosca m2.5&#215;0.45, con salida de datos spc"},"content":{"rendered":"<p><strong>Funciones<\/strong><\/p>\n<ul>\n<li>Tan compactos como los intermitentes est\u00e1ndar de la Serie 2<\/li>\n<li>Despu\u00e9s de la puesta a cero inicial con el bot\u00f3n ORIGIN, el posicionamiento absoluto repetido ya no es necesario durante toda la vida \u00fatil de la bater\u00eda<\/li>\n<li>Utilizando el codificador lineal ABSOLUTE, el ID-S siempre muestra la &#8220;Posici\u00f3n absoluta&#8221; del husillo desde el origen en el momento del encendido. Adem\u00e1s, la velocidad de respuesta ilimitada elimina los errores de exceso de velocidad<\/li>\n<li>Salida de datos SPC<\/li>\n<li>Protecci\u00f3n IP42 contra el polvo y el agua<\/li>\n<li>Alarma: Baja tensi\u00f3n, Error de composici\u00f3n del valor de conteo, Error de desbordamiento<\/li>\n<li>Codificador de revestimiento de tipo capacitancia electrost\u00e1tica absoluta<\/li>\n<\/ul>\n<p><strong>Aplicaciones<\/strong><\/p>\n<p>Ideal para las siguientes aplicaciones: Medici\u00f3n digital, Fabricaci\u00f3n, Fabricaci\u00f3n, Mecanizado<\/p>\n<h4>Mitutoyo 543-791 Especificaciones<\/h4>\n<table class=\"table table-striped\">\n<tbody>\n<tr>\n<td>Resoluci\u00f3n<\/td>\n<td>.0005 pulgadas 0.01mm<\/td>\n<\/tr>\n<tr>\n<td>Gama<\/td>\n<td>.5 pulgadas 12,7 mm<\/td>\n<\/tr>\n<tr>\n<td>Exactitud<\/td>\n<td>.00012<\/td>\n<\/tr>\n<tr>\n<td>Di\u00e1metro del v\u00e1stago<\/td>\n<td>\u00d88in<\/td>\n<\/tr>\n<tr>\n<td>Fuerza<\/td>\n<td>2.0N o menos<\/td>\n<\/tr>\n<tr>\n<td>Punto de contacto<\/td>\n<td>Rosca M2.5&#215;0.45<\/td>\n<\/tr>\n<\/tbody>\n<\/table>\n","protected":false},"excerpt":{"rendered":"<p class=\"short-description mhide ipad-view-setting\">Este indicador digim\u00e1tico absoluto es compacto y emplea el codificador lineal absoluto, el ID-S siempre muestra la &#8220;posici\u00f3n absoluta&#8221; del husillo desde el origen en el encendido.<\/p>\n<p class=\"comment-tag-product\">\n<div class=\"row-fluid\">\n<div class=\"span12 mobile-pricing-box-padding\">\n<form id=\"87515\" accept-charset=\"utf-8\" action=\"https:\/\/www.globaltestsupply.com\/shop\/add\" method=\"post\" name=\"addTocartFunction\">\n<div><\/div>\n<\/form>\n<\/div>\n<\/div>\n","protected":false},"featured_media":6548,"comment_status":"open","ping_status":"closed","template":"","meta":{"_joinchat":[]},"product_brand":[],"product_cat":[15],"product_tag":[],"class_list":{"0":"post-6527","1":"product","2":"type-product","3":"status-publish","4":"has-post-thumbnail","6":"product_cat-sin-categorizar","8":"first","9":"instock","10":"shipping-taxable","11":"product-type-simple"},"yoast_head":"<!-- This site is optimized with the Yoast SEO plugin v26.4 - https:\/\/yoast.com\/wordpress\/plugins\/seo\/ -->\n<title>mitutoyo 543-791-10 indicador digitalizado absoluto, rango de 0.5&quot;, punto de contacto de rosca m2.5x0.45, con salida de datos spc - Abaa tienda online<\/title>\n<meta name=\"robots\" content=\"index, follow, max-snippet:-1, max-image-preview:large, max-video-preview:-1\" \/>\n<link rel=\"canonical\" href=\"https:\/\/abaa.mx\/tienda\/mitutoyo-543-791-10-indicador-digitalizado-absoluto-rango-de-0-5-punto-de-contacto-de-rosca-m2-5x0-45-con-salida-de-datos-spc\/\" \/>\n<meta property=\"og:locale\" content=\"es_MX\" \/>\n<meta property=\"og:type\" content=\"article\" \/>\n<meta property=\"og:title\" content=\"mitutoyo 543-791-10 indicador digitalizado absoluto, rango de 0.5&quot;, punto de contacto de rosca m2.5x0.45, con salida de datos spc - Abaa tienda online\" \/>\n<meta property=\"og:description\" content=\"Este indicador digim\u00e1tico absoluto es compacto y emplea el codificador lineal absoluto, el ID-S siempre muestra la &quot;posici\u00f3n absoluta&quot; del husillo desde el origen en el encendido.\" \/>\n<meta property=\"og:url\" content=\"https:\/\/abaa.mx\/tienda\/mitutoyo-543-791-10-indicador-digitalizado-absoluto-rango-de-0-5-punto-de-contacto-de-rosca-m2-5x0-45-con-salida-de-datos-spc\/\" \/>\n<meta property=\"og:site_name\" content=\"Abaa tienda online\" \/>\n<meta property=\"og:image\" content=\"https:\/\/abaa.mx\/tienda\/wp-content\/uploads\/2023\/10\/543-791-10.jpg\" \/>\n\t<meta property=\"og:image:width\" content=\"270\" \/>\n\t<meta property=\"og:image:height\" content=\"496\" \/>\n\t<meta property=\"og:image:type\" content=\"image\/jpeg\" \/>\n<meta name=\"twitter:card\" content=\"summary_large_image\" \/>\n<meta name=\"twitter:label1\" content=\"Tiempo de lectura\" \/>\n\t<meta name=\"twitter:data1\" content=\"1 minuto\" \/>\n<script type=\"application\/ld+json\" class=\"yoast-schema-graph\">{\"@context\":\"https:\/\/schema.org\",\"@graph\":[{\"@type\":\"WebPage\",\"@id\":\"https:\/\/abaa.mx\/tienda\/mitutoyo-543-791-10-indicador-digitalizado-absoluto-rango-de-0-5-punto-de-contacto-de-rosca-m2-5x0-45-con-salida-de-datos-spc\/\",\"url\":\"https:\/\/abaa.mx\/tienda\/mitutoyo-543-791-10-indicador-digitalizado-absoluto-rango-de-0-5-punto-de-contacto-de-rosca-m2-5x0-45-con-salida-de-datos-spc\/\",\"name\":\"mitutoyo 543-791-10 indicador digitalizado absoluto, rango de 0.5\\\", punto de contacto de rosca m2.5x0.45, con salida de datos spc - Abaa tienda online\",\"isPartOf\":{\"@id\":\"https:\/\/abaa.mx\/tienda\/#website\"},\"primaryImageOfPage\":{\"@id\":\"https:\/\/abaa.mx\/tienda\/mitutoyo-543-791-10-indicador-digitalizado-absoluto-rango-de-0-5-punto-de-contacto-de-rosca-m2-5x0-45-con-salida-de-datos-spc\/#primaryimage\"},\"image\":{\"@id\":\"https:\/\/abaa.mx\/tienda\/mitutoyo-543-791-10-indicador-digitalizado-absoluto-rango-de-0-5-punto-de-contacto-de-rosca-m2-5x0-45-con-salida-de-datos-spc\/#primaryimage\"},\"thumbnailUrl\":\"https:\/\/abaa.mx\/tienda\/wp-content\/uploads\/2023\/10\/543-791-10.jpg\",\"datePublished\":\"2023-10-18T17:19:55+00:00\",\"breadcrumb\":{\"@id\":\"https:\/\/abaa.mx\/tienda\/mitutoyo-543-791-10-indicador-digitalizado-absoluto-rango-de-0-5-punto-de-contacto-de-rosca-m2-5x0-45-con-salida-de-datos-spc\/#breadcrumb\"},\"inLanguage\":\"es\",\"potentialAction\":[{\"@type\":\"ReadAction\",\"target\":[\"https:\/\/abaa.mx\/tienda\/mitutoyo-543-791-10-indicador-digitalizado-absoluto-rango-de-0-5-punto-de-contacto-de-rosca-m2-5x0-45-con-salida-de-datos-spc\/\"]}]},{\"@type\":\"ImageObject\",\"inLanguage\":\"es\",\"@id\":\"https:\/\/abaa.mx\/tienda\/mitutoyo-543-791-10-indicador-digitalizado-absoluto-rango-de-0-5-punto-de-contacto-de-rosca-m2-5x0-45-con-salida-de-datos-spc\/#primaryimage\",\"url\":\"https:\/\/abaa.mx\/tienda\/wp-content\/uploads\/2023\/10\/543-791-10.jpg\",\"contentUrl\":\"https:\/\/abaa.mx\/tienda\/wp-content\/uploads\/2023\/10\/543-791-10.jpg\",\"width\":270,\"height\":496,\"caption\":\"543-791-10\"},{\"@type\":\"BreadcrumbList\",\"@id\":\"https:\/\/abaa.mx\/tienda\/mitutoyo-543-791-10-indicador-digitalizado-absoluto-rango-de-0-5-punto-de-contacto-de-rosca-m2-5x0-45-con-salida-de-datos-spc\/#breadcrumb\",\"itemListElement\":[{\"@type\":\"ListItem\",\"position\":1,\"name\":\"Inicio\",\"item\":\"https:\/\/abaa.mx\/tienda\/\"},{\"@type\":\"ListItem\",\"position\":2,\"name\":\"Tienda\",\"item\":\"https:\/\/abaa.mx\/tienda\/\"},{\"@type\":\"ListItem\",\"position\":3,\"name\":\"mitutoyo 543-791-10 indicador digitalizado absoluto, rango de 0.5&#8243;, punto de contacto de rosca m2.5&#215;0.45, con salida de datos spc\"}]},{\"@type\":\"WebSite\",\"@id\":\"https:\/\/abaa.mx\/tienda\/#website\",\"url\":\"https:\/\/abaa.mx\/tienda\/\",\"name\":\"Abaa tienda online\",\"description\":\"Instrumentos de medici\u00f3n\",\"publisher\":{\"@id\":\"https:\/\/abaa.mx\/tienda\/#organization\"},\"potentialAction\":[{\"@type\":\"SearchAction\",\"target\":{\"@type\":\"EntryPoint\",\"urlTemplate\":\"https:\/\/abaa.mx\/tienda\/?s={search_term_string}\"},\"query-input\":{\"@type\":\"PropertyValueSpecification\",\"valueRequired\":true,\"valueName\":\"search_term_string\"}}],\"inLanguage\":\"es\"},{\"@type\":\"Organization\",\"@id\":\"https:\/\/abaa.mx\/tienda\/#organization\",\"name\":\"Abaa tienda online\",\"url\":\"https:\/\/abaa.mx\/tienda\/\",\"logo\":{\"@type\":\"ImageObject\",\"inLanguage\":\"es\",\"@id\":\"https:\/\/abaa.mx\/tienda\/#\/schema\/logo\/image\/\",\"url\":\"https:\/\/abaa.mx\/tienda\/wp-content\/uploads\/2024\/01\/abaa-metrologia-tienda.png\",\"contentUrl\":\"https:\/\/abaa.mx\/tienda\/wp-content\/uploads\/2024\/01\/abaa-metrologia-tienda.png\",\"width\":300,\"height\":141,\"caption\":\"Abaa tienda online\"},\"image\":{\"@id\":\"https:\/\/abaa.mx\/tienda\/#\/schema\/logo\/image\/\"}}]}<\/script>\n<!-- \/ Yoast SEO plugin. -->","yoast_head_json":{"title":"mitutoyo 543-791-10 indicador digitalizado absoluto, rango de 0.5\", punto de contacto de rosca m2.5x0.45, con salida de datos spc - Abaa tienda online","robots":{"index":"index","follow":"follow","max-snippet":"max-snippet:-1","max-image-preview":"max-image-preview:large","max-video-preview":"max-video-preview:-1"},"canonical":"https:\/\/abaa.mx\/tienda\/mitutoyo-543-791-10-indicador-digitalizado-absoluto-rango-de-0-5-punto-de-contacto-de-rosca-m2-5x0-45-con-salida-de-datos-spc\/","og_locale":"es_MX","og_type":"article","og_title":"mitutoyo 543-791-10 indicador digitalizado absoluto, rango de 0.5\", punto de contacto de rosca m2.5x0.45, con salida de datos spc - Abaa tienda online","og_description":"Este indicador digim\u00e1tico absoluto es compacto y emplea el codificador lineal absoluto, el ID-S siempre muestra la \"posici\u00f3n absoluta\" del husillo desde el origen en el encendido.","og_url":"https:\/\/abaa.mx\/tienda\/mitutoyo-543-791-10-indicador-digitalizado-absoluto-rango-de-0-5-punto-de-contacto-de-rosca-m2-5x0-45-con-salida-de-datos-spc\/","og_site_name":"Abaa tienda online","og_image":[{"width":270,"height":496,"url":"https:\/\/abaa.mx\/tienda\/wp-content\/uploads\/2023\/10\/543-791-10.jpg","type":"image\/jpeg"}],"twitter_card":"summary_large_image","twitter_misc":{"Tiempo de lectura":"1 minuto"},"schema":{"@context":"https:\/\/schema.org","@graph":[{"@type":"WebPage","@id":"https:\/\/abaa.mx\/tienda\/mitutoyo-543-791-10-indicador-digitalizado-absoluto-rango-de-0-5-punto-de-contacto-de-rosca-m2-5x0-45-con-salida-de-datos-spc\/","url":"https:\/\/abaa.mx\/tienda\/mitutoyo-543-791-10-indicador-digitalizado-absoluto-rango-de-0-5-punto-de-contacto-de-rosca-m2-5x0-45-con-salida-de-datos-spc\/","name":"mitutoyo 543-791-10 indicador digitalizado absoluto, rango de 0.5\", punto de contacto de rosca m2.5x0.45, con salida de datos spc - Abaa tienda online","isPartOf":{"@id":"https:\/\/abaa.mx\/tienda\/#website"},"primaryImageOfPage":{"@id":"https:\/\/abaa.mx\/tienda\/mitutoyo-543-791-10-indicador-digitalizado-absoluto-rango-de-0-5-punto-de-contacto-de-rosca-m2-5x0-45-con-salida-de-datos-spc\/#primaryimage"},"image":{"@id":"https:\/\/abaa.mx\/tienda\/mitutoyo-543-791-10-indicador-digitalizado-absoluto-rango-de-0-5-punto-de-contacto-de-rosca-m2-5x0-45-con-salida-de-datos-spc\/#primaryimage"},"thumbnailUrl":"https:\/\/abaa.mx\/tienda\/wp-content\/uploads\/2023\/10\/543-791-10.jpg","datePublished":"2023-10-18T17:19:55+00:00","breadcrumb":{"@id":"https:\/\/abaa.mx\/tienda\/mitutoyo-543-791-10-indicador-digitalizado-absoluto-rango-de-0-5-punto-de-contacto-de-rosca-m2-5x0-45-con-salida-de-datos-spc\/#breadcrumb"},"inLanguage":"es","potentialAction":[{"@type":"ReadAction","target":["https:\/\/abaa.mx\/tienda\/mitutoyo-543-791-10-indicador-digitalizado-absoluto-rango-de-0-5-punto-de-contacto-de-rosca-m2-5x0-45-con-salida-de-datos-spc\/"]}]},{"@type":"ImageObject","inLanguage":"es","@id":"https:\/\/abaa.mx\/tienda\/mitutoyo-543-791-10-indicador-digitalizado-absoluto-rango-de-0-5-punto-de-contacto-de-rosca-m2-5x0-45-con-salida-de-datos-spc\/#primaryimage","url":"https:\/\/abaa.mx\/tienda\/wp-content\/uploads\/2023\/10\/543-791-10.jpg","contentUrl":"https:\/\/abaa.mx\/tienda\/wp-content\/uploads\/2023\/10\/543-791-10.jpg","width":270,"height":496,"caption":"543-791-10"},{"@type":"BreadcrumbList","@id":"https:\/\/abaa.mx\/tienda\/mitutoyo-543-791-10-indicador-digitalizado-absoluto-rango-de-0-5-punto-de-contacto-de-rosca-m2-5x0-45-con-salida-de-datos-spc\/#breadcrumb","itemListElement":[{"@type":"ListItem","position":1,"name":"Inicio","item":"https:\/\/abaa.mx\/tienda\/"},{"@type":"ListItem","position":2,"name":"Tienda","item":"https:\/\/abaa.mx\/tienda\/"},{"@type":"ListItem","position":3,"name":"mitutoyo 543-791-10 indicador digitalizado absoluto, rango de 0.5&#8243;, punto de contacto de rosca m2.5&#215;0.45, con salida de datos spc"}]},{"@type":"WebSite","@id":"https:\/\/abaa.mx\/tienda\/#website","url":"https:\/\/abaa.mx\/tienda\/","name":"Abaa tienda online","description":"Instrumentos de medici\u00f3n","publisher":{"@id":"https:\/\/abaa.mx\/tienda\/#organization"},"potentialAction":[{"@type":"SearchAction","target":{"@type":"EntryPoint","urlTemplate":"https:\/\/abaa.mx\/tienda\/?s={search_term_string}"},"query-input":{"@type":"PropertyValueSpecification","valueRequired":true,"valueName":"search_term_string"}}],"inLanguage":"es"},{"@type":"Organization","@id":"https:\/\/abaa.mx\/tienda\/#organization","name":"Abaa tienda online","url":"https:\/\/abaa.mx\/tienda\/","logo":{"@type":"ImageObject","inLanguage":"es","@id":"https:\/\/abaa.mx\/tienda\/#\/schema\/logo\/image\/","url":"https:\/\/abaa.mx\/tienda\/wp-content\/uploads\/2024\/01\/abaa-metrologia-tienda.png","contentUrl":"https:\/\/abaa.mx\/tienda\/wp-content\/uploads\/2024\/01\/abaa-metrologia-tienda.png","width":300,"height":141,"caption":"Abaa tienda online"},"image":{"@id":"https:\/\/abaa.mx\/tienda\/#\/schema\/logo\/image\/"}}]}},"_links":{"self":[{"href":"https:\/\/abaa.mx\/tienda\/wp-json\/wp\/v2\/product\/6527","targetHints":{"allow":["GET"]}}],"collection":[{"href":"https:\/\/abaa.mx\/tienda\/wp-json\/wp\/v2\/product"}],"about":[{"href":"https:\/\/abaa.mx\/tienda\/wp-json\/wp\/v2\/types\/product"}],"replies":[{"embeddable":true,"href":"https:\/\/abaa.mx\/tienda\/wp-json\/wp\/v2\/comments?post=6527"}],"wp:featuredmedia":[{"embeddable":true,"href":"https:\/\/abaa.mx\/tienda\/wp-json\/wp\/v2\/media\/6548"}],"wp:attachment":[{"href":"https:\/\/abaa.mx\/tienda\/wp-json\/wp\/v2\/media?parent=6527"}],"wp:term":[{"taxonomy":"product_brand","embeddable":true,"href":"https:\/\/abaa.mx\/tienda\/wp-json\/wp\/v2\/product_brand?post=6527"},{"taxonomy":"product_cat","embeddable":true,"href":"https:\/\/abaa.mx\/tienda\/wp-json\/wp\/v2\/product_cat?post=6527"},{"taxonomy":"product_tag","embeddable":true,"href":"https:\/\/abaa.mx\/tienda\/wp-json\/wp\/v2\/product_tag?post=6527"}],"curies":[{"name":"wp","href":"https:\/\/api.w.org\/{rel}","templated":true}]}}