{"id":6525,"date":"2023-10-18T16:57:51","date_gmt":"2023-10-18T16:57:51","guid":{"rendered":"https:\/\/abaa.mx\/tienda\/?post_type=product&#038;p=6525"},"modified":"2023-12-04T16:24:27","modified_gmt":"2023-12-04T16:24:27","slug":"mitutoyo-543-783-indicador-digimatico-absoluto-id-s-0-5-0-0005-12-7mm-0-01-mm-spc-2","status":"publish","type":"product","link":"https:\/\/abaa.mx\/tienda\/mitutoyo-543-783-indicador-digimatico-absoluto-id-s-0-5-0-0005-12-7mm-0-01-mm-spc-2\/","title":{"rendered":"Medidor de Mon\u00f3xido de Carbono"},"content":{"rendered":"<p>Medidor de Mon\u00f3xido de Carbono.<\/p>\n","protected":false},"excerpt":{"rendered":"<p><b>Caracteristicas:<\/b><\/p>\n<p>Tama\u00f1o manual de bolsillo y f\u00e1cil de usar. Prueba R\u00e1pida, memoria de picos m\u00e1ximo y m\u00ednimo. Retenci\u00f3n de Datos. Apagado de energ\u00eda autom\u00e1tico par ahorro de bater\u00eda. Alarma de alta exposici\u00f3n, en evaluaciones arriba de 200 PPM, el beeper suena de manera continua al medir la concentraci\u00f3n de CO. Marcha con una bater\u00eda de 9V.<\/p>\n<ul>\n<li type=\"circle\">Dimensiones: 160 x 56 x 40 mm.<\/li>\n<li type=\"circle\">Peso: 180 g.<\/li>\n<\/ul>\n<p><b>Especificaciones:<\/b><\/p>\n<ul>\n<li>Tipo de Sensor: Electroqu\u00edmico de Gas espec\u00edfico (CO).<\/li>\n<li>Resoluci\u00f3n: 1 ppm.<\/li>\n<li>Apagado autom\u00e1tico: El medidor autom\u00e1ticamente se cierra despu\u00e9s de 15 minutos de inactividad.<\/li>\n<li>Vida t\u00edpica del sensor: 3 A\u00f1os.<\/li>\n<li>Temperatura de operaci\u00f3n: desde 0\u00b0C hasta +50.0\u00b0C.<\/li>\n<li>Humedad de operaci\u00f3n: Humedad relativa del 0-99 % (no condensada).<\/li>\n<li>Bater\u00eda: Cuadrada de 9V alcalina, NEDA 1604A o equivalente.<\/li>\n<li>Rango de Medici\u00f3n: de 0 hasta 1000PPM.<\/li>\n<li>Per\u00edodo de calentamiento: &lt; 2 segundos.<\/li>\n<li>Exactitud: 5% o \u00b110ppm.<\/li>\n<li>Temperatura de almacenaje: desde -30\u00b0C hasta +60.0\u00b0C.<\/li>\n<\/ul>\n","protected":false},"featured_media":9577,"comment_status":"open","ping_status":"closed","template":"","meta":{"_joinchat":[]},"product_brand":[],"product_cat":[15],"product_tag":[],"class_list":{"0":"post-6525","1":"product","2":"type-product","3":"status-publish","4":"has-post-thumbnail","6":"product_cat-sin-categorizar","8":"first","9":"instock","10":"shipping-taxable","11":"product-type-simple"},"yoast_head":"<!-- This site is optimized with the Yoast SEO plugin v26.4 - https:\/\/yoast.com\/wordpress\/plugins\/seo\/ -->\n<title>Medidor de Mon\u00f3xido de Carbono - Abaa tienda online<\/title>\n<meta name=\"robots\" content=\"index, follow, max-snippet:-1, max-image-preview:large, max-video-preview:-1\" \/>\n<link rel=\"canonical\" href=\"https:\/\/abaa.mx\/tienda\/mitutoyo-543-783-indicador-digimatico-absoluto-id-s-0-5-0-0005-12-7mm-0-01-mm-spc-2\/\" \/>\n<meta property=\"og:locale\" content=\"es_MX\" \/>\n<meta property=\"og:type\" content=\"article\" \/>\n<meta property=\"og:title\" content=\"Medidor de Mon\u00f3xido de Carbono - Abaa tienda online\" \/>\n<meta property=\"og:description\" content=\"Caracteristicas:  Tama\u00f1o manual de bolsillo y f\u00e1cil de usar. Prueba R\u00e1pida, memoria de picos m\u00e1ximo y m\u00ednimo. Retenci\u00f3n de Datos. Apagado de energ\u00eda autom\u00e1tico par ahorro de bater\u00eda. Alarma de alta exposici\u00f3n, en evaluaciones arriba de 200 PPM, el beeper suena de manera continua al medir la concentraci\u00f3n de CO. Marcha con una bater\u00eda de 9V.   Dimensiones: 160 x 56 x 40 mm.  Peso: 180 g.  Especificaciones:   Tipo de Sensor: Electroqu\u00edmico de Gas espec\u00edfico (CO).  Resoluci\u00f3n: 1 ppm.  Apagado autom\u00e1tico: El medidor autom\u00e1ticamente se cierra despu\u00e9s de 15 minutos de inactividad.  Vida t\u00edpica del sensor: 3 A\u00f1os.  Temperatura de operaci\u00f3n: desde 0\u00b0C hasta +50.0\u00b0C.  Humedad de operaci\u00f3n: Humedad relativa del 0-99 % (no condensada).  Bater\u00eda: Cuadrada de 9V alcalina, NEDA 1604A o equivalente.  Rango de Medici\u00f3n: de 0 hasta 1000PPM.  Per\u00edodo de calentamiento: &lt; 2 segundos.  Exactitud: 5% o \u00b110ppm.  Temperatura de almacenaje: desde -30\u00b0C hasta +60.0\u00b0C.\" \/>\n<meta property=\"og:url\" content=\"https:\/\/abaa.mx\/tienda\/mitutoyo-543-783-indicador-digimatico-absoluto-id-s-0-5-0-0005-12-7mm-0-01-mm-spc-2\/\" \/>\n<meta property=\"og:site_name\" content=\"Abaa tienda online\" \/>\n<meta property=\"article:modified_time\" content=\"2023-12-04T16:24:27+00:00\" \/>\n<meta property=\"og:image\" content=\"https:\/\/abaa.mx\/tienda\/wp-content\/uploads\/2023\/10\/CEM-METERS-MONOXIDO-DE-CARBONO.jpg\" \/>\n\t<meta property=\"og:image:width\" content=\"217\" \/>\n\t<meta property=\"og:image:height\" content=\"376\" \/>\n\t<meta property=\"og:image:type\" content=\"image\/jpeg\" \/>\n<meta name=\"twitter:card\" content=\"summary_large_image\" \/>\n<meta name=\"twitter:label1\" content=\"Tiempo de lectura\" \/>\n\t<meta name=\"twitter:data1\" content=\"1 minuto\" \/>\n<script type=\"application\/ld+json\" class=\"yoast-schema-graph\">{\"@context\":\"https:\/\/schema.org\",\"@graph\":[{\"@type\":\"WebPage\",\"@id\":\"https:\/\/abaa.mx\/tienda\/mitutoyo-543-783-indicador-digimatico-absoluto-id-s-0-5-0-0005-12-7mm-0-01-mm-spc-2\/\",\"url\":\"https:\/\/abaa.mx\/tienda\/mitutoyo-543-783-indicador-digimatico-absoluto-id-s-0-5-0-0005-12-7mm-0-01-mm-spc-2\/\",\"name\":\"Medidor de Mon\u00f3xido de Carbono - Abaa tienda online\",\"isPartOf\":{\"@id\":\"https:\/\/abaa.mx\/tienda\/#website\"},\"primaryImageOfPage\":{\"@id\":\"https:\/\/abaa.mx\/tienda\/mitutoyo-543-783-indicador-digimatico-absoluto-id-s-0-5-0-0005-12-7mm-0-01-mm-spc-2\/#primaryimage\"},\"image\":{\"@id\":\"https:\/\/abaa.mx\/tienda\/mitutoyo-543-783-indicador-digimatico-absoluto-id-s-0-5-0-0005-12-7mm-0-01-mm-spc-2\/#primaryimage\"},\"thumbnailUrl\":\"https:\/\/abaa.mx\/tienda\/wp-content\/uploads\/2023\/10\/CEM-METERS-MONOXIDO-DE-CARBONO.jpg\",\"datePublished\":\"2023-10-18T16:57:51+00:00\",\"dateModified\":\"2023-12-04T16:24:27+00:00\",\"breadcrumb\":{\"@id\":\"https:\/\/abaa.mx\/tienda\/mitutoyo-543-783-indicador-digimatico-absoluto-id-s-0-5-0-0005-12-7mm-0-01-mm-spc-2\/#breadcrumb\"},\"inLanguage\":\"es\",\"potentialAction\":[{\"@type\":\"ReadAction\",\"target\":[\"https:\/\/abaa.mx\/tienda\/mitutoyo-543-783-indicador-digimatico-absoluto-id-s-0-5-0-0005-12-7mm-0-01-mm-spc-2\/\"]}]},{\"@type\":\"ImageObject\",\"inLanguage\":\"es\",\"@id\":\"https:\/\/abaa.mx\/tienda\/mitutoyo-543-783-indicador-digimatico-absoluto-id-s-0-5-0-0005-12-7mm-0-01-mm-spc-2\/#primaryimage\",\"url\":\"https:\/\/abaa.mx\/tienda\/wp-content\/uploads\/2023\/10\/CEM-METERS-MONOXIDO-DE-CARBONO.jpg\",\"contentUrl\":\"https:\/\/abaa.mx\/tienda\/wp-content\/uploads\/2023\/10\/CEM-METERS-MONOXIDO-DE-CARBONO.jpg\",\"width\":217,\"height\":376,\"caption\":\"CEM METERS-MONOXIDO DE CARBONO\"},{\"@type\":\"BreadcrumbList\",\"@id\":\"https:\/\/abaa.mx\/tienda\/mitutoyo-543-783-indicador-digimatico-absoluto-id-s-0-5-0-0005-12-7mm-0-01-mm-spc-2\/#breadcrumb\",\"itemListElement\":[{\"@type\":\"ListItem\",\"position\":1,\"name\":\"Inicio\",\"item\":\"https:\/\/abaa.mx\/tienda\/\"},{\"@type\":\"ListItem\",\"position\":2,\"name\":\"Tienda\",\"item\":\"https:\/\/abaa.mx\/tienda\/\"},{\"@type\":\"ListItem\",\"position\":3,\"name\":\"Medidor de Mon\u00f3xido de Carbono\"}]},{\"@type\":\"WebSite\",\"@id\":\"https:\/\/abaa.mx\/tienda\/#website\",\"url\":\"https:\/\/abaa.mx\/tienda\/\",\"name\":\"Abaa tienda online\",\"description\":\"Instrumentos de medici\u00f3n\",\"publisher\":{\"@id\":\"https:\/\/abaa.mx\/tienda\/#organization\"},\"potentialAction\":[{\"@type\":\"SearchAction\",\"target\":{\"@type\":\"EntryPoint\",\"urlTemplate\":\"https:\/\/abaa.mx\/tienda\/?s={search_term_string}\"},\"query-input\":{\"@type\":\"PropertyValueSpecification\",\"valueRequired\":true,\"valueName\":\"search_term_string\"}}],\"inLanguage\":\"es\"},{\"@type\":\"Organization\",\"@id\":\"https:\/\/abaa.mx\/tienda\/#organization\",\"name\":\"Abaa tienda online\",\"url\":\"https:\/\/abaa.mx\/tienda\/\",\"logo\":{\"@type\":\"ImageObject\",\"inLanguage\":\"es\",\"@id\":\"https:\/\/abaa.mx\/tienda\/#\/schema\/logo\/image\/\",\"url\":\"https:\/\/abaa.mx\/tienda\/wp-content\/uploads\/2024\/01\/abaa-metrologia-tienda.png\",\"contentUrl\":\"https:\/\/abaa.mx\/tienda\/wp-content\/uploads\/2024\/01\/abaa-metrologia-tienda.png\",\"width\":300,\"height\":141,\"caption\":\"Abaa tienda online\"},\"image\":{\"@id\":\"https:\/\/abaa.mx\/tienda\/#\/schema\/logo\/image\/\"}}]}<\/script>\n<!-- \/ Yoast SEO plugin. -->","yoast_head_json":{"title":"Medidor de Mon\u00f3xido de Carbono - Abaa tienda online","robots":{"index":"index","follow":"follow","max-snippet":"max-snippet:-1","max-image-preview":"max-image-preview:large","max-video-preview":"max-video-preview:-1"},"canonical":"https:\/\/abaa.mx\/tienda\/mitutoyo-543-783-indicador-digimatico-absoluto-id-s-0-5-0-0005-12-7mm-0-01-mm-spc-2\/","og_locale":"es_MX","og_type":"article","og_title":"Medidor de Mon\u00f3xido de Carbono - Abaa tienda online","og_description":"Caracteristicas:  Tama\u00f1o manual de bolsillo y f\u00e1cil de usar. Prueba R\u00e1pida, memoria de picos m\u00e1ximo y m\u00ednimo. Retenci\u00f3n de Datos. Apagado de energ\u00eda autom\u00e1tico par ahorro de bater\u00eda. Alarma de alta exposici\u00f3n, en evaluaciones arriba de 200 PPM, el beeper suena de manera continua al medir la concentraci\u00f3n de CO. Marcha con una bater\u00eda de 9V.   Dimensiones: 160 x 56 x 40 mm.  Peso: 180 g.  Especificaciones:   Tipo de Sensor: Electroqu\u00edmico de Gas espec\u00edfico (CO).  Resoluci\u00f3n: 1 ppm.  Apagado autom\u00e1tico: El medidor autom\u00e1ticamente se cierra despu\u00e9s de 15 minutos de inactividad.  Vida t\u00edpica del sensor: 3 A\u00f1os.  Temperatura de operaci\u00f3n: desde 0\u00b0C hasta +50.0\u00b0C.  Humedad de operaci\u00f3n: Humedad relativa del 0-99 % (no condensada).  Bater\u00eda: Cuadrada de 9V alcalina, NEDA 1604A o equivalente.  Rango de Medici\u00f3n: de 0 hasta 1000PPM.  Per\u00edodo de calentamiento: &lt; 2 segundos.  Exactitud: 5% o \u00b110ppm.  Temperatura de almacenaje: desde -30\u00b0C hasta +60.0\u00b0C.","og_url":"https:\/\/abaa.mx\/tienda\/mitutoyo-543-783-indicador-digimatico-absoluto-id-s-0-5-0-0005-12-7mm-0-01-mm-spc-2\/","og_site_name":"Abaa tienda online","article_modified_time":"2023-12-04T16:24:27+00:00","og_image":[{"width":217,"height":376,"url":"https:\/\/abaa.mx\/tienda\/wp-content\/uploads\/2023\/10\/CEM-METERS-MONOXIDO-DE-CARBONO.jpg","type":"image\/jpeg"}],"twitter_card":"summary_large_image","twitter_misc":{"Tiempo de lectura":"1 minuto"},"schema":{"@context":"https:\/\/schema.org","@graph":[{"@type":"WebPage","@id":"https:\/\/abaa.mx\/tienda\/mitutoyo-543-783-indicador-digimatico-absoluto-id-s-0-5-0-0005-12-7mm-0-01-mm-spc-2\/","url":"https:\/\/abaa.mx\/tienda\/mitutoyo-543-783-indicador-digimatico-absoluto-id-s-0-5-0-0005-12-7mm-0-01-mm-spc-2\/","name":"Medidor de Mon\u00f3xido de Carbono - Abaa tienda online","isPartOf":{"@id":"https:\/\/abaa.mx\/tienda\/#website"},"primaryImageOfPage":{"@id":"https:\/\/abaa.mx\/tienda\/mitutoyo-543-783-indicador-digimatico-absoluto-id-s-0-5-0-0005-12-7mm-0-01-mm-spc-2\/#primaryimage"},"image":{"@id":"https:\/\/abaa.mx\/tienda\/mitutoyo-543-783-indicador-digimatico-absoluto-id-s-0-5-0-0005-12-7mm-0-01-mm-spc-2\/#primaryimage"},"thumbnailUrl":"https:\/\/abaa.mx\/tienda\/wp-content\/uploads\/2023\/10\/CEM-METERS-MONOXIDO-DE-CARBONO.jpg","datePublished":"2023-10-18T16:57:51+00:00","dateModified":"2023-12-04T16:24:27+00:00","breadcrumb":{"@id":"https:\/\/abaa.mx\/tienda\/mitutoyo-543-783-indicador-digimatico-absoluto-id-s-0-5-0-0005-12-7mm-0-01-mm-spc-2\/#breadcrumb"},"inLanguage":"es","potentialAction":[{"@type":"ReadAction","target":["https:\/\/abaa.mx\/tienda\/mitutoyo-543-783-indicador-digimatico-absoluto-id-s-0-5-0-0005-12-7mm-0-01-mm-spc-2\/"]}]},{"@type":"ImageObject","inLanguage":"es","@id":"https:\/\/abaa.mx\/tienda\/mitutoyo-543-783-indicador-digimatico-absoluto-id-s-0-5-0-0005-12-7mm-0-01-mm-spc-2\/#primaryimage","url":"https:\/\/abaa.mx\/tienda\/wp-content\/uploads\/2023\/10\/CEM-METERS-MONOXIDO-DE-CARBONO.jpg","contentUrl":"https:\/\/abaa.mx\/tienda\/wp-content\/uploads\/2023\/10\/CEM-METERS-MONOXIDO-DE-CARBONO.jpg","width":217,"height":376,"caption":"CEM METERS-MONOXIDO DE CARBONO"},{"@type":"BreadcrumbList","@id":"https:\/\/abaa.mx\/tienda\/mitutoyo-543-783-indicador-digimatico-absoluto-id-s-0-5-0-0005-12-7mm-0-01-mm-spc-2\/#breadcrumb","itemListElement":[{"@type":"ListItem","position":1,"name":"Inicio","item":"https:\/\/abaa.mx\/tienda\/"},{"@type":"ListItem","position":2,"name":"Tienda","item":"https:\/\/abaa.mx\/tienda\/"},{"@type":"ListItem","position":3,"name":"Medidor de Mon\u00f3xido de Carbono"}]},{"@type":"WebSite","@id":"https:\/\/abaa.mx\/tienda\/#website","url":"https:\/\/abaa.mx\/tienda\/","name":"Abaa tienda online","description":"Instrumentos de medici\u00f3n","publisher":{"@id":"https:\/\/abaa.mx\/tienda\/#organization"},"potentialAction":[{"@type":"SearchAction","target":{"@type":"EntryPoint","urlTemplate":"https:\/\/abaa.mx\/tienda\/?s={search_term_string}"},"query-input":{"@type":"PropertyValueSpecification","valueRequired":true,"valueName":"search_term_string"}}],"inLanguage":"es"},{"@type":"Organization","@id":"https:\/\/abaa.mx\/tienda\/#organization","name":"Abaa tienda online","url":"https:\/\/abaa.mx\/tienda\/","logo":{"@type":"ImageObject","inLanguage":"es","@id":"https:\/\/abaa.mx\/tienda\/#\/schema\/logo\/image\/","url":"https:\/\/abaa.mx\/tienda\/wp-content\/uploads\/2024\/01\/abaa-metrologia-tienda.png","contentUrl":"https:\/\/abaa.mx\/tienda\/wp-content\/uploads\/2024\/01\/abaa-metrologia-tienda.png","width":300,"height":141,"caption":"Abaa tienda online"},"image":{"@id":"https:\/\/abaa.mx\/tienda\/#\/schema\/logo\/image\/"}}]}},"_links":{"self":[{"href":"https:\/\/abaa.mx\/tienda\/wp-json\/wp\/v2\/product\/6525","targetHints":{"allow":["GET"]}}],"collection":[{"href":"https:\/\/abaa.mx\/tienda\/wp-json\/wp\/v2\/product"}],"about":[{"href":"https:\/\/abaa.mx\/tienda\/wp-json\/wp\/v2\/types\/product"}],"replies":[{"embeddable":true,"href":"https:\/\/abaa.mx\/tienda\/wp-json\/wp\/v2\/comments?post=6525"}],"wp:featuredmedia":[{"embeddable":true,"href":"https:\/\/abaa.mx\/tienda\/wp-json\/wp\/v2\/media\/9577"}],"wp:attachment":[{"href":"https:\/\/abaa.mx\/tienda\/wp-json\/wp\/v2\/media?parent=6525"}],"wp:term":[{"taxonomy":"product_brand","embeddable":true,"href":"https:\/\/abaa.mx\/tienda\/wp-json\/wp\/v2\/product_brand?post=6525"},{"taxonomy":"product_cat","embeddable":true,"href":"https:\/\/abaa.mx\/tienda\/wp-json\/wp\/v2\/product_cat?post=6525"},{"taxonomy":"product_tag","embeddable":true,"href":"https:\/\/abaa.mx\/tienda\/wp-json\/wp\/v2\/product_tag?post=6525"}],"curies":[{"name":"wp","href":"https:\/\/api.w.org\/{rel}","templated":true}]}}