{"id":6334,"date":"2023-10-17T17:16:43","date_gmt":"2023-10-17T17:16:43","guid":{"rendered":"https:\/\/abaa.mx\/tienda\/?post_type=product&#038;p=6334"},"modified":"2023-10-17T17:16:43","modified_gmt":"2023-10-17T17:16:43","slug":"mitutoyo-543-506b-id-s-serie-543-absolute-indicador-digimatico-solar-0-5-parte-posterior-plana","status":"publish","type":"product","link":"https:\/\/abaa.mx\/tienda\/mitutoyo-543-506b-id-s-serie-543-absolute-indicador-digimatico-solar-0-5-parte-posterior-plana\/","title":{"rendered":"mitutoyo 543-506b id-s serie 543 absolute indicador digim\u00e1tico solar, 0.5&#8243;, parte posterior plana"},"content":{"rendered":"<p>&nbsp;<\/p>\n<p>El indicador Digimatic Solar Mitutoyo 543-506B ID-S Serie 543 ABSOLUTE es un indicador compacto para una medici\u00f3n eficaz y precisa. Est\u00e1 dise\u00f1ado para funcionar con energ\u00eda solar para una conservaci\u00f3n \u00f3ptima de la energ\u00eda y una f\u00e1cil recarga en \u00e1reas con suficiente luz. La pantalla LCD y las funciones \u00fatiles, como las conversiones de pulgadas\/mm, hacen que esta unidad sea f\u00e1cil de usar.<\/p>\n<p><strong>Funciones<\/strong><\/p>\n<ul>\n<li>El sensor ABSOLUTE se establece de forma predeterminada en la \u00faltima posici\u00f3n de origen cuando el indicador se activa para el funcionamiento de inicio r\u00e1pido<\/li>\n<li>El pr\u00e1ctico indicador alimentado por energ\u00eda solar est\u00e1 listo para usar con una iluminaci\u00f3n de 40 lux<\/li>\n<li>El dise\u00f1o compacto permite un f\u00e1cil transporte y almacenamiento<\/li>\n<li>Los botones grandes hacen que el indicador sea f\u00e1cil de operar<\/li>\n<li>La pantalla LCD muestra los resultados de forma clara y precisa<\/li>\n<li>Dise\u00f1ado con una velocidad de respuesta ilimitada para satisfacer sus necesidades<\/li>\n<li>La salida SPC proporciona una conectividad mejorada para el seguimiento y el an\u00e1lisis de la informaci\u00f3n<\/li>\n<li>Admite funciones de configuraci\u00f3n de origen, cambio de direcci\u00f3n de conteo y conversi\u00f3n de pulgadas \/ mm<\/li>\n<li>Dise\u00f1ado para una fuerza de medici\u00f3n de 1,5 N o menos<\/li>\n<\/ul>\n<h4>Mitutoyo 543-506B Especificaciones<\/h4>\n<p>&nbsp;<\/p>\n<table class=\"table table-striped\">\n<tbody>\n<tr>\n<td>Resoluci\u00f3n<\/td>\n<td>0,0005&#8243; (0,01 mm)<\/td>\n<\/tr>\n<tr>\n<td>Rango de medici\u00f3n<\/td>\n<td>0,5&#8243; (12,7 mm)<\/td>\n<\/tr>\n<tr>\n<td>Ancho del producto<\/td>\n<td>Di\u00e1metro del v\u00e1stago: 0,31&#8243; (8 mm)<\/td>\n<\/tr>\n<tr>\n<td>Exactitud<\/td>\n<td>0,001&#8243; (0,02 mm)<\/td>\n<\/tr>\n<tr>\n<td>Fuente de alimentaci\u00f3n<\/td>\n<td>Alimentado por energ\u00eda solar<\/td>\n<\/tr>\n<\/tbody>\n<\/table>\n","protected":false},"excerpt":{"rendered":"<p class=\"short-description mhide ipad-view-setting\">El indicador digimatic es un indicador de prueba dise\u00f1ado para diversas aplicaciones. Cuenta con un sensor ABSOLUTO que restaura la \u00faltima posici\u00f3n de origen del usuario cuando se enciende para facilitar su uso.<\/p>\n<p class=\"comment-tag-product\">\n<div class=\"row-fluid\">\n<div class=\"span12 mobile-pricing-box-padding\">\n<form id=\"152536\" accept-charset=\"utf-8\" action=\"https:\/\/www.globaltestsupply.com\/shop\/add\" method=\"post\" name=\"addTocartFunction\">\n<div><\/div>\n<\/form>\n<\/div>\n<\/div>\n","protected":false},"featured_media":6341,"comment_status":"open","ping_status":"closed","template":"","meta":{"_joinchat":[]},"product_brand":[],"product_cat":[15],"product_tag":[],"class_list":{"0":"post-6334","1":"product","2":"type-product","3":"status-publish","4":"has-post-thumbnail","6":"product_cat-sin-categorizar","8":"first","9":"instock","10":"shipping-taxable","11":"product-type-simple"},"yoast_head":"<!-- This site is optimized with the Yoast SEO plugin v26.4 - https:\/\/yoast.com\/wordpress\/plugins\/seo\/ -->\n<title>mitutoyo 543-506b id-s serie 543 absolute indicador digim\u00e1tico solar, 0.5&quot;, parte posterior plana - Abaa tienda online<\/title>\n<meta name=\"robots\" content=\"index, follow, max-snippet:-1, max-image-preview:large, max-video-preview:-1\" \/>\n<link rel=\"canonical\" href=\"https:\/\/abaa.mx\/tienda\/mitutoyo-543-506b-id-s-serie-543-absolute-indicador-digimatico-solar-0-5-parte-posterior-plana\/\" \/>\n<meta property=\"og:locale\" content=\"es_MX\" \/>\n<meta property=\"og:type\" content=\"article\" \/>\n<meta property=\"og:title\" content=\"mitutoyo 543-506b id-s serie 543 absolute indicador digim\u00e1tico solar, 0.5&quot;, parte posterior plana - Abaa tienda online\" \/>\n<meta property=\"og:description\" content=\"El indicador digimatic es un indicador de prueba dise\u00f1ado para diversas aplicaciones. Cuenta con un sensor ABSOLUTO que restaura la \u00faltima posici\u00f3n de origen del usuario cuando se enciende para facilitar su uso.\" \/>\n<meta property=\"og:url\" content=\"https:\/\/abaa.mx\/tienda\/mitutoyo-543-506b-id-s-serie-543-absolute-indicador-digimatico-solar-0-5-parte-posterior-plana\/\" \/>\n<meta property=\"og:site_name\" content=\"Abaa tienda online\" \/>\n<meta property=\"og:image\" content=\"https:\/\/abaa.mx\/tienda\/wp-content\/uploads\/2023\/10\/543-506B.jpg\" \/>\n\t<meta property=\"og:image:width\" content=\"270\" \/>\n\t<meta property=\"og:image:height\" content=\"473\" \/>\n\t<meta property=\"og:image:type\" content=\"image\/jpeg\" \/>\n<meta name=\"twitter:card\" content=\"summary_large_image\" \/>\n<meta name=\"twitter:label1\" content=\"Tiempo de lectura\" \/>\n\t<meta name=\"twitter:data1\" content=\"2 minutos\" \/>\n<script type=\"application\/ld+json\" class=\"yoast-schema-graph\">{\"@context\":\"https:\/\/schema.org\",\"@graph\":[{\"@type\":\"WebPage\",\"@id\":\"https:\/\/abaa.mx\/tienda\/mitutoyo-543-506b-id-s-serie-543-absolute-indicador-digimatico-solar-0-5-parte-posterior-plana\/\",\"url\":\"https:\/\/abaa.mx\/tienda\/mitutoyo-543-506b-id-s-serie-543-absolute-indicador-digimatico-solar-0-5-parte-posterior-plana\/\",\"name\":\"mitutoyo 543-506b id-s serie 543 absolute indicador digim\u00e1tico solar, 0.5\\\", parte posterior plana - Abaa tienda online\",\"isPartOf\":{\"@id\":\"https:\/\/abaa.mx\/tienda\/#website\"},\"primaryImageOfPage\":{\"@id\":\"https:\/\/abaa.mx\/tienda\/mitutoyo-543-506b-id-s-serie-543-absolute-indicador-digimatico-solar-0-5-parte-posterior-plana\/#primaryimage\"},\"image\":{\"@id\":\"https:\/\/abaa.mx\/tienda\/mitutoyo-543-506b-id-s-serie-543-absolute-indicador-digimatico-solar-0-5-parte-posterior-plana\/#primaryimage\"},\"thumbnailUrl\":\"https:\/\/abaa.mx\/tienda\/wp-content\/uploads\/2023\/10\/543-506B.jpg\",\"datePublished\":\"2023-10-17T17:16:43+00:00\",\"breadcrumb\":{\"@id\":\"https:\/\/abaa.mx\/tienda\/mitutoyo-543-506b-id-s-serie-543-absolute-indicador-digimatico-solar-0-5-parte-posterior-plana\/#breadcrumb\"},\"inLanguage\":\"es\",\"potentialAction\":[{\"@type\":\"ReadAction\",\"target\":[\"https:\/\/abaa.mx\/tienda\/mitutoyo-543-506b-id-s-serie-543-absolute-indicador-digimatico-solar-0-5-parte-posterior-plana\/\"]}]},{\"@type\":\"ImageObject\",\"inLanguage\":\"es\",\"@id\":\"https:\/\/abaa.mx\/tienda\/mitutoyo-543-506b-id-s-serie-543-absolute-indicador-digimatico-solar-0-5-parte-posterior-plana\/#primaryimage\",\"url\":\"https:\/\/abaa.mx\/tienda\/wp-content\/uploads\/2023\/10\/543-506B.jpg\",\"contentUrl\":\"https:\/\/abaa.mx\/tienda\/wp-content\/uploads\/2023\/10\/543-506B.jpg\",\"width\":270,\"height\":473,\"caption\":\"543-506B\"},{\"@type\":\"BreadcrumbList\",\"@id\":\"https:\/\/abaa.mx\/tienda\/mitutoyo-543-506b-id-s-serie-543-absolute-indicador-digimatico-solar-0-5-parte-posterior-plana\/#breadcrumb\",\"itemListElement\":[{\"@type\":\"ListItem\",\"position\":1,\"name\":\"Inicio\",\"item\":\"https:\/\/abaa.mx\/tienda\/\"},{\"@type\":\"ListItem\",\"position\":2,\"name\":\"Tienda\",\"item\":\"https:\/\/abaa.mx\/tienda\/\"},{\"@type\":\"ListItem\",\"position\":3,\"name\":\"mitutoyo 543-506b id-s serie 543 absolute indicador digim\u00e1tico solar, 0.5&#8243;, parte posterior plana\"}]},{\"@type\":\"WebSite\",\"@id\":\"https:\/\/abaa.mx\/tienda\/#website\",\"url\":\"https:\/\/abaa.mx\/tienda\/\",\"name\":\"Abaa tienda online\",\"description\":\"Instrumentos de medici\u00f3n\",\"publisher\":{\"@id\":\"https:\/\/abaa.mx\/tienda\/#organization\"},\"potentialAction\":[{\"@type\":\"SearchAction\",\"target\":{\"@type\":\"EntryPoint\",\"urlTemplate\":\"https:\/\/abaa.mx\/tienda\/?s={search_term_string}\"},\"query-input\":{\"@type\":\"PropertyValueSpecification\",\"valueRequired\":true,\"valueName\":\"search_term_string\"}}],\"inLanguage\":\"es\"},{\"@type\":\"Organization\",\"@id\":\"https:\/\/abaa.mx\/tienda\/#organization\",\"name\":\"Abaa tienda online\",\"url\":\"https:\/\/abaa.mx\/tienda\/\",\"logo\":{\"@type\":\"ImageObject\",\"inLanguage\":\"es\",\"@id\":\"https:\/\/abaa.mx\/tienda\/#\/schema\/logo\/image\/\",\"url\":\"https:\/\/abaa.mx\/tienda\/wp-content\/uploads\/2024\/01\/abaa-metrologia-tienda.png\",\"contentUrl\":\"https:\/\/abaa.mx\/tienda\/wp-content\/uploads\/2024\/01\/abaa-metrologia-tienda.png\",\"width\":300,\"height\":141,\"caption\":\"Abaa tienda online\"},\"image\":{\"@id\":\"https:\/\/abaa.mx\/tienda\/#\/schema\/logo\/image\/\"}}]}<\/script>\n<!-- \/ Yoast SEO plugin. -->","yoast_head_json":{"title":"mitutoyo 543-506b id-s serie 543 absolute indicador digim\u00e1tico solar, 0.5\", parte posterior plana - Abaa tienda online","robots":{"index":"index","follow":"follow","max-snippet":"max-snippet:-1","max-image-preview":"max-image-preview:large","max-video-preview":"max-video-preview:-1"},"canonical":"https:\/\/abaa.mx\/tienda\/mitutoyo-543-506b-id-s-serie-543-absolute-indicador-digimatico-solar-0-5-parte-posterior-plana\/","og_locale":"es_MX","og_type":"article","og_title":"mitutoyo 543-506b id-s serie 543 absolute indicador digim\u00e1tico solar, 0.5\", parte posterior plana - Abaa tienda online","og_description":"El indicador digimatic es un indicador de prueba dise\u00f1ado para diversas aplicaciones. Cuenta con un sensor ABSOLUTO que restaura la \u00faltima posici\u00f3n de origen del usuario cuando se enciende para facilitar su uso.","og_url":"https:\/\/abaa.mx\/tienda\/mitutoyo-543-506b-id-s-serie-543-absolute-indicador-digimatico-solar-0-5-parte-posterior-plana\/","og_site_name":"Abaa tienda online","og_image":[{"width":270,"height":473,"url":"https:\/\/abaa.mx\/tienda\/wp-content\/uploads\/2023\/10\/543-506B.jpg","type":"image\/jpeg"}],"twitter_card":"summary_large_image","twitter_misc":{"Tiempo de lectura":"2 minutos"},"schema":{"@context":"https:\/\/schema.org","@graph":[{"@type":"WebPage","@id":"https:\/\/abaa.mx\/tienda\/mitutoyo-543-506b-id-s-serie-543-absolute-indicador-digimatico-solar-0-5-parte-posterior-plana\/","url":"https:\/\/abaa.mx\/tienda\/mitutoyo-543-506b-id-s-serie-543-absolute-indicador-digimatico-solar-0-5-parte-posterior-plana\/","name":"mitutoyo 543-506b id-s serie 543 absolute indicador digim\u00e1tico solar, 0.5\", parte posterior plana - Abaa tienda online","isPartOf":{"@id":"https:\/\/abaa.mx\/tienda\/#website"},"primaryImageOfPage":{"@id":"https:\/\/abaa.mx\/tienda\/mitutoyo-543-506b-id-s-serie-543-absolute-indicador-digimatico-solar-0-5-parte-posterior-plana\/#primaryimage"},"image":{"@id":"https:\/\/abaa.mx\/tienda\/mitutoyo-543-506b-id-s-serie-543-absolute-indicador-digimatico-solar-0-5-parte-posterior-plana\/#primaryimage"},"thumbnailUrl":"https:\/\/abaa.mx\/tienda\/wp-content\/uploads\/2023\/10\/543-506B.jpg","datePublished":"2023-10-17T17:16:43+00:00","breadcrumb":{"@id":"https:\/\/abaa.mx\/tienda\/mitutoyo-543-506b-id-s-serie-543-absolute-indicador-digimatico-solar-0-5-parte-posterior-plana\/#breadcrumb"},"inLanguage":"es","potentialAction":[{"@type":"ReadAction","target":["https:\/\/abaa.mx\/tienda\/mitutoyo-543-506b-id-s-serie-543-absolute-indicador-digimatico-solar-0-5-parte-posterior-plana\/"]}]},{"@type":"ImageObject","inLanguage":"es","@id":"https:\/\/abaa.mx\/tienda\/mitutoyo-543-506b-id-s-serie-543-absolute-indicador-digimatico-solar-0-5-parte-posterior-plana\/#primaryimage","url":"https:\/\/abaa.mx\/tienda\/wp-content\/uploads\/2023\/10\/543-506B.jpg","contentUrl":"https:\/\/abaa.mx\/tienda\/wp-content\/uploads\/2023\/10\/543-506B.jpg","width":270,"height":473,"caption":"543-506B"},{"@type":"BreadcrumbList","@id":"https:\/\/abaa.mx\/tienda\/mitutoyo-543-506b-id-s-serie-543-absolute-indicador-digimatico-solar-0-5-parte-posterior-plana\/#breadcrumb","itemListElement":[{"@type":"ListItem","position":1,"name":"Inicio","item":"https:\/\/abaa.mx\/tienda\/"},{"@type":"ListItem","position":2,"name":"Tienda","item":"https:\/\/abaa.mx\/tienda\/"},{"@type":"ListItem","position":3,"name":"mitutoyo 543-506b id-s serie 543 absolute indicador digim\u00e1tico solar, 0.5&#8243;, parte posterior plana"}]},{"@type":"WebSite","@id":"https:\/\/abaa.mx\/tienda\/#website","url":"https:\/\/abaa.mx\/tienda\/","name":"Abaa tienda online","description":"Instrumentos de medici\u00f3n","publisher":{"@id":"https:\/\/abaa.mx\/tienda\/#organization"},"potentialAction":[{"@type":"SearchAction","target":{"@type":"EntryPoint","urlTemplate":"https:\/\/abaa.mx\/tienda\/?s={search_term_string}"},"query-input":{"@type":"PropertyValueSpecification","valueRequired":true,"valueName":"search_term_string"}}],"inLanguage":"es"},{"@type":"Organization","@id":"https:\/\/abaa.mx\/tienda\/#organization","name":"Abaa tienda online","url":"https:\/\/abaa.mx\/tienda\/","logo":{"@type":"ImageObject","inLanguage":"es","@id":"https:\/\/abaa.mx\/tienda\/#\/schema\/logo\/image\/","url":"https:\/\/abaa.mx\/tienda\/wp-content\/uploads\/2024\/01\/abaa-metrologia-tienda.png","contentUrl":"https:\/\/abaa.mx\/tienda\/wp-content\/uploads\/2024\/01\/abaa-metrologia-tienda.png","width":300,"height":141,"caption":"Abaa tienda online"},"image":{"@id":"https:\/\/abaa.mx\/tienda\/#\/schema\/logo\/image\/"}}]}},"_links":{"self":[{"href":"https:\/\/abaa.mx\/tienda\/wp-json\/wp\/v2\/product\/6334","targetHints":{"allow":["GET"]}}],"collection":[{"href":"https:\/\/abaa.mx\/tienda\/wp-json\/wp\/v2\/product"}],"about":[{"href":"https:\/\/abaa.mx\/tienda\/wp-json\/wp\/v2\/types\/product"}],"replies":[{"embeddable":true,"href":"https:\/\/abaa.mx\/tienda\/wp-json\/wp\/v2\/comments?post=6334"}],"wp:featuredmedia":[{"embeddable":true,"href":"https:\/\/abaa.mx\/tienda\/wp-json\/wp\/v2\/media\/6341"}],"wp:attachment":[{"href":"https:\/\/abaa.mx\/tienda\/wp-json\/wp\/v2\/media?parent=6334"}],"wp:term":[{"taxonomy":"product_brand","embeddable":true,"href":"https:\/\/abaa.mx\/tienda\/wp-json\/wp\/v2\/product_brand?post=6334"},{"taxonomy":"product_cat","embeddable":true,"href":"https:\/\/abaa.mx\/tienda\/wp-json\/wp\/v2\/product_cat?post=6334"},{"taxonomy":"product_tag","embeddable":true,"href":"https:\/\/abaa.mx\/tienda\/wp-json\/wp\/v2\/product_tag?post=6334"}],"curies":[{"name":"wp","href":"https:\/\/api.w.org\/{rel}","templated":true}]}}