{"id":6255,"date":"2023-10-17T15:16:06","date_gmt":"2023-10-17T15:16:06","guid":{"rendered":"https:\/\/abaa.mx\/tienda\/?post_type=product&#038;p=6255"},"modified":"2023-11-29T17:54:56","modified_gmt":"2023-11-29T17:54:56","slug":"mitutoyo-523-151-serie-523-medidor-de-presion-0-a-1-3-8-de-diametro-de-vastago","status":"publish","type":"product","link":"https:\/\/abaa.mx\/tienda\/mitutoyo-523-151-serie-523-medidor-de-presion-0-a-1-3-8-de-diametro-de-vastago\/","title":{"rendered":"mitutoyo 523-151 serie 523 medidor de presi\u00f3n, 0 a 1&#8243;, 3-8&#8243; de di\u00e1metro de v\u00e1stago"},"content":{"rendered":"<p><strong>Funciones<\/strong><\/p>\n<ul>\n<li>Acepta una variedad de indicadores opcionales, medidores lineales y LVDT para una verificaci\u00f3n r\u00e1pida y precisa de la dimensi\u00f3n exterior de acuerdo con una dimensi\u00f3n o tolerancia preestablecida<\/li>\n<li>Muchos tipos diferentes de dial o indicadores digitales se conectan al husillo, lo que permite mediciones GO\/NG en una amplia variedad de aplicaciones<\/li>\n<li>El gatillo del yunque tiene un resorte equilibrado y funciona f\u00e1cilmente con un bot\u00f3n en el lado del yunque del marco<\/li>\n<li>El yunque retr\u00e1ctil permite un rendimiento m\u00e1s r\u00e1pido de la pieza de trabajo sin sacrificar la precisi\u00f3n<\/li>\n<li>El di\u00e1metro del v\u00e1stago es de 3\/8&#8243; (9,53 mm)<\/li>\n<li>El revestimiento de carburo en el husillo y el yunque resiste el desgaste para mantener las superficies m\u00e1s planas con mayor precisi\u00f3n<\/li>\n<li>El acabado cromado satinado en el dedal y el manguito resiste la oxidaci\u00f3n y reduce el deslumbramiento<\/li>\n<\/ul>\n<p><strong>Aplicaciones<\/strong><\/p>\n<ul>\n<li>Aeroespacial<\/li>\n<li>Automotor<\/li>\n<li>Defensa<\/li>\n<li>Electr\u00f3nica<\/li>\n<li>Energ\u00eda<\/li>\n<li>Fabricaci\u00f3n general<\/li>\n<li>Pl\u00e1sticos y caucho<\/li>\n<\/ul>\n<h4>Mitutoyo 523-151 Especificaciones<\/h4>\n<table class=\"table table-striped\">\n<tbody>\n<tr>\n<td>Gama<\/td>\n<td>De 0 a 1&#8243;<\/td>\n<\/tr>\n<tr>\n<td>Paralelismo<\/td>\n<td>0.000024&#8243; o menos<\/td>\n<\/tr>\n<tr>\n<td>Fuerza de medici\u00f3n<\/td>\n<td>De 5 a 10 N<\/td>\n<\/tr>\n<tr>\n<td>Movimiento de yunque<\/td>\n<td>0.078&#8243;<\/td>\n<\/tr>\n<tr>\n<td>Medici\u00f3n de caras<\/td>\n<td>Punta de carburo<\/td>\n<\/tr>\n<tr>\n<td>Unidades<\/td>\n<td>Pulgada<\/td>\n<\/tr>\n<tr>\n<td>Di\u00e1metro del v\u00e1stago<\/td>\n<td>0,375&#8243; (9,53 mm)<\/td>\n<\/tr>\n<tr>\n<td>Peso<\/td>\n<td>710 g (1,5 libras)<\/td>\n<\/tr>\n<\/tbody>\n<\/table>\n","protected":false},"excerpt":{"rendered":"<p class=\"short-description mhide ipad-view-setting\">Acepta una variedad de indicadores opcionales, medidores lineales y LVDT, este medidor de medidor a presi\u00f3n cuenta con un rango de 0 a 1&#8243; y un husillo y yunque de acero endurecido con cara de carburo para mediciones precisas y altamente confiables de la dimensi\u00f3n exterior. Adem\u00e1s, el acabado cromado satinado del dedal y el manguito resiste la oxidaci\u00f3n y reduce el deslumbramiento.<\/p>\n<div class=\"row-fluid\">\n<div class=\"span12 mobile-pricing-box-padding\">\n<form id=\"123260\" accept-charset=\"utf-8\" action=\"https:\/\/www.globaltestsupply.com\/shop\/add\" method=\"post\" name=\"addTocartFunction\">\n<div><\/div>\n<\/form>\n<\/div>\n<\/div>\n","protected":false},"featured_media":6259,"comment_status":"open","ping_status":"closed","template":"","meta":{"_joinchat":[]},"product_brand":[],"product_cat":[15],"product_tag":[],"class_list":{"0":"post-6255","1":"product","2":"type-product","3":"status-publish","4":"has-post-thumbnail","6":"product_cat-sin-categorizar","8":"first","9":"instock","10":"shipping-taxable","11":"product-type-simple"},"yoast_head":"<!-- This site is optimized with the Yoast SEO plugin v26.4 - https:\/\/yoast.com\/wordpress\/plugins\/seo\/ -->\n<title>mitutoyo 523-151 serie 523 medidor de presi\u00f3n, 0 a 1&quot;, 3-8&quot; de di\u00e1metro de v\u00e1stago - Abaa tienda online<\/title>\n<meta name=\"robots\" content=\"index, follow, max-snippet:-1, max-image-preview:large, max-video-preview:-1\" \/>\n<link rel=\"canonical\" href=\"https:\/\/abaa.mx\/tienda\/mitutoyo-523-151-serie-523-medidor-de-presion-0-a-1-3-8-de-diametro-de-vastago\/\" \/>\n<meta property=\"og:locale\" content=\"es_MX\" \/>\n<meta property=\"og:type\" content=\"article\" \/>\n<meta property=\"og:title\" content=\"mitutoyo 523-151 serie 523 medidor de presi\u00f3n, 0 a 1&quot;, 3-8&quot; de di\u00e1metro de v\u00e1stago - Abaa tienda online\" \/>\n<meta property=\"og:description\" content=\"Acepta una variedad de indicadores opcionales, medidores lineales y LVDT, este medidor de medidor a presi\u00f3n cuenta con un rango de 0 a 1&quot; y un husillo y yunque de acero endurecido con cara de carburo para mediciones precisas y altamente confiables de la dimensi\u00f3n exterior. Adem\u00e1s, el acabado cromado satinado del dedal y el manguito resiste la oxidaci\u00f3n y reduce el deslumbramiento.\" \/>\n<meta property=\"og:url\" content=\"https:\/\/abaa.mx\/tienda\/mitutoyo-523-151-serie-523-medidor-de-presion-0-a-1-3-8-de-diametro-de-vastago\/\" \/>\n<meta property=\"og:site_name\" content=\"Abaa tienda online\" \/>\n<meta property=\"article:modified_time\" content=\"2023-11-29T17:54:56+00:00\" \/>\n<meta property=\"og:image\" content=\"https:\/\/abaa.mx\/tienda\/wp-content\/uploads\/2023\/10\/523-151.jpg\" \/>\n\t<meta property=\"og:image:width\" content=\"474\" \/>\n\t<meta property=\"og:image:height\" content=\"474\" \/>\n\t<meta property=\"og:image:type\" content=\"image\/jpeg\" \/>\n<meta name=\"twitter:card\" content=\"summary_large_image\" \/>\n<meta name=\"twitter:label1\" content=\"Tiempo de lectura\" \/>\n\t<meta name=\"twitter:data1\" content=\"1 minuto\" \/>\n<script type=\"application\/ld+json\" class=\"yoast-schema-graph\">{\"@context\":\"https:\/\/schema.org\",\"@graph\":[{\"@type\":\"WebPage\",\"@id\":\"https:\/\/abaa.mx\/tienda\/mitutoyo-523-151-serie-523-medidor-de-presion-0-a-1-3-8-de-diametro-de-vastago\/\",\"url\":\"https:\/\/abaa.mx\/tienda\/mitutoyo-523-151-serie-523-medidor-de-presion-0-a-1-3-8-de-diametro-de-vastago\/\",\"name\":\"mitutoyo 523-151 serie 523 medidor de presi\u00f3n, 0 a 1\\\", 3-8\\\" de di\u00e1metro de v\u00e1stago - Abaa tienda online\",\"isPartOf\":{\"@id\":\"https:\/\/abaa.mx\/tienda\/#website\"},\"primaryImageOfPage\":{\"@id\":\"https:\/\/abaa.mx\/tienda\/mitutoyo-523-151-serie-523-medidor-de-presion-0-a-1-3-8-de-diametro-de-vastago\/#primaryimage\"},\"image\":{\"@id\":\"https:\/\/abaa.mx\/tienda\/mitutoyo-523-151-serie-523-medidor-de-presion-0-a-1-3-8-de-diametro-de-vastago\/#primaryimage\"},\"thumbnailUrl\":\"https:\/\/abaa.mx\/tienda\/wp-content\/uploads\/2023\/10\/523-151.jpg\",\"datePublished\":\"2023-10-17T15:16:06+00:00\",\"dateModified\":\"2023-11-29T17:54:56+00:00\",\"breadcrumb\":{\"@id\":\"https:\/\/abaa.mx\/tienda\/mitutoyo-523-151-serie-523-medidor-de-presion-0-a-1-3-8-de-diametro-de-vastago\/#breadcrumb\"},\"inLanguage\":\"es\",\"potentialAction\":[{\"@type\":\"ReadAction\",\"target\":[\"https:\/\/abaa.mx\/tienda\/mitutoyo-523-151-serie-523-medidor-de-presion-0-a-1-3-8-de-diametro-de-vastago\/\"]}]},{\"@type\":\"ImageObject\",\"inLanguage\":\"es\",\"@id\":\"https:\/\/abaa.mx\/tienda\/mitutoyo-523-151-serie-523-medidor-de-presion-0-a-1-3-8-de-diametro-de-vastago\/#primaryimage\",\"url\":\"https:\/\/abaa.mx\/tienda\/wp-content\/uploads\/2023\/10\/523-151.jpg\",\"contentUrl\":\"https:\/\/abaa.mx\/tienda\/wp-content\/uploads\/2023\/10\/523-151.jpg\",\"width\":474,\"height\":474,\"caption\":\"523-151\"},{\"@type\":\"BreadcrumbList\",\"@id\":\"https:\/\/abaa.mx\/tienda\/mitutoyo-523-151-serie-523-medidor-de-presion-0-a-1-3-8-de-diametro-de-vastago\/#breadcrumb\",\"itemListElement\":[{\"@type\":\"ListItem\",\"position\":1,\"name\":\"Inicio\",\"item\":\"https:\/\/abaa.mx\/tienda\/\"},{\"@type\":\"ListItem\",\"position\":2,\"name\":\"Tienda\",\"item\":\"https:\/\/abaa.mx\/tienda\/\"},{\"@type\":\"ListItem\",\"position\":3,\"name\":\"mitutoyo 523-151 serie 523 medidor de presi\u00f3n, 0 a 1&#8243;, 3-8&#8243; de di\u00e1metro de v\u00e1stago\"}]},{\"@type\":\"WebSite\",\"@id\":\"https:\/\/abaa.mx\/tienda\/#website\",\"url\":\"https:\/\/abaa.mx\/tienda\/\",\"name\":\"Abaa tienda online\",\"description\":\"Instrumentos de medici\u00f3n\",\"publisher\":{\"@id\":\"https:\/\/abaa.mx\/tienda\/#organization\"},\"potentialAction\":[{\"@type\":\"SearchAction\",\"target\":{\"@type\":\"EntryPoint\",\"urlTemplate\":\"https:\/\/abaa.mx\/tienda\/?s={search_term_string}\"},\"query-input\":{\"@type\":\"PropertyValueSpecification\",\"valueRequired\":true,\"valueName\":\"search_term_string\"}}],\"inLanguage\":\"es\"},{\"@type\":\"Organization\",\"@id\":\"https:\/\/abaa.mx\/tienda\/#organization\",\"name\":\"Abaa tienda online\",\"url\":\"https:\/\/abaa.mx\/tienda\/\",\"logo\":{\"@type\":\"ImageObject\",\"inLanguage\":\"es\",\"@id\":\"https:\/\/abaa.mx\/tienda\/#\/schema\/logo\/image\/\",\"url\":\"https:\/\/abaa.mx\/tienda\/wp-content\/uploads\/2024\/01\/abaa-metrologia-tienda.png\",\"contentUrl\":\"https:\/\/abaa.mx\/tienda\/wp-content\/uploads\/2024\/01\/abaa-metrologia-tienda.png\",\"width\":300,\"height\":141,\"caption\":\"Abaa tienda online\"},\"image\":{\"@id\":\"https:\/\/abaa.mx\/tienda\/#\/schema\/logo\/image\/\"}}]}<\/script>\n<!-- \/ Yoast SEO plugin. -->","yoast_head_json":{"title":"mitutoyo 523-151 serie 523 medidor de presi\u00f3n, 0 a 1\", 3-8\" de di\u00e1metro de v\u00e1stago - Abaa tienda online","robots":{"index":"index","follow":"follow","max-snippet":"max-snippet:-1","max-image-preview":"max-image-preview:large","max-video-preview":"max-video-preview:-1"},"canonical":"https:\/\/abaa.mx\/tienda\/mitutoyo-523-151-serie-523-medidor-de-presion-0-a-1-3-8-de-diametro-de-vastago\/","og_locale":"es_MX","og_type":"article","og_title":"mitutoyo 523-151 serie 523 medidor de presi\u00f3n, 0 a 1\", 3-8\" de di\u00e1metro de v\u00e1stago - Abaa tienda online","og_description":"Acepta una variedad de indicadores opcionales, medidores lineales y LVDT, este medidor de medidor a presi\u00f3n cuenta con un rango de 0 a 1\" y un husillo y yunque de acero endurecido con cara de carburo para mediciones precisas y altamente confiables de la dimensi\u00f3n exterior. Adem\u00e1s, el acabado cromado satinado del dedal y el manguito resiste la oxidaci\u00f3n y reduce el deslumbramiento.","og_url":"https:\/\/abaa.mx\/tienda\/mitutoyo-523-151-serie-523-medidor-de-presion-0-a-1-3-8-de-diametro-de-vastago\/","og_site_name":"Abaa tienda online","article_modified_time":"2023-11-29T17:54:56+00:00","og_image":[{"width":474,"height":474,"url":"https:\/\/abaa.mx\/tienda\/wp-content\/uploads\/2023\/10\/523-151.jpg","type":"image\/jpeg"}],"twitter_card":"summary_large_image","twitter_misc":{"Tiempo de lectura":"1 minuto"},"schema":{"@context":"https:\/\/schema.org","@graph":[{"@type":"WebPage","@id":"https:\/\/abaa.mx\/tienda\/mitutoyo-523-151-serie-523-medidor-de-presion-0-a-1-3-8-de-diametro-de-vastago\/","url":"https:\/\/abaa.mx\/tienda\/mitutoyo-523-151-serie-523-medidor-de-presion-0-a-1-3-8-de-diametro-de-vastago\/","name":"mitutoyo 523-151 serie 523 medidor de presi\u00f3n, 0 a 1\", 3-8\" de di\u00e1metro de v\u00e1stago - Abaa tienda online","isPartOf":{"@id":"https:\/\/abaa.mx\/tienda\/#website"},"primaryImageOfPage":{"@id":"https:\/\/abaa.mx\/tienda\/mitutoyo-523-151-serie-523-medidor-de-presion-0-a-1-3-8-de-diametro-de-vastago\/#primaryimage"},"image":{"@id":"https:\/\/abaa.mx\/tienda\/mitutoyo-523-151-serie-523-medidor-de-presion-0-a-1-3-8-de-diametro-de-vastago\/#primaryimage"},"thumbnailUrl":"https:\/\/abaa.mx\/tienda\/wp-content\/uploads\/2023\/10\/523-151.jpg","datePublished":"2023-10-17T15:16:06+00:00","dateModified":"2023-11-29T17:54:56+00:00","breadcrumb":{"@id":"https:\/\/abaa.mx\/tienda\/mitutoyo-523-151-serie-523-medidor-de-presion-0-a-1-3-8-de-diametro-de-vastago\/#breadcrumb"},"inLanguage":"es","potentialAction":[{"@type":"ReadAction","target":["https:\/\/abaa.mx\/tienda\/mitutoyo-523-151-serie-523-medidor-de-presion-0-a-1-3-8-de-diametro-de-vastago\/"]}]},{"@type":"ImageObject","inLanguage":"es","@id":"https:\/\/abaa.mx\/tienda\/mitutoyo-523-151-serie-523-medidor-de-presion-0-a-1-3-8-de-diametro-de-vastago\/#primaryimage","url":"https:\/\/abaa.mx\/tienda\/wp-content\/uploads\/2023\/10\/523-151.jpg","contentUrl":"https:\/\/abaa.mx\/tienda\/wp-content\/uploads\/2023\/10\/523-151.jpg","width":474,"height":474,"caption":"523-151"},{"@type":"BreadcrumbList","@id":"https:\/\/abaa.mx\/tienda\/mitutoyo-523-151-serie-523-medidor-de-presion-0-a-1-3-8-de-diametro-de-vastago\/#breadcrumb","itemListElement":[{"@type":"ListItem","position":1,"name":"Inicio","item":"https:\/\/abaa.mx\/tienda\/"},{"@type":"ListItem","position":2,"name":"Tienda","item":"https:\/\/abaa.mx\/tienda\/"},{"@type":"ListItem","position":3,"name":"mitutoyo 523-151 serie 523 medidor de presi\u00f3n, 0 a 1&#8243;, 3-8&#8243; de di\u00e1metro de v\u00e1stago"}]},{"@type":"WebSite","@id":"https:\/\/abaa.mx\/tienda\/#website","url":"https:\/\/abaa.mx\/tienda\/","name":"Abaa tienda online","description":"Instrumentos de medici\u00f3n","publisher":{"@id":"https:\/\/abaa.mx\/tienda\/#organization"},"potentialAction":[{"@type":"SearchAction","target":{"@type":"EntryPoint","urlTemplate":"https:\/\/abaa.mx\/tienda\/?s={search_term_string}"},"query-input":{"@type":"PropertyValueSpecification","valueRequired":true,"valueName":"search_term_string"}}],"inLanguage":"es"},{"@type":"Organization","@id":"https:\/\/abaa.mx\/tienda\/#organization","name":"Abaa tienda online","url":"https:\/\/abaa.mx\/tienda\/","logo":{"@type":"ImageObject","inLanguage":"es","@id":"https:\/\/abaa.mx\/tienda\/#\/schema\/logo\/image\/","url":"https:\/\/abaa.mx\/tienda\/wp-content\/uploads\/2024\/01\/abaa-metrologia-tienda.png","contentUrl":"https:\/\/abaa.mx\/tienda\/wp-content\/uploads\/2024\/01\/abaa-metrologia-tienda.png","width":300,"height":141,"caption":"Abaa tienda online"},"image":{"@id":"https:\/\/abaa.mx\/tienda\/#\/schema\/logo\/image\/"}}]}},"_links":{"self":[{"href":"https:\/\/abaa.mx\/tienda\/wp-json\/wp\/v2\/product\/6255","targetHints":{"allow":["GET"]}}],"collection":[{"href":"https:\/\/abaa.mx\/tienda\/wp-json\/wp\/v2\/product"}],"about":[{"href":"https:\/\/abaa.mx\/tienda\/wp-json\/wp\/v2\/types\/product"}],"replies":[{"embeddable":true,"href":"https:\/\/abaa.mx\/tienda\/wp-json\/wp\/v2\/comments?post=6255"}],"wp:featuredmedia":[{"embeddable":true,"href":"https:\/\/abaa.mx\/tienda\/wp-json\/wp\/v2\/media\/6259"}],"wp:attachment":[{"href":"https:\/\/abaa.mx\/tienda\/wp-json\/wp\/v2\/media?parent=6255"}],"wp:term":[{"taxonomy":"product_brand","embeddable":true,"href":"https:\/\/abaa.mx\/tienda\/wp-json\/wp\/v2\/product_brand?post=6255"},{"taxonomy":"product_cat","embeddable":true,"href":"https:\/\/abaa.mx\/tienda\/wp-json\/wp\/v2\/product_cat?post=6255"},{"taxonomy":"product_tag","embeddable":true,"href":"https:\/\/abaa.mx\/tienda\/wp-json\/wp\/v2\/product_tag?post=6255"}],"curies":[{"name":"wp","href":"https:\/\/api.w.org\/{rel}","templated":true}]}}