{"id":6164,"date":"2023-10-16T15:46:57","date_gmt":"2023-10-16T15:46:57","guid":{"rendered":"https:\/\/abaa.mx\/tienda\/?post_type=product&#038;p=6164"},"modified":"2023-10-16T15:46:57","modified_gmt":"2023-10-16T15:46:57","slug":"mitutoyo-513-484-10h-indicador-de-prueba-de-esfera-paralela-rango-de-08-mm","status":"publish","type":"product","link":"https:\/\/abaa.mx\/tienda\/mitutoyo-513-484-10h-indicador-de-prueba-de-esfera-paralela-rango-de-08-mm\/","title":{"rendered":"mitutoyo 513-484-10h indicador de prueba de esfera paralela, rango de 0,8 mm"},"content":{"rendered":"<p><strong>Funciones<\/strong><\/p>\n<ul>\n<li>El uso de fuentes universales, el cambio del color de la esfera y la revisi\u00f3n de la relaci\u00f3n entre el puntero y las marcas de escala han mejorado dr\u00e1sticamente la visibilidad<\/li>\n<li>La cara de cristal plana sin reflejos permite una f\u00e1cil lectura de las graduaciones<\/li>\n<li>La junta t\u00f3rica del bisel tiene el efecto de proporcionar una rotaci\u00f3n suave y evita que el polvo y el aceite penetren en la esfera<\/li>\n<li>La uni\u00f3n del bisel y el cristal no deja ning\u00fan espacio para que el fluido de corte o el aceite penetren a trav\u00e9s de la esfera<\/li>\n<li>Una brida evita que el bisel se retire involuntariamente debido a la aplicaci\u00f3n de una fuerza al bisel durante la manipulaci\u00f3n<\/li>\n<li>Los recubrimientos duros, antiincrustantes y antideslumbrantes en el cristal inhiben los ara\u00f1azos, la contaminaci\u00f3n y el deslumbramiento en la superficie<\/li>\n<li>El m\u00e9todo convencional de montaje del tornillo del cojinete de pivote del l\u00e1piz \u00f3ptico en el marco es propenso a permitir que se afloje con el uso prolongado. En todos los modelos se ha incorporado una estructura de subplaca \u00fanica para alojar este tornillo y elimina este problema<\/li>\n<li>La capacidad del indicador para rastrear peque\u00f1os cambios en la cilindrada se deteriora debido a cambios m\u00ednimos en la holgura entre los engranajes con un uso prolongado<\/li>\n<li>Dado que la longitud de la aguja instalada afecta al factor de escala del indicador, la longitud que proporciona un factor de escala de unidad se marca en la esfera para ayudar al cliente a pedir la aguja de repuesto correcta<\/li>\n<li>Se suministra como accesorio est\u00e1ndar un v\u00e1stago liso de \u00f88 mm (\u00f80,315&#8243;) (21CAB104) para los modelos m\u00e9tricos o un v\u00e1stago liso de \u00f89,52 mm (\u00f83\/8&#8243;) (21CAB105) para los modelos en pulgadas que se acopla a cualquier cola de milano en el marco<\/li>\n<li>Certificado adjunto<\/li>\n<\/ul>\n<h4>Mitutoyo 513-484-10H Especificaciones<\/h4>\n<table class=\"table table-striped\">\n<tbody>\n<tr>\n<td>Gama<\/td>\n<td>0,8 mil\u00edmetros<\/td>\n<\/tr>\n<tr>\n<td>Graduaci\u00f3n<\/td>\n<td>0,01 mil\u00edmetros<\/td>\n<\/tr>\n<tr>\n<td>Lectura de dial<\/td>\n<td>0-40-0<\/td>\n<\/tr>\n<tr>\n<td>Masa<\/td>\n<td>73%<\/td>\n<\/tr>\n<tr>\n<td>Fuerza de medici\u00f3n<\/td>\n<td>0,3 N o menos<\/td>\n<\/tr>\n<\/tbody>\n<\/table>\n","protected":false},"excerpt":{"rendered":"<p class=\"short-description mhide ipad-view-setting\">Indicador de prueba de esfera paralela con una esfera amarilla con una graduaci\u00f3n de 0,01 mm.<\/p>\n<p class=\"comment-tag-product\">\n<div class=\"row-fluid\">\n<div class=\"span12 mobile-pricing-box-padding\">\n<form id=\"94915\" accept-charset=\"utf-8\" action=\"https:\/\/www.globaltestsupply.com\/shop\/add\" method=\"post\" name=\"addTocartFunction\">\n<div><\/div>\n<\/form>\n<\/div>\n<\/div>\n","protected":false},"featured_media":6170,"comment_status":"open","ping_status":"closed","template":"","meta":{"_joinchat":[]},"product_brand":[],"product_cat":[15],"product_tag":[],"class_list":{"0":"post-6164","1":"product","2":"type-product","3":"status-publish","4":"has-post-thumbnail","6":"product_cat-sin-categorizar","8":"first","9":"instock","10":"shipping-taxable","11":"product-type-simple"},"yoast_head":"<!-- This site is optimized with the Yoast SEO plugin v26.4 - https:\/\/yoast.com\/wordpress\/plugins\/seo\/ -->\n<title>mitutoyo 513-484-10h indicador de prueba de esfera paralela, rango de 0,8 mm - Abaa tienda online<\/title>\n<meta name=\"robots\" content=\"index, follow, max-snippet:-1, max-image-preview:large, max-video-preview:-1\" \/>\n<link rel=\"canonical\" href=\"https:\/\/abaa.mx\/tienda\/mitutoyo-513-484-10h-indicador-de-prueba-de-esfera-paralela-rango-de-08-mm\/\" \/>\n<meta property=\"og:locale\" content=\"es_MX\" \/>\n<meta property=\"og:type\" content=\"article\" \/>\n<meta property=\"og:title\" content=\"mitutoyo 513-484-10h indicador de prueba de esfera paralela, rango de 0,8 mm - Abaa tienda online\" \/>\n<meta property=\"og:description\" content=\"Indicador de prueba de esfera paralela con una esfera amarilla con una graduaci\u00f3n de 0,01 mm.\" \/>\n<meta property=\"og:url\" content=\"https:\/\/abaa.mx\/tienda\/mitutoyo-513-484-10h-indicador-de-prueba-de-esfera-paralela-rango-de-08-mm\/\" \/>\n<meta property=\"og:site_name\" content=\"Abaa tienda online\" \/>\n<meta property=\"og:image\" content=\"https:\/\/abaa.mx\/tienda\/wp-content\/uploads\/2023\/10\/513-484-10H.png\" \/>\n\t<meta property=\"og:image:width\" content=\"1080\" \/>\n\t<meta property=\"og:image:height\" content=\"1030\" \/>\n\t<meta property=\"og:image:type\" content=\"image\/png\" \/>\n<meta name=\"twitter:card\" content=\"summary_large_image\" \/>\n<meta name=\"twitter:label1\" content=\"Tiempo de lectura\" \/>\n\t<meta name=\"twitter:data1\" content=\"2 minutos\" \/>\n<script type=\"application\/ld+json\" class=\"yoast-schema-graph\">{\"@context\":\"https:\/\/schema.org\",\"@graph\":[{\"@type\":\"WebPage\",\"@id\":\"https:\/\/abaa.mx\/tienda\/mitutoyo-513-484-10h-indicador-de-prueba-de-esfera-paralela-rango-de-08-mm\/\",\"url\":\"https:\/\/abaa.mx\/tienda\/mitutoyo-513-484-10h-indicador-de-prueba-de-esfera-paralela-rango-de-08-mm\/\",\"name\":\"mitutoyo 513-484-10h indicador de prueba de esfera paralela, rango de 0,8 mm - Abaa tienda online\",\"isPartOf\":{\"@id\":\"https:\/\/abaa.mx\/tienda\/#website\"},\"primaryImageOfPage\":{\"@id\":\"https:\/\/abaa.mx\/tienda\/mitutoyo-513-484-10h-indicador-de-prueba-de-esfera-paralela-rango-de-08-mm\/#primaryimage\"},\"image\":{\"@id\":\"https:\/\/abaa.mx\/tienda\/mitutoyo-513-484-10h-indicador-de-prueba-de-esfera-paralela-rango-de-08-mm\/#primaryimage\"},\"thumbnailUrl\":\"https:\/\/abaa.mx\/tienda\/wp-content\/uploads\/2023\/10\/513-484-10H.png\",\"datePublished\":\"2023-10-16T15:46:57+00:00\",\"breadcrumb\":{\"@id\":\"https:\/\/abaa.mx\/tienda\/mitutoyo-513-484-10h-indicador-de-prueba-de-esfera-paralela-rango-de-08-mm\/#breadcrumb\"},\"inLanguage\":\"es\",\"potentialAction\":[{\"@type\":\"ReadAction\",\"target\":[\"https:\/\/abaa.mx\/tienda\/mitutoyo-513-484-10h-indicador-de-prueba-de-esfera-paralela-rango-de-08-mm\/\"]}]},{\"@type\":\"ImageObject\",\"inLanguage\":\"es\",\"@id\":\"https:\/\/abaa.mx\/tienda\/mitutoyo-513-484-10h-indicador-de-prueba-de-esfera-paralela-rango-de-08-mm\/#primaryimage\",\"url\":\"https:\/\/abaa.mx\/tienda\/wp-content\/uploads\/2023\/10\/513-484-10H.png\",\"contentUrl\":\"https:\/\/abaa.mx\/tienda\/wp-content\/uploads\/2023\/10\/513-484-10H.png\",\"width\":1080,\"height\":1030,\"caption\":\"513-484-10H\"},{\"@type\":\"BreadcrumbList\",\"@id\":\"https:\/\/abaa.mx\/tienda\/mitutoyo-513-484-10h-indicador-de-prueba-de-esfera-paralela-rango-de-08-mm\/#breadcrumb\",\"itemListElement\":[{\"@type\":\"ListItem\",\"position\":1,\"name\":\"Inicio\",\"item\":\"https:\/\/abaa.mx\/tienda\/\"},{\"@type\":\"ListItem\",\"position\":2,\"name\":\"Tienda\",\"item\":\"https:\/\/abaa.mx\/tienda\/\"},{\"@type\":\"ListItem\",\"position\":3,\"name\":\"mitutoyo 513-484-10h indicador de prueba de esfera paralela, rango de 0,8 mm\"}]},{\"@type\":\"WebSite\",\"@id\":\"https:\/\/abaa.mx\/tienda\/#website\",\"url\":\"https:\/\/abaa.mx\/tienda\/\",\"name\":\"Abaa tienda online\",\"description\":\"Instrumentos de medici\u00f3n\",\"publisher\":{\"@id\":\"https:\/\/abaa.mx\/tienda\/#organization\"},\"potentialAction\":[{\"@type\":\"SearchAction\",\"target\":{\"@type\":\"EntryPoint\",\"urlTemplate\":\"https:\/\/abaa.mx\/tienda\/?s={search_term_string}\"},\"query-input\":{\"@type\":\"PropertyValueSpecification\",\"valueRequired\":true,\"valueName\":\"search_term_string\"}}],\"inLanguage\":\"es\"},{\"@type\":\"Organization\",\"@id\":\"https:\/\/abaa.mx\/tienda\/#organization\",\"name\":\"Abaa tienda online\",\"url\":\"https:\/\/abaa.mx\/tienda\/\",\"logo\":{\"@type\":\"ImageObject\",\"inLanguage\":\"es\",\"@id\":\"https:\/\/abaa.mx\/tienda\/#\/schema\/logo\/image\/\",\"url\":\"https:\/\/abaa.mx\/tienda\/wp-content\/uploads\/2024\/01\/abaa-metrologia-tienda.png\",\"contentUrl\":\"https:\/\/abaa.mx\/tienda\/wp-content\/uploads\/2024\/01\/abaa-metrologia-tienda.png\",\"width\":300,\"height\":141,\"caption\":\"Abaa tienda online\"},\"image\":{\"@id\":\"https:\/\/abaa.mx\/tienda\/#\/schema\/logo\/image\/\"}}]}<\/script>\n<!-- \/ Yoast SEO plugin. -->","yoast_head_json":{"title":"mitutoyo 513-484-10h indicador de prueba de esfera paralela, rango de 0,8 mm - Abaa tienda online","robots":{"index":"index","follow":"follow","max-snippet":"max-snippet:-1","max-image-preview":"max-image-preview:large","max-video-preview":"max-video-preview:-1"},"canonical":"https:\/\/abaa.mx\/tienda\/mitutoyo-513-484-10h-indicador-de-prueba-de-esfera-paralela-rango-de-08-mm\/","og_locale":"es_MX","og_type":"article","og_title":"mitutoyo 513-484-10h indicador de prueba de esfera paralela, rango de 0,8 mm - Abaa tienda online","og_description":"Indicador de prueba de esfera paralela con una esfera amarilla con una graduaci\u00f3n de 0,01 mm.","og_url":"https:\/\/abaa.mx\/tienda\/mitutoyo-513-484-10h-indicador-de-prueba-de-esfera-paralela-rango-de-08-mm\/","og_site_name":"Abaa tienda online","og_image":[{"width":1080,"height":1030,"url":"https:\/\/abaa.mx\/tienda\/wp-content\/uploads\/2023\/10\/513-484-10H.png","type":"image\/png"}],"twitter_card":"summary_large_image","twitter_misc":{"Tiempo de lectura":"2 minutos"},"schema":{"@context":"https:\/\/schema.org","@graph":[{"@type":"WebPage","@id":"https:\/\/abaa.mx\/tienda\/mitutoyo-513-484-10h-indicador-de-prueba-de-esfera-paralela-rango-de-08-mm\/","url":"https:\/\/abaa.mx\/tienda\/mitutoyo-513-484-10h-indicador-de-prueba-de-esfera-paralela-rango-de-08-mm\/","name":"mitutoyo 513-484-10h indicador de prueba de esfera paralela, rango de 0,8 mm - Abaa tienda online","isPartOf":{"@id":"https:\/\/abaa.mx\/tienda\/#website"},"primaryImageOfPage":{"@id":"https:\/\/abaa.mx\/tienda\/mitutoyo-513-484-10h-indicador-de-prueba-de-esfera-paralela-rango-de-08-mm\/#primaryimage"},"image":{"@id":"https:\/\/abaa.mx\/tienda\/mitutoyo-513-484-10h-indicador-de-prueba-de-esfera-paralela-rango-de-08-mm\/#primaryimage"},"thumbnailUrl":"https:\/\/abaa.mx\/tienda\/wp-content\/uploads\/2023\/10\/513-484-10H.png","datePublished":"2023-10-16T15:46:57+00:00","breadcrumb":{"@id":"https:\/\/abaa.mx\/tienda\/mitutoyo-513-484-10h-indicador-de-prueba-de-esfera-paralela-rango-de-08-mm\/#breadcrumb"},"inLanguage":"es","potentialAction":[{"@type":"ReadAction","target":["https:\/\/abaa.mx\/tienda\/mitutoyo-513-484-10h-indicador-de-prueba-de-esfera-paralela-rango-de-08-mm\/"]}]},{"@type":"ImageObject","inLanguage":"es","@id":"https:\/\/abaa.mx\/tienda\/mitutoyo-513-484-10h-indicador-de-prueba-de-esfera-paralela-rango-de-08-mm\/#primaryimage","url":"https:\/\/abaa.mx\/tienda\/wp-content\/uploads\/2023\/10\/513-484-10H.png","contentUrl":"https:\/\/abaa.mx\/tienda\/wp-content\/uploads\/2023\/10\/513-484-10H.png","width":1080,"height":1030,"caption":"513-484-10H"},{"@type":"BreadcrumbList","@id":"https:\/\/abaa.mx\/tienda\/mitutoyo-513-484-10h-indicador-de-prueba-de-esfera-paralela-rango-de-08-mm\/#breadcrumb","itemListElement":[{"@type":"ListItem","position":1,"name":"Inicio","item":"https:\/\/abaa.mx\/tienda\/"},{"@type":"ListItem","position":2,"name":"Tienda","item":"https:\/\/abaa.mx\/tienda\/"},{"@type":"ListItem","position":3,"name":"mitutoyo 513-484-10h indicador de prueba de esfera paralela, rango de 0,8 mm"}]},{"@type":"WebSite","@id":"https:\/\/abaa.mx\/tienda\/#website","url":"https:\/\/abaa.mx\/tienda\/","name":"Abaa tienda online","description":"Instrumentos de medici\u00f3n","publisher":{"@id":"https:\/\/abaa.mx\/tienda\/#organization"},"potentialAction":[{"@type":"SearchAction","target":{"@type":"EntryPoint","urlTemplate":"https:\/\/abaa.mx\/tienda\/?s={search_term_string}"},"query-input":{"@type":"PropertyValueSpecification","valueRequired":true,"valueName":"search_term_string"}}],"inLanguage":"es"},{"@type":"Organization","@id":"https:\/\/abaa.mx\/tienda\/#organization","name":"Abaa tienda online","url":"https:\/\/abaa.mx\/tienda\/","logo":{"@type":"ImageObject","inLanguage":"es","@id":"https:\/\/abaa.mx\/tienda\/#\/schema\/logo\/image\/","url":"https:\/\/abaa.mx\/tienda\/wp-content\/uploads\/2024\/01\/abaa-metrologia-tienda.png","contentUrl":"https:\/\/abaa.mx\/tienda\/wp-content\/uploads\/2024\/01\/abaa-metrologia-tienda.png","width":300,"height":141,"caption":"Abaa tienda online"},"image":{"@id":"https:\/\/abaa.mx\/tienda\/#\/schema\/logo\/image\/"}}]}},"_links":{"self":[{"href":"https:\/\/abaa.mx\/tienda\/wp-json\/wp\/v2\/product\/6164","targetHints":{"allow":["GET"]}}],"collection":[{"href":"https:\/\/abaa.mx\/tienda\/wp-json\/wp\/v2\/product"}],"about":[{"href":"https:\/\/abaa.mx\/tienda\/wp-json\/wp\/v2\/types\/product"}],"replies":[{"embeddable":true,"href":"https:\/\/abaa.mx\/tienda\/wp-json\/wp\/v2\/comments?post=6164"}],"wp:featuredmedia":[{"embeddable":true,"href":"https:\/\/abaa.mx\/tienda\/wp-json\/wp\/v2\/media\/6170"}],"wp:attachment":[{"href":"https:\/\/abaa.mx\/tienda\/wp-json\/wp\/v2\/media?parent=6164"}],"wp:term":[{"taxonomy":"product_brand","embeddable":true,"href":"https:\/\/abaa.mx\/tienda\/wp-json\/wp\/v2\/product_brand?post=6164"},{"taxonomy":"product_cat","embeddable":true,"href":"https:\/\/abaa.mx\/tienda\/wp-json\/wp\/v2\/product_cat?post=6164"},{"taxonomy":"product_tag","embeddable":true,"href":"https:\/\/abaa.mx\/tienda\/wp-json\/wp\/v2\/product_tag?post=6164"}],"curies":[{"name":"wp","href":"https:\/\/api.w.org\/{rel}","templated":true}]}}