{"id":6073,"date":"2023-10-13T21:08:30","date_gmt":"2023-10-13T21:08:30","guid":{"rendered":"https:\/\/abaa.mx\/tienda\/?post_type=product&#038;p=6073"},"modified":"2023-10-13T21:08:30","modified_gmt":"2023-10-13T21:08:30","slug":"mitutoyo-169-205-serie-169-micrometro-de-disco-de-husillo-no-giratorio-50-a-75-mm","status":"publish","type":"product","link":"https:\/\/abaa.mx\/tienda\/mitutoyo-169-205-serie-169-micrometro-de-disco-de-husillo-no-giratorio-50-a-75-mm\/","title":{"rendered":"Mitutoyo 169-205 serie 169 micr\u00f3metro de disco de husillo no giratorio, 50 a 75 mm"},"content":{"rendered":"<p>El micr\u00f3metro de disco de husillo no giratorio Mitutoyo 169-205 Serie 169 mide con precisi\u00f3n la longitud de la tangente de ra\u00edz de los engranajes rectos y helicoidales. Est\u00e1 construido con un husillo no giratorio para evitar que el par se transfiera a la pieza de trabajo para evitar el desgaste o el da\u00f1o.<\/p>\n<h5><strong>Funciones<\/strong><\/h5>\n<ul>\n<li>Ideal para medir la longitud de la tangente de ra\u00edz de engranajes rectos y helicoidales<\/li>\n<li>El dise\u00f1o del husillo no giratorio evita que el par se transfiera a la pieza de trabajo<\/li>\n<li>Construido con una barra est\u00e1ndar para satisfacer sus necesidades<\/li>\n<li>Dise\u00f1ado con una planitud de 1 e igrave; m y un paralelismo de 6 \u03bcm<\/li>\n<li>El mecanismo de tope de trinquete aplica una fuerza constante<\/li>\n<\/ul>\n<h4>Especificaciones<\/h4>\n<table class=\"table table-striped\">\n<tbody>\n<tr>\n<td>Rango de medici\u00f3n<\/td>\n<td>De 50 a 75 mm con graduaciones de 0,001 mm<\/td>\n<\/tr>\n<tr>\n<td>Longitud del producto<\/td>\n<td>3,4&#8243; (87 mm)<\/td>\n<\/tr>\n<tr>\n<td>Unidad(es) de medida admitida(s)<\/td>\n<td>M\u00e9trico<\/td>\n<\/tr>\n<tr>\n<td>Peso del producto<\/td>\n<td>11 g (11,315 onzas)<\/td>\n<\/tr>\n<tr>\n<td>Exactitud<\/td>\n<td>\u00b16 \u03bcm<\/td>\n<\/tr>\n<tr>\n<td>Fuente de alimentaci\u00f3n<\/td>\n<td>Sin alimentaci\u00f3n<\/td>\n<\/tr>\n<\/tbody>\n<\/table>\n","protected":false},"excerpt":{"rendered":"<p class=\"short-description mhide ipad-view-setting\">El micr\u00f3metro de disco de husillo no giratorio permite al usuario medir con precisi\u00f3n la longitud de la tangente de ra\u00edz de engranajes seleccionados. Est\u00e1 dise\u00f1ado con un tope de trinquete para garantizar una fuerza constante durante el uso para un rendimiento \u00f3ptimo.<\/p>\n<p class=\"comment-tag-product\">\n<div class=\"row-fluid\">\n<div class=\"span12 mobile-pricing-box-padding\">\n<form id=\"152650\" accept-charset=\"utf-8\" action=\"https:\/\/www.globaltestsupply.com\/shop\/add\" method=\"post\" name=\"addTocartFunction\">\n<div><\/div>\n<\/form>\n<\/div>\n<\/div>\n","protected":false},"featured_media":6109,"comment_status":"open","ping_status":"closed","template":"","meta":{"_joinchat":[]},"product_brand":[],"product_cat":[15],"product_tag":[],"class_list":{"0":"post-6073","1":"product","2":"type-product","3":"status-publish","4":"has-post-thumbnail","6":"product_cat-sin-categorizar","8":"first","9":"instock","10":"shipping-taxable","11":"product-type-simple"},"yoast_head":"<!-- This site is optimized with the Yoast SEO plugin v26.4 - https:\/\/yoast.com\/wordpress\/plugins\/seo\/ -->\n<title>Mitutoyo 169-205 serie 169 micr\u00f3metro de disco de husillo no giratorio, 50 a 75 mm - Abaa tienda online<\/title>\n<meta name=\"robots\" content=\"index, follow, max-snippet:-1, max-image-preview:large, max-video-preview:-1\" \/>\n<link rel=\"canonical\" href=\"https:\/\/abaa.mx\/tienda\/mitutoyo-169-205-serie-169-micrometro-de-disco-de-husillo-no-giratorio-50-a-75-mm\/\" \/>\n<meta property=\"og:locale\" content=\"es_MX\" \/>\n<meta property=\"og:type\" content=\"article\" \/>\n<meta property=\"og:title\" content=\"Mitutoyo 169-205 serie 169 micr\u00f3metro de disco de husillo no giratorio, 50 a 75 mm - Abaa tienda online\" \/>\n<meta property=\"og:description\" content=\"El micr\u00f3metro de disco de husillo no giratorio permite al usuario medir con precisi\u00f3n la longitud de la tangente de ra\u00edz de engranajes seleccionados. Est\u00e1 dise\u00f1ado con un tope de trinquete para garantizar una fuerza constante durante el uso para un rendimiento \u00f3ptimo.\" \/>\n<meta property=\"og:url\" content=\"https:\/\/abaa.mx\/tienda\/mitutoyo-169-205-serie-169-micrometro-de-disco-de-husillo-no-giratorio-50-a-75-mm\/\" \/>\n<meta property=\"og:site_name\" content=\"Abaa tienda online\" \/>\n<meta property=\"og:image\" content=\"https:\/\/abaa.mx\/tienda\/wp-content\/uploads\/2023\/10\/169-205.jpg\" \/>\n\t<meta property=\"og:image:width\" content=\"665\" \/>\n\t<meta property=\"og:image:height\" content=\"665\" \/>\n\t<meta property=\"og:image:type\" content=\"image\/jpeg\" \/>\n<meta name=\"twitter:card\" content=\"summary_large_image\" \/>\n<meta name=\"twitter:label1\" content=\"Tiempo de lectura\" \/>\n\t<meta name=\"twitter:data1\" content=\"1 minuto\" \/>\n<script type=\"application\/ld+json\" class=\"yoast-schema-graph\">{\"@context\":\"https:\/\/schema.org\",\"@graph\":[{\"@type\":\"WebPage\",\"@id\":\"https:\/\/abaa.mx\/tienda\/mitutoyo-169-205-serie-169-micrometro-de-disco-de-husillo-no-giratorio-50-a-75-mm\/\",\"url\":\"https:\/\/abaa.mx\/tienda\/mitutoyo-169-205-serie-169-micrometro-de-disco-de-husillo-no-giratorio-50-a-75-mm\/\",\"name\":\"Mitutoyo 169-205 serie 169 micr\u00f3metro de disco de husillo no giratorio, 50 a 75 mm - Abaa tienda online\",\"isPartOf\":{\"@id\":\"https:\/\/abaa.mx\/tienda\/#website\"},\"primaryImageOfPage\":{\"@id\":\"https:\/\/abaa.mx\/tienda\/mitutoyo-169-205-serie-169-micrometro-de-disco-de-husillo-no-giratorio-50-a-75-mm\/#primaryimage\"},\"image\":{\"@id\":\"https:\/\/abaa.mx\/tienda\/mitutoyo-169-205-serie-169-micrometro-de-disco-de-husillo-no-giratorio-50-a-75-mm\/#primaryimage\"},\"thumbnailUrl\":\"https:\/\/abaa.mx\/tienda\/wp-content\/uploads\/2023\/10\/169-205.jpg\",\"datePublished\":\"2023-10-13T21:08:30+00:00\",\"breadcrumb\":{\"@id\":\"https:\/\/abaa.mx\/tienda\/mitutoyo-169-205-serie-169-micrometro-de-disco-de-husillo-no-giratorio-50-a-75-mm\/#breadcrumb\"},\"inLanguage\":\"es\",\"potentialAction\":[{\"@type\":\"ReadAction\",\"target\":[\"https:\/\/abaa.mx\/tienda\/mitutoyo-169-205-serie-169-micrometro-de-disco-de-husillo-no-giratorio-50-a-75-mm\/\"]}]},{\"@type\":\"ImageObject\",\"inLanguage\":\"es\",\"@id\":\"https:\/\/abaa.mx\/tienda\/mitutoyo-169-205-serie-169-micrometro-de-disco-de-husillo-no-giratorio-50-a-75-mm\/#primaryimage\",\"url\":\"https:\/\/abaa.mx\/tienda\/wp-content\/uploads\/2023\/10\/169-205.jpg\",\"contentUrl\":\"https:\/\/abaa.mx\/tienda\/wp-content\/uploads\/2023\/10\/169-205.jpg\",\"width\":665,\"height\":665,\"caption\":\"mitutoyo-169-205-serie-169-micrometro-de-disco-de-husillo-no-giratorio-50-a-75-mm\"},{\"@type\":\"BreadcrumbList\",\"@id\":\"https:\/\/abaa.mx\/tienda\/mitutoyo-169-205-serie-169-micrometro-de-disco-de-husillo-no-giratorio-50-a-75-mm\/#breadcrumb\",\"itemListElement\":[{\"@type\":\"ListItem\",\"position\":1,\"name\":\"Inicio\",\"item\":\"https:\/\/abaa.mx\/tienda\/\"},{\"@type\":\"ListItem\",\"position\":2,\"name\":\"Tienda\",\"item\":\"https:\/\/abaa.mx\/tienda\/\"},{\"@type\":\"ListItem\",\"position\":3,\"name\":\"Mitutoyo 169-205 serie 169 micr\u00f3metro de disco de husillo no giratorio, 50 a 75 mm\"}]},{\"@type\":\"WebSite\",\"@id\":\"https:\/\/abaa.mx\/tienda\/#website\",\"url\":\"https:\/\/abaa.mx\/tienda\/\",\"name\":\"Abaa tienda online\",\"description\":\"Instrumentos de medici\u00f3n\",\"publisher\":{\"@id\":\"https:\/\/abaa.mx\/tienda\/#organization\"},\"potentialAction\":[{\"@type\":\"SearchAction\",\"target\":{\"@type\":\"EntryPoint\",\"urlTemplate\":\"https:\/\/abaa.mx\/tienda\/?s={search_term_string}\"},\"query-input\":{\"@type\":\"PropertyValueSpecification\",\"valueRequired\":true,\"valueName\":\"search_term_string\"}}],\"inLanguage\":\"es\"},{\"@type\":\"Organization\",\"@id\":\"https:\/\/abaa.mx\/tienda\/#organization\",\"name\":\"Abaa tienda online\",\"url\":\"https:\/\/abaa.mx\/tienda\/\",\"logo\":{\"@type\":\"ImageObject\",\"inLanguage\":\"es\",\"@id\":\"https:\/\/abaa.mx\/tienda\/#\/schema\/logo\/image\/\",\"url\":\"https:\/\/abaa.mx\/tienda\/wp-content\/uploads\/2024\/01\/abaa-metrologia-tienda.png\",\"contentUrl\":\"https:\/\/abaa.mx\/tienda\/wp-content\/uploads\/2024\/01\/abaa-metrologia-tienda.png\",\"width\":300,\"height\":141,\"caption\":\"Abaa tienda online\"},\"image\":{\"@id\":\"https:\/\/abaa.mx\/tienda\/#\/schema\/logo\/image\/\"}}]}<\/script>\n<!-- \/ Yoast SEO plugin. -->","yoast_head_json":{"title":"Mitutoyo 169-205 serie 169 micr\u00f3metro de disco de husillo no giratorio, 50 a 75 mm - Abaa tienda online","robots":{"index":"index","follow":"follow","max-snippet":"max-snippet:-1","max-image-preview":"max-image-preview:large","max-video-preview":"max-video-preview:-1"},"canonical":"https:\/\/abaa.mx\/tienda\/mitutoyo-169-205-serie-169-micrometro-de-disco-de-husillo-no-giratorio-50-a-75-mm\/","og_locale":"es_MX","og_type":"article","og_title":"Mitutoyo 169-205 serie 169 micr\u00f3metro de disco de husillo no giratorio, 50 a 75 mm - Abaa tienda online","og_description":"El micr\u00f3metro de disco de husillo no giratorio permite al usuario medir con precisi\u00f3n la longitud de la tangente de ra\u00edz de engranajes seleccionados. Est\u00e1 dise\u00f1ado con un tope de trinquete para garantizar una fuerza constante durante el uso para un rendimiento \u00f3ptimo.","og_url":"https:\/\/abaa.mx\/tienda\/mitutoyo-169-205-serie-169-micrometro-de-disco-de-husillo-no-giratorio-50-a-75-mm\/","og_site_name":"Abaa tienda online","og_image":[{"width":665,"height":665,"url":"https:\/\/abaa.mx\/tienda\/wp-content\/uploads\/2023\/10\/169-205.jpg","type":"image\/jpeg"}],"twitter_card":"summary_large_image","twitter_misc":{"Tiempo de lectura":"1 minuto"},"schema":{"@context":"https:\/\/schema.org","@graph":[{"@type":"WebPage","@id":"https:\/\/abaa.mx\/tienda\/mitutoyo-169-205-serie-169-micrometro-de-disco-de-husillo-no-giratorio-50-a-75-mm\/","url":"https:\/\/abaa.mx\/tienda\/mitutoyo-169-205-serie-169-micrometro-de-disco-de-husillo-no-giratorio-50-a-75-mm\/","name":"Mitutoyo 169-205 serie 169 micr\u00f3metro de disco de husillo no giratorio, 50 a 75 mm - Abaa tienda online","isPartOf":{"@id":"https:\/\/abaa.mx\/tienda\/#website"},"primaryImageOfPage":{"@id":"https:\/\/abaa.mx\/tienda\/mitutoyo-169-205-serie-169-micrometro-de-disco-de-husillo-no-giratorio-50-a-75-mm\/#primaryimage"},"image":{"@id":"https:\/\/abaa.mx\/tienda\/mitutoyo-169-205-serie-169-micrometro-de-disco-de-husillo-no-giratorio-50-a-75-mm\/#primaryimage"},"thumbnailUrl":"https:\/\/abaa.mx\/tienda\/wp-content\/uploads\/2023\/10\/169-205.jpg","datePublished":"2023-10-13T21:08:30+00:00","breadcrumb":{"@id":"https:\/\/abaa.mx\/tienda\/mitutoyo-169-205-serie-169-micrometro-de-disco-de-husillo-no-giratorio-50-a-75-mm\/#breadcrumb"},"inLanguage":"es","potentialAction":[{"@type":"ReadAction","target":["https:\/\/abaa.mx\/tienda\/mitutoyo-169-205-serie-169-micrometro-de-disco-de-husillo-no-giratorio-50-a-75-mm\/"]}]},{"@type":"ImageObject","inLanguage":"es","@id":"https:\/\/abaa.mx\/tienda\/mitutoyo-169-205-serie-169-micrometro-de-disco-de-husillo-no-giratorio-50-a-75-mm\/#primaryimage","url":"https:\/\/abaa.mx\/tienda\/wp-content\/uploads\/2023\/10\/169-205.jpg","contentUrl":"https:\/\/abaa.mx\/tienda\/wp-content\/uploads\/2023\/10\/169-205.jpg","width":665,"height":665,"caption":"mitutoyo-169-205-serie-169-micrometro-de-disco-de-husillo-no-giratorio-50-a-75-mm"},{"@type":"BreadcrumbList","@id":"https:\/\/abaa.mx\/tienda\/mitutoyo-169-205-serie-169-micrometro-de-disco-de-husillo-no-giratorio-50-a-75-mm\/#breadcrumb","itemListElement":[{"@type":"ListItem","position":1,"name":"Inicio","item":"https:\/\/abaa.mx\/tienda\/"},{"@type":"ListItem","position":2,"name":"Tienda","item":"https:\/\/abaa.mx\/tienda\/"},{"@type":"ListItem","position":3,"name":"Mitutoyo 169-205 serie 169 micr\u00f3metro de disco de husillo no giratorio, 50 a 75 mm"}]},{"@type":"WebSite","@id":"https:\/\/abaa.mx\/tienda\/#website","url":"https:\/\/abaa.mx\/tienda\/","name":"Abaa tienda online","description":"Instrumentos de medici\u00f3n","publisher":{"@id":"https:\/\/abaa.mx\/tienda\/#organization"},"potentialAction":[{"@type":"SearchAction","target":{"@type":"EntryPoint","urlTemplate":"https:\/\/abaa.mx\/tienda\/?s={search_term_string}"},"query-input":{"@type":"PropertyValueSpecification","valueRequired":true,"valueName":"search_term_string"}}],"inLanguage":"es"},{"@type":"Organization","@id":"https:\/\/abaa.mx\/tienda\/#organization","name":"Abaa tienda online","url":"https:\/\/abaa.mx\/tienda\/","logo":{"@type":"ImageObject","inLanguage":"es","@id":"https:\/\/abaa.mx\/tienda\/#\/schema\/logo\/image\/","url":"https:\/\/abaa.mx\/tienda\/wp-content\/uploads\/2024\/01\/abaa-metrologia-tienda.png","contentUrl":"https:\/\/abaa.mx\/tienda\/wp-content\/uploads\/2024\/01\/abaa-metrologia-tienda.png","width":300,"height":141,"caption":"Abaa tienda online"},"image":{"@id":"https:\/\/abaa.mx\/tienda\/#\/schema\/logo\/image\/"}}]}},"_links":{"self":[{"href":"https:\/\/abaa.mx\/tienda\/wp-json\/wp\/v2\/product\/6073","targetHints":{"allow":["GET"]}}],"collection":[{"href":"https:\/\/abaa.mx\/tienda\/wp-json\/wp\/v2\/product"}],"about":[{"href":"https:\/\/abaa.mx\/tienda\/wp-json\/wp\/v2\/types\/product"}],"replies":[{"embeddable":true,"href":"https:\/\/abaa.mx\/tienda\/wp-json\/wp\/v2\/comments?post=6073"}],"wp:featuredmedia":[{"embeddable":true,"href":"https:\/\/abaa.mx\/tienda\/wp-json\/wp\/v2\/media\/6109"}],"wp:attachment":[{"href":"https:\/\/abaa.mx\/tienda\/wp-json\/wp\/v2\/media?parent=6073"}],"wp:term":[{"taxonomy":"product_brand","embeddable":true,"href":"https:\/\/abaa.mx\/tienda\/wp-json\/wp\/v2\/product_brand?post=6073"},{"taxonomy":"product_cat","embeddable":true,"href":"https:\/\/abaa.mx\/tienda\/wp-json\/wp\/v2\/product_cat?post=6073"},{"taxonomy":"product_tag","embeddable":true,"href":"https:\/\/abaa.mx\/tienda\/wp-json\/wp\/v2\/product_tag?post=6073"}],"curies":[{"name":"wp","href":"https:\/\/api.w.org\/{rel}","templated":true}]}}