{"id":5764,"date":"2023-10-11T21:14:19","date_gmt":"2023-10-11T21:14:19","guid":{"rendered":"https:\/\/abaa.mx\/tienda\/?post_type=product&#038;p=5764"},"modified":"2023-10-11T21:14:19","modified_gmt":"2023-10-11T21:14:19","slug":"calibrador-de-esfera-mitutoyo-505-749-serie-505-de-0-a-12-pulgadas","status":"publish","type":"product","link":"https:\/\/abaa.mx\/tienda\/calibrador-de-esfera-mitutoyo-505-749-serie-505-de-0-a-12-pulgadas\/","title":{"rendered":"calibrador de esfera mitutoyo 505-749 serie 505, de 0 a 12&#8243;, pulgadas"},"content":{"rendered":"<p><strong>Funciones<\/strong><\/p>\n<ul>\n<li>Proporciona un deslizamiento ultrasuave con una mejor protecci\u00f3n contra golpes mientras mide las dimensiones exteriores, las dimensiones interiores, la profundidad y los escalones<\/li>\n<li>Un recubrimiento de nitruro de titanio (TiN) en la superficie deslizante aumenta la resistencia al desgaste y la esfera mejorada ofrece una legibilidad de medici\u00f3n m\u00e1s r\u00e1pida<\/li>\n<li>El tornillo de bloqueo mantiene la medici\u00f3n del dial y la posici\u00f3n de la mordaza deslizante para obtener mediciones precisas<\/li>\n<\/ul>\n<p><strong>Aplicaciones<\/strong><\/p>\n<ul>\n<li>Aeroespacial<\/li>\n<li>Automotor<\/li>\n<li>Defensa<\/li>\n<li>Electr\u00f3nica<\/li>\n<li>Energ\u00eda<\/li>\n<li>Fabricaci\u00f3n general<\/li>\n<li>Pl\u00e1sticos y caucho<\/li>\n<\/ul>\n<h4>Mitutoyo 505-749 Especificaciones<\/h4>\n<table class=\"table table-striped\">\n<tbody>\n<tr>\n<td>Gama<\/td>\n<td>De 0 a 12&#8243;<\/td>\n<\/tr>\n<tr>\n<td>Exactitud<\/td>\n<td>\u00b10.002&#8243;<\/td>\n<\/tr>\n<tr>\n<td>Graduaci\u00f3n<\/td>\n<td>0.001&#8243;<\/td>\n<\/tr>\n<tr>\n<td>Paso por revoluci\u00f3n<\/td>\n<td>0.2&#8243;<\/td>\n<\/tr>\n<tr>\n<td>Unidades<\/td>\n<td>Pulgada<\/td>\n<\/tr>\n<tr>\n<td>Peso<\/td>\n<td>370 g (0,8 libras)<\/td>\n<\/tr>\n<\/tbody>\n<\/table>\n","protected":false},"excerpt":{"rendered":"<p class=\"short-description mhide ipad-view-setting\">Dise\u00f1ado para un funcionamiento suave, durabilidad y legibilidad, este calibrador de cuadrante proporciona mediciones de cuatro v\u00edas de alta precisi\u00f3n a \u00b10,002&#8243; y un rango de medici\u00f3n de 0 a 12&#8243;. Adem\u00e1s, esta pinza ofrece un deslizamiento ultra suave con una mejor protecci\u00f3n contra golpes mientras mide las dimensiones exteriores, las dimensiones interiores, la profundidad y los escalones.<\/p>\n<p class=\"comment-tag-product\">\n<div class=\"row-fluid\">\n<div class=\"span12 mobile-pricing-box-padding\">\n<form id=\"88446\" accept-charset=\"utf-8\" action=\"https:\/\/www.globaltestsupply.com\/shop\/add\" method=\"post\" name=\"addTocartFunction\">\n<div><\/div>\n<\/form>\n<\/div>\n<\/div>\n","protected":false},"featured_media":5767,"comment_status":"open","ping_status":"closed","template":"","meta":{"_joinchat":[]},"product_brand":[],"product_cat":[15],"product_tag":[],"class_list":{"0":"post-5764","1":"product","2":"type-product","3":"status-publish","4":"has-post-thumbnail","6":"product_cat-sin-categorizar","8":"first","9":"instock","10":"shipping-taxable","11":"product-type-simple"},"yoast_head":"<!-- This site is optimized with the Yoast SEO plugin v26.4 - https:\/\/yoast.com\/wordpress\/plugins\/seo\/ -->\n<title>calibrador de esfera mitutoyo 505-749 serie 505, de 0 a 12&quot;, pulgadas - Abaa tienda online<\/title>\n<meta name=\"robots\" content=\"index, follow, max-snippet:-1, max-image-preview:large, max-video-preview:-1\" \/>\n<link rel=\"canonical\" href=\"https:\/\/abaa.mx\/tienda\/calibrador-de-esfera-mitutoyo-505-749-serie-505-de-0-a-12-pulgadas\/\" \/>\n<meta property=\"og:locale\" content=\"es_MX\" \/>\n<meta property=\"og:type\" content=\"article\" \/>\n<meta property=\"og:title\" content=\"calibrador de esfera mitutoyo 505-749 serie 505, de 0 a 12&quot;, pulgadas - Abaa tienda online\" \/>\n<meta property=\"og:description\" content=\"Dise\u00f1ado para un funcionamiento suave, durabilidad y legibilidad, este calibrador de cuadrante proporciona mediciones de cuatro v\u00edas de alta precisi\u00f3n a \u00b10,002&quot; y un rango de medici\u00f3n de 0 a 12&quot;. Adem\u00e1s, esta pinza ofrece un deslizamiento ultra suave con una mejor protecci\u00f3n contra golpes mientras mide las dimensiones exteriores, las dimensiones interiores, la profundidad y los escalones.\" \/>\n<meta property=\"og:url\" content=\"https:\/\/abaa.mx\/tienda\/calibrador-de-esfera-mitutoyo-505-749-serie-505-de-0-a-12-pulgadas\/\" \/>\n<meta property=\"og:site_name\" content=\"Abaa tienda online\" \/>\n<meta property=\"og:image\" content=\"https:\/\/abaa.mx\/tienda\/wp-content\/uploads\/2023\/10\/505-749.jpg\" \/>\n\t<meta property=\"og:image:width\" content=\"1200\" \/>\n\t<meta property=\"og:image:height\" content=\"1200\" \/>\n\t<meta property=\"og:image:type\" content=\"image\/jpeg\" \/>\n<meta name=\"twitter:card\" content=\"summary_large_image\" \/>\n<meta name=\"twitter:label1\" content=\"Tiempo de lectura\" \/>\n\t<meta name=\"twitter:data1\" content=\"1 minuto\" \/>\n<script type=\"application\/ld+json\" class=\"yoast-schema-graph\">{\"@context\":\"https:\/\/schema.org\",\"@graph\":[{\"@type\":\"WebPage\",\"@id\":\"https:\/\/abaa.mx\/tienda\/calibrador-de-esfera-mitutoyo-505-749-serie-505-de-0-a-12-pulgadas\/\",\"url\":\"https:\/\/abaa.mx\/tienda\/calibrador-de-esfera-mitutoyo-505-749-serie-505-de-0-a-12-pulgadas\/\",\"name\":\"calibrador de esfera mitutoyo 505-749 serie 505, de 0 a 12\\\", pulgadas - Abaa tienda online\",\"isPartOf\":{\"@id\":\"https:\/\/abaa.mx\/tienda\/#website\"},\"primaryImageOfPage\":{\"@id\":\"https:\/\/abaa.mx\/tienda\/calibrador-de-esfera-mitutoyo-505-749-serie-505-de-0-a-12-pulgadas\/#primaryimage\"},\"image\":{\"@id\":\"https:\/\/abaa.mx\/tienda\/calibrador-de-esfera-mitutoyo-505-749-serie-505-de-0-a-12-pulgadas\/#primaryimage\"},\"thumbnailUrl\":\"https:\/\/abaa.mx\/tienda\/wp-content\/uploads\/2023\/10\/505-749.jpg\",\"datePublished\":\"2023-10-11T21:14:19+00:00\",\"breadcrumb\":{\"@id\":\"https:\/\/abaa.mx\/tienda\/calibrador-de-esfera-mitutoyo-505-749-serie-505-de-0-a-12-pulgadas\/#breadcrumb\"},\"inLanguage\":\"es\",\"potentialAction\":[{\"@type\":\"ReadAction\",\"target\":[\"https:\/\/abaa.mx\/tienda\/calibrador-de-esfera-mitutoyo-505-749-serie-505-de-0-a-12-pulgadas\/\"]}]},{\"@type\":\"ImageObject\",\"inLanguage\":\"es\",\"@id\":\"https:\/\/abaa.mx\/tienda\/calibrador-de-esfera-mitutoyo-505-749-serie-505-de-0-a-12-pulgadas\/#primaryimage\",\"url\":\"https:\/\/abaa.mx\/tienda\/wp-content\/uploads\/2023\/10\/505-749.jpg\",\"contentUrl\":\"https:\/\/abaa.mx\/tienda\/wp-content\/uploads\/2023\/10\/505-749.jpg\",\"width\":1200,\"height\":1200,\"caption\":\"505-749\"},{\"@type\":\"BreadcrumbList\",\"@id\":\"https:\/\/abaa.mx\/tienda\/calibrador-de-esfera-mitutoyo-505-749-serie-505-de-0-a-12-pulgadas\/#breadcrumb\",\"itemListElement\":[{\"@type\":\"ListItem\",\"position\":1,\"name\":\"Inicio\",\"item\":\"https:\/\/abaa.mx\/tienda\/\"},{\"@type\":\"ListItem\",\"position\":2,\"name\":\"Tienda\",\"item\":\"https:\/\/abaa.mx\/tienda\/\"},{\"@type\":\"ListItem\",\"position\":3,\"name\":\"calibrador de esfera mitutoyo 505-749 serie 505, de 0 a 12&#8243;, pulgadas\"}]},{\"@type\":\"WebSite\",\"@id\":\"https:\/\/abaa.mx\/tienda\/#website\",\"url\":\"https:\/\/abaa.mx\/tienda\/\",\"name\":\"Abaa tienda online\",\"description\":\"Instrumentos de medici\u00f3n\",\"publisher\":{\"@id\":\"https:\/\/abaa.mx\/tienda\/#organization\"},\"potentialAction\":[{\"@type\":\"SearchAction\",\"target\":{\"@type\":\"EntryPoint\",\"urlTemplate\":\"https:\/\/abaa.mx\/tienda\/?s={search_term_string}\"},\"query-input\":{\"@type\":\"PropertyValueSpecification\",\"valueRequired\":true,\"valueName\":\"search_term_string\"}}],\"inLanguage\":\"es\"},{\"@type\":\"Organization\",\"@id\":\"https:\/\/abaa.mx\/tienda\/#organization\",\"name\":\"Abaa tienda online\",\"url\":\"https:\/\/abaa.mx\/tienda\/\",\"logo\":{\"@type\":\"ImageObject\",\"inLanguage\":\"es\",\"@id\":\"https:\/\/abaa.mx\/tienda\/#\/schema\/logo\/image\/\",\"url\":\"https:\/\/abaa.mx\/tienda\/wp-content\/uploads\/2024\/01\/abaa-metrologia-tienda.png\",\"contentUrl\":\"https:\/\/abaa.mx\/tienda\/wp-content\/uploads\/2024\/01\/abaa-metrologia-tienda.png\",\"width\":300,\"height\":141,\"caption\":\"Abaa tienda online\"},\"image\":{\"@id\":\"https:\/\/abaa.mx\/tienda\/#\/schema\/logo\/image\/\"}}]}<\/script>\n<!-- \/ Yoast SEO plugin. -->","yoast_head_json":{"title":"calibrador de esfera mitutoyo 505-749 serie 505, de 0 a 12\", pulgadas - Abaa tienda online","robots":{"index":"index","follow":"follow","max-snippet":"max-snippet:-1","max-image-preview":"max-image-preview:large","max-video-preview":"max-video-preview:-1"},"canonical":"https:\/\/abaa.mx\/tienda\/calibrador-de-esfera-mitutoyo-505-749-serie-505-de-0-a-12-pulgadas\/","og_locale":"es_MX","og_type":"article","og_title":"calibrador de esfera mitutoyo 505-749 serie 505, de 0 a 12\", pulgadas - Abaa tienda online","og_description":"Dise\u00f1ado para un funcionamiento suave, durabilidad y legibilidad, este calibrador de cuadrante proporciona mediciones de cuatro v\u00edas de alta precisi\u00f3n a \u00b10,002\" y un rango de medici\u00f3n de 0 a 12\". Adem\u00e1s, esta pinza ofrece un deslizamiento ultra suave con una mejor protecci\u00f3n contra golpes mientras mide las dimensiones exteriores, las dimensiones interiores, la profundidad y los escalones.","og_url":"https:\/\/abaa.mx\/tienda\/calibrador-de-esfera-mitutoyo-505-749-serie-505-de-0-a-12-pulgadas\/","og_site_name":"Abaa tienda online","og_image":[{"width":1200,"height":1200,"url":"https:\/\/abaa.mx\/tienda\/wp-content\/uploads\/2023\/10\/505-749.jpg","type":"image\/jpeg"}],"twitter_card":"summary_large_image","twitter_misc":{"Tiempo de lectura":"1 minuto"},"schema":{"@context":"https:\/\/schema.org","@graph":[{"@type":"WebPage","@id":"https:\/\/abaa.mx\/tienda\/calibrador-de-esfera-mitutoyo-505-749-serie-505-de-0-a-12-pulgadas\/","url":"https:\/\/abaa.mx\/tienda\/calibrador-de-esfera-mitutoyo-505-749-serie-505-de-0-a-12-pulgadas\/","name":"calibrador de esfera mitutoyo 505-749 serie 505, de 0 a 12\", pulgadas - Abaa tienda online","isPartOf":{"@id":"https:\/\/abaa.mx\/tienda\/#website"},"primaryImageOfPage":{"@id":"https:\/\/abaa.mx\/tienda\/calibrador-de-esfera-mitutoyo-505-749-serie-505-de-0-a-12-pulgadas\/#primaryimage"},"image":{"@id":"https:\/\/abaa.mx\/tienda\/calibrador-de-esfera-mitutoyo-505-749-serie-505-de-0-a-12-pulgadas\/#primaryimage"},"thumbnailUrl":"https:\/\/abaa.mx\/tienda\/wp-content\/uploads\/2023\/10\/505-749.jpg","datePublished":"2023-10-11T21:14:19+00:00","breadcrumb":{"@id":"https:\/\/abaa.mx\/tienda\/calibrador-de-esfera-mitutoyo-505-749-serie-505-de-0-a-12-pulgadas\/#breadcrumb"},"inLanguage":"es","potentialAction":[{"@type":"ReadAction","target":["https:\/\/abaa.mx\/tienda\/calibrador-de-esfera-mitutoyo-505-749-serie-505-de-0-a-12-pulgadas\/"]}]},{"@type":"ImageObject","inLanguage":"es","@id":"https:\/\/abaa.mx\/tienda\/calibrador-de-esfera-mitutoyo-505-749-serie-505-de-0-a-12-pulgadas\/#primaryimage","url":"https:\/\/abaa.mx\/tienda\/wp-content\/uploads\/2023\/10\/505-749.jpg","contentUrl":"https:\/\/abaa.mx\/tienda\/wp-content\/uploads\/2023\/10\/505-749.jpg","width":1200,"height":1200,"caption":"505-749"},{"@type":"BreadcrumbList","@id":"https:\/\/abaa.mx\/tienda\/calibrador-de-esfera-mitutoyo-505-749-serie-505-de-0-a-12-pulgadas\/#breadcrumb","itemListElement":[{"@type":"ListItem","position":1,"name":"Inicio","item":"https:\/\/abaa.mx\/tienda\/"},{"@type":"ListItem","position":2,"name":"Tienda","item":"https:\/\/abaa.mx\/tienda\/"},{"@type":"ListItem","position":3,"name":"calibrador de esfera mitutoyo 505-749 serie 505, de 0 a 12&#8243;, pulgadas"}]},{"@type":"WebSite","@id":"https:\/\/abaa.mx\/tienda\/#website","url":"https:\/\/abaa.mx\/tienda\/","name":"Abaa tienda online","description":"Instrumentos de medici\u00f3n","publisher":{"@id":"https:\/\/abaa.mx\/tienda\/#organization"},"potentialAction":[{"@type":"SearchAction","target":{"@type":"EntryPoint","urlTemplate":"https:\/\/abaa.mx\/tienda\/?s={search_term_string}"},"query-input":{"@type":"PropertyValueSpecification","valueRequired":true,"valueName":"search_term_string"}}],"inLanguage":"es"},{"@type":"Organization","@id":"https:\/\/abaa.mx\/tienda\/#organization","name":"Abaa tienda online","url":"https:\/\/abaa.mx\/tienda\/","logo":{"@type":"ImageObject","inLanguage":"es","@id":"https:\/\/abaa.mx\/tienda\/#\/schema\/logo\/image\/","url":"https:\/\/abaa.mx\/tienda\/wp-content\/uploads\/2024\/01\/abaa-metrologia-tienda.png","contentUrl":"https:\/\/abaa.mx\/tienda\/wp-content\/uploads\/2024\/01\/abaa-metrologia-tienda.png","width":300,"height":141,"caption":"Abaa tienda online"},"image":{"@id":"https:\/\/abaa.mx\/tienda\/#\/schema\/logo\/image\/"}}]}},"_links":{"self":[{"href":"https:\/\/abaa.mx\/tienda\/wp-json\/wp\/v2\/product\/5764","targetHints":{"allow":["GET"]}}],"collection":[{"href":"https:\/\/abaa.mx\/tienda\/wp-json\/wp\/v2\/product"}],"about":[{"href":"https:\/\/abaa.mx\/tienda\/wp-json\/wp\/v2\/types\/product"}],"replies":[{"embeddable":true,"href":"https:\/\/abaa.mx\/tienda\/wp-json\/wp\/v2\/comments?post=5764"}],"wp:featuredmedia":[{"embeddable":true,"href":"https:\/\/abaa.mx\/tienda\/wp-json\/wp\/v2\/media\/5767"}],"wp:attachment":[{"href":"https:\/\/abaa.mx\/tienda\/wp-json\/wp\/v2\/media?parent=5764"}],"wp:term":[{"taxonomy":"product_brand","embeddable":true,"href":"https:\/\/abaa.mx\/tienda\/wp-json\/wp\/v2\/product_brand?post=5764"},{"taxonomy":"product_cat","embeddable":true,"href":"https:\/\/abaa.mx\/tienda\/wp-json\/wp\/v2\/product_cat?post=5764"},{"taxonomy":"product_tag","embeddable":true,"href":"https:\/\/abaa.mx\/tienda\/wp-json\/wp\/v2\/product_tag?post=5764"}],"curies":[{"name":"wp","href":"https:\/\/api.w.org\/{rel}","templated":true}]}}