{"id":5595,"date":"2023-10-11T15:54:20","date_gmt":"2023-10-11T15:54:20","guid":{"rendered":"https:\/\/abaa.mx\/tienda\/?post_type=product&#038;p=5595"},"modified":"2023-10-11T15:54:21","modified_gmt":"2023-10-11T15:54:21","slug":"medidor-de-vibracion-de-extech-vb450","status":"publish","type":"product","link":"https:\/\/abaa.mx\/tienda\/medidor-de-vibracion-de-extech-vb450\/","title":{"rendered":"medidor de vibraci\u00f3n de extech VB450"},"content":{"rendered":"<p><strong>Caracter\u00edsticas:<\/strong><\/p>\n<ul>\n<li>Sensor remoto de vibraciones con adaptador magn\u00e9tico en cable enrollado de 7,9&#8243; (0.2\u00a0m)<\/li>\n<li>Amplia escala de frecuencia de 10\u00a0Hz a 1500\u00a0kHz<\/li>\n<li>Mediciones de velocidad (valor eficaz), aceleraci\u00f3n (pico) y desplazamiento (pico a pico)<\/li>\n<li>Retenci\u00f3n autom\u00e1tica de datos al soltar el bot\u00f3n de medici\u00f3n<\/li>\n<li>Desconexi\u00f3n autom\u00e1tica despu\u00e9s de 1\u00a0hora<\/li>\n<li>Indicador de bater\u00eda baja<\/li>\n<li>Completo con sensor remoto, soporte magn\u00e9tico, bater\u00eda de 9\u00a0V, correa para mu\u00f1eca y estuche flexible<\/li>\n<\/ul>\n","protected":false},"excerpt":{"rendered":"<p>Medidor de vibraci\u00f3n de amplia frecuencia con desplazamiento, velocidad y mediciones de aceleraci\u00f3n Caracter\u00edsticas: Sensor remoto de vibraciones con adaptador magn\u00e9tico en cable enrollado de 7,9&#8243; (0.2\u00a0m) Amplia escala<\/p>\n","protected":false},"featured_media":5596,"comment_status":"open","ping_status":"closed","template":"","meta":{"_joinchat":[]},"product_brand":[],"product_cat":[15],"product_tag":[],"class_list":{"0":"post-5595","1":"product","2":"type-product","3":"status-publish","4":"has-post-thumbnail","6":"product_cat-sin-categorizar","8":"first","9":"instock","10":"shipping-taxable","11":"product-type-simple"},"yoast_head":"<!-- This site is optimized with the Yoast SEO plugin v26.4 - https:\/\/yoast.com\/wordpress\/plugins\/seo\/ -->\n<title>medidor de vibraci\u00f3n de extech VB450 - Abaa tienda online<\/title>\n<meta name=\"robots\" content=\"index, follow, max-snippet:-1, max-image-preview:large, max-video-preview:-1\" \/>\n<link rel=\"canonical\" href=\"https:\/\/abaa.mx\/tienda\/medidor-de-vibracion-de-extech-vb450\/\" \/>\n<meta property=\"og:locale\" content=\"es_MX\" \/>\n<meta property=\"og:type\" content=\"article\" \/>\n<meta property=\"og:title\" content=\"medidor de vibraci\u00f3n de extech VB450 - Abaa tienda online\" \/>\n<meta property=\"og:description\" content=\"Medidor de vibraci\u00f3n de amplia frecuencia con desplazamiento, velocidad y mediciones de aceleraci\u00f3n Caracter\u00edsticas: Sensor remoto de vibraciones con adaptador magn\u00e9tico en cable enrollado de 7,9&quot; (0.2\u00a0m) Amplia escala\" \/>\n<meta property=\"og:url\" content=\"https:\/\/abaa.mx\/tienda\/medidor-de-vibracion-de-extech-vb450\/\" \/>\n<meta property=\"og:site_name\" content=\"Abaa tienda online\" \/>\n<meta property=\"article:modified_time\" content=\"2023-10-11T15:54:21+00:00\" \/>\n<meta property=\"og:image\" content=\"https:\/\/abaa.mx\/tienda\/wp-content\/uploads\/2023\/10\/VB450.jpg\" \/>\n\t<meta property=\"og:image:width\" content=\"689\" \/>\n\t<meta property=\"og:image:height\" content=\"659\" \/>\n\t<meta property=\"og:image:type\" content=\"image\/jpeg\" \/>\n<meta name=\"twitter:card\" content=\"summary_large_image\" \/>\n<meta name=\"twitter:label1\" content=\"Tiempo de lectura\" \/>\n\t<meta name=\"twitter:data1\" content=\"1 minuto\" \/>\n<script type=\"application\/ld+json\" class=\"yoast-schema-graph\">{\"@context\":\"https:\/\/schema.org\",\"@graph\":[{\"@type\":\"WebPage\",\"@id\":\"https:\/\/abaa.mx\/tienda\/medidor-de-vibracion-de-extech-vb450\/\",\"url\":\"https:\/\/abaa.mx\/tienda\/medidor-de-vibracion-de-extech-vb450\/\",\"name\":\"medidor de vibraci\u00f3n de extech VB450 - Abaa tienda online\",\"isPartOf\":{\"@id\":\"https:\/\/abaa.mx\/tienda\/#website\"},\"primaryImageOfPage\":{\"@id\":\"https:\/\/abaa.mx\/tienda\/medidor-de-vibracion-de-extech-vb450\/#primaryimage\"},\"image\":{\"@id\":\"https:\/\/abaa.mx\/tienda\/medidor-de-vibracion-de-extech-vb450\/#primaryimage\"},\"thumbnailUrl\":\"https:\/\/abaa.mx\/tienda\/wp-content\/uploads\/2023\/10\/VB450.jpg\",\"datePublished\":\"2023-10-11T15:54:20+00:00\",\"dateModified\":\"2023-10-11T15:54:21+00:00\",\"breadcrumb\":{\"@id\":\"https:\/\/abaa.mx\/tienda\/medidor-de-vibracion-de-extech-vb450\/#breadcrumb\"},\"inLanguage\":\"es\",\"potentialAction\":[{\"@type\":\"ReadAction\",\"target\":[\"https:\/\/abaa.mx\/tienda\/medidor-de-vibracion-de-extech-vb450\/\"]}]},{\"@type\":\"ImageObject\",\"inLanguage\":\"es\",\"@id\":\"https:\/\/abaa.mx\/tienda\/medidor-de-vibracion-de-extech-vb450\/#primaryimage\",\"url\":\"https:\/\/abaa.mx\/tienda\/wp-content\/uploads\/2023\/10\/VB450.jpg\",\"contentUrl\":\"https:\/\/abaa.mx\/tienda\/wp-content\/uploads\/2023\/10\/VB450.jpg\",\"width\":689,\"height\":659,\"caption\":\"VB450\"},{\"@type\":\"BreadcrumbList\",\"@id\":\"https:\/\/abaa.mx\/tienda\/medidor-de-vibracion-de-extech-vb450\/#breadcrumb\",\"itemListElement\":[{\"@type\":\"ListItem\",\"position\":1,\"name\":\"Inicio\",\"item\":\"https:\/\/abaa.mx\/tienda\/\"},{\"@type\":\"ListItem\",\"position\":2,\"name\":\"Tienda\",\"item\":\"https:\/\/abaa.mx\/tienda\/\"},{\"@type\":\"ListItem\",\"position\":3,\"name\":\"medidor de vibraci\u00f3n de extech VB450\"}]},{\"@type\":\"WebSite\",\"@id\":\"https:\/\/abaa.mx\/tienda\/#website\",\"url\":\"https:\/\/abaa.mx\/tienda\/\",\"name\":\"Abaa tienda online\",\"description\":\"Instrumentos de medici\u00f3n\",\"publisher\":{\"@id\":\"https:\/\/abaa.mx\/tienda\/#organization\"},\"potentialAction\":[{\"@type\":\"SearchAction\",\"target\":{\"@type\":\"EntryPoint\",\"urlTemplate\":\"https:\/\/abaa.mx\/tienda\/?s={search_term_string}\"},\"query-input\":{\"@type\":\"PropertyValueSpecification\",\"valueRequired\":true,\"valueName\":\"search_term_string\"}}],\"inLanguage\":\"es\"},{\"@type\":\"Organization\",\"@id\":\"https:\/\/abaa.mx\/tienda\/#organization\",\"name\":\"Abaa tienda online\",\"url\":\"https:\/\/abaa.mx\/tienda\/\",\"logo\":{\"@type\":\"ImageObject\",\"inLanguage\":\"es\",\"@id\":\"https:\/\/abaa.mx\/tienda\/#\/schema\/logo\/image\/\",\"url\":\"https:\/\/abaa.mx\/tienda\/wp-content\/uploads\/2024\/01\/abaa-metrologia-tienda.png\",\"contentUrl\":\"https:\/\/abaa.mx\/tienda\/wp-content\/uploads\/2024\/01\/abaa-metrologia-tienda.png\",\"width\":300,\"height\":141,\"caption\":\"Abaa tienda online\"},\"image\":{\"@id\":\"https:\/\/abaa.mx\/tienda\/#\/schema\/logo\/image\/\"}}]}<\/script>\n<!-- \/ Yoast SEO plugin. -->","yoast_head_json":{"title":"medidor de vibraci\u00f3n de extech VB450 - Abaa tienda online","robots":{"index":"index","follow":"follow","max-snippet":"max-snippet:-1","max-image-preview":"max-image-preview:large","max-video-preview":"max-video-preview:-1"},"canonical":"https:\/\/abaa.mx\/tienda\/medidor-de-vibracion-de-extech-vb450\/","og_locale":"es_MX","og_type":"article","og_title":"medidor de vibraci\u00f3n de extech VB450 - Abaa tienda online","og_description":"Medidor de vibraci\u00f3n de amplia frecuencia con desplazamiento, velocidad y mediciones de aceleraci\u00f3n Caracter\u00edsticas: Sensor remoto de vibraciones con adaptador magn\u00e9tico en cable enrollado de 7,9\" (0.2\u00a0m) Amplia escala","og_url":"https:\/\/abaa.mx\/tienda\/medidor-de-vibracion-de-extech-vb450\/","og_site_name":"Abaa tienda online","article_modified_time":"2023-10-11T15:54:21+00:00","og_image":[{"width":689,"height":659,"url":"https:\/\/abaa.mx\/tienda\/wp-content\/uploads\/2023\/10\/VB450.jpg","type":"image\/jpeg"}],"twitter_card":"summary_large_image","twitter_misc":{"Tiempo de lectura":"1 minuto"},"schema":{"@context":"https:\/\/schema.org","@graph":[{"@type":"WebPage","@id":"https:\/\/abaa.mx\/tienda\/medidor-de-vibracion-de-extech-vb450\/","url":"https:\/\/abaa.mx\/tienda\/medidor-de-vibracion-de-extech-vb450\/","name":"medidor de vibraci\u00f3n de extech VB450 - Abaa tienda online","isPartOf":{"@id":"https:\/\/abaa.mx\/tienda\/#website"},"primaryImageOfPage":{"@id":"https:\/\/abaa.mx\/tienda\/medidor-de-vibracion-de-extech-vb450\/#primaryimage"},"image":{"@id":"https:\/\/abaa.mx\/tienda\/medidor-de-vibracion-de-extech-vb450\/#primaryimage"},"thumbnailUrl":"https:\/\/abaa.mx\/tienda\/wp-content\/uploads\/2023\/10\/VB450.jpg","datePublished":"2023-10-11T15:54:20+00:00","dateModified":"2023-10-11T15:54:21+00:00","breadcrumb":{"@id":"https:\/\/abaa.mx\/tienda\/medidor-de-vibracion-de-extech-vb450\/#breadcrumb"},"inLanguage":"es","potentialAction":[{"@type":"ReadAction","target":["https:\/\/abaa.mx\/tienda\/medidor-de-vibracion-de-extech-vb450\/"]}]},{"@type":"ImageObject","inLanguage":"es","@id":"https:\/\/abaa.mx\/tienda\/medidor-de-vibracion-de-extech-vb450\/#primaryimage","url":"https:\/\/abaa.mx\/tienda\/wp-content\/uploads\/2023\/10\/VB450.jpg","contentUrl":"https:\/\/abaa.mx\/tienda\/wp-content\/uploads\/2023\/10\/VB450.jpg","width":689,"height":659,"caption":"VB450"},{"@type":"BreadcrumbList","@id":"https:\/\/abaa.mx\/tienda\/medidor-de-vibracion-de-extech-vb450\/#breadcrumb","itemListElement":[{"@type":"ListItem","position":1,"name":"Inicio","item":"https:\/\/abaa.mx\/tienda\/"},{"@type":"ListItem","position":2,"name":"Tienda","item":"https:\/\/abaa.mx\/tienda\/"},{"@type":"ListItem","position":3,"name":"medidor de vibraci\u00f3n de extech VB450"}]},{"@type":"WebSite","@id":"https:\/\/abaa.mx\/tienda\/#website","url":"https:\/\/abaa.mx\/tienda\/","name":"Abaa tienda online","description":"Instrumentos de medici\u00f3n","publisher":{"@id":"https:\/\/abaa.mx\/tienda\/#organization"},"potentialAction":[{"@type":"SearchAction","target":{"@type":"EntryPoint","urlTemplate":"https:\/\/abaa.mx\/tienda\/?s={search_term_string}"},"query-input":{"@type":"PropertyValueSpecification","valueRequired":true,"valueName":"search_term_string"}}],"inLanguage":"es"},{"@type":"Organization","@id":"https:\/\/abaa.mx\/tienda\/#organization","name":"Abaa tienda online","url":"https:\/\/abaa.mx\/tienda\/","logo":{"@type":"ImageObject","inLanguage":"es","@id":"https:\/\/abaa.mx\/tienda\/#\/schema\/logo\/image\/","url":"https:\/\/abaa.mx\/tienda\/wp-content\/uploads\/2024\/01\/abaa-metrologia-tienda.png","contentUrl":"https:\/\/abaa.mx\/tienda\/wp-content\/uploads\/2024\/01\/abaa-metrologia-tienda.png","width":300,"height":141,"caption":"Abaa tienda online"},"image":{"@id":"https:\/\/abaa.mx\/tienda\/#\/schema\/logo\/image\/"}}]}},"_links":{"self":[{"href":"https:\/\/abaa.mx\/tienda\/wp-json\/wp\/v2\/product\/5595","targetHints":{"allow":["GET"]}}],"collection":[{"href":"https:\/\/abaa.mx\/tienda\/wp-json\/wp\/v2\/product"}],"about":[{"href":"https:\/\/abaa.mx\/tienda\/wp-json\/wp\/v2\/types\/product"}],"replies":[{"embeddable":true,"href":"https:\/\/abaa.mx\/tienda\/wp-json\/wp\/v2\/comments?post=5595"}],"wp:featuredmedia":[{"embeddable":true,"href":"https:\/\/abaa.mx\/tienda\/wp-json\/wp\/v2\/media\/5596"}],"wp:attachment":[{"href":"https:\/\/abaa.mx\/tienda\/wp-json\/wp\/v2\/media?parent=5595"}],"wp:term":[{"taxonomy":"product_brand","embeddable":true,"href":"https:\/\/abaa.mx\/tienda\/wp-json\/wp\/v2\/product_brand?post=5595"},{"taxonomy":"product_cat","embeddable":true,"href":"https:\/\/abaa.mx\/tienda\/wp-json\/wp\/v2\/product_cat?post=5595"},{"taxonomy":"product_tag","embeddable":true,"href":"https:\/\/abaa.mx\/tienda\/wp-json\/wp\/v2\/product_tag?post=5595"}],"curies":[{"name":"wp","href":"https:\/\/api.w.org\/{rel}","templated":true}]}}