{"id":5237,"date":"2023-10-09T21:12:13","date_gmt":"2023-10-09T21:12:13","guid":{"rendered":"https:\/\/abaa.mx\/tienda\/?post_type=product&#038;p=5237"},"modified":"2023-10-09T21:12:14","modified_gmt":"2023-10-09T21:12:14","slug":"mitutoyo-116-105-10-serie-116-micrometro-pana-tipo-yunque-intercambiable-0-a-1","status":"publish","type":"product","link":"https:\/\/abaa.mx\/tienda\/mitutoyo-116-105-10-serie-116-micrometro-pana-tipo-yunque-intercambiable-0-a-1\/","title":{"rendered":"Mitutoyo 116-105-10 serie 116 micr\u00f3metro pana tipo yunque intercambiable, 0 a 1&#8243;"},"content":{"rendered":"<p>Realice mediciones precisas con el micr\u00f3metro Pana de tipo yunque intercambiable Mitutoyo 116-105 Serie 116. Esta herramienta vers\u00e1til tiene capacidad para 7 tipos diferentes de yunques, lo que la hace adecuada para su uso en una variedad de aplicaciones. Adem\u00e1s, utiliza un tope de trinquete para aplicar una fuerza constante, por lo que puede confiar en los datos que proporciona.<\/p>\n<h5><strong>Funciones<\/strong><\/h5>\n<ul>\n<li>Compatible con 7 tipos de yunques: planos, estriados, esf\u00e9ricos, puntiagudos, filo de cuchillo, disco y hoja<\/li>\n<li>La acci\u00f3n del trinquete proporciona una fuerza de medici\u00f3n constante<\/li>\n<li>Husillo no giratorio<\/li>\n<li>Error de avance del husillo: 0,00012&#8243; (3 \u03bcm)<\/li>\n<li>Graduaci\u00f3n de 0.001&#8243;<\/li>\n<li>Algunos pares de yunques intercambiables est\u00e1n disponibles por separado<\/li>\n<\/ul>\n<h4>Especificaciones<\/h4>\n<table class=\"table table-striped\">\n<tbody>\n<tr>\n<td>Unidad(es) de medida admitida(s)<\/td>\n<td>Imperial<\/td>\n<\/tr>\n<tr>\n<td>Rango de medici\u00f3n<\/td>\n<td>De 0 a 1&#8243;<\/td>\n<\/tr>\n<tr>\n<td>Exactitud<\/td>\n<td>\u00b10.0002&#8243;<\/td>\n<\/tr>\n<\/tbody>\n<\/table>\n","protected":false},"excerpt":{"rendered":"<p>Este micr\u00f3metro de tipo yunque intercambiable acepta 7 tipos de yunques. Est\u00e1 equipado con un tope de trinquete para una fuerza constante.<\/p>\n","protected":false},"featured_media":5311,"comment_status":"open","ping_status":"closed","template":"","meta":{"_joinchat":[]},"product_brand":[],"product_cat":[15],"product_tag":[],"class_list":{"0":"post-5237","1":"product","2":"type-product","3":"status-publish","4":"has-post-thumbnail","6":"product_cat-sin-categorizar","8":"first","9":"instock","10":"shipping-taxable","11":"product-type-simple"},"yoast_head":"<!-- This site is optimized with the Yoast SEO plugin v26.4 - https:\/\/yoast.com\/wordpress\/plugins\/seo\/ -->\n<title>Mitutoyo 116-105-10 serie 116 micr\u00f3metro pana tipo yunque intercambiable, 0 a 1&quot; - Abaa tienda online<\/title>\n<meta name=\"robots\" content=\"index, follow, max-snippet:-1, max-image-preview:large, max-video-preview:-1\" \/>\n<link rel=\"canonical\" href=\"https:\/\/abaa.mx\/tienda\/mitutoyo-116-105-10-serie-116-micrometro-pana-tipo-yunque-intercambiable-0-a-1\/\" \/>\n<meta property=\"og:locale\" content=\"es_MX\" \/>\n<meta property=\"og:type\" content=\"article\" \/>\n<meta property=\"og:title\" content=\"Mitutoyo 116-105-10 serie 116 micr\u00f3metro pana tipo yunque intercambiable, 0 a 1&quot; - Abaa tienda online\" \/>\n<meta property=\"og:description\" content=\"Este micr\u00f3metro de tipo yunque intercambiable acepta 7 tipos de yunques. Est\u00e1 equipado con un tope de trinquete para una fuerza constante.\" \/>\n<meta property=\"og:url\" content=\"https:\/\/abaa.mx\/tienda\/mitutoyo-116-105-10-serie-116-micrometro-pana-tipo-yunque-intercambiable-0-a-1\/\" \/>\n<meta property=\"og:site_name\" content=\"Abaa tienda online\" \/>\n<meta property=\"article:modified_time\" content=\"2023-10-09T21:12:14+00:00\" \/>\n<meta property=\"og:image\" content=\"https:\/\/abaa.mx\/tienda\/wp-content\/uploads\/2023\/10\/116-105-10.jpg\" \/>\n\t<meta property=\"og:image:width\" content=\"600\" \/>\n\t<meta property=\"og:image:height\" content=\"600\" \/>\n\t<meta property=\"og:image:type\" content=\"image\/jpeg\" \/>\n<meta name=\"twitter:card\" content=\"summary_large_image\" \/>\n<meta name=\"twitter:label1\" content=\"Tiempo de lectura\" \/>\n\t<meta name=\"twitter:data1\" content=\"1 minuto\" \/>\n<script type=\"application\/ld+json\" class=\"yoast-schema-graph\">{\"@context\":\"https:\/\/schema.org\",\"@graph\":[{\"@type\":\"WebPage\",\"@id\":\"https:\/\/abaa.mx\/tienda\/mitutoyo-116-105-10-serie-116-micrometro-pana-tipo-yunque-intercambiable-0-a-1\/\",\"url\":\"https:\/\/abaa.mx\/tienda\/mitutoyo-116-105-10-serie-116-micrometro-pana-tipo-yunque-intercambiable-0-a-1\/\",\"name\":\"Mitutoyo 116-105-10 serie 116 micr\u00f3metro pana tipo yunque intercambiable, 0 a 1\\\" - Abaa tienda online\",\"isPartOf\":{\"@id\":\"https:\/\/abaa.mx\/tienda\/#website\"},\"primaryImageOfPage\":{\"@id\":\"https:\/\/abaa.mx\/tienda\/mitutoyo-116-105-10-serie-116-micrometro-pana-tipo-yunque-intercambiable-0-a-1\/#primaryimage\"},\"image\":{\"@id\":\"https:\/\/abaa.mx\/tienda\/mitutoyo-116-105-10-serie-116-micrometro-pana-tipo-yunque-intercambiable-0-a-1\/#primaryimage\"},\"thumbnailUrl\":\"https:\/\/abaa.mx\/tienda\/wp-content\/uploads\/2023\/10\/116-105-10.jpg\",\"datePublished\":\"2023-10-09T21:12:13+00:00\",\"dateModified\":\"2023-10-09T21:12:14+00:00\",\"breadcrumb\":{\"@id\":\"https:\/\/abaa.mx\/tienda\/mitutoyo-116-105-10-serie-116-micrometro-pana-tipo-yunque-intercambiable-0-a-1\/#breadcrumb\"},\"inLanguage\":\"es\",\"potentialAction\":[{\"@type\":\"ReadAction\",\"target\":[\"https:\/\/abaa.mx\/tienda\/mitutoyo-116-105-10-serie-116-micrometro-pana-tipo-yunque-intercambiable-0-a-1\/\"]}]},{\"@type\":\"ImageObject\",\"inLanguage\":\"es\",\"@id\":\"https:\/\/abaa.mx\/tienda\/mitutoyo-116-105-10-serie-116-micrometro-pana-tipo-yunque-intercambiable-0-a-1\/#primaryimage\",\"url\":\"https:\/\/abaa.mx\/tienda\/wp-content\/uploads\/2023\/10\/116-105-10.jpg\",\"contentUrl\":\"https:\/\/abaa.mx\/tienda\/wp-content\/uploads\/2023\/10\/116-105-10.jpg\",\"width\":600,\"height\":600,\"caption\":\"mitutoyo-116-105-10-serie-116-micrometro-pana-tipo-yunque-intercambiable-0-a-1\"},{\"@type\":\"BreadcrumbList\",\"@id\":\"https:\/\/abaa.mx\/tienda\/mitutoyo-116-105-10-serie-116-micrometro-pana-tipo-yunque-intercambiable-0-a-1\/#breadcrumb\",\"itemListElement\":[{\"@type\":\"ListItem\",\"position\":1,\"name\":\"Inicio\",\"item\":\"https:\/\/abaa.mx\/tienda\/\"},{\"@type\":\"ListItem\",\"position\":2,\"name\":\"Tienda\",\"item\":\"https:\/\/abaa.mx\/tienda\/\"},{\"@type\":\"ListItem\",\"position\":3,\"name\":\"Mitutoyo 116-105-10 serie 116 micr\u00f3metro pana tipo yunque intercambiable, 0 a 1&#8243;\"}]},{\"@type\":\"WebSite\",\"@id\":\"https:\/\/abaa.mx\/tienda\/#website\",\"url\":\"https:\/\/abaa.mx\/tienda\/\",\"name\":\"Abaa tienda online\",\"description\":\"Instrumentos de medici\u00f3n\",\"publisher\":{\"@id\":\"https:\/\/abaa.mx\/tienda\/#organization\"},\"potentialAction\":[{\"@type\":\"SearchAction\",\"target\":{\"@type\":\"EntryPoint\",\"urlTemplate\":\"https:\/\/abaa.mx\/tienda\/?s={search_term_string}\"},\"query-input\":{\"@type\":\"PropertyValueSpecification\",\"valueRequired\":true,\"valueName\":\"search_term_string\"}}],\"inLanguage\":\"es\"},{\"@type\":\"Organization\",\"@id\":\"https:\/\/abaa.mx\/tienda\/#organization\",\"name\":\"Abaa tienda online\",\"url\":\"https:\/\/abaa.mx\/tienda\/\",\"logo\":{\"@type\":\"ImageObject\",\"inLanguage\":\"es\",\"@id\":\"https:\/\/abaa.mx\/tienda\/#\/schema\/logo\/image\/\",\"url\":\"https:\/\/abaa.mx\/tienda\/wp-content\/uploads\/2024\/01\/abaa-metrologia-tienda.png\",\"contentUrl\":\"https:\/\/abaa.mx\/tienda\/wp-content\/uploads\/2024\/01\/abaa-metrologia-tienda.png\",\"width\":300,\"height\":141,\"caption\":\"Abaa tienda online\"},\"image\":{\"@id\":\"https:\/\/abaa.mx\/tienda\/#\/schema\/logo\/image\/\"}}]}<\/script>\n<!-- \/ Yoast SEO plugin. -->","yoast_head_json":{"title":"Mitutoyo 116-105-10 serie 116 micr\u00f3metro pana tipo yunque intercambiable, 0 a 1\" - Abaa tienda online","robots":{"index":"index","follow":"follow","max-snippet":"max-snippet:-1","max-image-preview":"max-image-preview:large","max-video-preview":"max-video-preview:-1"},"canonical":"https:\/\/abaa.mx\/tienda\/mitutoyo-116-105-10-serie-116-micrometro-pana-tipo-yunque-intercambiable-0-a-1\/","og_locale":"es_MX","og_type":"article","og_title":"Mitutoyo 116-105-10 serie 116 micr\u00f3metro pana tipo yunque intercambiable, 0 a 1\" - Abaa tienda online","og_description":"Este micr\u00f3metro de tipo yunque intercambiable acepta 7 tipos de yunques. Est\u00e1 equipado con un tope de trinquete para una fuerza constante.","og_url":"https:\/\/abaa.mx\/tienda\/mitutoyo-116-105-10-serie-116-micrometro-pana-tipo-yunque-intercambiable-0-a-1\/","og_site_name":"Abaa tienda online","article_modified_time":"2023-10-09T21:12:14+00:00","og_image":[{"width":600,"height":600,"url":"https:\/\/abaa.mx\/tienda\/wp-content\/uploads\/2023\/10\/116-105-10.jpg","type":"image\/jpeg"}],"twitter_card":"summary_large_image","twitter_misc":{"Tiempo de lectura":"1 minuto"},"schema":{"@context":"https:\/\/schema.org","@graph":[{"@type":"WebPage","@id":"https:\/\/abaa.mx\/tienda\/mitutoyo-116-105-10-serie-116-micrometro-pana-tipo-yunque-intercambiable-0-a-1\/","url":"https:\/\/abaa.mx\/tienda\/mitutoyo-116-105-10-serie-116-micrometro-pana-tipo-yunque-intercambiable-0-a-1\/","name":"Mitutoyo 116-105-10 serie 116 micr\u00f3metro pana tipo yunque intercambiable, 0 a 1\" - Abaa tienda online","isPartOf":{"@id":"https:\/\/abaa.mx\/tienda\/#website"},"primaryImageOfPage":{"@id":"https:\/\/abaa.mx\/tienda\/mitutoyo-116-105-10-serie-116-micrometro-pana-tipo-yunque-intercambiable-0-a-1\/#primaryimage"},"image":{"@id":"https:\/\/abaa.mx\/tienda\/mitutoyo-116-105-10-serie-116-micrometro-pana-tipo-yunque-intercambiable-0-a-1\/#primaryimage"},"thumbnailUrl":"https:\/\/abaa.mx\/tienda\/wp-content\/uploads\/2023\/10\/116-105-10.jpg","datePublished":"2023-10-09T21:12:13+00:00","dateModified":"2023-10-09T21:12:14+00:00","breadcrumb":{"@id":"https:\/\/abaa.mx\/tienda\/mitutoyo-116-105-10-serie-116-micrometro-pana-tipo-yunque-intercambiable-0-a-1\/#breadcrumb"},"inLanguage":"es","potentialAction":[{"@type":"ReadAction","target":["https:\/\/abaa.mx\/tienda\/mitutoyo-116-105-10-serie-116-micrometro-pana-tipo-yunque-intercambiable-0-a-1\/"]}]},{"@type":"ImageObject","inLanguage":"es","@id":"https:\/\/abaa.mx\/tienda\/mitutoyo-116-105-10-serie-116-micrometro-pana-tipo-yunque-intercambiable-0-a-1\/#primaryimage","url":"https:\/\/abaa.mx\/tienda\/wp-content\/uploads\/2023\/10\/116-105-10.jpg","contentUrl":"https:\/\/abaa.mx\/tienda\/wp-content\/uploads\/2023\/10\/116-105-10.jpg","width":600,"height":600,"caption":"mitutoyo-116-105-10-serie-116-micrometro-pana-tipo-yunque-intercambiable-0-a-1"},{"@type":"BreadcrumbList","@id":"https:\/\/abaa.mx\/tienda\/mitutoyo-116-105-10-serie-116-micrometro-pana-tipo-yunque-intercambiable-0-a-1\/#breadcrumb","itemListElement":[{"@type":"ListItem","position":1,"name":"Inicio","item":"https:\/\/abaa.mx\/tienda\/"},{"@type":"ListItem","position":2,"name":"Tienda","item":"https:\/\/abaa.mx\/tienda\/"},{"@type":"ListItem","position":3,"name":"Mitutoyo 116-105-10 serie 116 micr\u00f3metro pana tipo yunque intercambiable, 0 a 1&#8243;"}]},{"@type":"WebSite","@id":"https:\/\/abaa.mx\/tienda\/#website","url":"https:\/\/abaa.mx\/tienda\/","name":"Abaa tienda online","description":"Instrumentos de medici\u00f3n","publisher":{"@id":"https:\/\/abaa.mx\/tienda\/#organization"},"potentialAction":[{"@type":"SearchAction","target":{"@type":"EntryPoint","urlTemplate":"https:\/\/abaa.mx\/tienda\/?s={search_term_string}"},"query-input":{"@type":"PropertyValueSpecification","valueRequired":true,"valueName":"search_term_string"}}],"inLanguage":"es"},{"@type":"Organization","@id":"https:\/\/abaa.mx\/tienda\/#organization","name":"Abaa tienda online","url":"https:\/\/abaa.mx\/tienda\/","logo":{"@type":"ImageObject","inLanguage":"es","@id":"https:\/\/abaa.mx\/tienda\/#\/schema\/logo\/image\/","url":"https:\/\/abaa.mx\/tienda\/wp-content\/uploads\/2024\/01\/abaa-metrologia-tienda.png","contentUrl":"https:\/\/abaa.mx\/tienda\/wp-content\/uploads\/2024\/01\/abaa-metrologia-tienda.png","width":300,"height":141,"caption":"Abaa tienda online"},"image":{"@id":"https:\/\/abaa.mx\/tienda\/#\/schema\/logo\/image\/"}}]}},"_links":{"self":[{"href":"https:\/\/abaa.mx\/tienda\/wp-json\/wp\/v2\/product\/5237","targetHints":{"allow":["GET"]}}],"collection":[{"href":"https:\/\/abaa.mx\/tienda\/wp-json\/wp\/v2\/product"}],"about":[{"href":"https:\/\/abaa.mx\/tienda\/wp-json\/wp\/v2\/types\/product"}],"replies":[{"embeddable":true,"href":"https:\/\/abaa.mx\/tienda\/wp-json\/wp\/v2\/comments?post=5237"}],"wp:featuredmedia":[{"embeddable":true,"href":"https:\/\/abaa.mx\/tienda\/wp-json\/wp\/v2\/media\/5311"}],"wp:attachment":[{"href":"https:\/\/abaa.mx\/tienda\/wp-json\/wp\/v2\/media?parent=5237"}],"wp:term":[{"taxonomy":"product_brand","embeddable":true,"href":"https:\/\/abaa.mx\/tienda\/wp-json\/wp\/v2\/product_brand?post=5237"},{"taxonomy":"product_cat","embeddable":true,"href":"https:\/\/abaa.mx\/tienda\/wp-json\/wp\/v2\/product_cat?post=5237"},{"taxonomy":"product_tag","embeddable":true,"href":"https:\/\/abaa.mx\/tienda\/wp-json\/wp\/v2\/product_tag?post=5237"}],"curies":[{"name":"wp","href":"https:\/\/api.w.org\/{rel}","templated":true}]}}