{"id":5210,"date":"2023-10-09T16:38:35","date_gmt":"2023-10-09T16:38:35","guid":{"rendered":"https:\/\/abaa.mx\/tienda\/?post_type=product&#038;p=5210"},"modified":"2023-10-09T16:38:35","modified_gmt":"2023-10-09T16:38:35","slug":"mitutoyo-115-313-serie-115-micrometro-de-tubo-con-yunque-cilindrico-0-a-1-tipo-c","status":"publish","type":"product","link":"https:\/\/abaa.mx\/tienda\/mitutoyo-115-313-serie-115-micrometro-de-tubo-con-yunque-cilindrico-0-a-1-tipo-c\/","title":{"rendered":"Mitutoyo 115-313 serie 115 micr\u00f3metro de tubo con yunque cil\u00edndrico, 0 a 1&#8243;, tipo c"},"content":{"rendered":"<h5><strong>Funciones<\/strong><\/h5>\n<ul>\n<li>Dise\u00f1ado para medir el espesor de pared de varios tubos<\/li>\n<li>Las superficies de medici\u00f3n est\u00e1n construidas de carburo para reducir el desgaste<\/li>\n<li>El mecanismo de trinquete proporciona un clic audible para garantizar que la medici\u00f3n se realice con una fuerza constante<\/li>\n<li>Los dedales moleteados de fricci\u00f3n proporcionan ajustes r\u00e1pidos incluso cuando se usan guantes<\/li>\n<li>Acabado cromado satinado en la funda y medidas grabadas con l\u00e1ser en el dedal para facilitar la lectura<\/li>\n<li>El marco tiene un acabado de esmalte horneado para mayor durabilidad y vida \u00fatil<\/li>\n<\/ul>\n<h5><strong>Aplicaciones<\/strong><\/h5>\n<ul>\n<li>Aeroespacial<\/li>\n<li>Automotor<\/li>\n<li>Defensa<\/li>\n<li>Electr\u00f3nica<\/li>\n<li>Energ\u00eda<\/li>\n<li>Fabricaci\u00f3n general<\/li>\n<li>Pl\u00e1sticos y caucho<\/li>\n<\/ul>\n<h4>Especificaciones<\/h4>\n<table class=\"table table-striped\">\n<tbody>\n<tr>\n<td>Gama<\/td>\n<td>De 0 a 1&#8243;<\/td>\n<\/tr>\n<tr>\n<td>Exactitud<\/td>\n<td>\u00b10.00015&#8243;<\/td>\n<\/tr>\n<tr>\n<td>Graduaci\u00f3n<\/td>\n<td>0.001&#8243;<\/td>\n<\/tr>\n<tr>\n<td>Observaciones<\/td>\n<td>Tipo C<\/td>\n<\/tr>\n<tr>\n<td>Trinquete\/Dedal<\/td>\n<td>Tope de trinquete<\/td>\n<\/tr>\n<tr>\n<td>Unidades<\/td>\n<td>Pulgada<\/td>\n<\/tr>\n<tr>\n<td>Tecnolog\u00eda<\/td>\n<td>Mec\u00e1nico<\/td>\n<\/tr>\n<tr>\n<td>Peso<\/td>\n<td>0 g (4,180 libras)<\/td>\n<\/tr>\n<\/tbody>\n<\/table>\n<div class=\"row-fluid\">\n<div class=\"span12 mobile-pricing-box-padding\">\n<form id=\"140803\" accept-charset=\"utf-8\" action=\"https:\/\/www.globaltestsupply.com\/shop\/add\" method=\"post\" name=\"addTocartFunction\">\n<div><\/div>\n<\/form>\n<\/div>\n<\/div>\n","protected":false},"excerpt":{"rendered":"<p class=\"short-description mhide ipad-view-setting\">Mida el espesor de las paredes de los tubos con este micr\u00f3metro de tubo tipo C que cuenta con un yunque cil\u00edndrico y un rango de 0 a 1&#8243;. Adem\u00e1s, elimine el error de exceso de velocidad con este micr\u00f3metro, que cuenta con un mecanismo de tope de trinquete para una presi\u00f3n uniforme sobre una pieza de trabajo para mediciones precisas y repetibles.<\/p>\n<p class=\"comment-tag-product\">\n<div class=\"row-fluid\">\n<div class=\"span12 mobile-pricing-box-padding\">\n<form id=\"140803\" accept-charset=\"utf-8\" action=\"https:\/\/www.globaltestsupply.com\/shop\/add\" method=\"post\" name=\"addTocartFunction\">\n<div><\/div>\n<\/form>\n<\/div>\n<\/div>\n","protected":false},"featured_media":5228,"comment_status":"open","ping_status":"closed","template":"","meta":{"_joinchat":[]},"product_brand":[],"product_cat":[15],"product_tag":[],"class_list":{"0":"post-5210","1":"product","2":"type-product","3":"status-publish","4":"has-post-thumbnail","6":"product_cat-sin-categorizar","8":"first","9":"instock","10":"shipping-taxable","11":"product-type-simple"},"yoast_head":"<!-- This site is optimized with the Yoast SEO plugin v26.4 - https:\/\/yoast.com\/wordpress\/plugins\/seo\/ -->\n<title>Mitutoyo 115-313 serie 115 micr\u00f3metro de tubo con yunque cil\u00edndrico, 0 a 1&quot;, tipo c - Abaa tienda online<\/title>\n<meta name=\"robots\" content=\"index, follow, max-snippet:-1, max-image-preview:large, max-video-preview:-1\" \/>\n<link rel=\"canonical\" href=\"https:\/\/abaa.mx\/tienda\/mitutoyo-115-313-serie-115-micrometro-de-tubo-con-yunque-cilindrico-0-a-1-tipo-c\/\" \/>\n<meta property=\"og:locale\" content=\"es_MX\" \/>\n<meta property=\"og:type\" content=\"article\" \/>\n<meta property=\"og:title\" content=\"Mitutoyo 115-313 serie 115 micr\u00f3metro de tubo con yunque cil\u00edndrico, 0 a 1&quot;, tipo c - Abaa tienda online\" \/>\n<meta property=\"og:description\" content=\"Mida el espesor de las paredes de los tubos con este micr\u00f3metro de tubo tipo C que cuenta con un yunque cil\u00edndrico y un rango de 0 a 1&quot;. Adem\u00e1s, elimine el error de exceso de velocidad con este micr\u00f3metro, que cuenta con un mecanismo de tope de trinquete para una presi\u00f3n uniforme sobre una pieza de trabajo para mediciones precisas y repetibles.\" \/>\n<meta property=\"og:url\" content=\"https:\/\/abaa.mx\/tienda\/mitutoyo-115-313-serie-115-micrometro-de-tubo-con-yunque-cilindrico-0-a-1-tipo-c\/\" \/>\n<meta property=\"og:site_name\" content=\"Abaa tienda online\" \/>\n<meta property=\"og:image\" content=\"https:\/\/abaa.mx\/tienda\/wp-content\/uploads\/2023\/10\/115-313.jpg\" \/>\n\t<meta property=\"og:image:width\" content=\"600\" \/>\n\t<meta property=\"og:image:height\" content=\"600\" \/>\n\t<meta property=\"og:image:type\" content=\"image\/jpeg\" \/>\n<meta name=\"twitter:card\" content=\"summary_large_image\" \/>\n<meta name=\"twitter:label1\" content=\"Tiempo de lectura\" \/>\n\t<meta name=\"twitter:data1\" content=\"1 minuto\" \/>\n<script type=\"application\/ld+json\" class=\"yoast-schema-graph\">{\"@context\":\"https:\/\/schema.org\",\"@graph\":[{\"@type\":\"WebPage\",\"@id\":\"https:\/\/abaa.mx\/tienda\/mitutoyo-115-313-serie-115-micrometro-de-tubo-con-yunque-cilindrico-0-a-1-tipo-c\/\",\"url\":\"https:\/\/abaa.mx\/tienda\/mitutoyo-115-313-serie-115-micrometro-de-tubo-con-yunque-cilindrico-0-a-1-tipo-c\/\",\"name\":\"Mitutoyo 115-313 serie 115 micr\u00f3metro de tubo con yunque cil\u00edndrico, 0 a 1\\\", tipo c - Abaa tienda online\",\"isPartOf\":{\"@id\":\"https:\/\/abaa.mx\/tienda\/#website\"},\"primaryImageOfPage\":{\"@id\":\"https:\/\/abaa.mx\/tienda\/mitutoyo-115-313-serie-115-micrometro-de-tubo-con-yunque-cilindrico-0-a-1-tipo-c\/#primaryimage\"},\"image\":{\"@id\":\"https:\/\/abaa.mx\/tienda\/mitutoyo-115-313-serie-115-micrometro-de-tubo-con-yunque-cilindrico-0-a-1-tipo-c\/#primaryimage\"},\"thumbnailUrl\":\"https:\/\/abaa.mx\/tienda\/wp-content\/uploads\/2023\/10\/115-313.jpg\",\"datePublished\":\"2023-10-09T16:38:35+00:00\",\"breadcrumb\":{\"@id\":\"https:\/\/abaa.mx\/tienda\/mitutoyo-115-313-serie-115-micrometro-de-tubo-con-yunque-cilindrico-0-a-1-tipo-c\/#breadcrumb\"},\"inLanguage\":\"es\",\"potentialAction\":[{\"@type\":\"ReadAction\",\"target\":[\"https:\/\/abaa.mx\/tienda\/mitutoyo-115-313-serie-115-micrometro-de-tubo-con-yunque-cilindrico-0-a-1-tipo-c\/\"]}]},{\"@type\":\"ImageObject\",\"inLanguage\":\"es\",\"@id\":\"https:\/\/abaa.mx\/tienda\/mitutoyo-115-313-serie-115-micrometro-de-tubo-con-yunque-cilindrico-0-a-1-tipo-c\/#primaryimage\",\"url\":\"https:\/\/abaa.mx\/tienda\/wp-content\/uploads\/2023\/10\/115-313.jpg\",\"contentUrl\":\"https:\/\/abaa.mx\/tienda\/wp-content\/uploads\/2023\/10\/115-313.jpg\",\"width\":600,\"height\":600,\"caption\":\"mitutoyo-115-313-serie-115-micrometro-de-tubo-con-yunque-cilindrico-0-a-1-tipo-c\"},{\"@type\":\"BreadcrumbList\",\"@id\":\"https:\/\/abaa.mx\/tienda\/mitutoyo-115-313-serie-115-micrometro-de-tubo-con-yunque-cilindrico-0-a-1-tipo-c\/#breadcrumb\",\"itemListElement\":[{\"@type\":\"ListItem\",\"position\":1,\"name\":\"Inicio\",\"item\":\"https:\/\/abaa.mx\/tienda\/\"},{\"@type\":\"ListItem\",\"position\":2,\"name\":\"Tienda\",\"item\":\"https:\/\/abaa.mx\/tienda\/\"},{\"@type\":\"ListItem\",\"position\":3,\"name\":\"Mitutoyo 115-313 serie 115 micr\u00f3metro de tubo con yunque cil\u00edndrico, 0 a 1&#8243;, tipo c\"}]},{\"@type\":\"WebSite\",\"@id\":\"https:\/\/abaa.mx\/tienda\/#website\",\"url\":\"https:\/\/abaa.mx\/tienda\/\",\"name\":\"Abaa tienda online\",\"description\":\"Instrumentos de medici\u00f3n\",\"publisher\":{\"@id\":\"https:\/\/abaa.mx\/tienda\/#organization\"},\"potentialAction\":[{\"@type\":\"SearchAction\",\"target\":{\"@type\":\"EntryPoint\",\"urlTemplate\":\"https:\/\/abaa.mx\/tienda\/?s={search_term_string}\"},\"query-input\":{\"@type\":\"PropertyValueSpecification\",\"valueRequired\":true,\"valueName\":\"search_term_string\"}}],\"inLanguage\":\"es\"},{\"@type\":\"Organization\",\"@id\":\"https:\/\/abaa.mx\/tienda\/#organization\",\"name\":\"Abaa tienda online\",\"url\":\"https:\/\/abaa.mx\/tienda\/\",\"logo\":{\"@type\":\"ImageObject\",\"inLanguage\":\"es\",\"@id\":\"https:\/\/abaa.mx\/tienda\/#\/schema\/logo\/image\/\",\"url\":\"https:\/\/abaa.mx\/tienda\/wp-content\/uploads\/2024\/01\/abaa-metrologia-tienda.png\",\"contentUrl\":\"https:\/\/abaa.mx\/tienda\/wp-content\/uploads\/2024\/01\/abaa-metrologia-tienda.png\",\"width\":300,\"height\":141,\"caption\":\"Abaa tienda online\"},\"image\":{\"@id\":\"https:\/\/abaa.mx\/tienda\/#\/schema\/logo\/image\/\"}}]}<\/script>\n<!-- \/ Yoast SEO plugin. -->","yoast_head_json":{"title":"Mitutoyo 115-313 serie 115 micr\u00f3metro de tubo con yunque cil\u00edndrico, 0 a 1\", tipo c - Abaa tienda online","robots":{"index":"index","follow":"follow","max-snippet":"max-snippet:-1","max-image-preview":"max-image-preview:large","max-video-preview":"max-video-preview:-1"},"canonical":"https:\/\/abaa.mx\/tienda\/mitutoyo-115-313-serie-115-micrometro-de-tubo-con-yunque-cilindrico-0-a-1-tipo-c\/","og_locale":"es_MX","og_type":"article","og_title":"Mitutoyo 115-313 serie 115 micr\u00f3metro de tubo con yunque cil\u00edndrico, 0 a 1\", tipo c - Abaa tienda online","og_description":"Mida el espesor de las paredes de los tubos con este micr\u00f3metro de tubo tipo C que cuenta con un yunque cil\u00edndrico y un rango de 0 a 1\". Adem\u00e1s, elimine el error de exceso de velocidad con este micr\u00f3metro, que cuenta con un mecanismo de tope de trinquete para una presi\u00f3n uniforme sobre una pieza de trabajo para mediciones precisas y repetibles.","og_url":"https:\/\/abaa.mx\/tienda\/mitutoyo-115-313-serie-115-micrometro-de-tubo-con-yunque-cilindrico-0-a-1-tipo-c\/","og_site_name":"Abaa tienda online","og_image":[{"width":600,"height":600,"url":"https:\/\/abaa.mx\/tienda\/wp-content\/uploads\/2023\/10\/115-313.jpg","type":"image\/jpeg"}],"twitter_card":"summary_large_image","twitter_misc":{"Tiempo de lectura":"1 minuto"},"schema":{"@context":"https:\/\/schema.org","@graph":[{"@type":"WebPage","@id":"https:\/\/abaa.mx\/tienda\/mitutoyo-115-313-serie-115-micrometro-de-tubo-con-yunque-cilindrico-0-a-1-tipo-c\/","url":"https:\/\/abaa.mx\/tienda\/mitutoyo-115-313-serie-115-micrometro-de-tubo-con-yunque-cilindrico-0-a-1-tipo-c\/","name":"Mitutoyo 115-313 serie 115 micr\u00f3metro de tubo con yunque cil\u00edndrico, 0 a 1\", tipo c - Abaa tienda online","isPartOf":{"@id":"https:\/\/abaa.mx\/tienda\/#website"},"primaryImageOfPage":{"@id":"https:\/\/abaa.mx\/tienda\/mitutoyo-115-313-serie-115-micrometro-de-tubo-con-yunque-cilindrico-0-a-1-tipo-c\/#primaryimage"},"image":{"@id":"https:\/\/abaa.mx\/tienda\/mitutoyo-115-313-serie-115-micrometro-de-tubo-con-yunque-cilindrico-0-a-1-tipo-c\/#primaryimage"},"thumbnailUrl":"https:\/\/abaa.mx\/tienda\/wp-content\/uploads\/2023\/10\/115-313.jpg","datePublished":"2023-10-09T16:38:35+00:00","breadcrumb":{"@id":"https:\/\/abaa.mx\/tienda\/mitutoyo-115-313-serie-115-micrometro-de-tubo-con-yunque-cilindrico-0-a-1-tipo-c\/#breadcrumb"},"inLanguage":"es","potentialAction":[{"@type":"ReadAction","target":["https:\/\/abaa.mx\/tienda\/mitutoyo-115-313-serie-115-micrometro-de-tubo-con-yunque-cilindrico-0-a-1-tipo-c\/"]}]},{"@type":"ImageObject","inLanguage":"es","@id":"https:\/\/abaa.mx\/tienda\/mitutoyo-115-313-serie-115-micrometro-de-tubo-con-yunque-cilindrico-0-a-1-tipo-c\/#primaryimage","url":"https:\/\/abaa.mx\/tienda\/wp-content\/uploads\/2023\/10\/115-313.jpg","contentUrl":"https:\/\/abaa.mx\/tienda\/wp-content\/uploads\/2023\/10\/115-313.jpg","width":600,"height":600,"caption":"mitutoyo-115-313-serie-115-micrometro-de-tubo-con-yunque-cilindrico-0-a-1-tipo-c"},{"@type":"BreadcrumbList","@id":"https:\/\/abaa.mx\/tienda\/mitutoyo-115-313-serie-115-micrometro-de-tubo-con-yunque-cilindrico-0-a-1-tipo-c\/#breadcrumb","itemListElement":[{"@type":"ListItem","position":1,"name":"Inicio","item":"https:\/\/abaa.mx\/tienda\/"},{"@type":"ListItem","position":2,"name":"Tienda","item":"https:\/\/abaa.mx\/tienda\/"},{"@type":"ListItem","position":3,"name":"Mitutoyo 115-313 serie 115 micr\u00f3metro de tubo con yunque cil\u00edndrico, 0 a 1&#8243;, tipo c"}]},{"@type":"WebSite","@id":"https:\/\/abaa.mx\/tienda\/#website","url":"https:\/\/abaa.mx\/tienda\/","name":"Abaa tienda online","description":"Instrumentos de medici\u00f3n","publisher":{"@id":"https:\/\/abaa.mx\/tienda\/#organization"},"potentialAction":[{"@type":"SearchAction","target":{"@type":"EntryPoint","urlTemplate":"https:\/\/abaa.mx\/tienda\/?s={search_term_string}"},"query-input":{"@type":"PropertyValueSpecification","valueRequired":true,"valueName":"search_term_string"}}],"inLanguage":"es"},{"@type":"Organization","@id":"https:\/\/abaa.mx\/tienda\/#organization","name":"Abaa tienda online","url":"https:\/\/abaa.mx\/tienda\/","logo":{"@type":"ImageObject","inLanguage":"es","@id":"https:\/\/abaa.mx\/tienda\/#\/schema\/logo\/image\/","url":"https:\/\/abaa.mx\/tienda\/wp-content\/uploads\/2024\/01\/abaa-metrologia-tienda.png","contentUrl":"https:\/\/abaa.mx\/tienda\/wp-content\/uploads\/2024\/01\/abaa-metrologia-tienda.png","width":300,"height":141,"caption":"Abaa tienda online"},"image":{"@id":"https:\/\/abaa.mx\/tienda\/#\/schema\/logo\/image\/"}}]}},"_links":{"self":[{"href":"https:\/\/abaa.mx\/tienda\/wp-json\/wp\/v2\/product\/5210","targetHints":{"allow":["GET"]}}],"collection":[{"href":"https:\/\/abaa.mx\/tienda\/wp-json\/wp\/v2\/product"}],"about":[{"href":"https:\/\/abaa.mx\/tienda\/wp-json\/wp\/v2\/types\/product"}],"replies":[{"embeddable":true,"href":"https:\/\/abaa.mx\/tienda\/wp-json\/wp\/v2\/comments?post=5210"}],"wp:featuredmedia":[{"embeddable":true,"href":"https:\/\/abaa.mx\/tienda\/wp-json\/wp\/v2\/media\/5228"}],"wp:attachment":[{"href":"https:\/\/abaa.mx\/tienda\/wp-json\/wp\/v2\/media?parent=5210"}],"wp:term":[{"taxonomy":"product_brand","embeddable":true,"href":"https:\/\/abaa.mx\/tienda\/wp-json\/wp\/v2\/product_brand?post=5210"},{"taxonomy":"product_cat","embeddable":true,"href":"https:\/\/abaa.mx\/tienda\/wp-json\/wp\/v2\/product_cat?post=5210"},{"taxonomy":"product_tag","embeddable":true,"href":"https:\/\/abaa.mx\/tienda\/wp-json\/wp\/v2\/product_tag?post=5210"}],"curies":[{"name":"wp","href":"https:\/\/api.w.org\/{rel}","templated":true}]}}