{"id":4921,"date":"2023-10-05T20:49:42","date_gmt":"2023-10-05T20:49:42","guid":{"rendered":"https:\/\/abaa.mx\/tienda\/?post_type=product&#038;p=4921"},"modified":"2023-10-05T20:49:42","modified_gmt":"2023-10-05T20:49:42","slug":"mitutoyo-110-502-serie-110-traductor-de-tornillo-diferencial-cabeza-de-micrometro-extrafino-0-a-13-mm","status":"publish","type":"product","link":"https:\/\/abaa.mx\/tienda\/mitutoyo-110-502-serie-110-traductor-de-tornillo-diferencial-cabeza-de-micrometro-extrafino-0-a-13-mm\/","title":{"rendered":"Mitutoyo 110-502 serie 110 traductor de tornillo diferencial cabeza de micr\u00f3metro extrafino, 0 a 13 mm"},"content":{"rendered":"<h4>Mitutoyo 110-502<\/h4>\n<p>Dise\u00f1ado para la alimentaci\u00f3n extrafina del husillo, el cabezal microm\u00e9trico extrafino del traductor de tornillo diferencial de la serie 110 Mitutoyo 502 permite movimientos diferenciales de las roscas del husillo. El husillo no giratorio presenta una cara esf\u00e9rica y su cara de medici\u00f3n tiene una punta de carburo. Incluye un v\u00e1stago de tuerca de sujeci\u00f3n.<\/p>\n<h5><strong>Funciones<\/strong><\/h5>\n<ul>\n<li>Los movimientos diferenciales permiten una alimentaci\u00f3n extrafina del husillo a 0,025 mm por revoluci\u00f3n y mediciones de alta resoluci\u00f3n<\/li>\n<li>Cara esf\u00e9rica del husillo<\/li>\n<li>La cara de medici\u00f3n tiene una punta de carburo<\/li>\n<li>Dise\u00f1o no giratorio<\/li>\n<li>Graduaci\u00f3n de 0,0005\/0,01 mm<\/li>\n<li>Incluye un v\u00e1stago de tuerca de sujeci\u00f3n que mide 0,37&#8243; (9,5 mm) de di\u00e1metro<\/li>\n<\/ul>\n<h4>\u00a0Especificaciones<\/h4>\n<table class=\"table table-striped\">\n<tbody>\n<tr>\n<td>Unidad(es) de medida admitida(s)<\/td>\n<td>M\u00e9trico<\/td>\n<\/tr>\n<tr>\n<td>Rango de medici\u00f3n<\/td>\n<td>De 0 a 13 mm<\/td>\n<\/tr>\n<tr>\n<td>Exactitud<\/td>\n<td>\u00b13\/1,5 \u03bcm<\/td>\n<\/tr>\n<tr>\n<td>Fuente de alimentaci\u00f3n<\/td>\n<td>Mec\u00e1nico<\/td>\n<\/tr>\n<\/tbody>\n<\/table>\n","protected":false},"excerpt":{"rendered":"<p class=\"short-description mhide ipad-view-setting\">Este micr\u00f3metro de alimentaci\u00f3n extrafino viene con un v\u00e1stago de tuerca de abrazadera y una cara de husillo esf\u00e9rica. Su cara de medici\u00f3n cuenta con una punta de carburo.<\/p>\n<p class=\"comment-tag-product\">\n<div class=\"row-fluid\">\n<div class=\"span12 mobile-pricing-box-padding\">\n<form id=\"140121\" accept-charset=\"utf-8\" action=\"https:\/\/www.globaltestsupply.com\/shop\/add\" method=\"post\" name=\"addTocartFunction\">\n<div><\/div>\n<\/form>\n<\/div>\n<\/div>\n","protected":false},"featured_media":4933,"comment_status":"open","ping_status":"closed","template":"","meta":{"_joinchat":[]},"product_brand":[],"product_cat":[15],"product_tag":[],"class_list":{"0":"post-4921","1":"product","2":"type-product","3":"status-publish","4":"has-post-thumbnail","6":"product_cat-sin-categorizar","8":"first","9":"instock","10":"shipping-taxable","11":"product-type-simple"},"yoast_head":"<!-- This site is optimized with the Yoast SEO plugin v26.4 - https:\/\/yoast.com\/wordpress\/plugins\/seo\/ -->\n<title>Mitutoyo 110-502 serie 110 traductor de tornillo diferencial cabeza de micr\u00f3metro extrafino, 0 a 13 mm - Abaa tienda online<\/title>\n<meta name=\"robots\" content=\"index, follow, max-snippet:-1, max-image-preview:large, max-video-preview:-1\" \/>\n<link rel=\"canonical\" href=\"https:\/\/abaa.mx\/tienda\/mitutoyo-110-502-serie-110-traductor-de-tornillo-diferencial-cabeza-de-micrometro-extrafino-0-a-13-mm\/\" \/>\n<meta property=\"og:locale\" content=\"es_MX\" \/>\n<meta property=\"og:type\" content=\"article\" \/>\n<meta property=\"og:title\" content=\"Mitutoyo 110-502 serie 110 traductor de tornillo diferencial cabeza de micr\u00f3metro extrafino, 0 a 13 mm - Abaa tienda online\" \/>\n<meta property=\"og:description\" content=\"Este micr\u00f3metro de alimentaci\u00f3n extrafino viene con un v\u00e1stago de tuerca de abrazadera y una cara de husillo esf\u00e9rica. Su cara de medici\u00f3n cuenta con una punta de carburo.\" \/>\n<meta property=\"og:url\" content=\"https:\/\/abaa.mx\/tienda\/mitutoyo-110-502-serie-110-traductor-de-tornillo-diferencial-cabeza-de-micrometro-extrafino-0-a-13-mm\/\" \/>\n<meta property=\"og:site_name\" content=\"Abaa tienda online\" \/>\n<meta property=\"og:image\" content=\"https:\/\/abaa.mx\/tienda\/wp-content\/uploads\/2023\/10\/110-502.jpg\" \/>\n\t<meta property=\"og:image:width\" content=\"270\" \/>\n\t<meta property=\"og:image:height\" content=\"360\" \/>\n\t<meta property=\"og:image:type\" content=\"image\/jpeg\" \/>\n<meta name=\"twitter:card\" content=\"summary_large_image\" \/>\n<meta name=\"twitter:label1\" content=\"Tiempo de lectura\" \/>\n\t<meta name=\"twitter:data1\" content=\"1 minuto\" \/>\n<script type=\"application\/ld+json\" class=\"yoast-schema-graph\">{\"@context\":\"https:\/\/schema.org\",\"@graph\":[{\"@type\":\"WebPage\",\"@id\":\"https:\/\/abaa.mx\/tienda\/mitutoyo-110-502-serie-110-traductor-de-tornillo-diferencial-cabeza-de-micrometro-extrafino-0-a-13-mm\/\",\"url\":\"https:\/\/abaa.mx\/tienda\/mitutoyo-110-502-serie-110-traductor-de-tornillo-diferencial-cabeza-de-micrometro-extrafino-0-a-13-mm\/\",\"name\":\"Mitutoyo 110-502 serie 110 traductor de tornillo diferencial cabeza de micr\u00f3metro extrafino, 0 a 13 mm - Abaa tienda online\",\"isPartOf\":{\"@id\":\"https:\/\/abaa.mx\/tienda\/#website\"},\"primaryImageOfPage\":{\"@id\":\"https:\/\/abaa.mx\/tienda\/mitutoyo-110-502-serie-110-traductor-de-tornillo-diferencial-cabeza-de-micrometro-extrafino-0-a-13-mm\/#primaryimage\"},\"image\":{\"@id\":\"https:\/\/abaa.mx\/tienda\/mitutoyo-110-502-serie-110-traductor-de-tornillo-diferencial-cabeza-de-micrometro-extrafino-0-a-13-mm\/#primaryimage\"},\"thumbnailUrl\":\"https:\/\/abaa.mx\/tienda\/wp-content\/uploads\/2023\/10\/110-502.jpg\",\"datePublished\":\"2023-10-05T20:49:42+00:00\",\"breadcrumb\":{\"@id\":\"https:\/\/abaa.mx\/tienda\/mitutoyo-110-502-serie-110-traductor-de-tornillo-diferencial-cabeza-de-micrometro-extrafino-0-a-13-mm\/#breadcrumb\"},\"inLanguage\":\"es\",\"potentialAction\":[{\"@type\":\"ReadAction\",\"target\":[\"https:\/\/abaa.mx\/tienda\/mitutoyo-110-502-serie-110-traductor-de-tornillo-diferencial-cabeza-de-micrometro-extrafino-0-a-13-mm\/\"]}]},{\"@type\":\"ImageObject\",\"inLanguage\":\"es\",\"@id\":\"https:\/\/abaa.mx\/tienda\/mitutoyo-110-502-serie-110-traductor-de-tornillo-diferencial-cabeza-de-micrometro-extrafino-0-a-13-mm\/#primaryimage\",\"url\":\"https:\/\/abaa.mx\/tienda\/wp-content\/uploads\/2023\/10\/110-502.jpg\",\"contentUrl\":\"https:\/\/abaa.mx\/tienda\/wp-content\/uploads\/2023\/10\/110-502.jpg\",\"width\":270,\"height\":360,\"caption\":\"mitutoyo-110-502-serie-110-traductor-de-tornillo-diferencial-cabeza-de-micrometro-extrafino-0-a-13-mm\"},{\"@type\":\"BreadcrumbList\",\"@id\":\"https:\/\/abaa.mx\/tienda\/mitutoyo-110-502-serie-110-traductor-de-tornillo-diferencial-cabeza-de-micrometro-extrafino-0-a-13-mm\/#breadcrumb\",\"itemListElement\":[{\"@type\":\"ListItem\",\"position\":1,\"name\":\"Inicio\",\"item\":\"https:\/\/abaa.mx\/tienda\/\"},{\"@type\":\"ListItem\",\"position\":2,\"name\":\"Tienda\",\"item\":\"https:\/\/abaa.mx\/tienda\/\"},{\"@type\":\"ListItem\",\"position\":3,\"name\":\"Mitutoyo 110-502 serie 110 traductor de tornillo diferencial cabeza de micr\u00f3metro extrafino, 0 a 13 mm\"}]},{\"@type\":\"WebSite\",\"@id\":\"https:\/\/abaa.mx\/tienda\/#website\",\"url\":\"https:\/\/abaa.mx\/tienda\/\",\"name\":\"Abaa tienda online\",\"description\":\"Instrumentos de medici\u00f3n\",\"publisher\":{\"@id\":\"https:\/\/abaa.mx\/tienda\/#organization\"},\"potentialAction\":[{\"@type\":\"SearchAction\",\"target\":{\"@type\":\"EntryPoint\",\"urlTemplate\":\"https:\/\/abaa.mx\/tienda\/?s={search_term_string}\"},\"query-input\":{\"@type\":\"PropertyValueSpecification\",\"valueRequired\":true,\"valueName\":\"search_term_string\"}}],\"inLanguage\":\"es\"},{\"@type\":\"Organization\",\"@id\":\"https:\/\/abaa.mx\/tienda\/#organization\",\"name\":\"Abaa tienda online\",\"url\":\"https:\/\/abaa.mx\/tienda\/\",\"logo\":{\"@type\":\"ImageObject\",\"inLanguage\":\"es\",\"@id\":\"https:\/\/abaa.mx\/tienda\/#\/schema\/logo\/image\/\",\"url\":\"https:\/\/abaa.mx\/tienda\/wp-content\/uploads\/2024\/01\/abaa-metrologia-tienda.png\",\"contentUrl\":\"https:\/\/abaa.mx\/tienda\/wp-content\/uploads\/2024\/01\/abaa-metrologia-tienda.png\",\"width\":300,\"height\":141,\"caption\":\"Abaa tienda online\"},\"image\":{\"@id\":\"https:\/\/abaa.mx\/tienda\/#\/schema\/logo\/image\/\"}}]}<\/script>\n<!-- \/ Yoast SEO plugin. -->","yoast_head_json":{"title":"Mitutoyo 110-502 serie 110 traductor de tornillo diferencial cabeza de micr\u00f3metro extrafino, 0 a 13 mm - Abaa tienda online","robots":{"index":"index","follow":"follow","max-snippet":"max-snippet:-1","max-image-preview":"max-image-preview:large","max-video-preview":"max-video-preview:-1"},"canonical":"https:\/\/abaa.mx\/tienda\/mitutoyo-110-502-serie-110-traductor-de-tornillo-diferencial-cabeza-de-micrometro-extrafino-0-a-13-mm\/","og_locale":"es_MX","og_type":"article","og_title":"Mitutoyo 110-502 serie 110 traductor de tornillo diferencial cabeza de micr\u00f3metro extrafino, 0 a 13 mm - Abaa tienda online","og_description":"Este micr\u00f3metro de alimentaci\u00f3n extrafino viene con un v\u00e1stago de tuerca de abrazadera y una cara de husillo esf\u00e9rica. Su cara de medici\u00f3n cuenta con una punta de carburo.","og_url":"https:\/\/abaa.mx\/tienda\/mitutoyo-110-502-serie-110-traductor-de-tornillo-diferencial-cabeza-de-micrometro-extrafino-0-a-13-mm\/","og_site_name":"Abaa tienda online","og_image":[{"width":270,"height":360,"url":"https:\/\/abaa.mx\/tienda\/wp-content\/uploads\/2023\/10\/110-502.jpg","type":"image\/jpeg"}],"twitter_card":"summary_large_image","twitter_misc":{"Tiempo de lectura":"1 minuto"},"schema":{"@context":"https:\/\/schema.org","@graph":[{"@type":"WebPage","@id":"https:\/\/abaa.mx\/tienda\/mitutoyo-110-502-serie-110-traductor-de-tornillo-diferencial-cabeza-de-micrometro-extrafino-0-a-13-mm\/","url":"https:\/\/abaa.mx\/tienda\/mitutoyo-110-502-serie-110-traductor-de-tornillo-diferencial-cabeza-de-micrometro-extrafino-0-a-13-mm\/","name":"Mitutoyo 110-502 serie 110 traductor de tornillo diferencial cabeza de micr\u00f3metro extrafino, 0 a 13 mm - Abaa tienda online","isPartOf":{"@id":"https:\/\/abaa.mx\/tienda\/#website"},"primaryImageOfPage":{"@id":"https:\/\/abaa.mx\/tienda\/mitutoyo-110-502-serie-110-traductor-de-tornillo-diferencial-cabeza-de-micrometro-extrafino-0-a-13-mm\/#primaryimage"},"image":{"@id":"https:\/\/abaa.mx\/tienda\/mitutoyo-110-502-serie-110-traductor-de-tornillo-diferencial-cabeza-de-micrometro-extrafino-0-a-13-mm\/#primaryimage"},"thumbnailUrl":"https:\/\/abaa.mx\/tienda\/wp-content\/uploads\/2023\/10\/110-502.jpg","datePublished":"2023-10-05T20:49:42+00:00","breadcrumb":{"@id":"https:\/\/abaa.mx\/tienda\/mitutoyo-110-502-serie-110-traductor-de-tornillo-diferencial-cabeza-de-micrometro-extrafino-0-a-13-mm\/#breadcrumb"},"inLanguage":"es","potentialAction":[{"@type":"ReadAction","target":["https:\/\/abaa.mx\/tienda\/mitutoyo-110-502-serie-110-traductor-de-tornillo-diferencial-cabeza-de-micrometro-extrafino-0-a-13-mm\/"]}]},{"@type":"ImageObject","inLanguage":"es","@id":"https:\/\/abaa.mx\/tienda\/mitutoyo-110-502-serie-110-traductor-de-tornillo-diferencial-cabeza-de-micrometro-extrafino-0-a-13-mm\/#primaryimage","url":"https:\/\/abaa.mx\/tienda\/wp-content\/uploads\/2023\/10\/110-502.jpg","contentUrl":"https:\/\/abaa.mx\/tienda\/wp-content\/uploads\/2023\/10\/110-502.jpg","width":270,"height":360,"caption":"mitutoyo-110-502-serie-110-traductor-de-tornillo-diferencial-cabeza-de-micrometro-extrafino-0-a-13-mm"},{"@type":"BreadcrumbList","@id":"https:\/\/abaa.mx\/tienda\/mitutoyo-110-502-serie-110-traductor-de-tornillo-diferencial-cabeza-de-micrometro-extrafino-0-a-13-mm\/#breadcrumb","itemListElement":[{"@type":"ListItem","position":1,"name":"Inicio","item":"https:\/\/abaa.mx\/tienda\/"},{"@type":"ListItem","position":2,"name":"Tienda","item":"https:\/\/abaa.mx\/tienda\/"},{"@type":"ListItem","position":3,"name":"Mitutoyo 110-502 serie 110 traductor de tornillo diferencial cabeza de micr\u00f3metro extrafino, 0 a 13 mm"}]},{"@type":"WebSite","@id":"https:\/\/abaa.mx\/tienda\/#website","url":"https:\/\/abaa.mx\/tienda\/","name":"Abaa tienda online","description":"Instrumentos de medici\u00f3n","publisher":{"@id":"https:\/\/abaa.mx\/tienda\/#organization"},"potentialAction":[{"@type":"SearchAction","target":{"@type":"EntryPoint","urlTemplate":"https:\/\/abaa.mx\/tienda\/?s={search_term_string}"},"query-input":{"@type":"PropertyValueSpecification","valueRequired":true,"valueName":"search_term_string"}}],"inLanguage":"es"},{"@type":"Organization","@id":"https:\/\/abaa.mx\/tienda\/#organization","name":"Abaa tienda online","url":"https:\/\/abaa.mx\/tienda\/","logo":{"@type":"ImageObject","inLanguage":"es","@id":"https:\/\/abaa.mx\/tienda\/#\/schema\/logo\/image\/","url":"https:\/\/abaa.mx\/tienda\/wp-content\/uploads\/2024\/01\/abaa-metrologia-tienda.png","contentUrl":"https:\/\/abaa.mx\/tienda\/wp-content\/uploads\/2024\/01\/abaa-metrologia-tienda.png","width":300,"height":141,"caption":"Abaa tienda online"},"image":{"@id":"https:\/\/abaa.mx\/tienda\/#\/schema\/logo\/image\/"}}]}},"_links":{"self":[{"href":"https:\/\/abaa.mx\/tienda\/wp-json\/wp\/v2\/product\/4921","targetHints":{"allow":["GET"]}}],"collection":[{"href":"https:\/\/abaa.mx\/tienda\/wp-json\/wp\/v2\/product"}],"about":[{"href":"https:\/\/abaa.mx\/tienda\/wp-json\/wp\/v2\/types\/product"}],"replies":[{"embeddable":true,"href":"https:\/\/abaa.mx\/tienda\/wp-json\/wp\/v2\/comments?post=4921"}],"wp:featuredmedia":[{"embeddable":true,"href":"https:\/\/abaa.mx\/tienda\/wp-json\/wp\/v2\/media\/4933"}],"wp:attachment":[{"href":"https:\/\/abaa.mx\/tienda\/wp-json\/wp\/v2\/media?parent=4921"}],"wp:term":[{"taxonomy":"product_brand","embeddable":true,"href":"https:\/\/abaa.mx\/tienda\/wp-json\/wp\/v2\/product_brand?post=4921"},{"taxonomy":"product_cat","embeddable":true,"href":"https:\/\/abaa.mx\/tienda\/wp-json\/wp\/v2\/product_cat?post=4921"},{"taxonomy":"product_tag","embeddable":true,"href":"https:\/\/abaa.mx\/tienda\/wp-json\/wp\/v2\/product_tag?post=4921"}],"curies":[{"name":"wp","href":"https:\/\/api.w.org\/{rel}","templated":true}]}}