{"id":4883,"date":"2023-10-05T19:41:58","date_gmt":"2023-10-05T19:41:58","guid":{"rendered":"https:\/\/abaa.mx\/tienda\/?post_type=product&#038;p=4883"},"modified":"2023-10-05T19:41:58","modified_gmt":"2023-10-05T19:41:58","slug":"mitutoyo-295-115-serie-295-micrometro-de-cara-esferica-con-contador-de-digitos-0-a-25-mm-metrico","status":"publish","type":"product","link":"https:\/\/abaa.mx\/tienda\/mitutoyo-295-115-serie-295-micrometro-de-cara-esferica-con-contador-de-digitos-0-a-25-mm-metrico\/","title":{"rendered":"mitutoyo 295-115 serie 295 micr\u00f3metro de cara esf\u00e9rica con contador de d\u00edgitos, 0 a 25 mm, m\u00e9trico"},"content":{"rendered":"<h4>Mitutoyo 295-115<\/h4>\n<p><strong>Funciones<\/strong><\/p>\n<ul>\n<li>Con un yunque esf\u00e9rico y un husillo plano<\/li>\n<li>Dise\u00f1ado para medir el espesor de la pared de varios tubos, partes curvas y espesores de la pared de la tuber\u00eda<\/li>\n<li>Las caras de medici\u00f3n esf\u00e9ricas tienen un di\u00e1metro de 0,59&#8243; (14,98 mm) y tienen punta de carburo para mayor durabilidad<\/li>\n<li>El mecanismo de trinquete proporciona un clic audible para garantizar que la medici\u00f3n se realice con una fuerza constante<\/li>\n<li>Los dedales moleteados de fricci\u00f3n proporcionan ajustes r\u00e1pidos incluso cuando se usan guantes<\/li>\n<li>Acabado cromado satinado en la funda y escala grabada con l\u00e1ser en el dedal para facilitar la lectura<\/li>\n<li>El marco tiene un acabado de esmalte horneado para mayor durabilidad y vida \u00fatil<\/li>\n<\/ul>\n<p><strong>Aplicaciones<\/strong><\/p>\n<ul>\n<li>Medici\u00f3n del espesor de pared de varios tubos, partes curvas y espesor de pared de tuber\u00edas.<\/li>\n<\/ul>\n<h4>Mitutoyo 295-115 Especificaciones<\/h4>\n<table class=\"table table-striped\">\n<tbody>\n<tr>\n<td>Gama<\/td>\n<td>De 0 a 25 mm<\/td>\n<\/tr>\n<tr>\n<td>Unidades<\/td>\n<td>M\u00e9trico<\/td>\n<\/tr>\n<tr>\n<td>Exactitud<\/td>\n<td>\u00b13 \u03bcm<\/td>\n<\/tr>\n<tr>\n<td>Graduaci\u00f3n<\/td>\n<td>0,01 mil\u00edmetros<\/td>\n<\/tr>\n<tr>\n<td>Yunque\/Husillo<\/td>\n<td>Yunque esf\u00e9rico y husillo plano<\/td>\n<\/tr>\n<tr>\n<td>Llanura<\/td>\n<td>0,6 \u03bcm<\/td>\n<\/tr>\n<tr>\n<td>Observaciones<\/td>\n<td>D: 10 mm<\/td>\n<\/tr>\n<tr>\n<td>Trinquete\/Dedal<\/td>\n<td>Parada de raqueta<\/td>\n<\/tr>\n<tr>\n<td>Peso<\/td>\n<td>0 g (48,220 libras)<\/td>\n<\/tr>\n<\/tbody>\n<\/table>\n","protected":false},"excerpt":{"rendered":"<p class=\"short-description mhide ipad-view-setting\">Mida el grosor de las piezas curvas con este micr\u00f3metro de cara esf\u00e9rica que cuenta con un contador de d\u00edgitos, una cara esf\u00e9rica en el yunque y una superficie de medici\u00f3n de husillo plana. Adem\u00e1s, este micr\u00f3metro cuenta con unidades m\u00e9tricas y un rango de medici\u00f3n de 0 a 25 mm.<\/p>\n<p class=\"comment-tag-product\">\n<div class=\"row-fluid\">\n<div class=\"span12 mobile-pricing-box-padding\">\n<form id=\"140786\" accept-charset=\"utf-8\" action=\"https:\/\/www.globaltestsupply.com\/shop\/add\" method=\"post\" name=\"addTocartFunction\">\n<div><\/div>\n<\/form>\n<\/div>\n<\/div>\n","protected":false},"featured_media":4886,"comment_status":"open","ping_status":"closed","template":"","meta":{"_joinchat":[]},"product_brand":[],"product_cat":[15],"product_tag":[],"class_list":{"0":"post-4883","1":"product","2":"type-product","3":"status-publish","4":"has-post-thumbnail","6":"product_cat-sin-categorizar","8":"first","9":"instock","10":"shipping-taxable","11":"product-type-simple"},"yoast_head":"<!-- This site is optimized with the Yoast SEO plugin v26.4 - https:\/\/yoast.com\/wordpress\/plugins\/seo\/ -->\n<title>mitutoyo 295-115 serie 295 micr\u00f3metro de cara esf\u00e9rica con contador de d\u00edgitos, 0 a 25 mm, m\u00e9trico - Abaa tienda online<\/title>\n<meta name=\"robots\" content=\"index, follow, max-snippet:-1, max-image-preview:large, max-video-preview:-1\" \/>\n<link rel=\"canonical\" href=\"https:\/\/abaa.mx\/tienda\/mitutoyo-295-115-serie-295-micrometro-de-cara-esferica-con-contador-de-digitos-0-a-25-mm-metrico\/\" \/>\n<meta property=\"og:locale\" content=\"es_MX\" \/>\n<meta property=\"og:type\" content=\"article\" \/>\n<meta property=\"og:title\" content=\"mitutoyo 295-115 serie 295 micr\u00f3metro de cara esf\u00e9rica con contador de d\u00edgitos, 0 a 25 mm, m\u00e9trico - Abaa tienda online\" \/>\n<meta property=\"og:description\" content=\"Mida el grosor de las piezas curvas con este micr\u00f3metro de cara esf\u00e9rica que cuenta con un contador de d\u00edgitos, una cara esf\u00e9rica en el yunque y una superficie de medici\u00f3n de husillo plana. Adem\u00e1s, este micr\u00f3metro cuenta con unidades m\u00e9tricas y un rango de medici\u00f3n de 0 a 25 mm.\" \/>\n<meta property=\"og:url\" content=\"https:\/\/abaa.mx\/tienda\/mitutoyo-295-115-serie-295-micrometro-de-cara-esferica-con-contador-de-digitos-0-a-25-mm-metrico\/\" \/>\n<meta property=\"og:site_name\" content=\"Abaa tienda online\" \/>\n<meta property=\"og:image\" content=\"https:\/\/abaa.mx\/tienda\/wp-content\/uploads\/2023\/10\/295-115.jpg\" \/>\n\t<meta property=\"og:image:width\" content=\"800\" \/>\n\t<meta property=\"og:image:height\" content=\"800\" \/>\n\t<meta property=\"og:image:type\" content=\"image\/jpeg\" \/>\n<meta name=\"twitter:card\" content=\"summary_large_image\" \/>\n<meta name=\"twitter:label1\" content=\"Tiempo de lectura\" \/>\n\t<meta name=\"twitter:data1\" content=\"1 minuto\" \/>\n<script type=\"application\/ld+json\" class=\"yoast-schema-graph\">{\"@context\":\"https:\/\/schema.org\",\"@graph\":[{\"@type\":\"WebPage\",\"@id\":\"https:\/\/abaa.mx\/tienda\/mitutoyo-295-115-serie-295-micrometro-de-cara-esferica-con-contador-de-digitos-0-a-25-mm-metrico\/\",\"url\":\"https:\/\/abaa.mx\/tienda\/mitutoyo-295-115-serie-295-micrometro-de-cara-esferica-con-contador-de-digitos-0-a-25-mm-metrico\/\",\"name\":\"mitutoyo 295-115 serie 295 micr\u00f3metro de cara esf\u00e9rica con contador de d\u00edgitos, 0 a 25 mm, m\u00e9trico - Abaa tienda online\",\"isPartOf\":{\"@id\":\"https:\/\/abaa.mx\/tienda\/#website\"},\"primaryImageOfPage\":{\"@id\":\"https:\/\/abaa.mx\/tienda\/mitutoyo-295-115-serie-295-micrometro-de-cara-esferica-con-contador-de-digitos-0-a-25-mm-metrico\/#primaryimage\"},\"image\":{\"@id\":\"https:\/\/abaa.mx\/tienda\/mitutoyo-295-115-serie-295-micrometro-de-cara-esferica-con-contador-de-digitos-0-a-25-mm-metrico\/#primaryimage\"},\"thumbnailUrl\":\"https:\/\/abaa.mx\/tienda\/wp-content\/uploads\/2023\/10\/295-115.jpg\",\"datePublished\":\"2023-10-05T19:41:58+00:00\",\"breadcrumb\":{\"@id\":\"https:\/\/abaa.mx\/tienda\/mitutoyo-295-115-serie-295-micrometro-de-cara-esferica-con-contador-de-digitos-0-a-25-mm-metrico\/#breadcrumb\"},\"inLanguage\":\"es\",\"potentialAction\":[{\"@type\":\"ReadAction\",\"target\":[\"https:\/\/abaa.mx\/tienda\/mitutoyo-295-115-serie-295-micrometro-de-cara-esferica-con-contador-de-digitos-0-a-25-mm-metrico\/\"]}]},{\"@type\":\"ImageObject\",\"inLanguage\":\"es\",\"@id\":\"https:\/\/abaa.mx\/tienda\/mitutoyo-295-115-serie-295-micrometro-de-cara-esferica-con-contador-de-digitos-0-a-25-mm-metrico\/#primaryimage\",\"url\":\"https:\/\/abaa.mx\/tienda\/wp-content\/uploads\/2023\/10\/295-115.jpg\",\"contentUrl\":\"https:\/\/abaa.mx\/tienda\/wp-content\/uploads\/2023\/10\/295-115.jpg\",\"width\":800,\"height\":800,\"caption\":\"295-115\"},{\"@type\":\"BreadcrumbList\",\"@id\":\"https:\/\/abaa.mx\/tienda\/mitutoyo-295-115-serie-295-micrometro-de-cara-esferica-con-contador-de-digitos-0-a-25-mm-metrico\/#breadcrumb\",\"itemListElement\":[{\"@type\":\"ListItem\",\"position\":1,\"name\":\"Inicio\",\"item\":\"https:\/\/abaa.mx\/tienda\/\"},{\"@type\":\"ListItem\",\"position\":2,\"name\":\"Tienda\",\"item\":\"https:\/\/abaa.mx\/tienda\/\"},{\"@type\":\"ListItem\",\"position\":3,\"name\":\"mitutoyo 295-115 serie 295 micr\u00f3metro de cara esf\u00e9rica con contador de d\u00edgitos, 0 a 25 mm, m\u00e9trico\"}]},{\"@type\":\"WebSite\",\"@id\":\"https:\/\/abaa.mx\/tienda\/#website\",\"url\":\"https:\/\/abaa.mx\/tienda\/\",\"name\":\"Abaa tienda online\",\"description\":\"Instrumentos de medici\u00f3n\",\"publisher\":{\"@id\":\"https:\/\/abaa.mx\/tienda\/#organization\"},\"potentialAction\":[{\"@type\":\"SearchAction\",\"target\":{\"@type\":\"EntryPoint\",\"urlTemplate\":\"https:\/\/abaa.mx\/tienda\/?s={search_term_string}\"},\"query-input\":{\"@type\":\"PropertyValueSpecification\",\"valueRequired\":true,\"valueName\":\"search_term_string\"}}],\"inLanguage\":\"es\"},{\"@type\":\"Organization\",\"@id\":\"https:\/\/abaa.mx\/tienda\/#organization\",\"name\":\"Abaa tienda online\",\"url\":\"https:\/\/abaa.mx\/tienda\/\",\"logo\":{\"@type\":\"ImageObject\",\"inLanguage\":\"es\",\"@id\":\"https:\/\/abaa.mx\/tienda\/#\/schema\/logo\/image\/\",\"url\":\"https:\/\/abaa.mx\/tienda\/wp-content\/uploads\/2024\/01\/abaa-metrologia-tienda.png\",\"contentUrl\":\"https:\/\/abaa.mx\/tienda\/wp-content\/uploads\/2024\/01\/abaa-metrologia-tienda.png\",\"width\":300,\"height\":141,\"caption\":\"Abaa tienda online\"},\"image\":{\"@id\":\"https:\/\/abaa.mx\/tienda\/#\/schema\/logo\/image\/\"}}]}<\/script>\n<!-- \/ Yoast SEO plugin. -->","yoast_head_json":{"title":"mitutoyo 295-115 serie 295 micr\u00f3metro de cara esf\u00e9rica con contador de d\u00edgitos, 0 a 25 mm, m\u00e9trico - Abaa tienda online","robots":{"index":"index","follow":"follow","max-snippet":"max-snippet:-1","max-image-preview":"max-image-preview:large","max-video-preview":"max-video-preview:-1"},"canonical":"https:\/\/abaa.mx\/tienda\/mitutoyo-295-115-serie-295-micrometro-de-cara-esferica-con-contador-de-digitos-0-a-25-mm-metrico\/","og_locale":"es_MX","og_type":"article","og_title":"mitutoyo 295-115 serie 295 micr\u00f3metro de cara esf\u00e9rica con contador de d\u00edgitos, 0 a 25 mm, m\u00e9trico - Abaa tienda online","og_description":"Mida el grosor de las piezas curvas con este micr\u00f3metro de cara esf\u00e9rica que cuenta con un contador de d\u00edgitos, una cara esf\u00e9rica en el yunque y una superficie de medici\u00f3n de husillo plana. Adem\u00e1s, este micr\u00f3metro cuenta con unidades m\u00e9tricas y un rango de medici\u00f3n de 0 a 25 mm.","og_url":"https:\/\/abaa.mx\/tienda\/mitutoyo-295-115-serie-295-micrometro-de-cara-esferica-con-contador-de-digitos-0-a-25-mm-metrico\/","og_site_name":"Abaa tienda online","og_image":[{"width":800,"height":800,"url":"https:\/\/abaa.mx\/tienda\/wp-content\/uploads\/2023\/10\/295-115.jpg","type":"image\/jpeg"}],"twitter_card":"summary_large_image","twitter_misc":{"Tiempo de lectura":"1 minuto"},"schema":{"@context":"https:\/\/schema.org","@graph":[{"@type":"WebPage","@id":"https:\/\/abaa.mx\/tienda\/mitutoyo-295-115-serie-295-micrometro-de-cara-esferica-con-contador-de-digitos-0-a-25-mm-metrico\/","url":"https:\/\/abaa.mx\/tienda\/mitutoyo-295-115-serie-295-micrometro-de-cara-esferica-con-contador-de-digitos-0-a-25-mm-metrico\/","name":"mitutoyo 295-115 serie 295 micr\u00f3metro de cara esf\u00e9rica con contador de d\u00edgitos, 0 a 25 mm, m\u00e9trico - Abaa tienda online","isPartOf":{"@id":"https:\/\/abaa.mx\/tienda\/#website"},"primaryImageOfPage":{"@id":"https:\/\/abaa.mx\/tienda\/mitutoyo-295-115-serie-295-micrometro-de-cara-esferica-con-contador-de-digitos-0-a-25-mm-metrico\/#primaryimage"},"image":{"@id":"https:\/\/abaa.mx\/tienda\/mitutoyo-295-115-serie-295-micrometro-de-cara-esferica-con-contador-de-digitos-0-a-25-mm-metrico\/#primaryimage"},"thumbnailUrl":"https:\/\/abaa.mx\/tienda\/wp-content\/uploads\/2023\/10\/295-115.jpg","datePublished":"2023-10-05T19:41:58+00:00","breadcrumb":{"@id":"https:\/\/abaa.mx\/tienda\/mitutoyo-295-115-serie-295-micrometro-de-cara-esferica-con-contador-de-digitos-0-a-25-mm-metrico\/#breadcrumb"},"inLanguage":"es","potentialAction":[{"@type":"ReadAction","target":["https:\/\/abaa.mx\/tienda\/mitutoyo-295-115-serie-295-micrometro-de-cara-esferica-con-contador-de-digitos-0-a-25-mm-metrico\/"]}]},{"@type":"ImageObject","inLanguage":"es","@id":"https:\/\/abaa.mx\/tienda\/mitutoyo-295-115-serie-295-micrometro-de-cara-esferica-con-contador-de-digitos-0-a-25-mm-metrico\/#primaryimage","url":"https:\/\/abaa.mx\/tienda\/wp-content\/uploads\/2023\/10\/295-115.jpg","contentUrl":"https:\/\/abaa.mx\/tienda\/wp-content\/uploads\/2023\/10\/295-115.jpg","width":800,"height":800,"caption":"295-115"},{"@type":"BreadcrumbList","@id":"https:\/\/abaa.mx\/tienda\/mitutoyo-295-115-serie-295-micrometro-de-cara-esferica-con-contador-de-digitos-0-a-25-mm-metrico\/#breadcrumb","itemListElement":[{"@type":"ListItem","position":1,"name":"Inicio","item":"https:\/\/abaa.mx\/tienda\/"},{"@type":"ListItem","position":2,"name":"Tienda","item":"https:\/\/abaa.mx\/tienda\/"},{"@type":"ListItem","position":3,"name":"mitutoyo 295-115 serie 295 micr\u00f3metro de cara esf\u00e9rica con contador de d\u00edgitos, 0 a 25 mm, m\u00e9trico"}]},{"@type":"WebSite","@id":"https:\/\/abaa.mx\/tienda\/#website","url":"https:\/\/abaa.mx\/tienda\/","name":"Abaa tienda online","description":"Instrumentos de medici\u00f3n","publisher":{"@id":"https:\/\/abaa.mx\/tienda\/#organization"},"potentialAction":[{"@type":"SearchAction","target":{"@type":"EntryPoint","urlTemplate":"https:\/\/abaa.mx\/tienda\/?s={search_term_string}"},"query-input":{"@type":"PropertyValueSpecification","valueRequired":true,"valueName":"search_term_string"}}],"inLanguage":"es"},{"@type":"Organization","@id":"https:\/\/abaa.mx\/tienda\/#organization","name":"Abaa tienda online","url":"https:\/\/abaa.mx\/tienda\/","logo":{"@type":"ImageObject","inLanguage":"es","@id":"https:\/\/abaa.mx\/tienda\/#\/schema\/logo\/image\/","url":"https:\/\/abaa.mx\/tienda\/wp-content\/uploads\/2024\/01\/abaa-metrologia-tienda.png","contentUrl":"https:\/\/abaa.mx\/tienda\/wp-content\/uploads\/2024\/01\/abaa-metrologia-tienda.png","width":300,"height":141,"caption":"Abaa tienda online"},"image":{"@id":"https:\/\/abaa.mx\/tienda\/#\/schema\/logo\/image\/"}}]}},"_links":{"self":[{"href":"https:\/\/abaa.mx\/tienda\/wp-json\/wp\/v2\/product\/4883","targetHints":{"allow":["GET"]}}],"collection":[{"href":"https:\/\/abaa.mx\/tienda\/wp-json\/wp\/v2\/product"}],"about":[{"href":"https:\/\/abaa.mx\/tienda\/wp-json\/wp\/v2\/types\/product"}],"replies":[{"embeddable":true,"href":"https:\/\/abaa.mx\/tienda\/wp-json\/wp\/v2\/comments?post=4883"}],"wp:featuredmedia":[{"embeddable":true,"href":"https:\/\/abaa.mx\/tienda\/wp-json\/wp\/v2\/media\/4886"}],"wp:attachment":[{"href":"https:\/\/abaa.mx\/tienda\/wp-json\/wp\/v2\/media?parent=4883"}],"wp:term":[{"taxonomy":"product_brand","embeddable":true,"href":"https:\/\/abaa.mx\/tienda\/wp-json\/wp\/v2\/product_brand?post=4883"},{"taxonomy":"product_cat","embeddable":true,"href":"https:\/\/abaa.mx\/tienda\/wp-json\/wp\/v2\/product_cat?post=4883"},{"taxonomy":"product_tag","embeddable":true,"href":"https:\/\/abaa.mx\/tienda\/wp-json\/wp\/v2\/product_tag?post=4883"}],"curies":[{"name":"wp","href":"https:\/\/api.w.org\/{rel}","templated":true}]}}