{"id":4429,"date":"2023-10-04T16:59:02","date_gmt":"2023-10-04T16:59:02","guid":{"rendered":"https:\/\/abaa.mx\/tienda\/?post_type=product&#038;p=4429"},"modified":"2023-10-04T16:59:03","modified_gmt":"2023-10-04T16:59:03","slug":"mitutoyo-293-100-20-micrometro-digimatico-de-alta-precision-0-a-25-mm","status":"publish","type":"product","link":"https:\/\/abaa.mx\/tienda\/mitutoyo-293-100-20-micrometro-digimatico-de-alta-precision-0-a-25-mm\/","title":{"rendered":"mitutoyo 293-100-20 micr\u00f3metro digim\u00e1tico de alta precisi\u00f3n, 0 a 25 mm"},"content":{"rendered":"<h4>Mitutoyo 293-100-20 Ofertas<\/h4>\n<p><strong>Funciones<\/strong><\/p>\n<ul>\n<li>Permite la medici\u00f3n de resoluci\u00f3n de .000005&#8243;\/ 0.1\u03bcm<\/li>\n<li>Ideal para realizar mediciones de alta precisi\u00f3n con una herramienta de mano<\/li>\n<li>Un bastidor altamente r\u00edgido y un mecanismo de fuerza constante de alto rendimiento permiten una medici\u00f3n m\u00e1s estable, mientras que los clics emitidos mientras se mide la pieza de trabajo aseguran al operador que la medici\u00f3n avanza normalmente<\/li>\n<li>El calor corporal transferido al instrumento se reduce mediante un escudo t\u00e9rmico (extra\u00edble), minimizando el error causado por la expansi\u00f3n t\u00e9rmica del marco al realizar mediciones manuales.<\/li>\n<li>El sensor giratorio ABS (absoluto) tambi\u00e9n elimina la necesidad de realizar el ajuste de origen cada vez que se enciende la alimentaci\u00f3n, lo que le permite comenzar a medir de inmediato.<\/li>\n<li>Sin posibilidad de errores de exceso de velocidad, puede ofrecer un mayor nivel de fiabilidad<\/li>\n<\/ul>\n<p><strong>Funciones<\/strong><\/p>\n<ul>\n<li>Preajuste (sistema de medici\u00f3n ABS)<\/li>\n<li>Puesta a cero (sistema de medici\u00f3n INC)<\/li>\n<li>Espera, Cambio de resoluci\u00f3n, Bloqueo de funci\u00f3n, Encendido \/ apagado, Apagado autom\u00e1tico, Salida de datos de medici\u00f3n, Alarma de error<\/li>\n<\/ul>\n<p><strong>Aplicaciones<\/strong><\/p>\n<ul>\n<li>Medici\u00f3n precisa de objetos muy peque\u00f1os<\/li>\n<li>Ingenier\u00eda mec\u00e1nica<\/li>\n<li>Mecanizado<\/li>\n<\/ul>\n<h4>Mitutoyo 293-100-20 Especificaciones<\/h4>\n<table class=\"table table-striped\">\n<tbody>\n<tr>\n<td>Gama<\/td>\n<td>0 a 98,0&#8243; (25 a &lt;&gt; mm)<\/td>\n<\/tr>\n<tr>\n<td>Resoluci\u00f3n<\/td>\n<td>.000005&#8243;\/.00002&#8243;<br \/>\n0.0001\/0.0005 mm (conmutable)<\/td>\n<\/tr>\n<tr>\n<td>Exactitud<\/td>\n<td>0,01&#8243; (0,5 \u03bcm)<\/td>\n<\/tr>\n<tr>\n<td>Llanura<\/td>\n<td>0.3\u03bcm\/.000012&#8243;<\/td>\n<\/tr>\n<tr>\n<td>Paralelismo<\/td>\n<td>0.6\u03bcm\/.000024&#8243;<\/td>\n<\/tr>\n<tr>\n<td>Superficie de medici\u00f3n<\/td>\n<td>\u00d8.125&#8243; (\u00d83.2 mm)<\/td>\n<\/tr>\n<tr>\n<td>Medici\u00f3n de la fuerza<\/td>\n<td>7 a 9 N<\/td>\n<\/tr>\n<tr>\n<td>Masa<\/td>\n<td>0,88 lb (400 g)<br \/>\ncon cubierta t\u00e9rmica: 0 g (97,440 lb)<\/td>\n<\/tr>\n<tr>\n<td>Tipo de bater\u00eda<\/td>\n<td>Bater\u00eda de litio<\/td>\n<\/tr>\n<tr>\n<td>Duraci\u00f3n de la bater\u00eda<\/td>\n<td>Aproximadamente 2 a\u00f1os cuando se usa en condiciones normales<\/td>\n<\/tr>\n<\/tbody>\n<\/table>\n","protected":false},"excerpt":{"rendered":"<p class=\"short-description mhide ipad-view-setting\">Esta herramienta de mano es ideal para tomar mediciones de alta precisi\u00f3n. Cuenta con un marco r\u00edgido y un mecanismo de fuerza constante de alto rendimiento que permite mediciones estables. Tiene un escudo t\u00e9rmico extra\u00edble que minimiza el error causado por la expansi\u00f3n t\u00e9rmica del marco y ofrece un rango de 0 a 25 mm.<\/p>\n<p class=\"comment-tag-product\">\n<div class=\"row-fluid\">\n<div class=\"span12 mobile-pricing-box-padding\">\n<form id=\"107371\" accept-charset=\"utf-8\" action=\"https:\/\/www.globaltestsupply.com\/shop\/add\" method=\"post\" name=\"addTocartFunction\">\n<div><\/div>\n<\/form>\n<\/div>\n<\/div>\n","protected":false},"featured_media":4432,"comment_status":"open","ping_status":"closed","template":"","meta":{"_joinchat":[]},"product_brand":[],"product_cat":[15],"product_tag":[],"class_list":{"0":"post-4429","1":"product","2":"type-product","3":"status-publish","4":"has-post-thumbnail","6":"product_cat-sin-categorizar","8":"first","9":"instock","10":"shipping-taxable","11":"product-type-simple"},"yoast_head":"<!-- This site is optimized with the Yoast SEO plugin v26.4 - https:\/\/yoast.com\/wordpress\/plugins\/seo\/ -->\n<title>mitutoyo 293-100-20 micr\u00f3metro digim\u00e1tico de alta precisi\u00f3n, 0 a 25 mm - Abaa tienda online<\/title>\n<meta name=\"robots\" content=\"index, follow, max-snippet:-1, max-image-preview:large, max-video-preview:-1\" \/>\n<link rel=\"canonical\" href=\"https:\/\/abaa.mx\/tienda\/mitutoyo-293-100-20-micrometro-digimatico-de-alta-precision-0-a-25-mm\/\" \/>\n<meta property=\"og:locale\" content=\"es_MX\" \/>\n<meta property=\"og:type\" content=\"article\" \/>\n<meta property=\"og:title\" content=\"mitutoyo 293-100-20 micr\u00f3metro digim\u00e1tico de alta precisi\u00f3n, 0 a 25 mm - Abaa tienda online\" \/>\n<meta property=\"og:description\" content=\"Esta herramienta de mano es ideal para tomar mediciones de alta precisi\u00f3n. Cuenta con un marco r\u00edgido y un mecanismo de fuerza constante de alto rendimiento que permite mediciones estables. Tiene un escudo t\u00e9rmico extra\u00edble que minimiza el error causado por la expansi\u00f3n t\u00e9rmica del marco y ofrece un rango de 0 a 25 mm.\" \/>\n<meta property=\"og:url\" content=\"https:\/\/abaa.mx\/tienda\/mitutoyo-293-100-20-micrometro-digimatico-de-alta-precision-0-a-25-mm\/\" \/>\n<meta property=\"og:site_name\" content=\"Abaa tienda online\" \/>\n<meta property=\"article:modified_time\" content=\"2023-10-04T16:59:03+00:00\" \/>\n<meta property=\"og:image\" content=\"https:\/\/abaa.mx\/tienda\/wp-content\/uploads\/2023\/10\/293-100-20.jpg\" \/>\n\t<meta property=\"og:image:width\" content=\"270\" \/>\n\t<meta property=\"og:image:height\" content=\"223\" \/>\n\t<meta property=\"og:image:type\" content=\"image\/jpeg\" \/>\n<meta name=\"twitter:card\" content=\"summary_large_image\" \/>\n<meta name=\"twitter:label1\" content=\"Tiempo de lectura\" \/>\n\t<meta name=\"twitter:data1\" content=\"2 minutos\" \/>\n<script type=\"application\/ld+json\" class=\"yoast-schema-graph\">{\"@context\":\"https:\/\/schema.org\",\"@graph\":[{\"@type\":\"WebPage\",\"@id\":\"https:\/\/abaa.mx\/tienda\/mitutoyo-293-100-20-micrometro-digimatico-de-alta-precision-0-a-25-mm\/\",\"url\":\"https:\/\/abaa.mx\/tienda\/mitutoyo-293-100-20-micrometro-digimatico-de-alta-precision-0-a-25-mm\/\",\"name\":\"mitutoyo 293-100-20 micr\u00f3metro digim\u00e1tico de alta precisi\u00f3n, 0 a 25 mm - Abaa tienda online\",\"isPartOf\":{\"@id\":\"https:\/\/abaa.mx\/tienda\/#website\"},\"primaryImageOfPage\":{\"@id\":\"https:\/\/abaa.mx\/tienda\/mitutoyo-293-100-20-micrometro-digimatico-de-alta-precision-0-a-25-mm\/#primaryimage\"},\"image\":{\"@id\":\"https:\/\/abaa.mx\/tienda\/mitutoyo-293-100-20-micrometro-digimatico-de-alta-precision-0-a-25-mm\/#primaryimage\"},\"thumbnailUrl\":\"https:\/\/abaa.mx\/tienda\/wp-content\/uploads\/2023\/10\/293-100-20.jpg\",\"datePublished\":\"2023-10-04T16:59:02+00:00\",\"dateModified\":\"2023-10-04T16:59:03+00:00\",\"breadcrumb\":{\"@id\":\"https:\/\/abaa.mx\/tienda\/mitutoyo-293-100-20-micrometro-digimatico-de-alta-precision-0-a-25-mm\/#breadcrumb\"},\"inLanguage\":\"es\",\"potentialAction\":[{\"@type\":\"ReadAction\",\"target\":[\"https:\/\/abaa.mx\/tienda\/mitutoyo-293-100-20-micrometro-digimatico-de-alta-precision-0-a-25-mm\/\"]}]},{\"@type\":\"ImageObject\",\"inLanguage\":\"es\",\"@id\":\"https:\/\/abaa.mx\/tienda\/mitutoyo-293-100-20-micrometro-digimatico-de-alta-precision-0-a-25-mm\/#primaryimage\",\"url\":\"https:\/\/abaa.mx\/tienda\/wp-content\/uploads\/2023\/10\/293-100-20.jpg\",\"contentUrl\":\"https:\/\/abaa.mx\/tienda\/wp-content\/uploads\/2023\/10\/293-100-20.jpg\",\"width\":270,\"height\":223,\"caption\":\"293-100-20\"},{\"@type\":\"BreadcrumbList\",\"@id\":\"https:\/\/abaa.mx\/tienda\/mitutoyo-293-100-20-micrometro-digimatico-de-alta-precision-0-a-25-mm\/#breadcrumb\",\"itemListElement\":[{\"@type\":\"ListItem\",\"position\":1,\"name\":\"Inicio\",\"item\":\"https:\/\/abaa.mx\/tienda\/\"},{\"@type\":\"ListItem\",\"position\":2,\"name\":\"Tienda\",\"item\":\"https:\/\/abaa.mx\/tienda\/\"},{\"@type\":\"ListItem\",\"position\":3,\"name\":\"mitutoyo 293-100-20 micr\u00f3metro digim\u00e1tico de alta precisi\u00f3n, 0 a 25 mm\"}]},{\"@type\":\"WebSite\",\"@id\":\"https:\/\/abaa.mx\/tienda\/#website\",\"url\":\"https:\/\/abaa.mx\/tienda\/\",\"name\":\"Abaa tienda online\",\"description\":\"Instrumentos de medici\u00f3n\",\"publisher\":{\"@id\":\"https:\/\/abaa.mx\/tienda\/#organization\"},\"potentialAction\":[{\"@type\":\"SearchAction\",\"target\":{\"@type\":\"EntryPoint\",\"urlTemplate\":\"https:\/\/abaa.mx\/tienda\/?s={search_term_string}\"},\"query-input\":{\"@type\":\"PropertyValueSpecification\",\"valueRequired\":true,\"valueName\":\"search_term_string\"}}],\"inLanguage\":\"es\"},{\"@type\":\"Organization\",\"@id\":\"https:\/\/abaa.mx\/tienda\/#organization\",\"name\":\"Abaa tienda online\",\"url\":\"https:\/\/abaa.mx\/tienda\/\",\"logo\":{\"@type\":\"ImageObject\",\"inLanguage\":\"es\",\"@id\":\"https:\/\/abaa.mx\/tienda\/#\/schema\/logo\/image\/\",\"url\":\"https:\/\/abaa.mx\/tienda\/wp-content\/uploads\/2024\/01\/abaa-metrologia-tienda.png\",\"contentUrl\":\"https:\/\/abaa.mx\/tienda\/wp-content\/uploads\/2024\/01\/abaa-metrologia-tienda.png\",\"width\":300,\"height\":141,\"caption\":\"Abaa tienda online\"},\"image\":{\"@id\":\"https:\/\/abaa.mx\/tienda\/#\/schema\/logo\/image\/\"}}]}<\/script>\n<!-- \/ Yoast SEO plugin. -->","yoast_head_json":{"title":"mitutoyo 293-100-20 micr\u00f3metro digim\u00e1tico de alta precisi\u00f3n, 0 a 25 mm - Abaa tienda online","robots":{"index":"index","follow":"follow","max-snippet":"max-snippet:-1","max-image-preview":"max-image-preview:large","max-video-preview":"max-video-preview:-1"},"canonical":"https:\/\/abaa.mx\/tienda\/mitutoyo-293-100-20-micrometro-digimatico-de-alta-precision-0-a-25-mm\/","og_locale":"es_MX","og_type":"article","og_title":"mitutoyo 293-100-20 micr\u00f3metro digim\u00e1tico de alta precisi\u00f3n, 0 a 25 mm - Abaa tienda online","og_description":"Esta herramienta de mano es ideal para tomar mediciones de alta precisi\u00f3n. Cuenta con un marco r\u00edgido y un mecanismo de fuerza constante de alto rendimiento que permite mediciones estables. Tiene un escudo t\u00e9rmico extra\u00edble que minimiza el error causado por la expansi\u00f3n t\u00e9rmica del marco y ofrece un rango de 0 a 25 mm.","og_url":"https:\/\/abaa.mx\/tienda\/mitutoyo-293-100-20-micrometro-digimatico-de-alta-precision-0-a-25-mm\/","og_site_name":"Abaa tienda online","article_modified_time":"2023-10-04T16:59:03+00:00","og_image":[{"width":270,"height":223,"url":"https:\/\/abaa.mx\/tienda\/wp-content\/uploads\/2023\/10\/293-100-20.jpg","type":"image\/jpeg"}],"twitter_card":"summary_large_image","twitter_misc":{"Tiempo de lectura":"2 minutos"},"schema":{"@context":"https:\/\/schema.org","@graph":[{"@type":"WebPage","@id":"https:\/\/abaa.mx\/tienda\/mitutoyo-293-100-20-micrometro-digimatico-de-alta-precision-0-a-25-mm\/","url":"https:\/\/abaa.mx\/tienda\/mitutoyo-293-100-20-micrometro-digimatico-de-alta-precision-0-a-25-mm\/","name":"mitutoyo 293-100-20 micr\u00f3metro digim\u00e1tico de alta precisi\u00f3n, 0 a 25 mm - Abaa tienda online","isPartOf":{"@id":"https:\/\/abaa.mx\/tienda\/#website"},"primaryImageOfPage":{"@id":"https:\/\/abaa.mx\/tienda\/mitutoyo-293-100-20-micrometro-digimatico-de-alta-precision-0-a-25-mm\/#primaryimage"},"image":{"@id":"https:\/\/abaa.mx\/tienda\/mitutoyo-293-100-20-micrometro-digimatico-de-alta-precision-0-a-25-mm\/#primaryimage"},"thumbnailUrl":"https:\/\/abaa.mx\/tienda\/wp-content\/uploads\/2023\/10\/293-100-20.jpg","datePublished":"2023-10-04T16:59:02+00:00","dateModified":"2023-10-04T16:59:03+00:00","breadcrumb":{"@id":"https:\/\/abaa.mx\/tienda\/mitutoyo-293-100-20-micrometro-digimatico-de-alta-precision-0-a-25-mm\/#breadcrumb"},"inLanguage":"es","potentialAction":[{"@type":"ReadAction","target":["https:\/\/abaa.mx\/tienda\/mitutoyo-293-100-20-micrometro-digimatico-de-alta-precision-0-a-25-mm\/"]}]},{"@type":"ImageObject","inLanguage":"es","@id":"https:\/\/abaa.mx\/tienda\/mitutoyo-293-100-20-micrometro-digimatico-de-alta-precision-0-a-25-mm\/#primaryimage","url":"https:\/\/abaa.mx\/tienda\/wp-content\/uploads\/2023\/10\/293-100-20.jpg","contentUrl":"https:\/\/abaa.mx\/tienda\/wp-content\/uploads\/2023\/10\/293-100-20.jpg","width":270,"height":223,"caption":"293-100-20"},{"@type":"BreadcrumbList","@id":"https:\/\/abaa.mx\/tienda\/mitutoyo-293-100-20-micrometro-digimatico-de-alta-precision-0-a-25-mm\/#breadcrumb","itemListElement":[{"@type":"ListItem","position":1,"name":"Inicio","item":"https:\/\/abaa.mx\/tienda\/"},{"@type":"ListItem","position":2,"name":"Tienda","item":"https:\/\/abaa.mx\/tienda\/"},{"@type":"ListItem","position":3,"name":"mitutoyo 293-100-20 micr\u00f3metro digim\u00e1tico de alta precisi\u00f3n, 0 a 25 mm"}]},{"@type":"WebSite","@id":"https:\/\/abaa.mx\/tienda\/#website","url":"https:\/\/abaa.mx\/tienda\/","name":"Abaa tienda online","description":"Instrumentos de medici\u00f3n","publisher":{"@id":"https:\/\/abaa.mx\/tienda\/#organization"},"potentialAction":[{"@type":"SearchAction","target":{"@type":"EntryPoint","urlTemplate":"https:\/\/abaa.mx\/tienda\/?s={search_term_string}"},"query-input":{"@type":"PropertyValueSpecification","valueRequired":true,"valueName":"search_term_string"}}],"inLanguage":"es"},{"@type":"Organization","@id":"https:\/\/abaa.mx\/tienda\/#organization","name":"Abaa tienda online","url":"https:\/\/abaa.mx\/tienda\/","logo":{"@type":"ImageObject","inLanguage":"es","@id":"https:\/\/abaa.mx\/tienda\/#\/schema\/logo\/image\/","url":"https:\/\/abaa.mx\/tienda\/wp-content\/uploads\/2024\/01\/abaa-metrologia-tienda.png","contentUrl":"https:\/\/abaa.mx\/tienda\/wp-content\/uploads\/2024\/01\/abaa-metrologia-tienda.png","width":300,"height":141,"caption":"Abaa tienda online"},"image":{"@id":"https:\/\/abaa.mx\/tienda\/#\/schema\/logo\/image\/"}}]}},"_links":{"self":[{"href":"https:\/\/abaa.mx\/tienda\/wp-json\/wp\/v2\/product\/4429","targetHints":{"allow":["GET"]}}],"collection":[{"href":"https:\/\/abaa.mx\/tienda\/wp-json\/wp\/v2\/product"}],"about":[{"href":"https:\/\/abaa.mx\/tienda\/wp-json\/wp\/v2\/types\/product"}],"replies":[{"embeddable":true,"href":"https:\/\/abaa.mx\/tienda\/wp-json\/wp\/v2\/comments?post=4429"}],"wp:featuredmedia":[{"embeddable":true,"href":"https:\/\/abaa.mx\/tienda\/wp-json\/wp\/v2\/media\/4432"}],"wp:attachment":[{"href":"https:\/\/abaa.mx\/tienda\/wp-json\/wp\/v2\/media?parent=4429"}],"wp:term":[{"taxonomy":"product_brand","embeddable":true,"href":"https:\/\/abaa.mx\/tienda\/wp-json\/wp\/v2\/product_brand?post=4429"},{"taxonomy":"product_cat","embeddable":true,"href":"https:\/\/abaa.mx\/tienda\/wp-json\/wp\/v2\/product_cat?post=4429"},{"taxonomy":"product_tag","embeddable":true,"href":"https:\/\/abaa.mx\/tienda\/wp-json\/wp\/v2\/product_tag?post=4429"}],"curies":[{"name":"wp","href":"https:\/\/api.w.org\/{rel}","templated":true}]}}