{"id":4338,"date":"2023-10-04T15:40:13","date_gmt":"2023-10-04T15:40:13","guid":{"rendered":"https:\/\/abaa.mx\/tienda\/?post_type=product&#038;p=4338"},"modified":"2023-12-01T17:54:17","modified_gmt":"2023-12-01T17:54:17","slug":"mitutoyo-2902a-01-series-2-indicador-metrico-de-marcacion-ansi-agd-con-orejeta-rango-de-10-mm-revolucion-de-1-mm","status":"publish","type":"product","link":"https:\/\/abaa.mx\/tienda\/mitutoyo-2902a-01-series-2-indicador-metrico-de-marcacion-ansi-agd-con-orejeta-rango-de-10-mm-revolucion-de-1-mm\/","title":{"rendered":"mitutoyo 2902a-01 series 2 indicador m\u00e9trico de marcaci\u00f3n ansi-agd con orejeta, rango de 10 mm-revoluci\u00f3n de 1 mm"},"content":{"rendered":"<h4>Mitutoyo 2902A-01 Ofertas<\/h4>\n<p>El indicador m\u00e9trico de esfera ANSI\/AGD Mitutoyo 2902S-01 Series 2 con orejeta permite realizar mediciones precisas y minuciosas. Est\u00e1 dise\u00f1ado para funcionar con una fuerza de 14 N o menos para ayudar en la medici\u00f3n de peque\u00f1as variaciones de superficie para satisfacer sus necesidades.<\/p>\n<p><strong>Funciones<\/strong><\/p>\n<ul>\n<li>Permite la medici\u00f3n de peque\u00f1as variaciones en \u00e1ngulos y superficies<\/li>\n<li>La esfera de color facilita la lectura de los n\u00fameros<\/li>\n<li>#4-48 V\u00e1stago roscado UNF<\/li>\n<li>Completo con orejeta<\/li>\n<\/ul>\n<h4>Mitutoyo 2902A-01 Especificaciones<\/h4>\n<table class=\"table table-striped\">\n<tbody>\n<tr>\n<td>Mediciones de graduaci\u00f3n<\/td>\n<td>Mil\u00edmetros<\/td>\n<\/tr>\n<tr>\n<td>Exactitud<\/td>\n<td>0,01 mm primero 2,5; 0,013 mm en total<\/td>\n<\/tr>\n<tr>\n<td>Lectura de marcaci\u00f3n<\/td>\n<td>De 100 a 0<\/td>\n<\/tr>\n<tr>\n<td>Color de la esfera<\/td>\n<td>Amarillo<\/td>\n<\/tr>\n<tr>\n<td>Aprobaciones<\/td>\n<td>ANSI\/AGD<\/td>\n<\/tr>\n<tr>\n<td>Ancho del producto<\/td>\n<td>Di\u00e1metro del v\u00e1stago: 0.38&#8243; (9.5 mm)<\/td>\n<\/tr>\n<tr>\n<td>Unidad(es) de medici\u00f3n admitida(s)<\/td>\n<td>mil\u00edmetro<\/td>\n<\/tr>\n<tr>\n<td>Rango de medici\u00f3n<\/td>\n<td>Rango de 10 mm\/revoluci\u00f3n de 1 mm con graduaciones de 0,01 mm<\/td>\n<\/tr>\n<tr>\n<td>Fuerza de medici\u00f3n<\/td>\n<td>1.4 N o menos<\/td>\n<\/tr>\n<\/tbody>\n<\/table>\n","protected":false},"excerpt":{"rendered":"<p class=\"short-description mhide ipad-view-setting\">El indicador de dial permite al usuario medir peque\u00f1as variaciones en \u00e1ngulo y distancia. Cuenta con una placa frontal amarilla con graduaciones de 0,01 mm.<\/p>\n<div class=\"row-fluid\">\n<div class=\"span12 mobile-pricing-box-padding\">\n<form id=\"152597\" accept-charset=\"utf-8\" action=\"https:\/\/www.globaltestsupply.com\/shop\/add\" method=\"post\" name=\"addTocartFunction\">\n<div><\/div>\n<\/form>\n<\/div>\n<\/div>\n","protected":false},"featured_media":4342,"comment_status":"open","ping_status":"closed","template":"","meta":{"_joinchat":[]},"product_brand":[],"product_cat":[15],"product_tag":[],"class_list":{"0":"post-4338","1":"product","2":"type-product","3":"status-publish","4":"has-post-thumbnail","6":"product_cat-sin-categorizar","8":"first","9":"instock","10":"shipping-taxable","11":"product-type-simple"},"yoast_head":"<!-- This site is optimized with the Yoast SEO plugin v26.4 - https:\/\/yoast.com\/wordpress\/plugins\/seo\/ -->\n<title>mitutoyo 2902a-01 series 2 indicador m\u00e9trico de marcaci\u00f3n ansi-agd con orejeta, rango de 10 mm-revoluci\u00f3n de 1 mm - Abaa tienda online<\/title>\n<meta name=\"robots\" content=\"index, follow, max-snippet:-1, max-image-preview:large, max-video-preview:-1\" \/>\n<link rel=\"canonical\" href=\"https:\/\/abaa.mx\/tienda\/mitutoyo-2902a-01-series-2-indicador-metrico-de-marcacion-ansi-agd-con-orejeta-rango-de-10-mm-revolucion-de-1-mm\/\" \/>\n<meta property=\"og:locale\" content=\"es_MX\" \/>\n<meta property=\"og:type\" content=\"article\" \/>\n<meta property=\"og:title\" content=\"mitutoyo 2902a-01 series 2 indicador m\u00e9trico de marcaci\u00f3n ansi-agd con orejeta, rango de 10 mm-revoluci\u00f3n de 1 mm - Abaa tienda online\" \/>\n<meta property=\"og:description\" content=\"El indicador de dial permite al usuario medir peque\u00f1as variaciones en \u00e1ngulo y distancia. Cuenta con una placa frontal amarilla con graduaciones de 0,01 mm.\" \/>\n<meta property=\"og:url\" content=\"https:\/\/abaa.mx\/tienda\/mitutoyo-2902a-01-series-2-indicador-metrico-de-marcacion-ansi-agd-con-orejeta-rango-de-10-mm-revolucion-de-1-mm\/\" \/>\n<meta property=\"og:site_name\" content=\"Abaa tienda online\" \/>\n<meta property=\"article:modified_time\" content=\"2023-12-01T17:54:17+00:00\" \/>\n<meta property=\"og:image\" content=\"https:\/\/abaa.mx\/tienda\/wp-content\/uploads\/2023\/10\/2902A-01-1.jpeg\" \/>\n\t<meta property=\"og:image:width\" content=\"612\" \/>\n\t<meta property=\"og:image:height\" content=\"612\" \/>\n\t<meta property=\"og:image:type\" content=\"image\/jpeg\" \/>\n<meta name=\"twitter:card\" content=\"summary_large_image\" \/>\n<meta name=\"twitter:label1\" content=\"Tiempo de lectura\" \/>\n\t<meta name=\"twitter:data1\" content=\"1 minuto\" \/>\n<script type=\"application\/ld+json\" class=\"yoast-schema-graph\">{\"@context\":\"https:\/\/schema.org\",\"@graph\":[{\"@type\":\"WebPage\",\"@id\":\"https:\/\/abaa.mx\/tienda\/mitutoyo-2902a-01-series-2-indicador-metrico-de-marcacion-ansi-agd-con-orejeta-rango-de-10-mm-revolucion-de-1-mm\/\",\"url\":\"https:\/\/abaa.mx\/tienda\/mitutoyo-2902a-01-series-2-indicador-metrico-de-marcacion-ansi-agd-con-orejeta-rango-de-10-mm-revolucion-de-1-mm\/\",\"name\":\"mitutoyo 2902a-01 series 2 indicador m\u00e9trico de marcaci\u00f3n ansi-agd con orejeta, rango de 10 mm-revoluci\u00f3n de 1 mm - Abaa tienda online\",\"isPartOf\":{\"@id\":\"https:\/\/abaa.mx\/tienda\/#website\"},\"primaryImageOfPage\":{\"@id\":\"https:\/\/abaa.mx\/tienda\/mitutoyo-2902a-01-series-2-indicador-metrico-de-marcacion-ansi-agd-con-orejeta-rango-de-10-mm-revolucion-de-1-mm\/#primaryimage\"},\"image\":{\"@id\":\"https:\/\/abaa.mx\/tienda\/mitutoyo-2902a-01-series-2-indicador-metrico-de-marcacion-ansi-agd-con-orejeta-rango-de-10-mm-revolucion-de-1-mm\/#primaryimage\"},\"thumbnailUrl\":\"https:\/\/abaa.mx\/tienda\/wp-content\/uploads\/2023\/10\/2902A-01-1.jpeg\",\"datePublished\":\"2023-10-04T15:40:13+00:00\",\"dateModified\":\"2023-12-01T17:54:17+00:00\",\"breadcrumb\":{\"@id\":\"https:\/\/abaa.mx\/tienda\/mitutoyo-2902a-01-series-2-indicador-metrico-de-marcacion-ansi-agd-con-orejeta-rango-de-10-mm-revolucion-de-1-mm\/#breadcrumb\"},\"inLanguage\":\"es\",\"potentialAction\":[{\"@type\":\"ReadAction\",\"target\":[\"https:\/\/abaa.mx\/tienda\/mitutoyo-2902a-01-series-2-indicador-metrico-de-marcacion-ansi-agd-con-orejeta-rango-de-10-mm-revolucion-de-1-mm\/\"]}]},{\"@type\":\"ImageObject\",\"inLanguage\":\"es\",\"@id\":\"https:\/\/abaa.mx\/tienda\/mitutoyo-2902a-01-series-2-indicador-metrico-de-marcacion-ansi-agd-con-orejeta-rango-de-10-mm-revolucion-de-1-mm\/#primaryimage\",\"url\":\"https:\/\/abaa.mx\/tienda\/wp-content\/uploads\/2023\/10\/2902A-01-1.jpeg\",\"contentUrl\":\"https:\/\/abaa.mx\/tienda\/wp-content\/uploads\/2023\/10\/2902A-01-1.jpeg\",\"width\":612,\"height\":612,\"caption\":\"2902A-01\"},{\"@type\":\"BreadcrumbList\",\"@id\":\"https:\/\/abaa.mx\/tienda\/mitutoyo-2902a-01-series-2-indicador-metrico-de-marcacion-ansi-agd-con-orejeta-rango-de-10-mm-revolucion-de-1-mm\/#breadcrumb\",\"itemListElement\":[{\"@type\":\"ListItem\",\"position\":1,\"name\":\"Inicio\",\"item\":\"https:\/\/abaa.mx\/tienda\/\"},{\"@type\":\"ListItem\",\"position\":2,\"name\":\"Tienda\",\"item\":\"https:\/\/abaa.mx\/tienda\/\"},{\"@type\":\"ListItem\",\"position\":3,\"name\":\"mitutoyo 2902a-01 series 2 indicador m\u00e9trico de marcaci\u00f3n ansi-agd con orejeta, rango de 10 mm-revoluci\u00f3n de 1 mm\"}]},{\"@type\":\"WebSite\",\"@id\":\"https:\/\/abaa.mx\/tienda\/#website\",\"url\":\"https:\/\/abaa.mx\/tienda\/\",\"name\":\"Abaa tienda online\",\"description\":\"Instrumentos de medici\u00f3n\",\"publisher\":{\"@id\":\"https:\/\/abaa.mx\/tienda\/#organization\"},\"potentialAction\":[{\"@type\":\"SearchAction\",\"target\":{\"@type\":\"EntryPoint\",\"urlTemplate\":\"https:\/\/abaa.mx\/tienda\/?s={search_term_string}\"},\"query-input\":{\"@type\":\"PropertyValueSpecification\",\"valueRequired\":true,\"valueName\":\"search_term_string\"}}],\"inLanguage\":\"es\"},{\"@type\":\"Organization\",\"@id\":\"https:\/\/abaa.mx\/tienda\/#organization\",\"name\":\"Abaa tienda online\",\"url\":\"https:\/\/abaa.mx\/tienda\/\",\"logo\":{\"@type\":\"ImageObject\",\"inLanguage\":\"es\",\"@id\":\"https:\/\/abaa.mx\/tienda\/#\/schema\/logo\/image\/\",\"url\":\"https:\/\/abaa.mx\/tienda\/wp-content\/uploads\/2024\/01\/abaa-metrologia-tienda.png\",\"contentUrl\":\"https:\/\/abaa.mx\/tienda\/wp-content\/uploads\/2024\/01\/abaa-metrologia-tienda.png\",\"width\":300,\"height\":141,\"caption\":\"Abaa tienda online\"},\"image\":{\"@id\":\"https:\/\/abaa.mx\/tienda\/#\/schema\/logo\/image\/\"}}]}<\/script>\n<!-- \/ Yoast SEO plugin. -->","yoast_head_json":{"title":"mitutoyo 2902a-01 series 2 indicador m\u00e9trico de marcaci\u00f3n ansi-agd con orejeta, rango de 10 mm-revoluci\u00f3n de 1 mm - Abaa tienda online","robots":{"index":"index","follow":"follow","max-snippet":"max-snippet:-1","max-image-preview":"max-image-preview:large","max-video-preview":"max-video-preview:-1"},"canonical":"https:\/\/abaa.mx\/tienda\/mitutoyo-2902a-01-series-2-indicador-metrico-de-marcacion-ansi-agd-con-orejeta-rango-de-10-mm-revolucion-de-1-mm\/","og_locale":"es_MX","og_type":"article","og_title":"mitutoyo 2902a-01 series 2 indicador m\u00e9trico de marcaci\u00f3n ansi-agd con orejeta, rango de 10 mm-revoluci\u00f3n de 1 mm - Abaa tienda online","og_description":"El indicador de dial permite al usuario medir peque\u00f1as variaciones en \u00e1ngulo y distancia. Cuenta con una placa frontal amarilla con graduaciones de 0,01 mm.","og_url":"https:\/\/abaa.mx\/tienda\/mitutoyo-2902a-01-series-2-indicador-metrico-de-marcacion-ansi-agd-con-orejeta-rango-de-10-mm-revolucion-de-1-mm\/","og_site_name":"Abaa tienda online","article_modified_time":"2023-12-01T17:54:17+00:00","og_image":[{"width":612,"height":612,"url":"https:\/\/abaa.mx\/tienda\/wp-content\/uploads\/2023\/10\/2902A-01-1.jpeg","type":"image\/jpeg"}],"twitter_card":"summary_large_image","twitter_misc":{"Tiempo de lectura":"1 minuto"},"schema":{"@context":"https:\/\/schema.org","@graph":[{"@type":"WebPage","@id":"https:\/\/abaa.mx\/tienda\/mitutoyo-2902a-01-series-2-indicador-metrico-de-marcacion-ansi-agd-con-orejeta-rango-de-10-mm-revolucion-de-1-mm\/","url":"https:\/\/abaa.mx\/tienda\/mitutoyo-2902a-01-series-2-indicador-metrico-de-marcacion-ansi-agd-con-orejeta-rango-de-10-mm-revolucion-de-1-mm\/","name":"mitutoyo 2902a-01 series 2 indicador m\u00e9trico de marcaci\u00f3n ansi-agd con orejeta, rango de 10 mm-revoluci\u00f3n de 1 mm - Abaa tienda online","isPartOf":{"@id":"https:\/\/abaa.mx\/tienda\/#website"},"primaryImageOfPage":{"@id":"https:\/\/abaa.mx\/tienda\/mitutoyo-2902a-01-series-2-indicador-metrico-de-marcacion-ansi-agd-con-orejeta-rango-de-10-mm-revolucion-de-1-mm\/#primaryimage"},"image":{"@id":"https:\/\/abaa.mx\/tienda\/mitutoyo-2902a-01-series-2-indicador-metrico-de-marcacion-ansi-agd-con-orejeta-rango-de-10-mm-revolucion-de-1-mm\/#primaryimage"},"thumbnailUrl":"https:\/\/abaa.mx\/tienda\/wp-content\/uploads\/2023\/10\/2902A-01-1.jpeg","datePublished":"2023-10-04T15:40:13+00:00","dateModified":"2023-12-01T17:54:17+00:00","breadcrumb":{"@id":"https:\/\/abaa.mx\/tienda\/mitutoyo-2902a-01-series-2-indicador-metrico-de-marcacion-ansi-agd-con-orejeta-rango-de-10-mm-revolucion-de-1-mm\/#breadcrumb"},"inLanguage":"es","potentialAction":[{"@type":"ReadAction","target":["https:\/\/abaa.mx\/tienda\/mitutoyo-2902a-01-series-2-indicador-metrico-de-marcacion-ansi-agd-con-orejeta-rango-de-10-mm-revolucion-de-1-mm\/"]}]},{"@type":"ImageObject","inLanguage":"es","@id":"https:\/\/abaa.mx\/tienda\/mitutoyo-2902a-01-series-2-indicador-metrico-de-marcacion-ansi-agd-con-orejeta-rango-de-10-mm-revolucion-de-1-mm\/#primaryimage","url":"https:\/\/abaa.mx\/tienda\/wp-content\/uploads\/2023\/10\/2902A-01-1.jpeg","contentUrl":"https:\/\/abaa.mx\/tienda\/wp-content\/uploads\/2023\/10\/2902A-01-1.jpeg","width":612,"height":612,"caption":"2902A-01"},{"@type":"BreadcrumbList","@id":"https:\/\/abaa.mx\/tienda\/mitutoyo-2902a-01-series-2-indicador-metrico-de-marcacion-ansi-agd-con-orejeta-rango-de-10-mm-revolucion-de-1-mm\/#breadcrumb","itemListElement":[{"@type":"ListItem","position":1,"name":"Inicio","item":"https:\/\/abaa.mx\/tienda\/"},{"@type":"ListItem","position":2,"name":"Tienda","item":"https:\/\/abaa.mx\/tienda\/"},{"@type":"ListItem","position":3,"name":"mitutoyo 2902a-01 series 2 indicador m\u00e9trico de marcaci\u00f3n ansi-agd con orejeta, rango de 10 mm-revoluci\u00f3n de 1 mm"}]},{"@type":"WebSite","@id":"https:\/\/abaa.mx\/tienda\/#website","url":"https:\/\/abaa.mx\/tienda\/","name":"Abaa tienda online","description":"Instrumentos de medici\u00f3n","publisher":{"@id":"https:\/\/abaa.mx\/tienda\/#organization"},"potentialAction":[{"@type":"SearchAction","target":{"@type":"EntryPoint","urlTemplate":"https:\/\/abaa.mx\/tienda\/?s={search_term_string}"},"query-input":{"@type":"PropertyValueSpecification","valueRequired":true,"valueName":"search_term_string"}}],"inLanguage":"es"},{"@type":"Organization","@id":"https:\/\/abaa.mx\/tienda\/#organization","name":"Abaa tienda online","url":"https:\/\/abaa.mx\/tienda\/","logo":{"@type":"ImageObject","inLanguage":"es","@id":"https:\/\/abaa.mx\/tienda\/#\/schema\/logo\/image\/","url":"https:\/\/abaa.mx\/tienda\/wp-content\/uploads\/2024\/01\/abaa-metrologia-tienda.png","contentUrl":"https:\/\/abaa.mx\/tienda\/wp-content\/uploads\/2024\/01\/abaa-metrologia-tienda.png","width":300,"height":141,"caption":"Abaa tienda online"},"image":{"@id":"https:\/\/abaa.mx\/tienda\/#\/schema\/logo\/image\/"}}]}},"_links":{"self":[{"href":"https:\/\/abaa.mx\/tienda\/wp-json\/wp\/v2\/product\/4338","targetHints":{"allow":["GET"]}}],"collection":[{"href":"https:\/\/abaa.mx\/tienda\/wp-json\/wp\/v2\/product"}],"about":[{"href":"https:\/\/abaa.mx\/tienda\/wp-json\/wp\/v2\/types\/product"}],"replies":[{"embeddable":true,"href":"https:\/\/abaa.mx\/tienda\/wp-json\/wp\/v2\/comments?post=4338"}],"wp:featuredmedia":[{"embeddable":true,"href":"https:\/\/abaa.mx\/tienda\/wp-json\/wp\/v2\/media\/4342"}],"wp:attachment":[{"href":"https:\/\/abaa.mx\/tienda\/wp-json\/wp\/v2\/media?parent=4338"}],"wp:term":[{"taxonomy":"product_brand","embeddable":true,"href":"https:\/\/abaa.mx\/tienda\/wp-json\/wp\/v2\/product_brand?post=4338"},{"taxonomy":"product_cat","embeddable":true,"href":"https:\/\/abaa.mx\/tienda\/wp-json\/wp\/v2\/product_cat?post=4338"},{"taxonomy":"product_tag","embeddable":true,"href":"https:\/\/abaa.mx\/tienda\/wp-json\/wp\/v2\/product_tag?post=4338"}],"curies":[{"name":"wp","href":"https:\/\/api.w.org\/{rel}","templated":true}]}}