{"id":4146,"date":"2023-10-02T19:02:40","date_gmt":"2023-10-02T19:02:40","guid":{"rendered":"https:\/\/abaa.mx\/tienda\/?post_type=product&#038;p=4146"},"modified":"2023-10-02T19:02:40","modified_gmt":"2023-10-02T19:02:40","slug":"mitutoyo-2358ab-10-series-2-indicador-de-dial-plano-estandar-0-5-sae","status":"publish","type":"product","link":"https:\/\/abaa.mx\/tienda\/mitutoyo-2358ab-10-series-2-indicador-de-dial-plano-estandar-0-5-sae\/","title":{"rendered":"mitutoyo 2358ab-10 series 2 indicador de dial plano est\u00e1ndar, 0.5&#8243;, sae"},"content":{"rendered":"<h4>Mitutoyo 2358AB-10 Ofertas<\/h4>\n<p>&nbsp;<\/p>\n<p>El indicador de dial plano est\u00e1ndar Mitutoyo 2358SB-10 Series 2 ofrece lecturas en pulgadas con precisi\u00f3n precisa. El v\u00e1stago cuenta con un di\u00e1metro de 0,38&#8243; (9,5 mm) con rosca para una f\u00e1cil configuraci\u00f3n con el resto de su equipo.<\/p>\n<p><strong>Funciones<\/strong><\/p>\n<ul>\n<li>V\u00e1stago de 0,38&#8243; (9,5 mm) de di\u00e1metro con rosca UNF de 4 a 48<\/li>\n<li>Ofertas 0.0001&#8243; graduaciones<\/li>\n<li>Fuerza: 2 N o menos<\/li>\n<li>Dise\u00f1o plano para aplicaciones compactas<\/li>\n<\/ul>\n<h4>Mitutoyo 2358AB-10 Especificaciones<\/h4>\n<p>&nbsp;<\/p>\n<table class=\"table table-striped\">\n<tbody>\n<tr>\n<td>Unidad(es) de medici\u00f3n admitida(s)<\/td>\n<td>en<\/td>\n<\/tr>\n<tr>\n<td>Rango de medici\u00f3n<\/td>\n<td>Revoluci\u00f3n de 0,5&#8243; por 0,01&#8243;<\/td>\n<\/tr>\n<tr>\n<td>Exactitud<\/td>\n<td>0.0001&#8243; primeras 2.5 revoluciones; 0.0008&#8243; en total<\/td>\n<\/tr>\n<tr>\n<td>Lectura de marcaci\u00f3n<\/td>\n<td>0 a 10<\/td>\n<\/tr>\n<tr>\n<td>Color de la esfera<\/td>\n<td>Blanco\/negro<\/td>\n<\/tr>\n<tr>\n<td>Mediciones de graduaci\u00f3n<\/td>\n<td>Pulgadas<\/td>\n<\/tr>\n<\/tbody>\n<\/table>\n","protected":false},"excerpt":{"rendered":"<h4>Mitutoyo 2358AB-10 Ofertas<\/h4>\n<p>&nbsp;<\/p>\n<p>El indicador de dial plano est\u00e1ndar Mitutoyo 2358SB-10 Series 2 ofrece lecturas en pulgadas con precisi\u00f3n precisa. El v\u00e1stago cuenta con un di\u00e1metro de 0,38&#8243; (9,5 mm) con rosca para una f\u00e1cil configuraci\u00f3n con el resto de su equipo.<\/p>\n<p><strong>Funciones<\/strong><\/p>\n<ul>\n<li>V\u00e1stago de 0,38&#8243; (9,5 mm) de di\u00e1metro con rosca UNF de 4 a 48<\/li>\n<li>Ofertas 0.0001&#8243; graduaciones<\/li>\n<li>Fuerza: 2 N o menos<\/li>\n<li>Dise\u00f1o plano para aplicaciones compactas<\/li>\n<\/ul>\n","protected":false},"featured_media":4161,"comment_status":"open","ping_status":"closed","template":"","meta":{"_joinchat":[]},"product_brand":[],"product_cat":[15],"product_tag":[],"class_list":{"0":"post-4146","1":"product","2":"type-product","3":"status-publish","4":"has-post-thumbnail","6":"product_cat-sin-categorizar","8":"first","9":"instock","10":"shipping-taxable","11":"product-type-simple"},"yoast_head":"<!-- This site is optimized with the Yoast SEO plugin v26.4 - https:\/\/yoast.com\/wordpress\/plugins\/seo\/ -->\n<title>mitutoyo 2358ab-10 series 2 indicador de dial plano est\u00e1ndar, 0.5&quot;, sae - Abaa tienda online<\/title>\n<meta name=\"robots\" content=\"index, follow, max-snippet:-1, max-image-preview:large, max-video-preview:-1\" \/>\n<link rel=\"canonical\" href=\"https:\/\/abaa.mx\/tienda\/mitutoyo-2358ab-10-series-2-indicador-de-dial-plano-estandar-0-5-sae\/\" \/>\n<meta property=\"og:locale\" content=\"es_MX\" \/>\n<meta property=\"og:type\" content=\"article\" \/>\n<meta property=\"og:title\" content=\"mitutoyo 2358ab-10 series 2 indicador de dial plano est\u00e1ndar, 0.5&quot;, sae - Abaa tienda online\" \/>\n<meta property=\"og:description\" content=\"Mitutoyo 2358AB-10 Ofertas &nbsp;  El indicador de dial plano est\u00e1ndar Mitutoyo 2358SB-10 Series 2 ofrece lecturas en pulgadas con precisi\u00f3n precisa. El v\u00e1stago cuenta con un di\u00e1metro de 0,38&quot; (9,5 mm) con rosca para una f\u00e1cil configuraci\u00f3n con el resto de su equipo.  Funciones   V\u00e1stago de 0,38&quot; (9,5 mm) de di\u00e1metro con rosca UNF de 4 a 48  Ofertas 0.0001&quot; graduaciones  Fuerza: 2 N o menos  Dise\u00f1o plano para aplicaciones compactas\" \/>\n<meta property=\"og:url\" content=\"https:\/\/abaa.mx\/tienda\/mitutoyo-2358ab-10-series-2-indicador-de-dial-plano-estandar-0-5-sae\/\" \/>\n<meta property=\"og:site_name\" content=\"Abaa tienda online\" \/>\n<meta property=\"og:image\" content=\"https:\/\/abaa.mx\/tienda\/wp-content\/uploads\/2023\/10\/2358AB-10.jpg\" \/>\n\t<meta property=\"og:image:width\" content=\"270\" \/>\n\t<meta property=\"og:image:height\" content=\"390\" \/>\n\t<meta property=\"og:image:type\" content=\"image\/jpeg\" \/>\n<meta name=\"twitter:card\" content=\"summary_large_image\" \/>\n<meta name=\"twitter:label1\" content=\"Tiempo de lectura\" \/>\n\t<meta name=\"twitter:data1\" content=\"1 minuto\" \/>\n<script type=\"application\/ld+json\" class=\"yoast-schema-graph\">{\"@context\":\"https:\/\/schema.org\",\"@graph\":[{\"@type\":\"WebPage\",\"@id\":\"https:\/\/abaa.mx\/tienda\/mitutoyo-2358ab-10-series-2-indicador-de-dial-plano-estandar-0-5-sae\/\",\"url\":\"https:\/\/abaa.mx\/tienda\/mitutoyo-2358ab-10-series-2-indicador-de-dial-plano-estandar-0-5-sae\/\",\"name\":\"mitutoyo 2358ab-10 series 2 indicador de dial plano est\u00e1ndar, 0.5\\\", sae - Abaa tienda online\",\"isPartOf\":{\"@id\":\"https:\/\/abaa.mx\/tienda\/#website\"},\"primaryImageOfPage\":{\"@id\":\"https:\/\/abaa.mx\/tienda\/mitutoyo-2358ab-10-series-2-indicador-de-dial-plano-estandar-0-5-sae\/#primaryimage\"},\"image\":{\"@id\":\"https:\/\/abaa.mx\/tienda\/mitutoyo-2358ab-10-series-2-indicador-de-dial-plano-estandar-0-5-sae\/#primaryimage\"},\"thumbnailUrl\":\"https:\/\/abaa.mx\/tienda\/wp-content\/uploads\/2023\/10\/2358AB-10.jpg\",\"datePublished\":\"2023-10-02T19:02:40+00:00\",\"breadcrumb\":{\"@id\":\"https:\/\/abaa.mx\/tienda\/mitutoyo-2358ab-10-series-2-indicador-de-dial-plano-estandar-0-5-sae\/#breadcrumb\"},\"inLanguage\":\"es\",\"potentialAction\":[{\"@type\":\"ReadAction\",\"target\":[\"https:\/\/abaa.mx\/tienda\/mitutoyo-2358ab-10-series-2-indicador-de-dial-plano-estandar-0-5-sae\/\"]}]},{\"@type\":\"ImageObject\",\"inLanguage\":\"es\",\"@id\":\"https:\/\/abaa.mx\/tienda\/mitutoyo-2358ab-10-series-2-indicador-de-dial-plano-estandar-0-5-sae\/#primaryimage\",\"url\":\"https:\/\/abaa.mx\/tienda\/wp-content\/uploads\/2023\/10\/2358AB-10.jpg\",\"contentUrl\":\"https:\/\/abaa.mx\/tienda\/wp-content\/uploads\/2023\/10\/2358AB-10.jpg\",\"width\":270,\"height\":390,\"caption\":\"2358AB-10\"},{\"@type\":\"BreadcrumbList\",\"@id\":\"https:\/\/abaa.mx\/tienda\/mitutoyo-2358ab-10-series-2-indicador-de-dial-plano-estandar-0-5-sae\/#breadcrumb\",\"itemListElement\":[{\"@type\":\"ListItem\",\"position\":1,\"name\":\"Inicio\",\"item\":\"https:\/\/abaa.mx\/tienda\/\"},{\"@type\":\"ListItem\",\"position\":2,\"name\":\"Tienda\",\"item\":\"https:\/\/abaa.mx\/tienda\/\"},{\"@type\":\"ListItem\",\"position\":3,\"name\":\"mitutoyo 2358ab-10 series 2 indicador de dial plano est\u00e1ndar, 0.5&#8243;, sae\"}]},{\"@type\":\"WebSite\",\"@id\":\"https:\/\/abaa.mx\/tienda\/#website\",\"url\":\"https:\/\/abaa.mx\/tienda\/\",\"name\":\"Abaa tienda online\",\"description\":\"Instrumentos de medici\u00f3n\",\"publisher\":{\"@id\":\"https:\/\/abaa.mx\/tienda\/#organization\"},\"potentialAction\":[{\"@type\":\"SearchAction\",\"target\":{\"@type\":\"EntryPoint\",\"urlTemplate\":\"https:\/\/abaa.mx\/tienda\/?s={search_term_string}\"},\"query-input\":{\"@type\":\"PropertyValueSpecification\",\"valueRequired\":true,\"valueName\":\"search_term_string\"}}],\"inLanguage\":\"es\"},{\"@type\":\"Organization\",\"@id\":\"https:\/\/abaa.mx\/tienda\/#organization\",\"name\":\"Abaa tienda online\",\"url\":\"https:\/\/abaa.mx\/tienda\/\",\"logo\":{\"@type\":\"ImageObject\",\"inLanguage\":\"es\",\"@id\":\"https:\/\/abaa.mx\/tienda\/#\/schema\/logo\/image\/\",\"url\":\"https:\/\/abaa.mx\/tienda\/wp-content\/uploads\/2024\/01\/abaa-metrologia-tienda.png\",\"contentUrl\":\"https:\/\/abaa.mx\/tienda\/wp-content\/uploads\/2024\/01\/abaa-metrologia-tienda.png\",\"width\":300,\"height\":141,\"caption\":\"Abaa tienda online\"},\"image\":{\"@id\":\"https:\/\/abaa.mx\/tienda\/#\/schema\/logo\/image\/\"}}]}<\/script>\n<!-- \/ Yoast SEO plugin. -->","yoast_head_json":{"title":"mitutoyo 2358ab-10 series 2 indicador de dial plano est\u00e1ndar, 0.5\", sae - Abaa tienda online","robots":{"index":"index","follow":"follow","max-snippet":"max-snippet:-1","max-image-preview":"max-image-preview:large","max-video-preview":"max-video-preview:-1"},"canonical":"https:\/\/abaa.mx\/tienda\/mitutoyo-2358ab-10-series-2-indicador-de-dial-plano-estandar-0-5-sae\/","og_locale":"es_MX","og_type":"article","og_title":"mitutoyo 2358ab-10 series 2 indicador de dial plano est\u00e1ndar, 0.5\", sae - Abaa tienda online","og_description":"Mitutoyo 2358AB-10 Ofertas &nbsp;  El indicador de dial plano est\u00e1ndar Mitutoyo 2358SB-10 Series 2 ofrece lecturas en pulgadas con precisi\u00f3n precisa. El v\u00e1stago cuenta con un di\u00e1metro de 0,38\" (9,5 mm) con rosca para una f\u00e1cil configuraci\u00f3n con el resto de su equipo.  Funciones   V\u00e1stago de 0,38\" (9,5 mm) de di\u00e1metro con rosca UNF de 4 a 48  Ofertas 0.0001\" graduaciones  Fuerza: 2 N o menos  Dise\u00f1o plano para aplicaciones compactas","og_url":"https:\/\/abaa.mx\/tienda\/mitutoyo-2358ab-10-series-2-indicador-de-dial-plano-estandar-0-5-sae\/","og_site_name":"Abaa tienda online","og_image":[{"width":270,"height":390,"url":"https:\/\/abaa.mx\/tienda\/wp-content\/uploads\/2023\/10\/2358AB-10.jpg","type":"image\/jpeg"}],"twitter_card":"summary_large_image","twitter_misc":{"Tiempo de lectura":"1 minuto"},"schema":{"@context":"https:\/\/schema.org","@graph":[{"@type":"WebPage","@id":"https:\/\/abaa.mx\/tienda\/mitutoyo-2358ab-10-series-2-indicador-de-dial-plano-estandar-0-5-sae\/","url":"https:\/\/abaa.mx\/tienda\/mitutoyo-2358ab-10-series-2-indicador-de-dial-plano-estandar-0-5-sae\/","name":"mitutoyo 2358ab-10 series 2 indicador de dial plano est\u00e1ndar, 0.5\", sae - Abaa tienda online","isPartOf":{"@id":"https:\/\/abaa.mx\/tienda\/#website"},"primaryImageOfPage":{"@id":"https:\/\/abaa.mx\/tienda\/mitutoyo-2358ab-10-series-2-indicador-de-dial-plano-estandar-0-5-sae\/#primaryimage"},"image":{"@id":"https:\/\/abaa.mx\/tienda\/mitutoyo-2358ab-10-series-2-indicador-de-dial-plano-estandar-0-5-sae\/#primaryimage"},"thumbnailUrl":"https:\/\/abaa.mx\/tienda\/wp-content\/uploads\/2023\/10\/2358AB-10.jpg","datePublished":"2023-10-02T19:02:40+00:00","breadcrumb":{"@id":"https:\/\/abaa.mx\/tienda\/mitutoyo-2358ab-10-series-2-indicador-de-dial-plano-estandar-0-5-sae\/#breadcrumb"},"inLanguage":"es","potentialAction":[{"@type":"ReadAction","target":["https:\/\/abaa.mx\/tienda\/mitutoyo-2358ab-10-series-2-indicador-de-dial-plano-estandar-0-5-sae\/"]}]},{"@type":"ImageObject","inLanguage":"es","@id":"https:\/\/abaa.mx\/tienda\/mitutoyo-2358ab-10-series-2-indicador-de-dial-plano-estandar-0-5-sae\/#primaryimage","url":"https:\/\/abaa.mx\/tienda\/wp-content\/uploads\/2023\/10\/2358AB-10.jpg","contentUrl":"https:\/\/abaa.mx\/tienda\/wp-content\/uploads\/2023\/10\/2358AB-10.jpg","width":270,"height":390,"caption":"2358AB-10"},{"@type":"BreadcrumbList","@id":"https:\/\/abaa.mx\/tienda\/mitutoyo-2358ab-10-series-2-indicador-de-dial-plano-estandar-0-5-sae\/#breadcrumb","itemListElement":[{"@type":"ListItem","position":1,"name":"Inicio","item":"https:\/\/abaa.mx\/tienda\/"},{"@type":"ListItem","position":2,"name":"Tienda","item":"https:\/\/abaa.mx\/tienda\/"},{"@type":"ListItem","position":3,"name":"mitutoyo 2358ab-10 series 2 indicador de dial plano est\u00e1ndar, 0.5&#8243;, sae"}]},{"@type":"WebSite","@id":"https:\/\/abaa.mx\/tienda\/#website","url":"https:\/\/abaa.mx\/tienda\/","name":"Abaa tienda online","description":"Instrumentos de medici\u00f3n","publisher":{"@id":"https:\/\/abaa.mx\/tienda\/#organization"},"potentialAction":[{"@type":"SearchAction","target":{"@type":"EntryPoint","urlTemplate":"https:\/\/abaa.mx\/tienda\/?s={search_term_string}"},"query-input":{"@type":"PropertyValueSpecification","valueRequired":true,"valueName":"search_term_string"}}],"inLanguage":"es"},{"@type":"Organization","@id":"https:\/\/abaa.mx\/tienda\/#organization","name":"Abaa tienda online","url":"https:\/\/abaa.mx\/tienda\/","logo":{"@type":"ImageObject","inLanguage":"es","@id":"https:\/\/abaa.mx\/tienda\/#\/schema\/logo\/image\/","url":"https:\/\/abaa.mx\/tienda\/wp-content\/uploads\/2024\/01\/abaa-metrologia-tienda.png","contentUrl":"https:\/\/abaa.mx\/tienda\/wp-content\/uploads\/2024\/01\/abaa-metrologia-tienda.png","width":300,"height":141,"caption":"Abaa tienda online"},"image":{"@id":"https:\/\/abaa.mx\/tienda\/#\/schema\/logo\/image\/"}}]}},"_links":{"self":[{"href":"https:\/\/abaa.mx\/tienda\/wp-json\/wp\/v2\/product\/4146","targetHints":{"allow":["GET"]}}],"collection":[{"href":"https:\/\/abaa.mx\/tienda\/wp-json\/wp\/v2\/product"}],"about":[{"href":"https:\/\/abaa.mx\/tienda\/wp-json\/wp\/v2\/types\/product"}],"replies":[{"embeddable":true,"href":"https:\/\/abaa.mx\/tienda\/wp-json\/wp\/v2\/comments?post=4146"}],"wp:featuredmedia":[{"embeddable":true,"href":"https:\/\/abaa.mx\/tienda\/wp-json\/wp\/v2\/media\/4161"}],"wp:attachment":[{"href":"https:\/\/abaa.mx\/tienda\/wp-json\/wp\/v2\/media?parent=4146"}],"wp:term":[{"taxonomy":"product_brand","embeddable":true,"href":"https:\/\/abaa.mx\/tienda\/wp-json\/wp\/v2\/product_brand?post=4146"},{"taxonomy":"product_cat","embeddable":true,"href":"https:\/\/abaa.mx\/tienda\/wp-json\/wp\/v2\/product_cat?post=4146"},{"taxonomy":"product_tag","embeddable":true,"href":"https:\/\/abaa.mx\/tienda\/wp-json\/wp\/v2\/product_tag?post=4146"}],"curies":[{"name":"wp","href":"https:\/\/api.w.org\/{rel}","templated":true}]}}